[INFO] fetching crate raster-fonts 0.1.1...
[INFO] testing raster-fonts-0.1.1 against 1.75.0 for beta-1.76-1
[INFO] extracting crate raster-fonts 0.1.1 into /workspace/builds/worker-4-tc1/source
[INFO] validating manifest of crates.io crate raster-fonts 0.1.1 on toolchain 1.75.0
[INFO] running `Command { std: CARGO_HOME="/workspace/cargo-home" RUSTUP_HOME="/workspace/rustup-home" "/workspace/cargo-home/bin/cargo" "+1.75.0" "metadata" "--manifest-path" "Cargo.toml" "--no-deps", kill_on_drop: false }`
[INFO] started tweaking crates.io crate raster-fonts 0.1.1
[INFO] finished tweaking crates.io crate raster-fonts 0.1.1
[INFO] tweaked toml for crates.io crate raster-fonts 0.1.1 written to /workspace/builds/worker-4-tc1/source/Cargo.toml
[INFO] crate crates.io crate raster-fonts 0.1.1 already has a lockfile, it will not be regenerated
[INFO] running `Command { std: CARGO_HOME="/workspace/cargo-home" RUSTUP_HOME="/workspace/rustup-home" "/workspace/cargo-home/bin/cargo" "+1.75.0" "fetch" "--manifest-path" "Cargo.toml", kill_on_drop: false }`
[INFO] [stderr]  Downloading crates ...
[INFO] [stderr]   Downloaded ab_glyph_rasterizer v0.1.7
[INFO] [stderr]   Downloaded is-terminal v0.4.1
[INFO] [stderr]   Downloaded rend v0.3.6
[INFO] [stderr]   Downloaded bytecheck v0.6.9
[INFO] [stderr]   Downloaded rkyv_derive v0.7.39
[INFO] [stderr]   Downloaded bytecheck_derive v0.6.9
[INFO] [stderr]   Downloaded rkyv v0.7.39
[INFO] [stderr]   Downloaded clap v4.0.29
[INFO] running `Command { std: "docker" "create" "-v" "/var/lib/crater-agent-workspace/builds/worker-4-tc1/target:/opt/rustwide/target:rw,Z" "-v" "/var/lib/crater-agent-workspace/builds/worker-4-tc1/source:/opt/rustwide/workdir:ro,Z" "-v" "/var/lib/crater-agent-workspace/cargo-home:/opt/rustwide/cargo-home:ro,Z" "-v" "/var/lib/crater-agent-workspace/rustup-home:/opt/rustwide/rustup-home:ro,Z" "-e" "SOURCE_DIR=/opt/rustwide/workdir" "-e" "CARGO_TARGET_DIR=/opt/rustwide/target" "-e" "CARGO_HOME=/opt/rustwide/cargo-home" "-e" "RUSTUP_HOME=/opt/rustwide/rustup-home" "-w" "/opt/rustwide/workdir" "-m" "1610612736" "--user" "0:0" "--network" "none" "ghcr.io/rust-lang/crates-build-env/linux@sha256:2788e3201cd34a07e3172128adcd8b3090168a8e3bcc40d7c032b9dda1df7d1c" "/opt/rustwide/cargo-home/bin/cargo" "+1.75.0" "metadata" "--no-deps" "--format-version=1", kill_on_drop: false }`
[INFO] [stdout] dd4fcd13ad7a05af8b2e839af8830245fa3e797d1a4176750050b2b5b784e036
[INFO] running `Command { std: "docker" "start" "-a" "dd4fcd13ad7a05af8b2e839af8830245fa3e797d1a4176750050b2b5b784e036", kill_on_drop: false }`
[INFO] running `Command { std: "docker" "inspect" "dd4fcd13ad7a05af8b2e839af8830245fa3e797d1a4176750050b2b5b784e036", kill_on_drop: false }`
[INFO] running `Command { std: "docker" "rm" "-f" "dd4fcd13ad7a05af8b2e839af8830245fa3e797d1a4176750050b2b5b784e036", kill_on_drop: false }`
[INFO] [stdout] dd4fcd13ad7a05af8b2e839af8830245fa3e797d1a4176750050b2b5b784e036
[INFO] running `Command { std: "docker" "create" "-v" "/var/lib/crater-agent-workspace/builds/worker-4-tc1/target:/opt/rustwide/target:rw,Z" "-v" "/var/lib/crater-agent-workspace/builds/worker-4-tc1/source:/opt/rustwide/workdir:ro,Z" "-v" "/var/lib/crater-agent-workspace/cargo-home:/opt/rustwide/cargo-home:ro,Z" "-v" "/var/lib/crater-agent-workspace/rustup-home:/opt/rustwide/rustup-home:ro,Z" "-e" "SOURCE_DIR=/opt/rustwide/workdir" "-e" "CARGO_TARGET_DIR=/opt/rustwide/target" "-e" "CARGO_INCREMENTAL=0" "-e" "RUST_BACKTRACE=full" "-e" "RUSTFLAGS=--cap-lints=warn" "-e" "RUSTDOCFLAGS=--cap-lints=warn" "-e" "CARGO_HOME=/opt/rustwide/cargo-home" "-e" "RUSTUP_HOME=/opt/rustwide/rustup-home" "-w" "/opt/rustwide/workdir" "-m" "1610612736" "--user" "0:0" "--network" "none" "ghcr.io/rust-lang/crates-build-env/linux@sha256:2788e3201cd34a07e3172128adcd8b3090168a8e3bcc40d7c032b9dda1df7d1c" "/opt/rustwide/cargo-home/bin/cargo" "+1.75.0" "build" "--frozen" "--message-format=json", kill_on_drop: false }`
[INFO] [stdout] a350a1a7d74243a29c9cf6eb6368ff00a929c6251e6dbf704b749606e86e518a
[INFO] running `Command { std: "docker" "start" "-a" "a350a1a7d74243a29c9cf6eb6368ff00a929c6251e6dbf704b749606e86e518a", kill_on_drop: false }`
[INFO] [stderr]    Compiling raster-fonts v0.1.1 (/opt/rustwide/workdir)
[INFO] [stderr]     Finished dev [unoptimized + debuginfo] target(s) in 0.13s
[INFO] running `Command { std: "docker" "inspect" "a350a1a7d74243a29c9cf6eb6368ff00a929c6251e6dbf704b749606e86e518a", kill_on_drop: false }`
[INFO] running `Command { std: "docker" "rm" "-f" "a350a1a7d74243a29c9cf6eb6368ff00a929c6251e6dbf704b749606e86e518a", kill_on_drop: false }`
[INFO] [stdout] a350a1a7d74243a29c9cf6eb6368ff00a929c6251e6dbf704b749606e86e518a
[INFO] running `Command { std: "docker" "create" "-v" "/var/lib/crater-agent-workspace/builds/worker-4-tc1/target:/opt/rustwide/target:rw,Z" "-v" "/var/lib/crater-agent-workspace/builds/worker-4-tc1/source:/opt/rustwide/workdir:ro,Z" "-v" "/var/lib/crater-agent-workspace/cargo-home:/opt/rustwide/cargo-home:ro,Z" "-v" "/var/lib/crater-agent-workspace/rustup-home:/opt/rustwide/rustup-home:ro,Z" "-e" "SOURCE_DIR=/opt/rustwide/workdir" "-e" "CARGO_TARGET_DIR=/opt/rustwide/target" "-e" "CARGO_INCREMENTAL=0" "-e" "RUST_BACKTRACE=full" "-e" "RUSTFLAGS=--cap-lints=warn" "-e" "RUSTDOCFLAGS=--cap-lints=warn" "-e" "CARGO_HOME=/opt/rustwide/cargo-home" "-e" "RUSTUP_HOME=/opt/rustwide/rustup-home" "-w" "/opt/rustwide/workdir" "-m" "1610612736" "--user" "0:0" "--network" "none" "ghcr.io/rust-lang/crates-build-env/linux@sha256:2788e3201cd34a07e3172128adcd8b3090168a8e3bcc40d7c032b9dda1df7d1c" "/opt/rustwide/cargo-home/bin/cargo" "+1.75.0" "test" "--frozen" "--no-run" "--message-format=json", kill_on_drop: false }`
[INFO] [stdout] 541184187af208a78df0c794ac662b1d97002102f1074e3586184003c7e393d3
[INFO] running `Command { std: "docker" "start" "-a" "541184187af208a78df0c794ac662b1d97002102f1074e3586184003c7e393d3", kill_on_drop: false }`
[INFO] [stderr]    Compiling raster-fonts v0.1.1 (/opt/rustwide/workdir)
[INFO] [stderr]     Finished test [unoptimized + debuginfo] target(s) in 0.33s
[INFO] running `Command { std: "docker" "inspect" "541184187af208a78df0c794ac662b1d97002102f1074e3586184003c7e393d3", kill_on_drop: false }`
[INFO] running `Command { std: "docker" "rm" "-f" "541184187af208a78df0c794ac662b1d97002102f1074e3586184003c7e393d3", kill_on_drop: false }`
[INFO] [stdout] 541184187af208a78df0c794ac662b1d97002102f1074e3586184003c7e393d3
[INFO] running `Command { std: "docker" "create" "-v" "/var/lib/crater-agent-workspace/builds/worker-4-tc1/target:/opt/rustwide/target:rw,Z" "-v" "/var/lib/crater-agent-workspace/builds/worker-4-tc1/source:/opt/rustwide/workdir:ro,Z" "-v" "/var/lib/crater-agent-workspace/cargo-home:/opt/rustwide/cargo-home:ro,Z" "-v" "/var/lib/crater-agent-workspace/rustup-home:/opt/rustwide/rustup-home:ro,Z" "-e" "SOURCE_DIR=/opt/rustwide/workdir" "-e" "CARGO_TARGET_DIR=/opt/rustwide/target" "-e" "CARGO_INCREMENTAL=0" "-e" "RUST_BACKTRACE=full" "-e" "RUSTFLAGS=--cap-lints=warn" "-e" "RUSTDOCFLAGS=--cap-lints=warn" "-e" "CARGO_HOME=/opt/rustwide/cargo-home" "-e" "RUSTUP_HOME=/opt/rustwide/rustup-home" "-w" "/opt/rustwide/workdir" "-m" "1610612736" "--user" "0:0" "--network" "none" "ghcr.io/rust-lang/crates-build-env/linux@sha256:2788e3201cd34a07e3172128adcd8b3090168a8e3bcc40d7c032b9dda1df7d1c" "/opt/rustwide/cargo-home/bin/cargo" "+1.75.0" "test" "--frozen", kill_on_drop: false }`
[INFO] [stdout] 8acc0392a0a3beab8eeb76494c2061428e6a7c709f3c80c86751d8ef9a57bfe3
[INFO] running `Command { std: "docker" "start" "-a" "8acc0392a0a3beab8eeb76494c2061428e6a7c709f3c80c86751d8ef9a57bfe3", kill_on_drop: false }`
[INFO] [stderr]     Finished test [unoptimized + debuginfo] target(s) in 0.04s
[INFO] [stderr]      Running unittests src/lib.rs (/opt/rustwide/target/debug/deps/raster_fonts-f6f130f437a45d45)
[INFO] [stderr]    Doc-tests raster_fonts
[INFO] [stdout] 
[INFO] [stdout] running 0 tests
[INFO] [stdout] 
[INFO] [stdout] test result: ok. 0 passed; 0 failed; 0 ignored; 0 measured; 0 filtered out; finished in 0.00s
[INFO] [stdout] 
[INFO] [stdout] 
[INFO] [stdout] running 3 tests
[INFO] [stdout] test src/lib.rs - (line 27) ... FAILED
[INFO] [stdout] test src/lib.rs - (line 16) ... FAILED
[INFO] [stdout] test src/lib.rs - (line 5) ... FAILED
[INFO] [stdout] 
[INFO] [stdout] failures:
[INFO] [stdout] 
[INFO] [stdout] ---- src/lib.rs - (line 27) stdout ----
[INFO] [stdout] error[E0432]: unresolved import `rkyv`
[INFO] [stdout]   --> src/lib.rs:50:5
[INFO] [stdout]    |
[INFO] [stdout] 26 | use rkyv::Deserialize;
[INFO] [stdout]    |     ^^^^ use of undeclared crate or module `rkyv`
[INFO] [stdout] 
[INFO] [stdout] error[E0433]: failed to resolve: use of undeclared crate or module `rkyv`
[INFO] [stdout]   --> src/lib.rs:48:30
[INFO] [stdout]    |
[INFO] [stdout] 24 | let archived_font = unsafe { rkyv::archived_root::<BitmapFont>(FONT_METADATA) };
[INFO] [stdout]    |                              ^^^^ use of undeclared crate or module `rkyv`
[INFO] [stdout] 
[INFO] [stdout] error[E0433]: failed to resolve: use of undeclared crate or module `rkyv`
[INFO] [stdout]   --> src/lib.rs:51:68
[INFO] [stdout]    |
[INFO] [stdout] 27 | let deserialized_font: BitmapFont = archived_font.deserialize(&mut rkyv::Infallible).unwrap();
[INFO] [stdout]    |                                                                    ^^^^ use of undeclared crate or module `rkyv`
[INFO] [stdout] 
[INFO] [stdout] error: aborting due to 3 previous errors
[INFO] [stdout] 
[INFO] [stdout] Some errors have detailed explanations: E0432, E0433.
[INFO] [stdout] For more information about an error, try `rustc --explain E0432`.
[INFO] [stdout] Couldn't compile the test.
[INFO] [stdout] ---- src/lib.rs - (line 16) stdout ----
[INFO] [stdout] error[E0433]: failed to resolve: use of undeclared crate or module `serde_json`
[INFO] [stdout]  --> src/lib.rs:21:38
[INFO] [stdout]   |
[INFO] [stdout] 8 | let font: raster_fonts::BitmapFont = serde_json::from_str(FONT_METADATA)?;
[INFO] [stdout]   |                                      ^^^^^^^^^^ use of undeclared crate or module `serde_json`
[INFO] [stdout] 
[INFO] [stdout] error[E0433]: failed to resolve: use of undeclared crate or module `serde_json`
[INFO] [stdout]  --> src/lib.rs:18:25
[INFO] [stdout]   |
[INFO] [stdout] 5 | fn test() -> Result<(), serde_json::Error> {
[INFO] [stdout]   |                         ^^^^^^^^^^ use of undeclared crate or module `serde_json`
[INFO] [stdout] 
[INFO] [stdout] error: aborting due to 2 previous errors
[INFO] [stdout] 
[INFO] [stdout] For more information about this error, try `rustc --explain E0433`.
[INFO] [stdout] Couldn't compile the test.
[INFO] [stdout] ---- src/lib.rs - (line 5) stdout ----
[INFO] [stdout] error[E0433]: failed to resolve: use of undeclared crate or module `ron`
[INFO] [stdout]  --> src/lib.rs:10:38
[INFO] [stdout]   |
[INFO] [stdout] 8 | let font: raster_fonts::BitmapFont = ron::from_str(FONT_METADATA)?;
[INFO] [stdout]   |                                      ^^^ use of undeclared crate or module `ron`
[INFO] [stdout] 
[INFO] [stdout] error[E0433]: failed to resolve: use of undeclared crate or module `ron`
[INFO] [stdout]  --> src/lib.rs:7:25
[INFO] [stdout]   |
[INFO] [stdout] 5 | fn test() -> Result<(), ron::Error> {
[INFO] [stdout]   |                         ^^^ use of undeclared crate or module `ron`
[INFO] [stdout] 
[INFO] [stdout] error: aborting due to 2 previous errors
[INFO] [stdout] 
[INFO] [stdout] For more information about this error, try `rustc --explain E0433`.
[INFO] [stdout] Couldn't compile the test.
[INFO] [stdout] 
[INFO] [stdout] failures:
[INFO] [stdout]     src/lib.rs - (line 16)
[INFO] [stdout]     src/lib.rs - (line 27)
[INFO] [stdout]     src/lib.rs - (line 5)
[INFO] [stdout] 
[INFO] [stdout] test result: FAILED. 0 passed; 3 failed; 0 ignored; 0 measured; 0 filtered out; finished in 0.15s
[INFO] [stdout] 
[INFO] [stderr] error: doctest failed, to rerun pass `--doc`
[INFO] running `Command { std: "docker" "inspect" "8acc0392a0a3beab8eeb76494c2061428e6a7c709f3c80c86751d8ef9a57bfe3", kill_on_drop: false }`
[INFO] running `Command { std: "docker" "rm" "-f" "8acc0392a0a3beab8eeb76494c2061428e6a7c709f3c80c86751d8ef9a57bfe3", kill_on_drop: false }`
[INFO] [stdout] 8acc0392a0a3beab8eeb76494c2061428e6a7c709f3c80c86751d8ef9a57bfe3
