[INFO] fetching crate rapl 0.3.0...
[INFO] testing rapl-0.3.0 against 1.75.0 for beta-1.76-1
[INFO] extracting crate rapl 0.3.0 into /workspace/builds/worker-1-tc1/source
[INFO] validating manifest of crates.io crate rapl 0.3.0 on toolchain 1.75.0
[INFO] running `Command { std: CARGO_HOME="/workspace/cargo-home" RUSTUP_HOME="/workspace/rustup-home" "/workspace/cargo-home/bin/cargo" "+1.75.0" "metadata" "--manifest-path" "Cargo.toml" "--no-deps", kill_on_drop: false }`
[INFO] started tweaking crates.io crate rapl 0.3.0
[INFO] finished tweaking crates.io crate rapl 0.3.0
[INFO] tweaked toml for crates.io crate rapl 0.3.0 written to /workspace/builds/worker-1-tc1/source/Cargo.toml
[INFO] crate crates.io crate rapl 0.3.0 already has a lockfile, it will not be regenerated
[INFO] running `Command { std: CARGO_HOME="/workspace/cargo-home" RUSTUP_HOME="/workspace/rustup-home" "/workspace/cargo-home/bin/cargo" "+1.75.0" "fetch" "--manifest-path" "Cargo.toml", kill_on_drop: false }`
[INFO] [stderr]     Updating crates.io index
[INFO] [stderr]  Downloading crates ...
[INFO] [stderr]   Downloaded png v0.17.8
[INFO] [stderr]   Downloaded primal-check v0.3.3
[INFO] [stderr]   Downloaded transpose v0.2.2
[INFO] [stderr]   Downloaded zune-inflate v0.2.53
[INFO] [stderr]   Downloaded rustfft v6.1.0
[INFO] running `Command { std: "docker" "create" "-v" "/var/lib/crater-agent-workspace/builds/worker-1-tc1/target:/opt/rustwide/target:rw,Z" "-v" "/var/lib/crater-agent-workspace/builds/worker-1-tc1/source:/opt/rustwide/workdir:ro,Z" "-v" "/var/lib/crater-agent-workspace/cargo-home:/opt/rustwide/cargo-home:ro,Z" "-v" "/var/lib/crater-agent-workspace/rustup-home:/opt/rustwide/rustup-home:ro,Z" "-e" "SOURCE_DIR=/opt/rustwide/workdir" "-e" "CARGO_TARGET_DIR=/opt/rustwide/target" "-e" "CARGO_HOME=/opt/rustwide/cargo-home" "-e" "RUSTUP_HOME=/opt/rustwide/rustup-home" "-w" "/opt/rustwide/workdir" "-m" "1610612736" "--user" "0:0" "--network" "none" "ghcr.io/rust-lang/crates-build-env/linux@sha256:2788e3201cd34a07e3172128adcd8b3090168a8e3bcc40d7c032b9dda1df7d1c" "/opt/rustwide/cargo-home/bin/cargo" "+1.75.0" "metadata" "--no-deps" "--format-version=1", kill_on_drop: false }`
[INFO] [stdout] fe6ddf25eab9da765126ce7f3909abf0903611cc702154e9dd39be67cecaa2db
[INFO] running `Command { std: "docker" "start" "-a" "fe6ddf25eab9da765126ce7f3909abf0903611cc702154e9dd39be67cecaa2db", kill_on_drop: false }`
[INFO] running `Command { std: "docker" "inspect" "fe6ddf25eab9da765126ce7f3909abf0903611cc702154e9dd39be67cecaa2db", kill_on_drop: false }`
[INFO] running `Command { std: "docker" "rm" "-f" "fe6ddf25eab9da765126ce7f3909abf0903611cc702154e9dd39be67cecaa2db", kill_on_drop: false }`
[INFO] [stdout] fe6ddf25eab9da765126ce7f3909abf0903611cc702154e9dd39be67cecaa2db
[INFO] running `Command { std: "docker" "create" "-v" "/var/lib/crater-agent-workspace/builds/worker-1-tc1/target:/opt/rustwide/target:rw,Z" "-v" "/var/lib/crater-agent-workspace/builds/worker-1-tc1/source:/opt/rustwide/workdir:ro,Z" "-v" "/var/lib/crater-agent-workspace/cargo-home:/opt/rustwide/cargo-home:ro,Z" "-v" "/var/lib/crater-agent-workspace/rustup-home:/opt/rustwide/rustup-home:ro,Z" "-e" "SOURCE_DIR=/opt/rustwide/workdir" "-e" "CARGO_TARGET_DIR=/opt/rustwide/target" "-e" "CARGO_INCREMENTAL=0" "-e" "RUST_BACKTRACE=full" "-e" "RUSTFLAGS=--cap-lints=warn" "-e" "RUSTDOCFLAGS=--cap-lints=warn" "-e" "CARGO_HOME=/opt/rustwide/cargo-home" "-e" "RUSTUP_HOME=/opt/rustwide/rustup-home" "-w" "/opt/rustwide/workdir" "-m" "1610612736" "--user" "0:0" "--network" "none" "ghcr.io/rust-lang/crates-build-env/linux@sha256:2788e3201cd34a07e3172128adcd8b3090168a8e3bcc40d7c032b9dda1df7d1c" "/opt/rustwide/cargo-home/bin/cargo" "+1.75.0" "build" "--frozen" "--message-format=json", kill_on_drop: false }`
[INFO] [stdout] 8a3a8992331e04dbdab13d21cbd8f31611ce759aaf31c24445c2885138ffa814
[INFO] running `Command { std: "docker" "start" "-a" "8a3a8992331e04dbdab13d21cbd8f31611ce759aaf31c24445c2885138ffa814", kill_on_drop: false }`
[INFO] [stderr]    Compiling autocfg v1.1.0
[INFO] [stderr]    Compiling cfg-if v1.0.0
[INFO] [stderr]    Compiling libc v0.2.141
[INFO] [stderr]    Compiling libm v0.2.7
[INFO] [stderr]    Compiling crossbeam-utils v0.8.15
[INFO] [stderr]    Compiling scopeguard v1.1.0
[INFO] [stderr]    Compiling proc-macro2 v1.0.56
[INFO] [stderr]    Compiling quote v1.0.26
[INFO] [stderr]    Compiling unicode-ident v1.0.8
[INFO] [stderr]    Compiling adler v1.0.2
[INFO] [stderr]    Compiling rayon-core v1.11.0
[INFO] [stderr]    Compiling syn v1.0.109
[INFO] [stderr]    Compiling crc32fast v1.3.2
[INFO] [stderr]    Compiling memoffset v0.8.0
[INFO] [stderr]    Compiling num-traits v0.2.15
[INFO] [stderr]    Compiling crossbeam-epoch v0.9.14
[INFO] [stderr]    Compiling num-integer v0.1.45
[INFO] [stderr]    Compiling crossbeam-channel v0.5.8
[INFO] [stderr]    Compiling lock_api v0.4.9
[INFO] [stderr]    Compiling simd-adler32 v0.3.5
[INFO] [stderr]    Compiling getrandom v0.2.9
[INFO] [stderr]    Compiling crossbeam-deque v0.8.3
[INFO] [stderr]    Compiling num_cpus v1.15.0
[INFO] [stderr]    Compiling miniz_oxide v0.6.2
[INFO] [stderr]    Compiling futures-core v0.3.28
[INFO] [stderr]    Compiling either v1.8.1
[INFO] [stderr]    Compiling spin v0.9.8
[INFO] [stderr]    Compiling rand_core v0.6.4
[INFO] [stderr]    Compiling nanorand v0.7.0
[INFO] [stderr]    Compiling num-rational v0.4.1
[INFO] [stderr]    Compiling ppv-lite86 v0.2.17
[INFO] [stderr]    Compiling flate2 v1.0.25
[INFO] [stderr]    Compiling version_check v0.9.4
[INFO] [stderr]    Compiling futures-sink v0.3.28
[INFO] [stderr]    Compiling weezl v0.1.7
[INFO] [stderr]    Compiling rayon v1.7.0
[INFO] [stderr]    Compiling rand_chacha v0.3.1
[INFO] [stderr]    Compiling zune-inflate v0.2.53
[INFO] [stderr]    Compiling rustfft v6.1.0
[INFO] [stderr]    Compiling fdeflate v0.3.0
[INFO] [stderr]    Compiling miniz_oxide v0.7.1
[INFO] [stderr]    Compiling color_quant v1.1.0
[INFO] [stderr]    Compiling bytemuck v1.13.1
[INFO] [stderr]    Compiling smallvec v1.10.0
[INFO] [stderr]    Compiling half v2.2.1
[INFO] [stderr]    Compiling lebe v0.5.2
[INFO] [stderr]    Compiling strength_reduce v0.2.4
[INFO] [stderr]    Compiling bit_field v0.10.2
[INFO] [stderr]    Compiling typenum v1.16.0
[INFO] [stderr]    Compiling bitflags v1.3.2
[INFO] [stderr]    Compiling png v0.17.8
[INFO] [stderr]    Compiling transpose v0.2.2
[INFO] [stderr]    Compiling qoi v0.4.1
[INFO] [stderr]    Compiling gif v0.12.0
[INFO] [stderr]    Compiling rand v0.8.5
[INFO] [stderr]    Compiling primal-check v0.3.3
[INFO] [stderr]    Compiling num-complex v0.4.3
[INFO] [stderr]    Compiling byteorder v1.4.3
[INFO] [stderr]    Compiling jpeg-decoder v0.3.0
[INFO] [stderr]    Compiling rand_distr v0.4.3
[INFO] [stderr]    Compiling tiff v0.8.1
[INFO] [stderr]    Compiling pin-project-internal v1.0.12
[INFO] [stderr]    Compiling pin-project v1.0.12
[INFO] [stderr]    Compiling flume v0.10.14
[INFO] [stderr]    Compiling exr v1.6.3
[INFO] [stderr]    Compiling image v0.24.6
[INFO] [stderr]    Compiling rapl v0.3.0 (/opt/rustwide/workdir)
[INFO] [stdout] warning: unused import: `dyadic::*`
[INFO] [stdout]   --> src/ops/mod.rs:10:9
[INFO] [stdout]    |
[INFO] [stdout] 10 | pub use dyadic::*;
[INFO] [stdout]    |         ^^^^^^^^^
[INFO] [stdout]    |
[INFO] [stdout]    = note: `#[warn(unused_imports)]` on by default
[INFO] [stdout] 
[INFO] [stdout] 
[INFO] [stdout] warning: unused import: `U2`
[INFO] [stdout]  --> src/utils/spaces.rs:3:24
[INFO] [stdout]   |
[INFO] [stdout] 3 | use super::{Ndarr, U1, U2};
[INFO] [stdout]   |                        ^^
[INFO] [stdout] 
[INFO] [stdout] 
[INFO] [stdout] warning: unused imports: `Float`, `Unsigned`
[INFO] [stdout]  --> src/utils/spaces.rs:4:18
[INFO] [stdout]   |
[INFO] [stdout] 4 | use num_traits::{Float, Pow, Unsigned};
[INFO] [stdout]   |                  ^^^^^       ^^^^^^^^
[INFO] [stdout] 
[INFO] [stdout] 
[INFO] [stdout] warning: unused import: `Unsigned`
[INFO] [stdout]  --> src/complex/mod.rs:1:31
[INFO] [stdout]   |
[INFO] [stdout] 1 | use num_traits::{Num, Signed, Unsigned};
[INFO] [stdout]   |                               ^^^^^^^^
[INFO] [stdout] 
[INFO] [stdout] 
[INFO] [stdout] warning: unused variable: `step`
[INFO] [stdout]   --> src/utils/spaces.rs:47:13
[INFO] [stdout]    |
[INFO] [stdout] 47 |         let step = (end - start) / segments;
[INFO] [stdout]    |             ^^^^ help: if this is intentional, prefix it with an underscore: `_step`
[INFO] [stdout]    |
[INFO] [stdout]    = note: `#[warn(unused_variables)]` on by default
[INFO] [stdout] 
[INFO] [stdout] 
[INFO] [stdout] warning: methods `approx_epsilon` and `approx` are never used
[INFO] [stdout]    --> src/lib.rs:418:8
[INFO] [stdout]     |
[INFO] [stdout] 417 | impl<T: Float + Clone + Debug + Default, R: Unsigned> Ndarr<T, R> {
[INFO] [stdout]     | ----------------------------------------------------------------- methods in this implementation
[INFO] [stdout] 418 |     fn approx_epsilon<R2: Unsigned>(&self, other: Ndarr<T, R2>, epsilon: T) -> bool
[INFO] [stdout]     |        ^^^^^^^^^^^^^^
[INFO] [stdout] ...
[INFO] [stdout] 433 |     fn approx<R2: Unsigned>(&self, other: &Ndarr<T, R2>) -> bool
[INFO] [stdout]     |        ^^^^^^
[INFO] [stdout]     |
[INFO] [stdout]     = note: `#[warn(dead_code)]` on by default
[INFO] [stdout] 
[INFO] [stdout] 
[INFO] [stdout] warning: field `details` is never read
[INFO] [stdout]  --> src/errors.rs:3:5
[INFO] [stdout]   |
[INFO] [stdout] 2 | pub struct DimError {
[INFO] [stdout]   |            -------- field in this struct
[INFO] [stdout] 3 |     details: String,
[INFO] [stdout]   |     ^^^^^^^
[INFO] [stdout]   |
[INFO] [stdout]   = note: `DimError` has a derived impl for the trait `Debug`, but this is intentionally ignored during dead code analysis
[INFO] [stdout] 
[INFO] [stdout] 
[INFO] [stdout] warning: 7 warnings emitted
[INFO] [stdout] 
[INFO] [stdout] 
[INFO] [stderr]     Finished dev [unoptimized + debuginfo] target(s) in 14.20s
[INFO] running `Command { std: "docker" "inspect" "8a3a8992331e04dbdab13d21cbd8f31611ce759aaf31c24445c2885138ffa814", kill_on_drop: false }`
[INFO] running `Command { std: "docker" "rm" "-f" "8a3a8992331e04dbdab13d21cbd8f31611ce759aaf31c24445c2885138ffa814", kill_on_drop: false }`
[INFO] [stdout] 8a3a8992331e04dbdab13d21cbd8f31611ce759aaf31c24445c2885138ffa814
[INFO] running `Command { std: "docker" "create" "-v" "/var/lib/crater-agent-workspace/builds/worker-1-tc1/target:/opt/rustwide/target:rw,Z" "-v" "/var/lib/crater-agent-workspace/builds/worker-1-tc1/source:/opt/rustwide/workdir:ro,Z" "-v" "/var/lib/crater-agent-workspace/cargo-home:/opt/rustwide/cargo-home:ro,Z" "-v" "/var/lib/crater-agent-workspace/rustup-home:/opt/rustwide/rustup-home:ro,Z" "-e" "SOURCE_DIR=/opt/rustwide/workdir" "-e" "CARGO_TARGET_DIR=/opt/rustwide/target" "-e" "CARGO_INCREMENTAL=0" "-e" "RUST_BACKTRACE=full" "-e" "RUSTFLAGS=--cap-lints=warn" "-e" "RUSTDOCFLAGS=--cap-lints=warn" "-e" "CARGO_HOME=/opt/rustwide/cargo-home" "-e" "RUSTUP_HOME=/opt/rustwide/rustup-home" "-w" "/opt/rustwide/workdir" "-m" "1610612736" "--user" "0:0" "--network" "none" "ghcr.io/rust-lang/crates-build-env/linux@sha256:2788e3201cd34a07e3172128adcd8b3090168a8e3bcc40d7c032b9dda1df7d1c" "/opt/rustwide/cargo-home/bin/cargo" "+1.75.0" "test" "--frozen" "--no-run" "--message-format=json", kill_on_drop: false }`
[INFO] [stdout] e2b8ccdd8f634d75059de3b0878251c0da965475be3a1ce7597b5c5962280a24
[INFO] running `Command { std: "docker" "start" "-a" "e2b8ccdd8f634d75059de3b0878251c0da965475be3a1ce7597b5c5962280a24", kill_on_drop: false }`
[INFO] [stdout] warning: unused import: `dyadic::*`
[INFO] [stdout]   --> src/ops/mod.rs:10:9
[INFO] [stdout]    |
[INFO] [stdout] 10 | pub use dyadic::*;
[INFO] [stdout]    |         ^^^^^^^^^
[INFO] [stdout]    |
[INFO] [stdout]    = note: `#[warn(unused_imports)]` on by default
[INFO] [stdout] 
[INFO] [stdout] 
[INFO] [stdout] warning: unused import: `U2`
[INFO] [stdout]  --> src/utils/spaces.rs:3:24
[INFO] [stdout]   |
[INFO] [stdout] 3 | use super::{Ndarr, U1, U2};
[INFO] [stdout]   |                        ^^
[INFO] [stdout] 
[INFO] [stdout] 
[INFO] [stdout] warning: unused imports: `Float`, `Unsigned`
[INFO] [stdout]  --> src/utils/spaces.rs:4:18
[INFO] [stdout]   |
[INFO] [stdout] 4 | use num_traits::{Float, Pow, Unsigned};
[INFO] [stdout]   |                  ^^^^^       ^^^^^^^^
[INFO] [stdout] 
[INFO] [stdout] 
[INFO] [stdout] warning: unused import: `Unsigned`
[INFO] [stdout]  --> src/complex/mod.rs:1:31
[INFO] [stdout]   |
[INFO] [stdout] 1 | use num_traits::{Num, Signed, Unsigned};
[INFO] [stdout]   |                               ^^^^^^^^
[INFO] [stdout] 
[INFO] [stdout] 
[INFO] [stdout] warning: unused variable: `step`
[INFO] [stdout]   --> src/utils/spaces.rs:47:13
[INFO] [stdout]    |
[INFO] [stdout] 47 |         let step = (end - start) / segments;
[INFO] [stdout]    |             ^^^^ help: if this is intentional, prefix it with an underscore: `_step`
[INFO] [stdout]    |
[INFO] [stdout]    = note: `#[warn(unused_variables)]` on by default
[INFO] [stdout] 
[INFO] [stdout] 
[INFO] [stdout] warning: methods `approx_epsilon` and `approx` are never used
[INFO] [stdout]    --> src/lib.rs:418:8
[INFO] [stdout]     |
[INFO] [stdout] 417 | impl<T: Float + Clone + Debug + Default, R: Unsigned> Ndarr<T, R> {
[INFO] [stdout]     | ----------------------------------------------------------------- methods in this implementation
[INFO] [stdout] 418 |     fn approx_epsilon<R2: Unsigned>(&self, other: Ndarr<T, R2>, epsilon: T) -> bool
[INFO] [stdout]     |        ^^^^^^^^^^^^^^
[INFO] [stdout] ...
[INFO] [stdout] 433 |     fn approx<R2: Unsigned>(&self, other: &Ndarr<T, R2>) -> bool
[INFO] [stdout]     |        ^^^^^^
[INFO] [stdout]     |
[INFO] [stdout]     = note: `#[warn(dead_code)]` on by default
[INFO] [stdout] 
[INFO] [stdout] 
[INFO] [stderr]    Compiling rapl v0.3.0 (/opt/rustwide/workdir)
[INFO] [stdout] warning: field `details` is never read
[INFO] [stdout]  --> src/errors.rs:3:5
[INFO] [stdout]   |
[INFO] [stdout] 2 | pub struct DimError {
[INFO] [stdout]   |            -------- field in this struct
[INFO] [stdout] 3 |     details: String,
[INFO] [stdout]   |     ^^^^^^^
[INFO] [stdout]   |
[INFO] [stdout]   = note: `DimError` has a derived impl for the trait `Debug`, but this is intentionally ignored during dead code analysis
[INFO] [stdout] 
[INFO] [stdout] 
[INFO] [stdout] warning: 7 warnings emitted
[INFO] [stdout] 
[INFO] [stdout] 
[INFO] [stdout] warning: unused import: `dyadic::*`
[INFO] [stdout]   --> src/ops/mod.rs:10:9
[INFO] [stdout]    |
[INFO] [stdout] 10 | pub use dyadic::*;
[INFO] [stdout]    |         ^^^^^^^^^
[INFO] [stdout]    |
[INFO] [stdout]    = note: `#[warn(unused_imports)]` on by default
[INFO] [stdout] 
[INFO] [stdout] 
[INFO] [stdout] warning: unused import: `U2`
[INFO] [stdout]  --> src/utils/spaces.rs:3:24
[INFO] [stdout]   |
[INFO] [stdout] 3 | use super::{Ndarr, U1, U2};
[INFO] [stdout]   |                        ^^
[INFO] [stdout] 
[INFO] [stdout] 
[INFO] [stdout] warning: unused imports: `Float`, `Unsigned`
[INFO] [stdout]  --> src/utils/spaces.rs:4:18
[INFO] [stdout]   |
[INFO] [stdout] 4 | use num_traits::{Float, Pow, Unsigned};
[INFO] [stdout]   |                  ^^^^^       ^^^^^^^^
[INFO] [stdout] 
[INFO] [stdout] 
[INFO] [stdout] warning: unused import: `crate::complex::C`
[INFO] [stdout]   --> src/utils/spaces.rs:60:9
[INFO] [stdout]    |
[INFO] [stdout] 60 |     use crate::complex::C;
[INFO] [stdout]    |         ^^^^^^^^^^^^^^^^^
[INFO] [stdout] 
[INFO] [stdout] 
[INFO] [stdout] warning: unused import: `Unsigned`
[INFO] [stdout]  --> src/complex/mod.rs:1:31
[INFO] [stdout]   |
[INFO] [stdout] 1 | use num_traits::{Num, Signed, Unsigned};
[INFO] [stdout]   |                               ^^^^^^^^
[INFO] [stdout] 
[INFO] [stdout] 
[INFO] [stdout] warning: unused variable: `step`
[INFO] [stdout]   --> src/utils/spaces.rs:47:13
[INFO] [stdout]    |
[INFO] [stdout] 47 |         let step = (end - start) / segments;
[INFO] [stdout]    |             ^^^^ help: if this is intentional, prefix it with an underscore: `_step`
[INFO] [stdout]    |
[INFO] [stdout]    = note: `#[warn(unused_variables)]` on by default
[INFO] [stdout] 
[INFO] [stdout] 
[INFO] [stdout] warning: field `details` is never read
[INFO] [stdout]  --> src/errors.rs:3:5
[INFO] [stdout]   |
[INFO] [stdout] 2 | pub struct DimError {
[INFO] [stdout]   |            -------- field in this struct
[INFO] [stdout] 3 |     details: String,
[INFO] [stdout]   |     ^^^^^^^
[INFO] [stdout]   |
[INFO] [stdout]   = note: `DimError` has a derived impl for the trait `Debug`, but this is intentionally ignored during dead code analysis
[INFO] [stdout]   = note: `#[warn(dead_code)]` on by default
[INFO] [stdout] 
[INFO] [stdout] 
[INFO] [stdout] warning: 7 warnings emitted
[INFO] [stdout] 
[INFO] [stdout] 
[INFO] [stderr]     Finished test [unoptimized + debuginfo] target(s) in 9.16s
[INFO] running `Command { std: "docker" "inspect" "e2b8ccdd8f634d75059de3b0878251c0da965475be3a1ce7597b5c5962280a24", kill_on_drop: false }`
[INFO] running `Command { std: "docker" "rm" "-f" "e2b8ccdd8f634d75059de3b0878251c0da965475be3a1ce7597b5c5962280a24", kill_on_drop: false }`
[INFO] [stdout] e2b8ccdd8f634d75059de3b0878251c0da965475be3a1ce7597b5c5962280a24
[INFO] running `Command { std: "docker" "create" "-v" "/var/lib/crater-agent-workspace/builds/worker-1-tc1/target:/opt/rustwide/target:rw,Z" "-v" "/var/lib/crater-agent-workspace/builds/worker-1-tc1/source:/opt/rustwide/workdir:ro,Z" "-v" "/var/lib/crater-agent-workspace/cargo-home:/opt/rustwide/cargo-home:ro,Z" "-v" "/var/lib/crater-agent-workspace/rustup-home:/opt/rustwide/rustup-home:ro,Z" "-e" "SOURCE_DIR=/opt/rustwide/workdir" "-e" "CARGO_TARGET_DIR=/opt/rustwide/target" "-e" "CARGO_INCREMENTAL=0" "-e" "RUST_BACKTRACE=full" "-e" "RUSTFLAGS=--cap-lints=warn" "-e" "RUSTDOCFLAGS=--cap-lints=warn" "-e" "CARGO_HOME=/opt/rustwide/cargo-home" "-e" "RUSTUP_HOME=/opt/rustwide/rustup-home" "-w" "/opt/rustwide/workdir" "-m" "1610612736" "--user" "0:0" "--network" "none" "ghcr.io/rust-lang/crates-build-env/linux@sha256:2788e3201cd34a07e3172128adcd8b3090168a8e3bcc40d7c032b9dda1df7d1c" "/opt/rustwide/cargo-home/bin/cargo" "+1.75.0" "test" "--frozen", kill_on_drop: false }`
[INFO] [stdout] 484f16eea7a6abd6cde685599f20afb34785f287646c4acf8fa48279d1999583
[INFO] running `Command { std: "docker" "start" "-a" "484f16eea7a6abd6cde685599f20afb34785f287646c4acf8fa48279d1999583", kill_on_drop: false }`
[INFO] [stderr] warning: unused import: `dyadic::*`
[INFO] [stderr]   --> src/ops/mod.rs:10:9
[INFO] [stderr]    |
[INFO] [stderr] 10 | pub use dyadic::*;
[INFO] [stderr]    |         ^^^^^^^^^
[INFO] [stderr]    |
[INFO] [stderr]    = note: `#[warn(unused_imports)]` on by default
[INFO] [stderr] 
[INFO] [stderr] warning: unused import: `U2`
[INFO] [stderr]  --> src/utils/spaces.rs:3:24
[INFO] [stderr]   |
[INFO] [stderr] 3 | use super::{Ndarr, U1, U2};
[INFO] [stderr]   |                        ^^
[INFO] [stderr] 
[INFO] [stderr] warning: unused imports: `Float`, `Unsigned`
[INFO] [stderr]  --> src/utils/spaces.rs:4:18
[INFO] [stderr]   |
[INFO] [stderr] 4 | use num_traits::{Float, Pow, Unsigned};
[INFO] [stderr]   |                  ^^^^^       ^^^^^^^^
[INFO] [stderr] 
[INFO] [stderr] warning: unused import: `Unsigned`
[INFO] [stderr]  --> src/complex/mod.rs:1:31
[INFO] [stderr]   |
[INFO] [stderr] 1 | use num_traits::{Num, Signed, Unsigned};
[INFO] [stderr]   |                               ^^^^^^^^
[INFO] [stderr] 
[INFO] [stderr] warning: unused variable: `step`
[INFO] [stderr]   --> src/utils/spaces.rs:47:13
[INFO] [stderr]    |
[INFO] [stderr] 47 |         let step = (end - start) / segments;
[INFO] [stderr]    |             ^^^^ help: if this is intentional, prefix it with an underscore: `_step`
[INFO] [stderr]    |
[INFO] [stderr]    = note: `#[warn(unused_variables)]` on by default
[INFO] [stderr] 
[INFO] [stderr] warning: methods `approx_epsilon` and `approx` are never used
[INFO] [stderr]    --> src/lib.rs:418:8
[INFO] [stderr]     |
[INFO] [stderr] 417 | impl<T: Float + Clone + Debug + Default, R: Unsigned> Ndarr<T, R> {
[INFO] [stderr]     | ----------------------------------------------------------------- methods in this implementation
[INFO] [stderr] 418 |     fn approx_epsilon<R2: Unsigned>(&self, other: Ndarr<T, R2>, epsilon: T) -> bool
[INFO] [stderr]     |        ^^^^^^^^^^^^^^
[INFO] [stderr] ...
[INFO] [stderr] 433 |     fn approx<R2: Unsigned>(&self, other: &Ndarr<T, R2>) -> bool
[INFO] [stderr]     |        ^^^^^^
[INFO] [stderr]     |
[INFO] [stderr]     = note: `#[warn(dead_code)]` on by default
[INFO] [stderr] 
[INFO] [stderr] warning: field `details` is never read
[INFO] [stderr]  --> src/errors.rs:3:5
[INFO] [stderr]   |
[INFO] [stderr] 2 | pub struct DimError {
[INFO] [stderr]   |            -------- field in this struct
[INFO] [stderr] 3 |     details: String,
[INFO] [stderr]   |     ^^^^^^^
[INFO] [stderr]   |
[INFO] [stderr]   = note: `DimError` has a derived impl for the trait `Debug`, but this is intentionally ignored during dead code analysis
[INFO] [stderr] 
[INFO] [stderr] warning: unused import: `crate::complex::C`
[INFO] [stderr]   --> src/utils/spaces.rs:60:9
[INFO] [stderr]    |
[INFO] [stderr] 60 |     use crate::complex::C;
[INFO] [stderr]    |         ^^^^^^^^^^^^^^^^^
[INFO] [stderr] 
[INFO] [stderr] warning: field `details` is never read
[INFO] [stderr]  --> src/errors.rs:3:5
[INFO] [stderr]   |
[INFO] [stderr] 2 | pub struct DimError {
[INFO] [stderr]   |            -------- field in this struct
[INFO] [stderr] 3 |     details: String,
[INFO] [stderr]   |     ^^^^^^^
[INFO] [stderr]   |
[INFO] [stderr]   = note: `DimError` has a derived impl for the trait `Debug`, but this is intentionally ignored during dead code analysis
[INFO] [stderr]   = note: `#[warn(dead_code)]` on by default
[INFO] [stderr] 
[INFO] [stderr] warning: `rapl` (lib) generated 7 warnings (run `cargo fix --lib -p rapl` to apply 5 suggestions)
[INFO] [stderr] warning: `rapl` (lib test) generated 7 warnings (5 duplicates) (run `cargo fix --lib -p rapl --tests` to apply 1 suggestion)
[INFO] [stderr]     Finished test [unoptimized + debuginfo] target(s) in 0.07s
[INFO] [stderr]      Running unittests src/lib.rs (/opt/rustwide/target/debug/deps/rapl-c5e4790c62348bf1)
[INFO] [stdout] 
[INFO] [stdout] running 83 tests
[INFO] [stdout] test complex::tests::abs ... ok
[INFO] [stdout] test complex::tests::add ... ok
[INFO] [stdout] test complex::tests::mul ... ok
[INFO] [stdout] test complex::tests::from_num ... ok
[INFO] [stdout] test complex::tests::assing ... ok
[INFO] [stdout] test complex::tests::conj ... ok
[INFO] [stdout] test complex::tests::sub ... ok
[INFO] [stdout] test complex::tests::sqrt ... ok
[INFO] [stdout] test display::disp::disp_test ... ok
[INFO] [stdout] test indexing::indexing_tes::assing_at_t ... ok
[INFO] [stdout] test indexing::indexing_tes::indexing ... ok
[INFO] [stdout] test indexing::indexing_test::index_slice ... ok
[INFO] [stdout] test ops::arithmetics::test_arithmetics::test_basic ... ok
[INFO] [stdout] test complex::tests::powf ... ok
[INFO] [stdout] test complex::tests::powi ... ok
[INFO] [stdout] test complex::tests::ln ... ok
[INFO] [stdout] test complex::tests::powc ... ok
[INFO] [stdout] test complex_tensor::complex_tensor_test::test ... ok
[INFO] [stdout] test ops::arithmetics::test_arithmetics::test_sclalat ... ok
[INFO] [stdout] test ops::arithmetics::test_arithmetics::test_cobroadcast ... ok
[INFO] [stdout] test ops::arithmetics::test_arithmetics::test_single_broadcast ... ok
[INFO] [stdout] test shape::dim_tests::get_ind ... ok
[INFO] [stdout] test ops::dyadic::dyadic_test::inner_product ... ok
[INFO] [stdout] test ops::extras::test_extras::sum ... ok
[INFO] [stdout] test ops::dyadic::dyadic_test::mat_mul ... ok
[INFO] [stdout] test complex::tests::division ... ok
[INFO] [stdout] test ops::dyadic::dyadic_test::outer ... ok
[INFO] [stdout] test ops::extras::test_extras::max ... ok
[INFO] [stdout] test shape::dim_tests::rem_elm ... ok
[INFO] [stdout] test complex_tensor::complex_tensor_test::exp_test ... ok
[INFO] [stdout] test shape::dim_tests::ins_elm ... ok
[INFO] [stdout] test shape::dim_tests::init_dim ... ok
[INFO] [stdout] test tests::constructor_test ... ok
[INFO] [stdout] test tests::abs ... ok
[INFO] [stdout] test tests::bimap_test ... ok
[INFO] [stdout] test shape::dim_tests::tpath_shape ... ok
[INFO] [stdout] test tests::assing_ops ... ok
[INFO] [stdout] test tests::broadcast_ops ... ok
[INFO] [stdout] test tests::bases ... ok
[INFO] [stdout] test tests::element_wise_ops ... ok
[INFO] [stdout] test tests::float_ops ... ok
[INFO] [stdout] test tests::reshape ... ok
[INFO] [stdout] test tests::dyadic_polymorphism ... ok
[INFO] [stdout] test tests::transpose ... ok
[INFO] [stdout] test tests::scalar_ext ... ok
[INFO] [stdout] test tests::roll ... ok
[INFO] [stdout] test utils::activation::test_act::elu ... ok
[INFO] [stdout] test utils::activation::test_act::celu ... ok
[INFO] [stdout] test utils::activation::test_act::hard_shrink ... ok
[INFO] [stdout] test utils::activation::test_act::hard_swish ... ok
[INFO] [stdout] test tests::reduce ... ok
[INFO] [stdout] test utils::activation::test_act::hard_sigmoid ... ok
[INFO] [stdout] test utils::activation::test_act::hard_tanh ... ok
[INFO] [stdout] test tests::scan ... ok
[INFO] [stdout] test utils::activation::test_act::relu ... ok
[INFO] [stdout] test utils::activation::test_act::leaky_relu ... ok
[INFO] [stdout] test tests::slice_arr ... ok
[INFO] [stdout] test utils::activation::test_act::mish ... ok
[INFO] [stdout] test utils::activation::test_act::log_sigmoid ... ok
[INFO] [stdout] test tests::deslice ... ok
[INFO] [stdout] test tests::ranges ... ok
[INFO] [stdout] test utils::activation::test_act::silu ... ok
[INFO] [stdout] test utils::activation::test_act::selu ... ok
[INFO] [stdout] test utils::activation::test_act::sigmoid ... ok
[INFO] [stdout] test utils::activation::test_act::relu_6 ... ok
[INFO] [stdout] test utils::activation::test_act::softshrink ... ok
[INFO] [stdout] test utils::activation::test_act::softplus ... ok
[INFO] [stdout] test utils::activation::test_act::softmax ... ok
[INFO] [stdout] test utils::fft::fft_test::fftshif_2d ... ok
[INFO] [stdout] test utils::activation::test_act::threshold ... ok
[INFO] [stdout] test utils::fft::fft_test::fftshif_1d ... ok
[INFO] [stdout] test utils::fft::fft_test::test_2d ... ok
[INFO] [stdout] test utils::random::rng_arr::test_choose ... ok
[INFO] [stdout] test utils::random::rng_arr::test_normal_f64 ... ok
[INFO] [stdout] test utils::random::rng_arr::test_normal_f32 ... ok
[INFO] [stdout] test utils::random::rng_arr::test_uniform_f32 ... ok
[INFO] [stdout] test utils::random::rng_arr::test_uniform_f64 ... ok
[INFO] [stdout] test utils::spaces::mesh_test::geomspace ... ok
[INFO] [stdout] test utils::fft::fft_test::test_1d ... ok
[INFO] [stdout] test utils::spaces::mesh_test::linspace ... ok
[INFO] [stdout] test utils::spaces::mesh_test::logspace ... ok
[INFO] [stdout] test utils::rapl_img::image_test::open_f32 ... FAILED
[INFO] [stdout] test utils::rapl_img::image_test::open_rgb8 ... FAILED
[INFO] [stdout] 
[INFO] [stdout] failures:
[INFO] [stdout] 
[INFO] [stdout] ---- utils::rapl_img::image_test::open_f32 stdout ----
[INFO] [stdout] thread 'utils::rapl_img::image_test::open_f32' panicked at src/utils/rapl_img.rs:145:14:
[INFO] [stdout] Error, saving array as Image: IoError(Os { code: 30, kind: ReadOnlyFilesystem, message: "Read-only file system" })
[INFO] [stdout] stack backtrace:
[INFO] [stdout]    0:     0x55922003443c - std::backtrace_rs::backtrace::libunwind::trace::ha637c64ce894333a
[INFO] [stdout]                                at /rustc/82e1608dfa6e0b5569232559e3d385fea5a93112/library/std/src/../../backtrace/src/backtrace/libunwind.rs:104:5
[INFO] [stdout]    1:     0x55922003443c - std::backtrace_rs::backtrace::trace_unsynchronized::h47f62dea28e0c88d
[INFO] [stdout]                                at /rustc/82e1608dfa6e0b5569232559e3d385fea5a93112/library/std/src/../../backtrace/src/backtrace/mod.rs:66:5
[INFO] [stdout]    2:     0x55922003443c - std::sys_common::backtrace::_print_fmt::h9eef0abe20ede486
[INFO] [stdout]                                at /rustc/82e1608dfa6e0b5569232559e3d385fea5a93112/library/std/src/sys_common/backtrace.rs:67:5
[INFO] [stdout]    3:     0x55922003443c - <std::sys_common::backtrace::_print::DisplayBacktrace as core::fmt::Display>::fmt::hed7f999df88cc644
[INFO] [stdout]                                at /rustc/82e1608dfa6e0b5569232559e3d385fea5a93112/library/std/src/sys_common/backtrace.rs:44:22
[INFO] [stdout]    4:     0x55922005fe20 - core::fmt::rt::Argument::fmt::h1539a9308b8d058d
[INFO] [stdout]                                at /rustc/82e1608dfa6e0b5569232559e3d385fea5a93112/library/core/src/fmt/rt.rs:142:9
[INFO] [stdout]    5:     0x55922005fe20 - core::fmt::write::h3a39390d8560d9c9
[INFO] [stdout]                                at /rustc/82e1608dfa6e0b5569232559e3d385fea5a93112/library/core/src/fmt/mod.rs:1120:17
[INFO] [stdout]    6:     0x559220031bdf - std::io::Write::write_fmt::h040b369f3a0f9cbc
[INFO] [stdout]                                at /rustc/82e1608dfa6e0b5569232559e3d385fea5a93112/library/std/src/io/mod.rs:1762:15
[INFO] [stdout]    7:     0x559220034224 - std::sys_common::backtrace::_print::h894006fb5c6f3d45
[INFO] [stdout]                                at /rustc/82e1608dfa6e0b5569232559e3d385fea5a93112/library/std/src/sys_common/backtrace.rs:47:5
[INFO] [stdout]    8:     0x559220034224 - std::sys_common::backtrace::print::h23a2d212c6fff936
[INFO] [stdout]                                at /rustc/82e1608dfa6e0b5569232559e3d385fea5a93112/library/std/src/sys_common/backtrace.rs:34:9
[INFO] [stdout]    9:     0x559220035ee7 - std::panicking::default_hook::{{closure}}::h8a1d2ee00185001a
[INFO] [stdout]   10:     0x559220035bd3 - std::panicking::default_hook::h6038f2eba384e475
[INFO] [stdout]                                at /rustc/82e1608dfa6e0b5569232559e3d385fea5a93112/library/std/src/panicking.rs:289:9
[INFO] [stdout]   11:     0x55921faecb57 - <alloc::boxed::Box<F,A> as core::ops::function::Fn<Args>>::call::h0ad024c9bdc6d768
[INFO] [stdout]                                at /rustc/82e1608dfa6e0b5569232559e3d385fea5a93112/library/alloc/src/boxed.rs:2021:9
[INFO] [stdout]   12:     0x55921faecb57 - test::test_main::{{closure}}::h7500b54257359db6
[INFO] [stdout]                                at /rustc/82e1608dfa6e0b5569232559e3d385fea5a93112/library/test/src/lib.rs:138:21
[INFO] [stdout]   13:     0x5592200364f8 - <alloc::boxed::Box<F,A> as core::ops::function::Fn<Args>>::call::h1f8f335eaa9cfaee
[INFO] [stdout]                                at /rustc/82e1608dfa6e0b5569232559e3d385fea5a93112/library/alloc/src/boxed.rs:2021:9
[INFO] [stdout]   14:     0x5592200364f8 - std::panicking::rust_panic_with_hook::h2b5517d590cab22e
[INFO] [stdout]                                at /rustc/82e1608dfa6e0b5569232559e3d385fea5a93112/library/std/src/panicking.rs:783:13
[INFO] [stdout]   15:     0x55922003624e - std::panicking::begin_panic_handler::{{closure}}::h233112c06e0ef43e
[INFO] [stdout]                                at /rustc/82e1608dfa6e0b5569232559e3d385fea5a93112/library/std/src/panicking.rs:657:13
[INFO] [stdout]   16:     0x559220034906 - std::sys_common::backtrace::__rust_end_short_backtrace::h6e893f24d7ebbff8
[INFO] [stdout]                                at /rustc/82e1608dfa6e0b5569232559e3d385fea5a93112/library/std/src/sys_common/backtrace.rs:170:18
[INFO] [stdout]   17:     0x559220035fb2 - rust_begin_unwind
[INFO] [stdout]                                at /rustc/82e1608dfa6e0b5569232559e3d385fea5a93112/library/std/src/panicking.rs:645:5
[INFO] [stdout]   18:     0x55921f2de255 - core::panicking::panic_fmt::hbf0e066aabfa482c
[INFO] [stdout]                                at /rustc/82e1608dfa6e0b5569232559e3d385fea5a93112/library/core/src/panicking.rs:72:14
[INFO] [stdout]   19:     0x55921f2de823 - core::result::unwrap_failed::hddb4fea594200c52
[INFO] [stdout]                                at /rustc/82e1608dfa6e0b5569232559e3d385fea5a93112/library/core/src/result.rs:1653:5
[INFO] [stdout]   20:     0x55921fa10f5b - core::result::Result<T,E>::expect::h1c8d3864b3dd15ed
[INFO] [stdout]                                at /rustc/82e1608dfa6e0b5569232559e3d385fea5a93112/library/core/src/result.rs:1034:23
[INFO] [stdout]   21:     0x55921f928907 - rapl::utils::rapl_img::<impl rapl::Ndarr<f32,typenum::uint::UInt<typenum::uint::UInt<typenum::uint::UTerm,typenum::bit::B1>,typenum::bit::B0>>>::save_as_luma::h1e52aae40b6992a4
[INFO] [stdout]                                at /opt/rustwide/workdir/src/utils/rapl_img.rs:144:9
[INFO] [stdout]   22:     0x55921fa898e3 - rapl::utils::rapl_img::image_test::open_f32::hfc7d1b0ecebda8c0
[INFO] [stdout]                                at /opt/rustwide/workdir/src/utils/rapl_img.rs:164:9
[INFO] [stdout]   23:     0x55921fa89867 - rapl::utils::rapl_img::image_test::open_f32::{{closure}}::h9895c715c98b39d8
[INFO] [stdout]                                at /opt/rustwide/workdir/src/utils/rapl_img.rs:162:18
[INFO] [stdout]   24:     0x55921f9cc186 - core::ops::function::FnOnce::call_once::h52587078e8877cf4
[INFO] [stdout]                                at /rustc/82e1608dfa6e0b5569232559e3d385fea5a93112/library/core/src/ops/function.rs:250:5
[INFO] [stdout]   25:     0x55921faf21af - core::ops::function::FnOnce::call_once::h2b5d431d5046312d
[INFO] [stdout]                                at /rustc/82e1608dfa6e0b5569232559e3d385fea5a93112/library/core/src/ops/function.rs:250:5
[INFO] [stdout]   26:     0x55921faf21af - test::__rust_begin_short_backtrace::h7714669af176e207
[INFO] [stdout]                                at /rustc/82e1608dfa6e0b5569232559e3d385fea5a93112/library/test/src/lib.rs:628:18
[INFO] [stdout]   27:     0x55921faf11c5 - test::run_test_in_process::{{closure}}::h85218797dcbcec12
[INFO] [stdout]                                at /rustc/82e1608dfa6e0b5569232559e3d385fea5a93112/library/test/src/lib.rs:651:60
[INFO] [stdout]   28:     0x55921faf11c5 - <core::panic::unwind_safe::AssertUnwindSafe<F> as core::ops::function::FnOnce<()>>::call_once::h76c106ea31c14d7b
[INFO] [stdout]                                at /rustc/82e1608dfa6e0b5569232559e3d385fea5a93112/library/core/src/panic/unwind_safe.rs:272:9
[INFO] [stdout]   29:     0x55921faf11c5 - std::panicking::try::do_call::h3bd5d0f6620ee946
[INFO] [stdout]                                at /rustc/82e1608dfa6e0b5569232559e3d385fea5a93112/library/std/src/panicking.rs:552:40
[INFO] [stdout]   30:     0x55921faf11c5 - std::panicking::try::h232e535e4744fe31
[INFO] [stdout]                                at /rustc/82e1608dfa6e0b5569232559e3d385fea5a93112/library/std/src/panicking.rs:516:19
[INFO] [stdout]   31:     0x55921faf11c5 - std::panic::catch_unwind::h3ce3bd6ca8dbac68
[INFO] [stdout]                                at /rustc/82e1608dfa6e0b5569232559e3d385fea5a93112/library/std/src/panic.rs:142:14
[INFO] [stdout]   32:     0x55921faf11c5 - test::run_test_in_process::hc97b257c9621286a
[INFO] [stdout]                                at /rustc/82e1608dfa6e0b5569232559e3d385fea5a93112/library/test/src/lib.rs:651:27
[INFO] [stdout]   33:     0x55921faf11c5 - test::run_test::{{closure}}::h2aa798823a438d38
[INFO] [stdout]                                at /rustc/82e1608dfa6e0b5569232559e3d385fea5a93112/library/test/src/lib.rs:574:43
[INFO] [stdout]   34:     0x55921fab9486 - test::run_test::{{closure}}::h87d231c78fb59832
[INFO] [stdout]                                at /rustc/82e1608dfa6e0b5569232559e3d385fea5a93112/library/test/src/lib.rs:602:41
[INFO] [stdout]   35:     0x55921fab9486 - std::sys_common::backtrace::__rust_begin_short_backtrace::he6df152596625789
[INFO] [stdout]                                at /rustc/82e1608dfa6e0b5569232559e3d385fea5a93112/library/std/src/sys_common/backtrace.rs:154:18
[INFO] [stdout]   36:     0x55921fabe537 - std::thread::Builder::spawn_unchecked_::{{closure}}::{{closure}}::ha94be15d1e0acf36
[INFO] [stdout]                                at /rustc/82e1608dfa6e0b5569232559e3d385fea5a93112/library/std/src/thread/mod.rs:529:17
[INFO] [stdout]   37:     0x55921fabe537 - <core::panic::unwind_safe::AssertUnwindSafe<F> as core::ops::function::FnOnce<()>>::call_once::h9dc6bd6372f16606
[INFO] [stdout]                                at /rustc/82e1608dfa6e0b5569232559e3d385fea5a93112/library/core/src/panic/unwind_safe.rs:272:9
[INFO] [stdout]   38:     0x55921fabe537 - std::panicking::try::do_call::h9057517f80303cd4
[INFO] [stdout]                                at /rustc/82e1608dfa6e0b5569232559e3d385fea5a93112/library/std/src/panicking.rs:552:40
[INFO] [stdout]   39:     0x55921fabe537 - std::panicking::try::he3a30b11ee45340c
[INFO] [stdout]                                at /rustc/82e1608dfa6e0b5569232559e3d385fea5a93112/library/std/src/panicking.rs:516:19
[INFO] [stdout]   40:     0x55921fabe537 - std::panic::catch_unwind::h410458cfd3528b8b
[INFO] [stdout]                                at /rustc/82e1608dfa6e0b5569232559e3d385fea5a93112/library/std/src/panic.rs:142:14
[INFO] [stdout]   41:     0x55921fabe537 - std::thread::Builder::spawn_unchecked_::{{closure}}::h72ac3bdb567b737b
[INFO] [stdout]                                at /rustc/82e1608dfa6e0b5569232559e3d385fea5a93112/library/std/src/thread/mod.rs:528:30
[INFO] [stdout]   42:     0x55921fabe537 - core::ops::function::FnOnce::call_once{{vtable.shim}}::h38f34da3654a8344
[INFO] [stdout]                                at /rustc/82e1608dfa6e0b5569232559e3d385fea5a93112/library/core/src/ops/function.rs:250:5
[INFO] [stdout]   43:     0x55922003b095 - <alloc::boxed::Box<F,A> as core::ops::function::FnOnce<Args>>::call_once::hc7eafaff61e32df9
[INFO] [stdout]                                at /rustc/82e1608dfa6e0b5569232559e3d385fea5a93112/library/alloc/src/boxed.rs:2007:9
[INFO] [stdout]   44:     0x55922003b095 - <alloc::boxed::Box<F,A> as core::ops::function::FnOnce<Args>>::call_once::h6ba4a5de48dd2304
[INFO] [stdout]                                at /rustc/82e1608dfa6e0b5569232559e3d385fea5a93112/library/alloc/src/boxed.rs:2007:9
[INFO] [stdout]   45:     0x55922003b095 - std::sys::unix::thread::Thread::new::thread_start::he469335aef763e45
[INFO] [stdout]                                at /rustc/82e1608dfa6e0b5569232559e3d385fea5a93112/library/std/src/sys/unix/thread.rs:108:17
[INFO] [stdout]   46:     0x7fa530ef1ac3 - <unknown>
[INFO] [stdout]   47:     0x7fa530f82bf4 - __clone
[INFO] [stdout]   48:                0x0 - <unknown>
[INFO] [stdout] 
[INFO] [stdout] ---- utils::rapl_img::image_test::open_rgb8 stdout ----
[INFO] [stdout] thread 'utils::rapl_img::image_test::open_rgb8' panicked at src/utils/rapl_img.rs:84:14:
[INFO] [stdout] Error, saving array as Image: IoError(Os { code: 30, kind: ReadOnlyFilesystem, message: "Read-only file system" })
[INFO] [stdout] stack backtrace:
[INFO] [stdout]    0:     0x55922003443c - std::backtrace_rs::backtrace::libunwind::trace::ha637c64ce894333a
[INFO] [stdout]                                at /rustc/82e1608dfa6e0b5569232559e3d385fea5a93112/library/std/src/../../backtrace/src/backtrace/libunwind.rs:104:5
[INFO] [stdout]    1:     0x55922003443c - std::backtrace_rs::backtrace::trace_unsynchronized::h47f62dea28e0c88d
[INFO] [stdout]                                at /rustc/82e1608dfa6e0b5569232559e3d385fea5a93112/library/std/src/../../backtrace/src/backtrace/mod.rs:66:5
[INFO] [stdout]    2:     0x55922003443c - std::sys_common::backtrace::_print_fmt::h9eef0abe20ede486
[INFO] [stdout]                                at /rustc/82e1608dfa6e0b5569232559e3d385fea5a93112/library/std/src/sys_common/backtrace.rs:67:5
[INFO] [stdout]    3:     0x55922003443c - <std::sys_common::backtrace::_print::DisplayBacktrace as core::fmt::Display>::fmt::hed7f999df88cc644
[INFO] [stdout]                                at /rustc/82e1608dfa6e0b5569232559e3d385fea5a93112/library/std/src/sys_common/backtrace.rs:44:22
[INFO] [stdout]    4:     0x55922005fe20 - core::fmt::rt::Argument::fmt::h1539a9308b8d058d
[INFO] [stdout]                                at /rustc/82e1608dfa6e0b5569232559e3d385fea5a93112/library/core/src/fmt/rt.rs:142:9
[INFO] [stdout]    5:     0x55922005fe20 - core::fmt::write::h3a39390d8560d9c9
[INFO] [stdout]                                at /rustc/82e1608dfa6e0b5569232559e3d385fea5a93112/library/core/src/fmt/mod.rs:1120:17
[INFO] [stdout]    6:     0x559220031bdf - std::io::Write::write_fmt::h040b369f3a0f9cbc
[INFO] [stdout]                                at /rustc/82e1608dfa6e0b5569232559e3d385fea5a93112/library/std/src/io/mod.rs:1762:15
[INFO] [stdout]    7:     0x559220034224 - std::sys_common::backtrace::_print::h894006fb5c6f3d45
[INFO] [stdout]                                at /rustc/82e1608dfa6e0b5569232559e3d385fea5a93112/library/std/src/sys_common/backtrace.rs:47:5
[INFO] [stdout]    8:     0x559220034224 - std::sys_common::backtrace::print::h23a2d212c6fff936
[INFO] [stdout]                                at /rustc/82e1608dfa6e0b5569232559e3d385fea5a93112/library/std/src/sys_common/backtrace.rs:34:9
[INFO] [stdout]    9:     0x559220035ee7 - std::panicking::default_hook::{{closure}}::h8a1d2ee00185001a
[INFO] [stdout]   10:     0x559220035bd3 - std::panicking::default_hook::h6038f2eba384e475
[INFO] [stdout]                                at /rustc/82e1608dfa6e0b5569232559e3d385fea5a93112/library/std/src/panicking.rs:289:9
[INFO] [stdout]   11:     0x55921faecb57 - <alloc::boxed::Box<F,A> as core::ops::function::Fn<Args>>::call::h0ad024c9bdc6d768
[INFO] [stdout]                                at /rustc/82e1608dfa6e0b5569232559e3d385fea5a93112/library/alloc/src/boxed.rs:2021:9
[INFO] [stdout]   12:     0x55921faecb57 - test::test_main::{{closure}}::h7500b54257359db6
[INFO] [stdout]                                at /rustc/82e1608dfa6e0b5569232559e3d385fea5a93112/library/test/src/lib.rs:138:21
[INFO] [stdout]   13:     0x5592200364f8 - <alloc::boxed::Box<F,A> as core::ops::function::Fn<Args>>::call::h1f8f335eaa9cfaee
[INFO] [stdout]                                at /rustc/82e1608dfa6e0b5569232559e3d385fea5a93112/library/alloc/src/boxed.rs:2021:9
[INFO] [stdout]   14:     0x5592200364f8 - std::panicking::rust_panic_with_hook::h2b5517d590cab22e
[INFO] [stdout]                                at /rustc/82e1608dfa6e0b5569232559e3d385fea5a93112/library/std/src/panicking.rs:783:13
[INFO] [stdout]   15:     0x55922003624e - std::panicking::begin_panic_handler::{{closure}}::h233112c06e0ef43e
[INFO] [stdout]                                at /rustc/82e1608dfa6e0b5569232559e3d385fea5a93112/library/std/src/panicking.rs:657:13
[INFO] [stdout]   16:     0x559220034906 - std::sys_common::backtrace::__rust_end_short_backtrace::h6e893f24d7ebbff8
[INFO] [stdout]                                at /rustc/82e1608dfa6e0b5569232559e3d385fea5a93112/library/std/src/sys_common/backtrace.rs:170:18
[INFO] [stdout]   17:     0x559220035fb2 - rust_begin_unwind
[INFO] [stdout]                                at /rustc/82e1608dfa6e0b5569232559e3d385fea5a93112/library/std/src/panicking.rs:645:5
[INFO] [stdout]   18:     0x55921f2de255 - core::panicking::panic_fmt::hbf0e066aabfa482c
[INFO] [stdout]                                at /rustc/82e1608dfa6e0b5569232559e3d385fea5a93112/library/core/src/panicking.rs:72:14
[INFO] [stdout]   19:     0x55921f2de823 - core::result::unwrap_failed::hddb4fea594200c52
[INFO] [stdout]                                at /rustc/82e1608dfa6e0b5569232559e3d385fea5a93112/library/core/src/result.rs:1653:5
[INFO] [stdout]   20:     0x55921fa10f5b - core::result::Result<T,E>::expect::h1c8d3864b3dd15ed
[INFO] [stdout]                                at /rustc/82e1608dfa6e0b5569232559e3d385fea5a93112/library/core/src/result.rs:1034:23
[INFO] [stdout]   21:     0x55921f928479 - rapl::utils::rapl_img::<impl rapl::Ndarr<u8,typenum::uint::UInt<typenum::uint::UInt<typenum::uint::UTerm,typenum::bit::B1>,typenum::bit::B1>>>::save_as_rgb::hca86b05a8891b1cb
[INFO] [stdout]                                at /opt/rustwide/workdir/src/utils/rapl_img.rs:83:9
[INFO] [stdout]   22:     0x55921fa897af - rapl::utils::rapl_img::image_test::open_rgb8::h2df8b72f7ab7e60e
[INFO] [stdout]                                at /opt/rustwide/workdir/src/utils/rapl_img.rs:159:9
[INFO] [stdout]   23:     0x55921fa89687 - rapl::utils::rapl_img::image_test::open_rgb8::{{closure}}::hfb37f04f38a2b9bb
[INFO] [stdout]                                at /opt/rustwide/workdir/src/utils/rapl_img.rs:154:19
[INFO] [stdout]   24:     0x55921f9ccca6 - core::ops::function::FnOnce::call_once::hb5b60ab5e505a9a3
[INFO] [stdout]                                at /rustc/82e1608dfa6e0b5569232559e3d385fea5a93112/library/core/src/ops/function.rs:250:5
[INFO] [stdout]   25:     0x55921faf21af - core::ops::function::FnOnce::call_once::h2b5d431d5046312d
[INFO] [stdout]                                at /rustc/82e1608dfa6e0b5569232559e3d385fea5a93112/library/core/src/ops/function.rs:250:5
[INFO] [stdout]   26:     0x55921faf21af - test::__rust_begin_short_backtrace::h7714669af176e207
[INFO] [stdout]                                at /rustc/82e1608dfa6e0b5569232559e3d385fea5a93112/library/test/src/lib.rs:628:18
[INFO] [stdout]   27:     0x55921faf11c5 - test::run_test_in_process::{{closure}}::h85218797dcbcec12
[INFO] [stdout]                                at /rustc/82e1608dfa6e0b5569232559e3d385fea5a93112/library/test/src/lib.rs:651:60
[INFO] [stdout]   28:     0x55921faf11c5 - <core::panic::unwind_safe::AssertUnwindSafe<F> as core::ops::function::FnOnce<()>>::call_once::h76c106ea31c14d7b
[INFO] [stdout]                                at /rustc/82e1608dfa6e0b5569232559e3d385fea5a93112/library/core/src/panic/unwind_safe.rs:272:9
[INFO] [stdout]   29:     0x55921faf11c5 - std::panicking::try::do_call::h3bd5d0f6620ee946
[INFO] [stdout]                                at /rustc/82e1608dfa6e0b5569232559e3d385fea5a93112/library/std/src/panicking.rs:552:40
[INFO] [stdout]   30:     0x55921faf11c5 - std::panicking::try::h232e535e4744fe31
[INFO] [stdout]                                at /rustc/82e1608dfa6e0b5569232559e3d385fea5a93112/library/std/src/panicking.rs:516:19
[INFO] [stdout]   31:     0x55921faf11c5 - std::panic::catch_unwind::h3ce3bd6ca8dbac68
[INFO] [stdout]                                at /rustc/82e1608dfa6e0b5569232559e3d385fea5a93112/library/std/src/panic.rs:142:14
[INFO] [stdout]   32:     0x55921faf11c5 - test::run_test_in_process::hc97b257c9621286a
[INFO] [stdout]                                at /rustc/82e1608dfa6e0b5569232559e3d385fea5a93112/library/test/src/lib.rs:651:27
[INFO] [stdout]   33:     0x55921faf11c5 - test::run_test::{{closure}}::h2aa798823a438d38
[INFO] [stdout]                                at /rustc/82e1608dfa6e0b5569232559e3d385fea5a93112/library/test/src/lib.rs:574:43
[INFO] [stdout]   34:     0x55921fab9486 - test::run_test::{{closure}}::h87d231c78fb59832
[INFO] [stdout]                                at /rustc/82e1608dfa6e0b5569232559e3d385fea5a93112/library/test/src/lib.rs:602:41
[INFO] [stdout]   35:     0x55921fab9486 - std::sys_common::backtrace::__rust_begin_short_backtrace::he6df152596625789
[INFO] [stdout]                                at /rustc/82e1608dfa6e0b5569232559e3d385fea5a93112/library/std/src/sys_common/backtrace.rs:154:18
[INFO] [stdout]   36:     0x55921fabe537 - std::thread::Builder::spawn_unchecked_::{{closure}}::{{closure}}::ha94be15d1e0acf36
[INFO] [stdout]                                at /rustc/82e1608dfa6e0b5569232559e3d385fea5a93112/library/std/src/thread/mod.rs:529:17
[INFO] [stdout]   37:     0x55921fabe537 - <core::panic::unwind_safe::AssertUnwindSafe<F> as core::ops::function::FnOnce<()>>::call_once::h9dc6bd6372f16606
[INFO] [stdout]                                at /rustc/82e1608dfa6e0b5569232559e3d385fea5a93112/library/core/src/panic/unwind_safe.rs:272:9
[INFO] [stdout]   38:     0x55921fabe537 - std::panicking::try::do_call::h9057517f80303cd4
[INFO] [stdout]                                at /rustc/82e1608dfa6e0b5569232559e3d385fea5a93112/library/std/src/panicking.rs:552:40
[INFO] [stdout]   39:     0x55921fabe537 - std::panicking::try::he3a30b11ee45340c
[INFO] [stdout]                                at /rustc/82e1608dfa6e0b5569232559e3d385fea5a93112/library/std/src/panicking.rs:516:19
[INFO] [stdout]   40:     0x55921fabe537 - std::panic::catch_unwind::h410458cfd3528b8b
[INFO] [stdout]                                at /rustc/82e1608dfa6e0b5569232559e3d385fea5a93112/library/std/src/panic.rs:142:14
[INFO] [stdout]   41:     0x55921fabe537 - std::thread::Builder::spawn_unchecked_::{{closure}}::h72ac3bdb567b737b
[INFO] [stdout]                                at /rustc/82e1608dfa6e0b5569232559e3d385fea5a93112/library/std/src/thread/mod.rs:528:30
[INFO] [stdout]   42:     0x55921fabe537 - core::ops::function::FnOnce::call_once{{vtable.shim}}::h38f34da3654a8344
[INFO] [stdout]                                at /rustc/82e1608dfa6e0b5569232559e3d385fea5a93112/library/core/src/ops/function.rs:250:5
[INFO] [stdout]   43:     0x55922003b095 - <alloc::boxed::Box<F,A> as core::ops::function::FnOnce<Args>>::call_once::hc7eafaff61e32df9
[INFO] [stdout]                                at /rustc/82e1608dfa6e0b5569232559e3d385fea5a93112/library/alloc/src/boxed.rs:2007:9
[INFO] [stdout]   44:     0x55922003b095 - <alloc::boxed::Box<F,A> as core::ops::function::FnOnce<Args>>::call_once::h6ba4a5de48dd2304
[INFO] [stdout]                                at /rustc/82e1608dfa6e0b5569232559e3d385fea5a93112/library/alloc/src/boxed.rs:2007:9
[INFO] [stdout]   45:     0x55922003b095 - std::sys::unix::thread::Thread::new::thread_start::he469335aef763e45
[INFO] [stdout]                                at /rustc/82e1608dfa6e0b5569232559e3d385fea5a93112/library/std/src/sys/unix/thread.rs:108:17
[INFO] [stdout]   46:     0x7fa530ef1ac3 - <unknown>
[INFO] [stdout]   47:     0x7fa530f82bf4 - __clone
[INFO] [stdout]   48:                0x0 - <unknown>
[INFO] [stdout] 
[INFO] [stdout] 
[INFO] [stdout] failures:
[INFO] [stdout]     utils::rapl_img::image_test::open_f32
[INFO] [stdout]     utils::rapl_img::image_test::open_rgb8
[INFO] [stdout] 
[INFO] [stdout] test result: FAILED. 81 passed; 2 failed; 0 ignored; 0 measured; 0 filtered out; finished in 2.50s
[INFO] [stdout] 
[INFO] [stderr] error: test failed, to rerun pass `--lib`
[INFO] running `Command { std: "docker" "inspect" "484f16eea7a6abd6cde685599f20afb34785f287646c4acf8fa48279d1999583", kill_on_drop: false }`
[INFO] running `Command { std: "docker" "rm" "-f" "484f16eea7a6abd6cde685599f20afb34785f287646c4acf8fa48279d1999583", kill_on_drop: false }`
[INFO] [stdout] 484f16eea7a6abd6cde685599f20afb34785f287646c4acf8fa48279d1999583
[INFO] testing rapl-0.3.0 against beta-2023-12-22 for beta-1.76-1
[INFO] extracting crate rapl 0.3.0 into /workspace/builds/worker-1-tc2/source
[INFO] validating manifest of crates.io crate rapl 0.3.0 on toolchain beta-2023-12-22
[INFO] running `Command { std: CARGO_HOME="/workspace/cargo-home" RUSTUP_HOME="/workspace/rustup-home" "/workspace/cargo-home/bin/cargo" "+beta-2023-12-22" "metadata" "--manifest-path" "Cargo.toml" "--no-deps", kill_on_drop: false }`
[INFO] started tweaking crates.io crate rapl 0.3.0
[INFO] finished tweaking crates.io crate rapl 0.3.0
[INFO] tweaked toml for crates.io crate rapl 0.3.0 written to /workspace/builds/worker-1-tc2/source/Cargo.toml
[INFO] crate crates.io crate rapl 0.3.0 already has a lockfile, it will not be regenerated
[INFO] running `Command { std: CARGO_HOME="/workspace/cargo-home" RUSTUP_HOME="/workspace/rustup-home" "/workspace/cargo-home/bin/cargo" "+beta-2023-12-22" "fetch" "--manifest-path" "Cargo.toml", kill_on_drop: false }`
[INFO] running `Command { std: "docker" "create" "-v" "/var/lib/crater-agent-workspace/builds/worker-1-tc2/target:/opt/rustwide/target:rw,Z" "-v" "/var/lib/crater-agent-workspace/builds/worker-1-tc2/source:/opt/rustwide/workdir:ro,Z" "-v" "/var/lib/crater-agent-workspace/cargo-home:/opt/rustwide/cargo-home:ro,Z" "-v" "/var/lib/crater-agent-workspace/rustup-home:/opt/rustwide/rustup-home:ro,Z" "-e" "SOURCE_DIR=/opt/rustwide/workdir" "-e" "CARGO_TARGET_DIR=/opt/rustwide/target" "-e" "CARGO_HOME=/opt/rustwide/cargo-home" "-e" "RUSTUP_HOME=/opt/rustwide/rustup-home" "-w" "/opt/rustwide/workdir" "-m" "1610612736" "--user" "0:0" "--network" "none" "ghcr.io/rust-lang/crates-build-env/linux@sha256:2788e3201cd34a07e3172128adcd8b3090168a8e3bcc40d7c032b9dda1df7d1c" "/opt/rustwide/cargo-home/bin/cargo" "+beta-2023-12-22" "metadata" "--no-deps" "--format-version=1", kill_on_drop: false }`
[INFO] [stdout] cbbd203480f03844b209e17916b6fe5c65f330cb60b36aff0c6df406e6befd27
[INFO] running `Command { std: "docker" "start" "-a" "cbbd203480f03844b209e17916b6fe5c65f330cb60b36aff0c6df406e6befd27", kill_on_drop: false }`
[INFO] running `Command { std: "docker" "inspect" "cbbd203480f03844b209e17916b6fe5c65f330cb60b36aff0c6df406e6befd27", kill_on_drop: false }`
[INFO] running `Command { std: "docker" "rm" "-f" "cbbd203480f03844b209e17916b6fe5c65f330cb60b36aff0c6df406e6befd27", kill_on_drop: false }`
[INFO] [stdout] cbbd203480f03844b209e17916b6fe5c65f330cb60b36aff0c6df406e6befd27
[INFO] running `Command { std: "docker" "create" "-v" "/var/lib/crater-agent-workspace/builds/worker-1-tc2/target:/opt/rustwide/target:rw,Z" "-v" "/var/lib/crater-agent-workspace/builds/worker-1-tc2/source:/opt/rustwide/workdir:ro,Z" "-v" "/var/lib/crater-agent-workspace/cargo-home:/opt/rustwide/cargo-home:ro,Z" "-v" "/var/lib/crater-agent-workspace/rustup-home:/opt/rustwide/rustup-home:ro,Z" "-e" "SOURCE_DIR=/opt/rustwide/workdir" "-e" "CARGO_TARGET_DIR=/opt/rustwide/target" "-e" "CARGO_INCREMENTAL=0" "-e" "RUST_BACKTRACE=full" "-e" "RUSTFLAGS=--cap-lints=warn" "-e" "RUSTDOCFLAGS=--cap-lints=warn" "-e" "CARGO_HOME=/opt/rustwide/cargo-home" "-e" "RUSTUP_HOME=/opt/rustwide/rustup-home" "-w" "/opt/rustwide/workdir" "-m" "1610612736" "--user" "0:0" "--network" "none" "ghcr.io/rust-lang/crates-build-env/linux@sha256:2788e3201cd34a07e3172128adcd8b3090168a8e3bcc40d7c032b9dda1df7d1c" "/opt/rustwide/cargo-home/bin/cargo" "+beta-2023-12-22" "build" "--frozen" "--message-format=json", kill_on_drop: false }`
[INFO] [stdout] 673cac072dbfce576d51c5c96be64b30a16e0aeda08553932efa45199e6e5474
[INFO] running `Command { std: "docker" "start" "-a" "673cac072dbfce576d51c5c96be64b30a16e0aeda08553932efa45199e6e5474", kill_on_drop: false }`
[INFO] [stderr]    Compiling autocfg v1.1.0
[INFO] [stderr]    Compiling cfg-if v1.0.0
[INFO] [stderr]    Compiling libc v0.2.141
[INFO] [stderr]    Compiling libm v0.2.7
[INFO] [stderr]    Compiling crossbeam-utils v0.8.15
[INFO] [stderr]    Compiling scopeguard v1.1.0
[INFO] [stderr]    Compiling proc-macro2 v1.0.56
[INFO] [stderr]    Compiling quote v1.0.26
[INFO] [stderr]    Compiling unicode-ident v1.0.8
[INFO] [stderr]    Compiling syn v1.0.109
[INFO] [stderr]    Compiling rayon-core v1.11.0
[INFO] [stderr]    Compiling adler v1.0.2
[INFO] [stderr]    Compiling crc32fast v1.3.2
[INFO] [stderr]    Compiling simd-adler32 v0.3.5
[INFO] [stderr]    Compiling num-traits v0.2.15
[INFO] [stderr]    Compiling memoffset v0.8.0
[INFO] [stderr]    Compiling crossbeam-epoch v0.9.14
[INFO] [stderr]    Compiling num-integer v0.1.45
[INFO] [stderr]    Compiling crossbeam-channel v0.5.8
[INFO] [stderr]    Compiling lock_api v0.4.9
[INFO] [stderr]    Compiling miniz_oxide v0.6.2
[INFO] [stderr]    Compiling getrandom v0.2.9
[INFO] [stderr]    Compiling num_cpus v1.15.0
[INFO] [stderr]    Compiling crossbeam-deque v0.8.3
[INFO] [stderr]    Compiling futures-core v0.3.28
[INFO] [stderr]    Compiling either v1.8.1
[INFO] [stderr]    Compiling spin v0.9.8
[INFO] [stderr]    Compiling flate2 v1.0.25
[INFO] [stderr]    Compiling nanorand v0.7.0
[INFO] [stderr]    Compiling rand_core v0.6.4
[INFO] [stderr]    Compiling num-rational v0.4.1
[INFO] [stderr]    Compiling futures-sink v0.3.28
[INFO] [stderr]    Compiling version_check v0.9.4
[INFO] [stderr]    Compiling ppv-lite86 v0.2.17
[INFO] [stderr]    Compiling rayon v1.7.0
[INFO] [stderr]    Compiling weezl v0.1.7
[INFO] [stderr]    Compiling rustfft v6.1.0
[INFO] [stderr]    Compiling miniz_oxide v0.7.1
[INFO] [stderr]    Compiling fdeflate v0.3.0
[INFO] [stderr]    Compiling rand_chacha v0.3.1
[INFO] [stderr]    Compiling zune-inflate v0.2.53
[INFO] [stderr]    Compiling typenum v1.16.0
[INFO] [stderr]    Compiling smallvec v1.10.0
[INFO] [stderr]    Compiling color_quant v1.1.0
[INFO] [stderr]    Compiling lebe v0.5.2
[INFO] [stderr]    Compiling bit_field v0.10.2
[INFO] [stderr]    Compiling strength_reduce v0.2.4
[INFO] [stderr]    Compiling half v2.2.1
[INFO] [stderr]    Compiling bytemuck v1.13.1
[INFO] [stderr]    Compiling bitflags v1.3.2
[INFO] [stderr]    Compiling png v0.17.8
[INFO] [stderr]    Compiling transpose v0.2.2
[INFO] [stderr]    Compiling gif v0.12.0
[INFO] [stderr]    Compiling rand v0.8.5
[INFO] [stderr]    Compiling qoi v0.4.1
[INFO] [stderr]    Compiling primal-check v0.3.3
[INFO] [stderr]    Compiling num-complex v0.4.3
[INFO] [stderr]    Compiling byteorder v1.4.3
[INFO] [stderr]    Compiling jpeg-decoder v0.3.0
[INFO] [stderr]    Compiling rand_distr v0.4.3
[INFO] [stderr]    Compiling tiff v0.8.1
[INFO] [stderr]    Compiling pin-project-internal v1.0.12
[INFO] [stderr]    Compiling pin-project v1.0.12
[INFO] [stderr]    Compiling flume v0.10.14
[INFO] [stderr]    Compiling exr v1.6.3
[INFO] [stderr]    Compiling image v0.24.6
[INFO] [stderr]    Compiling rapl v0.3.0 (/opt/rustwide/workdir)
[INFO] [stdout] warning: unused import: `dyadic::*`
[INFO] [stdout]   --> src/ops/mod.rs:10:9
[INFO] [stdout]    |
[INFO] [stdout] 10 | pub use dyadic::*;
[INFO] [stdout]    |         ^^^^^^^^^
[INFO] [stdout]    |
[INFO] [stdout]    = note: `#[warn(unused_imports)]` on by default
[INFO] [stdout] 
[INFO] [stdout] 
[INFO] [stdout] warning: unused import: `U2`
[INFO] [stdout]  --> src/utils/spaces.rs:3:24
[INFO] [stdout]   |
[INFO] [stdout] 3 | use super::{Ndarr, U1, U2};
[INFO] [stdout]   |                        ^^
[INFO] [stdout] 
[INFO] [stdout] 
[INFO] [stdout] warning: unused imports: `Float`, `Unsigned`
[INFO] [stdout]  --> src/utils/spaces.rs:4:18
[INFO] [stdout]   |
[INFO] [stdout] 4 | use num_traits::{Float, Pow, Unsigned};
[INFO] [stdout]   |                  ^^^^^       ^^^^^^^^
[INFO] [stdout] 
[INFO] [stdout] 
[INFO] [stdout] warning: unused import: `Unsigned`
[INFO] [stdout]  --> src/complex/mod.rs:1:31
[INFO] [stdout]   |
[INFO] [stdout] 1 | use num_traits::{Num, Signed, Unsigned};
[INFO] [stdout]   |                               ^^^^^^^^
[INFO] [stdout] 
[INFO] [stdout] 
[INFO] [stdout] warning: unused variable: `step`
[INFO] [stdout]   --> src/utils/spaces.rs:47:13
[INFO] [stdout]    |
[INFO] [stdout] 47 |         let step = (end - start) / segments;
[INFO] [stdout]    |             ^^^^ help: if this is intentional, prefix it with an underscore: `_step`
[INFO] [stdout]    |
[INFO] [stdout]    = note: `#[warn(unused_variables)]` on by default
[INFO] [stdout] 
[INFO] [stdout] 
[INFO] [stdout] warning: methods `approx_epsilon` and `approx` are never used
[INFO] [stdout]    --> src/lib.rs:418:8
[INFO] [stdout]     |
[INFO] [stdout] 417 | impl<T: Float + Clone + Debug + Default, R: Unsigned> Ndarr<T, R> {
[INFO] [stdout]     | ----------------------------------------------------------------- methods in this implementation
[INFO] [stdout] 418 |     fn approx_epsilon<R2: Unsigned>(&self, other: Ndarr<T, R2>, epsilon: T) -> bool
[INFO] [stdout]     |        ^^^^^^^^^^^^^^
[INFO] [stdout] ...
[INFO] [stdout] 433 |     fn approx<R2: Unsigned>(&self, other: &Ndarr<T, R2>) -> bool
[INFO] [stdout]     |        ^^^^^^
[INFO] [stdout]     |
[INFO] [stdout]     = note: `#[warn(dead_code)]` on by default
[INFO] [stdout] 
[INFO] [stdout] 
[INFO] [stdout] warning: field `details` is never read
[INFO] [stdout]  --> src/errors.rs:3:5
[INFO] [stdout]   |
[INFO] [stdout] 2 | pub struct DimError {
[INFO] [stdout]   |            -------- field in this struct
[INFO] [stdout] 3 |     details: String,
[INFO] [stdout]   |     ^^^^^^^
[INFO] [stdout]   |
[INFO] [stdout]   = note: `DimError` has a derived impl for the trait `Debug`, but this is intentionally ignored during dead code analysis
[INFO] [stdout] 
[INFO] [stdout] 
[INFO] [stdout] warning: 7 warnings emitted
[INFO] [stdout] 
[INFO] [stdout] 
[INFO] [stderr]     Finished dev [unoptimized + debuginfo] target(s) in 28.23s
[INFO] running `Command { std: "docker" "inspect" "673cac072dbfce576d51c5c96be64b30a16e0aeda08553932efa45199e6e5474", kill_on_drop: false }`
[INFO] running `Command { std: "docker" "rm" "-f" "673cac072dbfce576d51c5c96be64b30a16e0aeda08553932efa45199e6e5474", kill_on_drop: false }`
[INFO] [stdout] 673cac072dbfce576d51c5c96be64b30a16e0aeda08553932efa45199e6e5474
[INFO] running `Command { std: "docker" "create" "-v" "/var/lib/crater-agent-workspace/builds/worker-1-tc2/target:/opt/rustwide/target:rw,Z" "-v" "/var/lib/crater-agent-workspace/builds/worker-1-tc2/source:/opt/rustwide/workdir:ro,Z" "-v" "/var/lib/crater-agent-workspace/cargo-home:/opt/rustwide/cargo-home:ro,Z" "-v" "/var/lib/crater-agent-workspace/rustup-home:/opt/rustwide/rustup-home:ro,Z" "-e" "SOURCE_DIR=/opt/rustwide/workdir" "-e" "CARGO_TARGET_DIR=/opt/rustwide/target" "-e" "CARGO_INCREMENTAL=0" "-e" "RUST_BACKTRACE=full" "-e" "RUSTFLAGS=--cap-lints=warn" "-e" "RUSTDOCFLAGS=--cap-lints=warn" "-e" "CARGO_HOME=/opt/rustwide/cargo-home" "-e" "RUSTUP_HOME=/opt/rustwide/rustup-home" "-w" "/opt/rustwide/workdir" "-m" "1610612736" "--user" "0:0" "--network" "none" "ghcr.io/rust-lang/crates-build-env/linux@sha256:2788e3201cd34a07e3172128adcd8b3090168a8e3bcc40d7c032b9dda1df7d1c" "/opt/rustwide/cargo-home/bin/cargo" "+beta-2023-12-22" "test" "--frozen" "--no-run" "--message-format=json", kill_on_drop: false }`
[INFO] [stdout] 9aa38f7f574432464d436f7bfa35fd1a83cabffba7105b8a8f92964181e54640
[INFO] running `Command { std: "docker" "start" "-a" "9aa38f7f574432464d436f7bfa35fd1a83cabffba7105b8a8f92964181e54640", kill_on_drop: false }`
[INFO] [stderr]    Compiling rapl v0.3.0 (/opt/rustwide/workdir)
[INFO] [stdout] warning: unused import: `dyadic::*`
[INFO] [stdout]   --> src/ops/mod.rs:10:9
[INFO] [stdout]    |
[INFO] [stdout] 10 | pub use dyadic::*;
[INFO] [stdout]    |         ^^^^^^^^^
[INFO] [stdout]    |
[INFO] [stdout]    = note: `#[warn(unused_imports)]` on by default
[INFO] [stdout] 
[INFO] [stdout] 
[INFO] [stdout] warning: unused import: `U2`
[INFO] [stdout]  --> src/utils/spaces.rs:3:24
[INFO] [stdout]   |
[INFO] [stdout] 3 | use super::{Ndarr, U1, U2};
[INFO] [stdout]   |                        ^^
[INFO] [stdout] 
[INFO] [stdout] 
[INFO] [stdout] warning: unused imports: `Float`, `Unsigned`
[INFO] [stdout]  --> src/utils/spaces.rs:4:18
[INFO] [stdout]   |
[INFO] [stdout] 4 | use num_traits::{Float, Pow, Unsigned};
[INFO] [stdout]   |                  ^^^^^       ^^^^^^^^
[INFO] [stdout] 
[INFO] [stdout] 
[INFO] [stdout] warning: unused import: `Unsigned`
[INFO] [stdout]  --> src/complex/mod.rs:1:31
[INFO] [stdout]   |
[INFO] [stdout] 1 | use num_traits::{Num, Signed, Unsigned};
[INFO] [stdout]   |                               ^^^^^^^^
[INFO] [stdout] 
[INFO] [stdout] 
[INFO] [stdout] warning: unused variable: `step`
[INFO] [stdout]   --> src/utils/spaces.rs:47:13
[INFO] [stdout]    |
[INFO] [stdout] 47 |         let step = (end - start) / segments;
[INFO] [stdout]    |             ^^^^ help: if this is intentional, prefix it with an underscore: `_step`
[INFO] [stdout]    |
[INFO] [stdout]    = note: `#[warn(unused_variables)]` on by default
[INFO] [stdout] 
[INFO] [stdout] 
[INFO] [stdout] warning: methods `approx_epsilon` and `approx` are never used
[INFO] [stdout]    --> src/lib.rs:418:8
[INFO] [stdout]     |
[INFO] [stdout] 417 | impl<T: Float + Clone + Debug + Default, R: Unsigned> Ndarr<T, R> {
[INFO] [stdout]     | ----------------------------------------------------------------- methods in this implementation
[INFO] [stdout] 418 |     fn approx_epsilon<R2: Unsigned>(&self, other: Ndarr<T, R2>, epsilon: T) -> bool
[INFO] [stdout]     |        ^^^^^^^^^^^^^^
[INFO] [stdout] ...
[INFO] [stdout] 433 |     fn approx<R2: Unsigned>(&self, other: &Ndarr<T, R2>) -> bool
[INFO] [stdout]     |        ^^^^^^
[INFO] [stdout]     |
[INFO] [stdout]     = note: `#[warn(dead_code)]` on by default
[INFO] [stdout] 
[INFO] [stdout] 
[INFO] [stdout] warning: field `details` is never read
[INFO] [stdout]  --> src/errors.rs:3:5
[INFO] [stdout]   |
[INFO] [stdout] 2 | pub struct DimError {
[INFO] [stdout]   |            -------- field in this struct
[INFO] [stdout] 3 |     details: String,
[INFO] [stdout]   |     ^^^^^^^
[INFO] [stdout]   |
[INFO] [stdout]   = note: `DimError` has a derived impl for the trait `Debug`, but this is intentionally ignored during dead code analysis
[INFO] [stdout] 
[INFO] [stdout] 
[INFO] [stdout] warning: 7 warnings emitted
[INFO] [stdout] 
[INFO] [stdout] 
[INFO] [stdout] warning: unused import: `dyadic::*`
[INFO] [stdout]   --> src/ops/mod.rs:10:9
[INFO] [stdout]    |
[INFO] [stdout] 10 | pub use dyadic::*;
[INFO] [stdout]    |         ^^^^^^^^^
[INFO] [stdout]    |
[INFO] [stdout]    = note: `#[warn(unused_imports)]` on by default
[INFO] [stdout] 
[INFO] [stdout] 
[INFO] [stdout] warning: unused import: `U2`
[INFO] [stdout]  --> src/utils/spaces.rs:3:24
[INFO] [stdout]   |
[INFO] [stdout] 3 | use super::{Ndarr, U1, U2};
[INFO] [stdout]   |                        ^^
[INFO] [stdout] 
[INFO] [stdout] 
[INFO] [stdout] warning: unused imports: `Float`, `Unsigned`
[INFO] [stdout]  --> src/utils/spaces.rs:4:18
[INFO] [stdout]   |
[INFO] [stdout] 4 | use num_traits::{Float, Pow, Unsigned};
[INFO] [stdout]   |                  ^^^^^       ^^^^^^^^
[INFO] [stdout] 
[INFO] [stdout] 
[INFO] [stdout] warning: unused import: `crate::complex::C`
[INFO] [stdout]   --> src/utils/spaces.rs:60:9
[INFO] [stdout]    |
[INFO] [stdout] 60 |     use crate::complex::C;
[INFO] [stdout]    |         ^^^^^^^^^^^^^^^^^
[INFO] [stdout] 
[INFO] [stdout] 
[INFO] [stdout] warning: unused import: `Unsigned`
[INFO] [stdout]  --> src/complex/mod.rs:1:31
[INFO] [stdout]   |
[INFO] [stdout] 1 | use num_traits::{Num, Signed, Unsigned};
[INFO] [stdout]   |                               ^^^^^^^^
[INFO] [stdout] 
[INFO] [stdout] 
[INFO] [stdout] warning: unused variable: `step`
[INFO] [stdout]   --> src/utils/spaces.rs:47:13
[INFO] [stdout]    |
[INFO] [stdout] 47 |         let step = (end - start) / segments;
[INFO] [stdout]    |             ^^^^ help: if this is intentional, prefix it with an underscore: `_step`
[INFO] [stdout]    |
[INFO] [stdout]    = note: `#[warn(unused_variables)]` on by default
[INFO] [stdout] 
[INFO] [stdout] 
[INFO] [stdout] warning: field `details` is never read
[INFO] [stdout]  --> src/errors.rs:3:5
[INFO] [stdout]   |
[INFO] [stdout] 2 | pub struct DimError {
[INFO] [stdout]   |            -------- field in this struct
[INFO] [stdout] 3 |     details: String,
[INFO] [stdout]   |     ^^^^^^^
[INFO] [stdout]   |
[INFO] [stdout]   = note: `DimError` has a derived impl for the trait `Debug`, but this is intentionally ignored during dead code analysis
[INFO] [stdout]   = note: `#[warn(dead_code)]` on by default
[INFO] [stdout] 
[INFO] [stdout] 
[INFO] [stdout] warning: 7 warnings emitted
[INFO] [stdout] 
[INFO] [stdout] 
[INFO] [stderr]     Finished test [unoptimized + debuginfo] target(s) in 15.04s
[INFO] running `Command { std: "docker" "inspect" "9aa38f7f574432464d436f7bfa35fd1a83cabffba7105b8a8f92964181e54640", kill_on_drop: false }`
[INFO] running `Command { std: "docker" "rm" "-f" "9aa38f7f574432464d436f7bfa35fd1a83cabffba7105b8a8f92964181e54640", kill_on_drop: false }`
[INFO] [stdout] 9aa38f7f574432464d436f7bfa35fd1a83cabffba7105b8a8f92964181e54640
[INFO] running `Command { std: "docker" "create" "-v" "/var/lib/crater-agent-workspace/builds/worker-1-tc2/target:/opt/rustwide/target:rw,Z" "-v" "/var/lib/crater-agent-workspace/builds/worker-1-tc2/source:/opt/rustwide/workdir:ro,Z" "-v" "/var/lib/crater-agent-workspace/cargo-home:/opt/rustwide/cargo-home:ro,Z" "-v" "/var/lib/crater-agent-workspace/rustup-home:/opt/rustwide/rustup-home:ro,Z" "-e" "SOURCE_DIR=/opt/rustwide/workdir" "-e" "CARGO_TARGET_DIR=/opt/rustwide/target" "-e" "CARGO_INCREMENTAL=0" "-e" "RUST_BACKTRACE=full" "-e" "RUSTFLAGS=--cap-lints=warn" "-e" "RUSTDOCFLAGS=--cap-lints=warn" "-e" "CARGO_HOME=/opt/rustwide/cargo-home" "-e" "RUSTUP_HOME=/opt/rustwide/rustup-home" "-w" "/opt/rustwide/workdir" "-m" "1610612736" "--user" "0:0" "--network" "none" "ghcr.io/rust-lang/crates-build-env/linux@sha256:2788e3201cd34a07e3172128adcd8b3090168a8e3bcc40d7c032b9dda1df7d1c" "/opt/rustwide/cargo-home/bin/cargo" "+beta-2023-12-22" "test" "--frozen", kill_on_drop: false }`
[INFO] [stdout] 3eff6ca2abbdfcdab96cf53fa3d3da6d0e0fa0fb8b02b7bf2c1f11d37ece31b8
[INFO] running `Command { std: "docker" "start" "-a" "3eff6ca2abbdfcdab96cf53fa3d3da6d0e0fa0fb8b02b7bf2c1f11d37ece31b8", kill_on_drop: false }`
[INFO] [stderr] warning: unused import: `dyadic::*`
[INFO] [stderr]   --> src/ops/mod.rs:10:9
[INFO] [stderr]    |
[INFO] [stderr] 10 | pub use dyadic::*;
[INFO] [stderr]    |         ^^^^^^^^^
[INFO] [stderr]    |
[INFO] [stderr]    = note: `#[warn(unused_imports)]` on by default
[INFO] [stderr] 
[INFO] [stderr] warning: unused import: `U2`
[INFO] [stderr]  --> src/utils/spaces.rs:3:24
[INFO] [stderr]   |
[INFO] [stderr] 3 | use super::{Ndarr, U1, U2};
[INFO] [stderr]   |                        ^^
[INFO] [stderr] 
[INFO] [stderr] warning: unused imports: `Float`, `Unsigned`
[INFO] [stderr]  --> src/utils/spaces.rs:4:18
[INFO] [stderr]   |
[INFO] [stderr] 4 | use num_traits::{Float, Pow, Unsigned};
[INFO] [stderr]   |                  ^^^^^       ^^^^^^^^
[INFO] [stderr] 
[INFO] [stderr] warning: unused import: `Unsigned`
[INFO] [stderr]  --> src/complex/mod.rs:1:31
[INFO] [stderr]   |
[INFO] [stderr] 1 | use num_traits::{Num, Signed, Unsigned};
[INFO] [stderr]   |                               ^^^^^^^^
[INFO] [stderr] 
[INFO] [stderr] warning: unused variable: `step`
[INFO] [stderr]   --> src/utils/spaces.rs:47:13
[INFO] [stderr]    |
[INFO] [stderr] 47 |         let step = (end - start) / segments;
[INFO] [stderr]    |             ^^^^ help: if this is intentional, prefix it with an underscore: `_step`
[INFO] [stderr]    |
[INFO] [stderr]    = note: `#[warn(unused_variables)]` on by default
[INFO] [stderr] 
[INFO] [stderr] warning: methods `approx_epsilon` and `approx` are never used
[INFO] [stderr]    --> src/lib.rs:418:8
[INFO] [stderr]     |
[INFO] [stderr] 417 | impl<T: Float + Clone + Debug + Default, R: Unsigned> Ndarr<T, R> {
[INFO] [stderr]     | ----------------------------------------------------------------- methods in this implementation
[INFO] [stderr] 418 |     fn approx_epsilon<R2: Unsigned>(&self, other: Ndarr<T, R2>, epsilon: T) -> bool
[INFO] [stderr]     |        ^^^^^^^^^^^^^^
[INFO] [stderr] ...
[INFO] [stderr] 433 |     fn approx<R2: Unsigned>(&self, other: &Ndarr<T, R2>) -> bool
[INFO] [stderr]     |        ^^^^^^
[INFO] [stderr]     |
[INFO] [stderr]     = note: `#[warn(dead_code)]` on by default
[INFO] [stderr] 
[INFO] [stderr] warning: field `details` is never read
[INFO] [stderr]  --> src/errors.rs:3:5
[INFO] [stderr]   |
[INFO] [stderr] 2 | pub struct DimError {
[INFO] [stderr]   |            -------- field in this struct
[INFO] [stderr] 3 |     details: String,
[INFO] [stderr]   |     ^^^^^^^
[INFO] [stderr]   |
[INFO] [stderr]   = note: `DimError` has a derived impl for the trait `Debug`, but this is intentionally ignored during dead code analysis
[INFO] [stderr] 
[INFO] [stderr] warning: unused import: `crate::complex::C`
[INFO] [stderr]   --> src/utils/spaces.rs:60:9
[INFO] [stderr]    |
[INFO] [stderr] 60 |     use crate::complex::C;
[INFO] [stderr]    |         ^^^^^^^^^^^^^^^^^
[INFO] [stderr] 
[INFO] [stderr] warning: field `details` is never read
[INFO] [stderr]  --> src/errors.rs:3:5
[INFO] [stderr]   |
[INFO] [stderr] 2 | pub struct DimError {
[INFO] [stderr]   |            -------- field in this struct
[INFO] [stderr] 3 |     details: String,
[INFO] [stderr]   |     ^^^^^^^
[INFO] [stderr]   |
[INFO] [stderr]   = note: `DimError` has a derived impl for the trait `Debug`, but this is intentionally ignored during dead code analysis
[INFO] [stderr]   = note: `#[warn(dead_code)]` on by default
[INFO] [stderr] 
[INFO] [stderr] warning: `rapl` (lib) generated 7 warnings (run `cargo fix --lib -p rapl` to apply 5 suggestions)
[INFO] [stderr] warning: `rapl` (lib test) generated 7 warnings (5 duplicates) (run `cargo fix --lib -p rapl --tests` to apply 1 suggestion)
[INFO] [stderr]     Finished test [unoptimized + debuginfo] target(s) in 0.08s
[INFO] [stderr]      Running unittests src/lib.rs (/opt/rustwide/target/debug/deps/rapl-364f99e690dce818)
[INFO] [stdout] 
[INFO] [stdout] running 83 tests
[INFO] [stdout] test complex::tests::assing ... ok
[INFO] [stdout] test complex::tests::powc ... ok
[INFO] [stdout] test complex::tests::add ... ok
[INFO] [stdout] test complex::tests::mul ... ok
[INFO] [stdout] test complex::tests::conj ... ok
[INFO] [stdout] test complex::tests::powf ... ok
[INFO] [stdout] test complex::tests::from_num ... ok
[INFO] [stdout] test complex::tests::division ... ok
[INFO] [stdout] test complex::tests::ln ... ok
[INFO] [stdout] test complex::tests::powi ... ok
[INFO] [stdout] test complex::tests::sqrt ... ok
[INFO] [stdout] test complex::tests::sub ... ok
[INFO] [stdout] test complex_tensor::complex_tensor_test::test ... ok
[INFO] [stdout] test complex_tensor::complex_tensor_test::exp_test ... ok
[INFO] [stdout] test complex::tests::abs ... ok
[INFO] [stdout] test ops::arithmetics::test_arithmetics::test_cobroadcast ... ok
[INFO] [stdout] test indexing::indexing_tes::indexing ... ok
[INFO] [stdout] test indexing::indexing_test::index_slice ... ok
[INFO] [stdout] test display::disp::disp_test ... ok
[INFO] [stdout] test ops::arithmetics::test_arithmetics::test_basic ... ok
[INFO] [stdout] test ops::arithmetics::test_arithmetics::test_single_broadcast ... ok
[INFO] [stdout] test shape::dim_tests::get_ind ... ok
[INFO] [stdout] test ops::dyadic::dyadic_test::mat_mul ... ok
[INFO] [stdout] test indexing::indexing_tes::assing_at_t ... ok
[INFO] [stdout] test ops::arithmetics::test_arithmetics::test_sclalat ... ok
[INFO] [stdout] test shape::dim_tests::rem_elm ... ok
[INFO] [stdout] test shape::dim_tests::init_dim ... ok
[INFO] [stdout] test ops::dyadic::dyadic_test::inner_product ... ok
[INFO] [stdout] test tests::abs ... ok
[INFO] [stdout] test ops::dyadic::dyadic_test::outer ... ok
[INFO] [stdout] test ops::extras::test_extras::max ... ok
[INFO] [stdout] test tests::assing_ops ... ok
[INFO] [stdout] test ops::extras::test_extras::sum ... ok
[INFO] [stdout] test tests::bases ... ok
[INFO] [stdout] test shape::dim_tests::tpath_shape ... ok
[INFO] [stdout] test tests::bimap_test ... ok
[INFO] [stdout] test tests::constructor_test ... ok
[INFO] [stdout] test tests::dyadic_polymorphism ... ok
[INFO] [stdout] test shape::dim_tests::ins_elm ... ok
[INFO] [stdout] test tests::broadcast_ops ... ok
[INFO] [stdout] test tests::ranges ... ok
[INFO] [stdout] test tests::reduce ... ok
[INFO] [stdout] test tests::deslice ... ok
[INFO] [stdout] test tests::float_ops ... ok
[INFO] [stdout] test tests::roll ... ok
[INFO] [stdout] test tests::reshape ... ok
[INFO] [stdout] test tests::scalar_ext ... ok
[INFO] [stdout] test tests::scan ... ok
[INFO] [stdout] test tests::element_wise_ops ... ok
[INFO] [stdout] test utils::activation::test_act::celu ... ok
[INFO] [stdout] test tests::slice_arr ... ok
[INFO] [stdout] test utils::activation::test_act::hard_shrink ... ok
[INFO] [stdout] test utils::activation::test_act::hard_tanh ... ok
[INFO] [stdout] test utils::activation::test_act::hard_sigmoid ... ok
[INFO] [stdout] test utils::activation::test_act::leaky_relu ... ok
[INFO] [stdout] test utils::activation::test_act::log_sigmoid ... ok
[INFO] [stdout] test utils::activation::test_act::elu ... ok
[INFO] [stdout] test utils::activation::test_act::relu_6 ... ok
[INFO] [stdout] test utils::activation::test_act::sigmoid ... ok
[INFO] [stdout] test utils::activation::test_act::mish ... ok
[INFO] [stdout] test utils::activation::test_act::selu ... ok
[INFO] [stdout] test utils::activation::test_act::relu ... ok
[INFO] [stdout] test tests::transpose ... ok
[INFO] [stdout] test utils::activation::test_act::hard_swish ... ok
[INFO] [stdout] test utils::fft::fft_test::fftshif_1d ... ok
[INFO] [stdout] test utils::activation::test_act::silu ... ok
[INFO] [stdout] test utils::activation::test_act::threshold ... ok
[INFO] [stdout] test utils::fft::fft_test::fftshif_2d ... ok
[INFO] [stdout] test utils::activation::test_act::softmax ... ok
[INFO] [stdout] test utils::activation::test_act::softplus ... ok
[INFO] [stdout] test utils::random::rng_arr::test_normal_f64 ... ok
[INFO] [stdout] test utils::random::rng_arr::test_normal_f32 ... ok
[INFO] [stdout] test utils::fft::fft_test::test_2d ... ok
[INFO] [stdout] test utils::random::rng_arr::test_uniform_f32 ... ok
[INFO] [stdout] test utils::activation::test_act::softshrink ... ok
[INFO] [stdout] test utils::random::rng_arr::test_choose ... ok
[INFO] [stdout] test utils::fft::fft_test::test_1d ... ok
[INFO] [stdout] test utils::random::rng_arr::test_uniform_f64 ... ok
[INFO] [stdout] test utils::spaces::mesh_test::geomspace ... ok
[INFO] [stdout] test utils::spaces::mesh_test::logspace ... ok
[INFO] [stdout] test utils::spaces::mesh_test::linspace ... ok
[INFO] [stdout] test utils::rapl_img::image_test::open_f32 ... FAILED
[INFO] [stdout] test utils::rapl_img::image_test::open_rgb8 ... FAILED
[INFO] [stdout] 
[INFO] [stdout] failures:
[INFO] [stdout] 
[INFO] [stdout] ---- utils::rapl_img::image_test::open_f32 stdout ----
[INFO] [stdout] thread 'utils::rapl_img::image_test::open_f32' panicked at src/utils/rapl_img.rs:145:14:
[INFO] [stdout] Error, saving array as Image: IoError(Os { code: 30, kind: ReadOnlyFilesystem, message: "Read-only file system" })
[INFO] [stdout] stack backtrace:
[INFO] [stdout]    0:     0x55bb39af0246 - std::backtrace_rs::backtrace::libunwind::trace::h261606ad26a499c1
[INFO] [stdout]                                at /rustc/0e09125c6c3c2fd70d7de961bcf0e51575235fad/library/std/src/../../backtrace/src/backtrace/libunwind.rs:104:5
[INFO] [stdout]    1:     0x55bb39af0246 - std::backtrace_rs::backtrace::trace_unsynchronized::hd183f0625477fb28
[INFO] [stdout]                                at /rustc/0e09125c6c3c2fd70d7de961bcf0e51575235fad/library/std/src/../../backtrace/src/backtrace/mod.rs:66:5
[INFO] [stdout]    2:     0x55bb39af0246 - std::sys_common::backtrace::_print_fmt::hd7f8fef21b4eda67
[INFO] [stdout]                                at /rustc/0e09125c6c3c2fd70d7de961bcf0e51575235fad/library/std/src/sys_common/backtrace.rs:68:5
[INFO] [stdout]    3:     0x55bb39af0246 - <std::sys_common::backtrace::_print::DisplayBacktrace as core::fmt::Display>::fmt::h623d9b51f2f453f1
[INFO] [stdout]                                at /rustc/0e09125c6c3c2fd70d7de961bcf0e51575235fad/library/std/src/sys_common/backtrace.rs:44:22
[INFO] [stdout]    4:     0x55bb39b1af20 - core::fmt::rt::Argument::fmt::h9f417ac76a86f368
[INFO] [stdout]                                at /rustc/0e09125c6c3c2fd70d7de961bcf0e51575235fad/library/core/src/fmt/rt.rs:142:9
[INFO] [stdout]    5:     0x55bb39b1af20 - core::fmt::write::hc9b6faf4ac2aeff7
[INFO] [stdout]                                at /rustc/0e09125c6c3c2fd70d7de961bcf0e51575235fad/library/core/src/fmt/mod.rs:1120:17
[INFO] [stdout]    6:     0x55bb39aeda9f - std::io::Write::write_fmt::he04625a3a989fec3
[INFO] [stdout]                                at /rustc/0e09125c6c3c2fd70d7de961bcf0e51575235fad/library/std/src/io/mod.rs:1810:15
[INFO] [stdout]    7:     0x55bb39af0024 - std::sys_common::backtrace::_print::hd5d66399c7df88a2
[INFO] [stdout]                                at /rustc/0e09125c6c3c2fd70d7de961bcf0e51575235fad/library/std/src/sys_common/backtrace.rs:47:5
[INFO] [stdout]    8:     0x55bb39af0024 - std::sys_common::backtrace::print::he81ed2da642d37e5
[INFO] [stdout]                                at /rustc/0e09125c6c3c2fd70d7de961bcf0e51575235fad/library/std/src/sys_common/backtrace.rs:34:9
[INFO] [stdout]    9:     0x55bb39af1d97 - std::panicking::default_hook::{{closure}}::h85773f4fa117163d
[INFO] [stdout]   10:     0x55bb39af1a7d - std::panicking::default_hook::h6a1694a91d09b278
[INFO] [stdout]                                at /rustc/0e09125c6c3c2fd70d7de961bcf0e51575235fad/library/std/src/panicking.rs:289:9
[INFO] [stdout]   11:     0x55bb395aa2f7 - <alloc::boxed::Box<F,A> as core::ops::function::Fn<Args>>::call::h616ac37fa3cd6c8f
[INFO] [stdout]                                at /rustc/0e09125c6c3c2fd70d7de961bcf0e51575235fad/library/alloc/src/boxed.rs:2029:9
[INFO] [stdout]   12:     0x55bb395aa2f7 - test::test_main::{{closure}}::h00d84697cefdcbb6
[INFO] [stdout]                                at /rustc/0e09125c6c3c2fd70d7de961bcf0e51575235fad/library/test/src/lib.rs:138:21
[INFO] [stdout]   13:     0x55bb39af23b6 - <alloc::boxed::Box<F,A> as core::ops::function::Fn<Args>>::call::hcb3fe3b9bb537ba8
[INFO] [stdout]                                at /rustc/0e09125c6c3c2fd70d7de961bcf0e51575235fad/library/alloc/src/boxed.rs:2029:9
[INFO] [stdout]   14:     0x55bb39af23b6 - std::panicking::rust_panic_with_hook::h0a7ad96e90f7145b
[INFO] [stdout]                                at /rustc/0e09125c6c3c2fd70d7de961bcf0e51575235fad/library/std/src/panicking.rs:783:13
[INFO] [stdout]   15:     0x55bb39af2102 - std::panicking::begin_panic_handler::{{closure}}::h7919090525c6485e
[INFO] [stdout]                                at /rustc/0e09125c6c3c2fd70d7de961bcf0e51575235fad/library/std/src/panicking.rs:657:13
[INFO] [stdout]   16:     0x55bb39af0746 - std::sys_common::backtrace::__rust_end_short_backtrace::hf3289479464f7dfe
[INFO] [stdout]                                at /rustc/0e09125c6c3c2fd70d7de961bcf0e51575235fad/library/std/src/sys_common/backtrace.rs:171:18
[INFO] [stdout]   17:     0x55bb39af1e60 - rust_begin_unwind
[INFO] [stdout]                                at /rustc/0e09125c6c3c2fd70d7de961bcf0e51575235fad/library/std/src/panicking.rs:645:5
[INFO] [stdout]   18:     0x55bb38d99235 - core::panicking::panic_fmt::hcc9f77c5c132af55
[INFO] [stdout]                                at /rustc/0e09125c6c3c2fd70d7de961bcf0e51575235fad/library/core/src/panicking.rs:72:14
[INFO] [stdout]   19:     0x55bb38d99813 - core::result::unwrap_failed::hbe14f498be1452f9
[INFO] [stdout]                                at /rustc/0e09125c6c3c2fd70d7de961bcf0e51575235fad/library/core/src/result.rs:1649:5
[INFO] [stdout]   20:     0x55bb3945ba7b - core::result::Result<T,E>::expect::hddfca611b0b87a15
[INFO] [stdout]                                at /rustc/0e09125c6c3c2fd70d7de961bcf0e51575235fad/library/core/src/result.rs:1030:23
[INFO] [stdout]   21:     0x55bb39416f7e - rapl::utils::rapl_img::<impl rapl::Ndarr<f32,typenum::uint::UInt<typenum::uint::UInt<typenum::uint::UTerm,typenum::bit::B1>,typenum::bit::B0>>>::save_as_luma::h17ddf0cdacf6c2bf
[INFO] [stdout]                                at /opt/rustwide/workdir/src/utils/rapl_img.rs:144:9
[INFO] [stdout]   22:     0x55bb3942a1b3 - rapl::utils::rapl_img::image_test::open_f32::h1d5d38121837cfcf
[INFO] [stdout]                                at /opt/rustwide/workdir/src/utils/rapl_img.rs:164:9
[INFO] [stdout]   23:     0x55bb3942a137 - rapl::utils::rapl_img::image_test::open_f32::{{closure}}::h15ef0f4855cd4331
[INFO] [stdout]                                at /opt/rustwide/workdir/src/utils/rapl_img.rs:162:18
[INFO] [stdout]   24:     0x55bb3942ce96 - core::ops::function::FnOnce::call_once::h74aaef8686141dc9
[INFO] [stdout]                                at /rustc/0e09125c6c3c2fd70d7de961bcf0e51575235fad/library/core/src/ops/function.rs:250:5
[INFO] [stdout]   25:     0x55bb395afbcf - core::ops::function::FnOnce::call_once::hd64d26f405258157
[INFO] [stdout]                                at /rustc/0e09125c6c3c2fd70d7de961bcf0e51575235fad/library/core/src/ops/function.rs:250:5
[INFO] [stdout]   26:     0x55bb395afbcf - test::__rust_begin_short_backtrace::he21b0b7a6d731bf9
[INFO] [stdout]                                at /rustc/0e09125c6c3c2fd70d7de961bcf0e51575235fad/library/test/src/lib.rs:627:18
[INFO] [stdout]   27:     0x55bb395ae951 - test::run_test_in_process::{{closure}}::hf5c73986d7bdfde2
[INFO] [stdout]                                at /rustc/0e09125c6c3c2fd70d7de961bcf0e51575235fad/library/test/src/lib.rs:650:60
[INFO] [stdout]   28:     0x55bb395ae951 - <core::panic::unwind_safe::AssertUnwindSafe<F> as core::ops::function::FnOnce<()>>::call_once::h330011ad032aadc0
[INFO] [stdout]                                at /rustc/0e09125c6c3c2fd70d7de961bcf0e51575235fad/library/core/src/panic/unwind_safe.rs:272:9
[INFO] [stdout]   29:     0x55bb395ae951 - std::panicking::try::do_call::he61b0a958b795a41
[INFO] [stdout]                                at /rustc/0e09125c6c3c2fd70d7de961bcf0e51575235fad/library/std/src/panicking.rs:552:40
[INFO] [stdout]   30:     0x55bb395ae951 - std::panicking::try::h7309da130f906eb7
[INFO] [stdout]                                at /rustc/0e09125c6c3c2fd70d7de961bcf0e51575235fad/library/std/src/panicking.rs:516:19
[INFO] [stdout]   31:     0x55bb395ae951 - std::panic::catch_unwind::hc5c3a06fdaf0a92a
[INFO] [stdout]                                at /rustc/0e09125c6c3c2fd70d7de961bcf0e51575235fad/library/std/src/panic.rs:142:14
[INFO] [stdout]   32:     0x55bb395ae951 - test::run_test_in_process::h7e7b7c71c3324e0f
[INFO] [stdout]                                at /rustc/0e09125c6c3c2fd70d7de961bcf0e51575235fad/library/test/src/lib.rs:650:27
[INFO] [stdout]   33:     0x55bb395ae951 - test::run_test::{{closure}}::h1f509f28f5cf20b1
[INFO] [stdout]                                at /rustc/0e09125c6c3c2fd70d7de961bcf0e51575235fad/library/test/src/lib.rs:573:43
[INFO] [stdout]   34:     0x55bb39575c86 - test::run_test::{{closure}}::h1754218abf443f6d
[INFO] [stdout]                                at /rustc/0e09125c6c3c2fd70d7de961bcf0e51575235fad/library/test/src/lib.rs:601:41
[INFO] [stdout]   35:     0x55bb39575c86 - std::sys_common::backtrace::__rust_begin_short_backtrace::h2ee174b9d5954948
[INFO] [stdout]                                at /rustc/0e09125c6c3c2fd70d7de961bcf0e51575235fad/library/std/src/sys_common/backtrace.rs:155:18
[INFO] [stdout]   36:     0x55bb3957ace7 - std::thread::Builder::spawn_unchecked_::{{closure}}::{{closure}}::hf60bee9c1a17ef09
[INFO] [stdout]                                at /rustc/0e09125c6c3c2fd70d7de961bcf0e51575235fad/library/std/src/thread/mod.rs:529:17
[INFO] [stdout]   37:     0x55bb3957ace7 - <core::panic::unwind_safe::AssertUnwindSafe<F> as core::ops::function::FnOnce<()>>::call_once::h33d0dddec5216160
[INFO] [stdout]                                at /rustc/0e09125c6c3c2fd70d7de961bcf0e51575235fad/library/core/src/panic/unwind_safe.rs:272:9
[INFO] [stdout]   38:     0x55bb3957ace7 - std::panicking::try::do_call::h144b3048b546f835
[INFO] [stdout]                                at /rustc/0e09125c6c3c2fd70d7de961bcf0e51575235fad/library/std/src/panicking.rs:552:40
[INFO] [stdout]   39:     0x55bb3957ace7 - std::panicking::try::h978244d04646189f
[INFO] [stdout]                                at /rustc/0e09125c6c3c2fd70d7de961bcf0e51575235fad/library/std/src/panicking.rs:516:19
[INFO] [stdout]   40:     0x55bb3957ace7 - std::panic::catch_unwind::hdf436369d188fe86
[INFO] [stdout]                                at /rustc/0e09125c6c3c2fd70d7de961bcf0e51575235fad/library/std/src/panic.rs:142:14
[INFO] [stdout]   41:     0x55bb3957ace7 - std::thread::Builder::spawn_unchecked_::{{closure}}::h87329cbdd33c79ec
[INFO] [stdout]                                at /rustc/0e09125c6c3c2fd70d7de961bcf0e51575235fad/library/std/src/thread/mod.rs:528:30
[INFO] [stdout]   42:     0x55bb3957ace7 - core::ops::function::FnOnce::call_once{{vtable.shim}}::h401abbe67897d450
[INFO] [stdout]                                at /rustc/0e09125c6c3c2fd70d7de961bcf0e51575235fad/library/core/src/ops/function.rs:250:5
[INFO] [stdout]   43:     0x55bb39af6f75 - <alloc::boxed::Box<F,A> as core::ops::function::FnOnce<Args>>::call_once::h5d7c8f150ab9c84c
[INFO] [stdout]                                at /rustc/0e09125c6c3c2fd70d7de961bcf0e51575235fad/library/alloc/src/boxed.rs:2015:9
[INFO] [stdout]   44:     0x55bb39af6f75 - <alloc::boxed::Box<F,A> as core::ops::function::FnOnce<Args>>::call_once::h570d5b005c242c15
[INFO] [stdout]                                at /rustc/0e09125c6c3c2fd70d7de961bcf0e51575235fad/library/alloc/src/boxed.rs:2015:9
[INFO] [stdout]   45:     0x55bb39af6f75 - std::sys::unix::thread::Thread::new::thread_start::h36b0a20c0b2361ad
[INFO] [stdout]                                at /rustc/0e09125c6c3c2fd70d7de961bcf0e51575235fad/library/std/src/sys/unix/thread.rs:108:17
[INFO] [stdout]   46:     0x7f3fa0191ac3 - <unknown>
[INFO] [stdout]   47:     0x7f3fa0222bf4 - __clone
[INFO] [stdout]   48:                0x0 - <unknown>
[INFO] [stdout] 
[INFO] [stdout] ---- utils::rapl_img::image_test::open_rgb8 stdout ----
[INFO] [stdout] thread 'utils::rapl_img::image_test::open_rgb8' panicked at src/utils/rapl_img.rs:84:14:
[INFO] [stdout] Error, saving array as Image: IoError(Os { code: 30, kind: ReadOnlyFilesystem, message: "Read-only file system" })
[INFO] [stdout] stack backtrace:
[INFO] [stdout]    0:     0x55bb39af0246 - std::backtrace_rs::backtrace::libunwind::trace::h261606ad26a499c1
[INFO] [stdout]                                at /rustc/0e09125c6c3c2fd70d7de961bcf0e51575235fad/library/std/src/../../backtrace/src/backtrace/libunwind.rs:104:5
[INFO] [stdout]    1:     0x55bb39af0246 - std::backtrace_rs::backtrace::trace_unsynchronized::hd183f0625477fb28
[INFO] [stdout]                                at /rustc/0e09125c6c3c2fd70d7de961bcf0e51575235fad/library/std/src/../../backtrace/src/backtrace/mod.rs:66:5
[INFO] [stdout]    2:     0x55bb39af0246 - std::sys_common::backtrace::_print_fmt::hd7f8fef21b4eda67
[INFO] [stdout]                                at /rustc/0e09125c6c3c2fd70d7de961bcf0e51575235fad/library/std/src/sys_common/backtrace.rs:68:5
[INFO] [stdout]    3:     0x55bb39af0246 - <std::sys_common::backtrace::_print::DisplayBacktrace as core::fmt::Display>::fmt::h623d9b51f2f453f1
[INFO] [stdout]                                at /rustc/0e09125c6c3c2fd70d7de961bcf0e51575235fad/library/std/src/sys_common/backtrace.rs:44:22
[INFO] [stdout]    4:     0x55bb39b1af20 - core::fmt::rt::Argument::fmt::h9f417ac76a86f368
[INFO] [stdout]                                at /rustc/0e09125c6c3c2fd70d7de961bcf0e51575235fad/library/core/src/fmt/rt.rs:142:9
[INFO] [stdout]    5:     0x55bb39b1af20 - core::fmt::write::hc9b6faf4ac2aeff7
[INFO] [stdout]                                at /rustc/0e09125c6c3c2fd70d7de961bcf0e51575235fad/library/core/src/fmt/mod.rs:1120:17
[INFO] [stdout]    6:     0x55bb39aeda9f - std::io::Write::write_fmt::he04625a3a989fec3
[INFO] [stdout]                                at /rustc/0e09125c6c3c2fd70d7de961bcf0e51575235fad/library/std/src/io/mod.rs:1810:15
[INFO] [stdout]    7:     0x55bb39af0024 - std::sys_common::backtrace::_print::hd5d66399c7df88a2
[INFO] [stdout]                                at /rustc/0e09125c6c3c2fd70d7de961bcf0e51575235fad/library/std/src/sys_common/backtrace.rs:47:5
[INFO] [stdout]    8:     0x55bb39af0024 - std::sys_common::backtrace::print::he81ed2da642d37e5
[INFO] [stdout]                                at /rustc/0e09125c6c3c2fd70d7de961bcf0e51575235fad/library/std/src/sys_common/backtrace.rs:34:9
[INFO] [stdout]    9:     0x55bb39af1d97 - std::panicking::default_hook::{{closure}}::h85773f4fa117163d
[INFO] [stdout]   10:     0x55bb39af1a7d - std::panicking::default_hook::h6a1694a91d09b278
[INFO] [stdout]                                at /rustc/0e09125c6c3c2fd70d7de961bcf0e51575235fad/library/std/src/panicking.rs:289:9
[INFO] [stdout]   11:     0x55bb395aa2f7 - <alloc::boxed::Box<F,A> as core::ops::function::Fn<Args>>::call::h616ac37fa3cd6c8f
[INFO] [stdout]                                at /rustc/0e09125c6c3c2fd70d7de961bcf0e51575235fad/library/alloc/src/boxed.rs:2029:9
[INFO] [stdout]   12:     0x55bb395aa2f7 - test::test_main::{{closure}}::h00d84697cefdcbb6
[INFO] [stdout]                                at /rustc/0e09125c6c3c2fd70d7de961bcf0e51575235fad/library/test/src/lib.rs:138:21
[INFO] [stdout]   13:     0x55bb39af23b6 - <alloc::boxed::Box<F,A> as core::ops::function::Fn<Args>>::call::hcb3fe3b9bb537ba8
[INFO] [stdout]                                at /rustc/0e09125c6c3c2fd70d7de961bcf0e51575235fad/library/alloc/src/boxed.rs:2029:9
[INFO] [stdout]   14:     0x55bb39af23b6 - std::panicking::rust_panic_with_hook::h0a7ad96e90f7145b
[INFO] [stdout]                                at /rustc/0e09125c6c3c2fd70d7de961bcf0e51575235fad/library/std/src/panicking.rs:783:13
[INFO] [stdout]   15:     0x55bb39af2102 - std::panicking::begin_panic_handler::{{closure}}::h7919090525c6485e
[INFO] [stdout]                                at /rustc/0e09125c6c3c2fd70d7de961bcf0e51575235fad/library/std/src/panicking.rs:657:13
[INFO] [stdout]   16:     0x55bb39af0746 - std::sys_common::backtrace::__rust_end_short_backtrace::hf3289479464f7dfe
[INFO] [stdout]                                at /rustc/0e09125c6c3c2fd70d7de961bcf0e51575235fad/library/std/src/sys_common/backtrace.rs:171:18
[INFO] [stdout]   17:     0x55bb39af1e60 - rust_begin_unwind
[INFO] [stdout]                                at /rustc/0e09125c6c3c2fd70d7de961bcf0e51575235fad/library/std/src/panicking.rs:645:5
[INFO] [stdout]   18:     0x55bb38d99235 - core::panicking::panic_fmt::hcc9f77c5c132af55
[INFO] [stdout]                                at /rustc/0e09125c6c3c2fd70d7de961bcf0e51575235fad/library/core/src/panicking.rs:72:14
[INFO] [stdout]   19:     0x55bb38d99813 - core::result::unwrap_failed::hbe14f498be1452f9
[INFO] [stdout]                                at /rustc/0e09125c6c3c2fd70d7de961bcf0e51575235fad/library/core/src/result.rs:1649:5
[INFO] [stdout]   20:     0x55bb3945ba7b - core::result::Result<T,E>::expect::hddfca611b0b87a15
[INFO] [stdout]                                at /rustc/0e09125c6c3c2fd70d7de961bcf0e51575235fad/library/core/src/result.rs:1030:23
[INFO] [stdout]   21:     0x55bb39416ae9 - rapl::utils::rapl_img::<impl rapl::Ndarr<u8,typenum::uint::UInt<typenum::uint::UInt<typenum::uint::UTerm,typenum::bit::B1>,typenum::bit::B1>>>::save_as_rgb::h0bd1a846b27c97e4
[INFO] [stdout]                                at /opt/rustwide/workdir/src/utils/rapl_img.rs:83:9
[INFO] [stdout]   22:     0x55bb3942a08f - rapl::utils::rapl_img::image_test::open_rgb8::he8f2093f028256dc
[INFO] [stdout]                                at /opt/rustwide/workdir/src/utils/rapl_img.rs:159:9
[INFO] [stdout]   23:     0x55bb39429f67 - rapl::utils::rapl_img::image_test::open_rgb8::{{closure}}::h1f5a9e9f249cfe9c
[INFO] [stdout]                                at /opt/rustwide/workdir/src/utils/rapl_img.rs:154:19
[INFO] [stdout]   24:     0x55bb3942d5e6 - core::ops::function::FnOnce::call_once::hb746c0691236de1d
[INFO] [stdout]                                at /rustc/0e09125c6c3c2fd70d7de961bcf0e51575235fad/library/core/src/ops/function.rs:250:5
[INFO] [stdout]   25:     0x55bb395afbcf - core::ops::function::FnOnce::call_once::hd64d26f405258157
[INFO] [stdout]                                at /rustc/0e09125c6c3c2fd70d7de961bcf0e51575235fad/library/core/src/ops/function.rs:250:5
[INFO] [stdout]   26:     0x55bb395afbcf - test::__rust_begin_short_backtrace::he21b0b7a6d731bf9
[INFO] [stdout]                                at /rustc/0e09125c6c3c2fd70d7de961bcf0e51575235fad/library/test/src/lib.rs:627:18
[INFO] [stdout]   27:     0x55bb395ae951 - test::run_test_in_process::{{closure}}::hf5c73986d7bdfde2
[INFO] [stdout]                                at /rustc/0e09125c6c3c2fd70d7de961bcf0e51575235fad/library/test/src/lib.rs:650:60
[INFO] [stdout]   28:     0x55bb395ae951 - <core::panic::unwind_safe::AssertUnwindSafe<F> as core::ops::function::FnOnce<()>>::call_once::h330011ad032aadc0
[INFO] [stdout]                                at /rustc/0e09125c6c3c2fd70d7de961bcf0e51575235fad/library/core/src/panic/unwind_safe.rs:272:9
[INFO] [stdout]   29:     0x55bb395ae951 - std::panicking::try::do_call::he61b0a958b795a41
[INFO] [stdout]                                at /rustc/0e09125c6c3c2fd70d7de961bcf0e51575235fad/library/std/src/panicking.rs:552:40
[INFO] [stdout]   30:     0x55bb395ae951 - std::panicking::try::h7309da130f906eb7
[INFO] [stdout]                                at /rustc/0e09125c6c3c2fd70d7de961bcf0e51575235fad/library/std/src/panicking.rs:516:19
[INFO] [stdout]   31:     0x55bb395ae951 - std::panic::catch_unwind::hc5c3a06fdaf0a92a
[INFO] [stdout]                                at /rustc/0e09125c6c3c2fd70d7de961bcf0e51575235fad/library/std/src/panic.rs:142:14
[INFO] [stdout]   32:     0x55bb395ae951 - test::run_test_in_process::h7e7b7c71c3324e0f
[INFO] [stdout]                                at /rustc/0e09125c6c3c2fd70d7de961bcf0e51575235fad/library/test/src/lib.rs:650:27
[INFO] [stdout]   33:     0x55bb395ae951 - test::run_test::{{closure}}::h1f509f28f5cf20b1
[INFO] [stdout]                                at /rustc/0e09125c6c3c2fd70d7de961bcf0e51575235fad/library/test/src/lib.rs:573:43
[INFO] [stdout]   34:     0x55bb39575c86 - test::run_test::{{closure}}::h1754218abf443f6d
[INFO] [stdout]                                at /rustc/0e09125c6c3c2fd70d7de961bcf0e51575235fad/library/test/src/lib.rs:601:41
[INFO] [stdout]   35:     0x55bb39575c86 - std::sys_common::backtrace::__rust_begin_short_backtrace::h2ee174b9d5954948
[INFO] [stdout]                                at /rustc/0e09125c6c3c2fd70d7de961bcf0e51575235fad/library/std/src/sys_common/backtrace.rs:155:18
[INFO] [stdout]   36:     0x55bb3957ace7 - std::thread::Builder::spawn_unchecked_::{{closure}}::{{closure}}::hf60bee9c1a17ef09
[INFO] [stdout]                                at /rustc/0e09125c6c3c2fd70d7de961bcf0e51575235fad/library/std/src/thread/mod.rs:529:17
[INFO] [stdout]   37:     0x55bb3957ace7 - <core::panic::unwind_safe::AssertUnwindSafe<F> as core::ops::function::FnOnce<()>>::call_once::h33d0dddec5216160
[INFO] [stdout]                                at /rustc/0e09125c6c3c2fd70d7de961bcf0e51575235fad/library/core/src/panic/unwind_safe.rs:272:9
[INFO] [stdout]   38:     0x55bb3957ace7 - std::panicking::try::do_call::h144b3048b546f835
[INFO] [stdout]                                at /rustc/0e09125c6c3c2fd70d7de961bcf0e51575235fad/library/std/src/panicking.rs:552:40
[INFO] [stdout]   39:     0x55bb3957ace7 - std::panicking::try::h978244d04646189f
[INFO] [stdout]                                at /rustc/0e09125c6c3c2fd70d7de961bcf0e51575235fad/library/std/src/panicking.rs:516:19
[INFO] [stdout]   40:     0x55bb3957ace7 - std::panic::catch_unwind::hdf436369d188fe86
[INFO] [stdout]                                at /rustc/0e09125c6c3c2fd70d7de961bcf0e51575235fad/library/std/src/panic.rs:142:14
[INFO] [stdout]   41:     0x55bb3957ace7 - std::thread::Builder::spawn_unchecked_::{{closure}}::h87329cbdd33c79ec
[INFO] [stdout]                                at /rustc/0e09125c6c3c2fd70d7de961bcf0e51575235fad/library/std/src/thread/mod.rs:528:30
[INFO] [stdout]   42:     0x55bb3957ace7 - core::ops::function::FnOnce::call_once{{vtable.shim}}::h401abbe67897d450
[INFO] [stdout]                                at /rustc/0e09125c6c3c2fd70d7de961bcf0e51575235fad/library/core/src/ops/function.rs:250:5
[INFO] [stdout]   43:     0x55bb39af6f75 - <alloc::boxed::Box<F,A> as core::ops::function::FnOnce<Args>>::call_once::h5d7c8f150ab9c84c
[INFO] [stdout]                                at /rustc/0e09125c6c3c2fd70d7de961bcf0e51575235fad/library/alloc/src/boxed.rs:2015:9
[INFO] [stdout]   44:     0x55bb39af6f75 - <alloc::boxed::Box<F,A> as core::ops::function::FnOnce<Args>>::call_once::h570d5b005c242c15
[INFO] [stdout]                                at /rustc/0e09125c6c3c2fd70d7de961bcf0e51575235fad/library/alloc/src/boxed.rs:2015:9
[INFO] [stdout]   45:     0x55bb39af6f75 - std::sys::unix::thread::Thread::new::thread_start::h36b0a20c0b2361ad
[INFO] [stdout]                                at /rustc/0e09125c6c3c2fd70d7de961bcf0e51575235fad/library/std/src/sys/unix/thread.rs:108:17
[INFO] [stdout]   46:     0x7f3fa0191ac3 - <unknown>
[INFO] [stdout]   47:     0x7f3fa0222bf4 - __clone
[INFO] [stdout]   48:                0x0 - <unknown>
[INFO] [stdout] 
[INFO] [stdout] 
[INFO] [stdout] failures:
[INFO] [stdout]     utils::rapl_img::image_test::open_f32
[INFO] [stdout]     utils::rapl_img::image_test::open_rgb8
[INFO] [stdout] 
[INFO] [stdout] test result: FAILED. 81 passed; 2 failed; 0 ignored; 0 measured; 0 filtered out; finished in 2.82s
[INFO] [stdout] 
[INFO] [stderr] error: test failed, to rerun pass `--lib`
[INFO] running `Command { std: "docker" "inspect" "3eff6ca2abbdfcdab96cf53fa3d3da6d0e0fa0fb8b02b7bf2c1f11d37ece31b8", kill_on_drop: false }`
[INFO] running `Command { std: "docker" "rm" "-f" "3eff6ca2abbdfcdab96cf53fa3d3da6d0e0fa0fb8b02b7bf2c1f11d37ece31b8", kill_on_drop: false }`
[INFO] [stdout] 3eff6ca2abbdfcdab96cf53fa3d3da6d0e0fa0fb8b02b7bf2c1f11d37ece31b8
