[INFO] fetching crate raminspect 0.7.4...
[INFO] testing raminspect-0.7.4 against 1.75.0 for beta-1.76-1
[INFO] extracting crate raminspect 0.7.4 into /workspace/builds/worker-1-tc1/source
[INFO] validating manifest of crates.io crate raminspect 0.7.4 on toolchain 1.75.0
[INFO] running `Command { std: CARGO_HOME="/workspace/cargo-home" RUSTUP_HOME="/workspace/rustup-home" "/workspace/cargo-home/bin/cargo" "+1.75.0" "metadata" "--manifest-path" "Cargo.toml" "--no-deps", kill_on_drop: false }`
[INFO] started tweaking crates.io crate raminspect 0.7.4
[INFO] finished tweaking crates.io crate raminspect 0.7.4
[INFO] tweaked toml for crates.io crate raminspect 0.7.4 written to /workspace/builds/worker-1-tc1/source/Cargo.toml
[INFO] crate crates.io crate raminspect 0.7.4 already has a lockfile, it will not be regenerated
[INFO] running `Command { std: CARGO_HOME="/workspace/cargo-home" RUSTUP_HOME="/workspace/rustup-home" "/workspace/cargo-home/bin/cargo" "+1.75.0" "fetch" "--manifest-path" "Cargo.toml", kill_on_drop: false }`
[INFO] running `Command { std: "docker" "create" "-v" "/var/lib/crater-agent-workspace/builds/worker-1-tc1/target:/opt/rustwide/target:rw,Z" "-v" "/var/lib/crater-agent-workspace/builds/worker-1-tc1/source:/opt/rustwide/workdir:ro,Z" "-v" "/var/lib/crater-agent-workspace/cargo-home:/opt/rustwide/cargo-home:ro,Z" "-v" "/var/lib/crater-agent-workspace/rustup-home:/opt/rustwide/rustup-home:ro,Z" "-e" "SOURCE_DIR=/opt/rustwide/workdir" "-e" "CARGO_TARGET_DIR=/opt/rustwide/target" "-e" "CARGO_HOME=/opt/rustwide/cargo-home" "-e" "RUSTUP_HOME=/opt/rustwide/rustup-home" "-w" "/opt/rustwide/workdir" "-m" "1610612736" "--user" "0:0" "--network" "none" "ghcr.io/rust-lang/crates-build-env/linux@sha256:2788e3201cd34a07e3172128adcd8b3090168a8e3bcc40d7c032b9dda1df7d1c" "/opt/rustwide/cargo-home/bin/cargo" "+1.75.0" "metadata" "--no-deps" "--format-version=1", kill_on_drop: false }`
[INFO] [stdout] 10059e72b397dab105cfc8cbcb154b0df139839bc6910cbf427182435ab1c403
[INFO] running `Command { std: "docker" "start" "-a" "10059e72b397dab105cfc8cbcb154b0df139839bc6910cbf427182435ab1c403", kill_on_drop: false }`
[INFO] running `Command { std: "docker" "inspect" "10059e72b397dab105cfc8cbcb154b0df139839bc6910cbf427182435ab1c403", kill_on_drop: false }`
[INFO] running `Command { std: "docker" "rm" "-f" "10059e72b397dab105cfc8cbcb154b0df139839bc6910cbf427182435ab1c403", kill_on_drop: false }`
[INFO] [stdout] 10059e72b397dab105cfc8cbcb154b0df139839bc6910cbf427182435ab1c403
[INFO] running `Command { std: "docker" "create" "-v" "/var/lib/crater-agent-workspace/builds/worker-1-tc1/target:/opt/rustwide/target:rw,Z" "-v" "/var/lib/crater-agent-workspace/builds/worker-1-tc1/source:/opt/rustwide/workdir:ro,Z" "-v" "/var/lib/crater-agent-workspace/cargo-home:/opt/rustwide/cargo-home:ro,Z" "-v" "/var/lib/crater-agent-workspace/rustup-home:/opt/rustwide/rustup-home:ro,Z" "-e" "SOURCE_DIR=/opt/rustwide/workdir" "-e" "CARGO_TARGET_DIR=/opt/rustwide/target" "-e" "CARGO_INCREMENTAL=0" "-e" "RUST_BACKTRACE=full" "-e" "RUSTFLAGS=--cap-lints=warn" "-e" "RUSTDOCFLAGS=--cap-lints=warn" "-e" "CARGO_HOME=/opt/rustwide/cargo-home" "-e" "RUSTUP_HOME=/opt/rustwide/rustup-home" "-w" "/opt/rustwide/workdir" "-m" "1610612736" "--user" "0:0" "--network" "none" "ghcr.io/rust-lang/crates-build-env/linux@sha256:2788e3201cd34a07e3172128adcd8b3090168a8e3bcc40d7c032b9dda1df7d1c" "/opt/rustwide/cargo-home/bin/cargo" "+1.75.0" "build" "--frozen" "--message-format=json", kill_on_drop: false }`
[INFO] [stdout] 7e433acc1e06545873b500ffdd29396c2438727242d9d3e1beb628037c06d0ad
[INFO] running `Command { std: "docker" "start" "-a" "7e433acc1e06545873b500ffdd29396c2438727242d9d3e1beb628037c06d0ad", kill_on_drop: false }`
[INFO] [stderr]    Compiling libc v0.2.150
[INFO] [stderr]    Compiling spin v0.9.8
[INFO] [stderr]    Compiling raminspect v0.7.4 (/opt/rustwide/workdir)
[INFO] [stderr]     Finished dev [unoptimized + debuginfo] target(s) in 0.65s
[INFO] running `Command { std: "docker" "inspect" "7e433acc1e06545873b500ffdd29396c2438727242d9d3e1beb628037c06d0ad", kill_on_drop: false }`
[INFO] running `Command { std: "docker" "rm" "-f" "7e433acc1e06545873b500ffdd29396c2438727242d9d3e1beb628037c06d0ad", kill_on_drop: false }`
[INFO] [stdout] 7e433acc1e06545873b500ffdd29396c2438727242d9d3e1beb628037c06d0ad
[INFO] running `Command { std: "docker" "create" "-v" "/var/lib/crater-agent-workspace/builds/worker-1-tc1/target:/opt/rustwide/target:rw,Z" "-v" "/var/lib/crater-agent-workspace/builds/worker-1-tc1/source:/opt/rustwide/workdir:ro,Z" "-v" "/var/lib/crater-agent-workspace/cargo-home:/opt/rustwide/cargo-home:ro,Z" "-v" "/var/lib/crater-agent-workspace/rustup-home:/opt/rustwide/rustup-home:ro,Z" "-e" "SOURCE_DIR=/opt/rustwide/workdir" "-e" "CARGO_TARGET_DIR=/opt/rustwide/target" "-e" "CARGO_INCREMENTAL=0" "-e" "RUST_BACKTRACE=full" "-e" "RUSTFLAGS=--cap-lints=warn" "-e" "RUSTDOCFLAGS=--cap-lints=warn" "-e" "CARGO_HOME=/opt/rustwide/cargo-home" "-e" "RUSTUP_HOME=/opt/rustwide/rustup-home" "-w" "/opt/rustwide/workdir" "-m" "1610612736" "--user" "0:0" "--network" "none" "ghcr.io/rust-lang/crates-build-env/linux@sha256:2788e3201cd34a07e3172128adcd8b3090168a8e3bcc40d7c032b9dda1df7d1c" "/opt/rustwide/cargo-home/bin/cargo" "+1.75.0" "test" "--frozen" "--no-run" "--message-format=json", kill_on_drop: false }`
[INFO] [stdout] 3ff821c30f34f1ad936a7363863bb4267799d34ce13f6047ea4b0bf56c077f28
[INFO] running `Command { std: "docker" "start" "-a" "3ff821c30f34f1ad936a7363863bb4267799d34ce13f6047ea4b0bf56c077f28", kill_on_drop: false }`
[INFO] [stderr]    Compiling raminspect v0.7.4 (/opt/rustwide/workdir)
[INFO] [stderr]     Finished test [unoptimized + debuginfo] target(s) in 0.22s
[INFO] running `Command { std: "docker" "inspect" "3ff821c30f34f1ad936a7363863bb4267799d34ce13f6047ea4b0bf56c077f28", kill_on_drop: false }`
[INFO] running `Command { std: "docker" "rm" "-f" "3ff821c30f34f1ad936a7363863bb4267799d34ce13f6047ea4b0bf56c077f28", kill_on_drop: false }`
[INFO] [stdout] 3ff821c30f34f1ad936a7363863bb4267799d34ce13f6047ea4b0bf56c077f28
[INFO] running `Command { std: "docker" "create" "-v" "/var/lib/crater-agent-workspace/builds/worker-1-tc1/target:/opt/rustwide/target:rw,Z" "-v" "/var/lib/crater-agent-workspace/builds/worker-1-tc1/source:/opt/rustwide/workdir:ro,Z" "-v" "/var/lib/crater-agent-workspace/cargo-home:/opt/rustwide/cargo-home:ro,Z" "-v" "/var/lib/crater-agent-workspace/rustup-home:/opt/rustwide/rustup-home:ro,Z" "-e" "SOURCE_DIR=/opt/rustwide/workdir" "-e" "CARGO_TARGET_DIR=/opt/rustwide/target" "-e" "CARGO_INCREMENTAL=0" "-e" "RUST_BACKTRACE=full" "-e" "RUSTFLAGS=--cap-lints=warn" "-e" "RUSTDOCFLAGS=--cap-lints=warn" "-e" "CARGO_HOME=/opt/rustwide/cargo-home" "-e" "RUSTUP_HOME=/opt/rustwide/rustup-home" "-w" "/opt/rustwide/workdir" "-m" "1610612736" "--user" "0:0" "--network" "none" "ghcr.io/rust-lang/crates-build-env/linux@sha256:2788e3201cd34a07e3172128adcd8b3090168a8e3bcc40d7c032b9dda1df7d1c" "/opt/rustwide/cargo-home/bin/cargo" "+1.75.0" "test" "--frozen", kill_on_drop: false }`
[INFO] [stdout] 442e87d088a81ad7f3014aedadb9a8609baaa13f4c1fff5c228d727f91491e31
[INFO] running `Command { std: "docker" "start" "-a" "442e87d088a81ad7f3014aedadb9a8609baaa13f4c1fff5c228d727f91491e31", kill_on_drop: false }`
[INFO] [stderr]     Finished test [unoptimized + debuginfo] target(s) in 0.00s
[INFO] [stderr]      Running unittests src/lib.rs (/opt/rustwide/target/debug/deps/raminspect-7c2d9c3b49e7ba88)
[INFO] [stdout] 
[INFO] [stdout] running 0 tests
[INFO] [stdout] 
[INFO] [stdout] test result: ok. 0 passed; 0 failed; 0 ignored; 0 measured; 0 filtered out; finished in 0.00s
[INFO] [stdout] 
[INFO] [stderr]    Doc-tests raminspect
[INFO] [stdout] 
[INFO] [stdout] running 2 tests
[INFO] [stdout] test src/lib.rs - RamInspector::read_vec (line 447) ... FAILED
[INFO] [stdout] test src/lib.rs - RamInspector (line 169) ... ok
[INFO] [stdout] 
[INFO] [stdout] failures:
[INFO] [stdout] 
[INFO] [stdout] ---- src/lib.rs - RamInspector::read_vec (line 447) stdout ----
[INFO] [stdout] error[E0425]: cannot find value `count` in this scope
[INFO] [stdout]  --> src/lib.rs:448:23
[INFO] [stdout]   |
[INFO] [stdout] 3 | let mut out = vec![0; count];
[INFO] [stdout]   |                       ^^^^^ not found in this scope
[INFO] [stdout] 
[INFO] [stdout] error[E0425]: cannot find value `inspector` in this scope
[INFO] [stdout]  --> src/lib.rs:449:1
[INFO] [stdout]   |
[INFO] [stdout] 4 | inspector.read_address(addr, &mut out);
[INFO] [stdout]   | ^^^^^^^^^ not found in this scope
[INFO] [stdout] 
[INFO] [stdout] error[E0425]: cannot find value `addr` in this scope
[INFO] [stdout]  --> src/lib.rs:449:24
[INFO] [stdout]   |
[INFO] [stdout] 4 | inspector.read_address(addr, &mut out);
[INFO] [stdout]   |                        ^^^^ not found in this scope
[INFO] [stdout] 
[INFO] [stdout] error: aborting due to 3 previous errors
[INFO] [stdout] 
[INFO] [stdout] For more information about this error, try `rustc --explain E0425`.
[INFO] [stdout] Couldn't compile the test.
[INFO] [stdout] 
[INFO] [stdout] failures:
[INFO] [stdout]     src/lib.rs - RamInspector::read_vec (line 447)
[INFO] [stdout] 
[INFO] [stdout] test result: FAILED. 1 passed; 1 failed; 0 ignored; 0 measured; 0 filtered out; finished in 0.15s
[INFO] [stdout] 
[INFO] [stderr] error: doctest failed, to rerun pass `--doc`
[INFO] running `Command { std: "docker" "inspect" "442e87d088a81ad7f3014aedadb9a8609baaa13f4c1fff5c228d727f91491e31", kill_on_drop: false }`
[INFO] running `Command { std: "docker" "rm" "-f" "442e87d088a81ad7f3014aedadb9a8609baaa13f4c1fff5c228d727f91491e31", kill_on_drop: false }`
[INFO] [stdout] 442e87d088a81ad7f3014aedadb9a8609baaa13f4c1fff5c228d727f91491e31
