[INFO] fetching crate rama-hyper 0.1000001.0...
[INFO] testing rama-hyper-0.1000001.0 against 1.75.0 for beta-1.76-1
[INFO] extracting crate rama-hyper 0.1000001.0 into /workspace/builds/worker-0-tc1/source
[INFO] validating manifest of crates.io crate rama-hyper 0.1000001.0 on toolchain 1.75.0
[INFO] running `Command { std: CARGO_HOME="/workspace/cargo-home" RUSTUP_HOME="/workspace/rustup-home" "/workspace/cargo-home/bin/cargo" "+1.75.0" "metadata" "--manifest-path" "Cargo.toml" "--no-deps", kill_on_drop: false }`
[INFO] started tweaking crates.io crate rama-hyper 0.1000001.0
[INFO] removed 15 missing examples
[INFO] removed 3 missing tests
[INFO] finished tweaking crates.io crate rama-hyper 0.1000001.0
[INFO] tweaked toml for crates.io crate rama-hyper 0.1000001.0 written to /workspace/builds/worker-0-tc1/source/Cargo.toml
[INFO] crate crates.io crate rama-hyper 0.1000001.0 already has a lockfile, it will not be regenerated
[INFO] running `Command { std: CARGO_HOME="/workspace/cargo-home" RUSTUP_HOME="/workspace/rustup-home" "/workspace/cargo-home/bin/cargo" "+1.75.0" "fetch" "--manifest-path" "Cargo.toml", kill_on_drop: false }`
[INFO] running `Command { std: "docker" "create" "-v" "/var/lib/crater-agent-workspace/builds/worker-0-tc1/target:/opt/rustwide/target:rw,Z" "-v" "/var/lib/crater-agent-workspace/builds/worker-0-tc1/source:/opt/rustwide/workdir:ro,Z" "-v" "/var/lib/crater-agent-workspace/cargo-home:/opt/rustwide/cargo-home:ro,Z" "-v" "/var/lib/crater-agent-workspace/rustup-home:/opt/rustwide/rustup-home:ro,Z" "-e" "SOURCE_DIR=/opt/rustwide/workdir" "-e" "CARGO_TARGET_DIR=/opt/rustwide/target" "-e" "CARGO_HOME=/opt/rustwide/cargo-home" "-e" "RUSTUP_HOME=/opt/rustwide/rustup-home" "-w" "/opt/rustwide/workdir" "-m" "1610612736" "--user" "0:0" "--network" "none" "ghcr.io/rust-lang/crates-build-env/linux@sha256:2788e3201cd34a07e3172128adcd8b3090168a8e3bcc40d7c032b9dda1df7d1c" "/opt/rustwide/cargo-home/bin/cargo" "+1.75.0" "metadata" "--no-deps" "--format-version=1", kill_on_drop: false }`
[INFO] [stdout] a096456d097bfa5b374e9c528ee13d5a4c50be0d50de993cf7f97ebb2a5a3d19
[INFO] running `Command { std: "docker" "start" "-a" "a096456d097bfa5b374e9c528ee13d5a4c50be0d50de993cf7f97ebb2a5a3d19", kill_on_drop: false }`
[INFO] running `Command { std: "docker" "inspect" "a096456d097bfa5b374e9c528ee13d5a4c50be0d50de993cf7f97ebb2a5a3d19", kill_on_drop: false }`
[INFO] running `Command { std: "docker" "rm" "-f" "a096456d097bfa5b374e9c528ee13d5a4c50be0d50de993cf7f97ebb2a5a3d19", kill_on_drop: false }`
[INFO] [stdout] a096456d097bfa5b374e9c528ee13d5a4c50be0d50de993cf7f97ebb2a5a3d19
[INFO] running `Command { std: "docker" "create" "-v" "/var/lib/crater-agent-workspace/builds/worker-0-tc1/target:/opt/rustwide/target:rw,Z" "-v" "/var/lib/crater-agent-workspace/builds/worker-0-tc1/source:/opt/rustwide/workdir:ro,Z" "-v" "/var/lib/crater-agent-workspace/cargo-home:/opt/rustwide/cargo-home:ro,Z" "-v" "/var/lib/crater-agent-workspace/rustup-home:/opt/rustwide/rustup-home:ro,Z" "-e" "SOURCE_DIR=/opt/rustwide/workdir" "-e" "CARGO_TARGET_DIR=/opt/rustwide/target" "-e" "CARGO_INCREMENTAL=0" "-e" "RUST_BACKTRACE=full" "-e" "RUSTFLAGS=--cap-lints=warn" "-e" "RUSTDOCFLAGS=--cap-lints=warn" "-e" "CARGO_HOME=/opt/rustwide/cargo-home" "-e" "RUSTUP_HOME=/opt/rustwide/rustup-home" "-w" "/opt/rustwide/workdir" "-m" "1610612736" "--user" "0:0" "--network" "none" "ghcr.io/rust-lang/crates-build-env/linux@sha256:2788e3201cd34a07e3172128adcd8b3090168a8e3bcc40d7c032b9dda1df7d1c" "/opt/rustwide/cargo-home/bin/cargo" "+1.75.0" "build" "--frozen" "--message-format=json", kill_on_drop: false }`
[INFO] [stdout] 501bcb06b5db67657f2828e4edfbbe324bee39de38d54d1feb93fad3e7e62a24
[INFO] running `Command { std: "docker" "start" "-a" "501bcb06b5db67657f2828e4edfbbe324bee39de38d54d1feb93fad3e7e62a24", kill_on_drop: false }`
[INFO] [stderr]    Compiling proc-macro2 v1.0.70
[INFO] [stderr]    Compiling libc v0.2.150
[INFO] [stderr]    Compiling unicode-ident v1.0.12
[INFO] [stderr]    Compiling futures-core v0.3.29
[INFO] [stderr]    Compiling bytes v1.5.0
[INFO] [stderr]    Compiling futures-task v0.3.29
[INFO] [stderr]    Compiling fnv v1.0.7
[INFO] [stderr]    Compiling pin-project-lite v0.2.13
[INFO] [stderr]    Compiling itoa v1.0.9
[INFO] [stderr]    Compiling futures-channel v0.3.29
[INFO] [stderr]    Compiling futures-util v0.3.29
[INFO] [stderr]    Compiling pin-utils v0.1.0
[INFO] [stderr]    Compiling http v1.0.0
[INFO] [stderr]    Compiling quote v1.0.33
[INFO] [stderr]    Compiling syn v2.0.39
[INFO] [stderr]    Compiling http-body v1.0.0
[INFO] [stderr]    Compiling num_cpus v1.16.0
[INFO] [stderr]    Compiling mio v0.8.9
[INFO] [stderr]    Compiling socket2 v0.5.5
[INFO] [stderr]    Compiling tokio-macros v2.2.0
[INFO] [stderr]    Compiling tokio v1.34.0
[INFO] [stderr]    Compiling rama-hyper v0.1000001.0 (/opt/rustwide/workdir)
[INFO] [stderr]     Finished dev [unoptimized + debuginfo] target(s) in 8.56s
[INFO] running `Command { std: "docker" "inspect" "501bcb06b5db67657f2828e4edfbbe324bee39de38d54d1feb93fad3e7e62a24", kill_on_drop: false }`
[INFO] running `Command { std: "docker" "rm" "-f" "501bcb06b5db67657f2828e4edfbbe324bee39de38d54d1feb93fad3e7e62a24", kill_on_drop: false }`
[INFO] [stdout] 501bcb06b5db67657f2828e4edfbbe324bee39de38d54d1feb93fad3e7e62a24
[INFO] running `Command { std: "docker" "create" "-v" "/var/lib/crater-agent-workspace/builds/worker-0-tc1/target:/opt/rustwide/target:rw,Z" "-v" "/var/lib/crater-agent-workspace/builds/worker-0-tc1/source:/opt/rustwide/workdir:ro,Z" "-v" "/var/lib/crater-agent-workspace/cargo-home:/opt/rustwide/cargo-home:ro,Z" "-v" "/var/lib/crater-agent-workspace/rustup-home:/opt/rustwide/rustup-home:ro,Z" "-e" "SOURCE_DIR=/opt/rustwide/workdir" "-e" "CARGO_TARGET_DIR=/opt/rustwide/target" "-e" "CARGO_INCREMENTAL=0" "-e" "RUST_BACKTRACE=full" "-e" "RUSTFLAGS=--cap-lints=warn" "-e" "RUSTDOCFLAGS=--cap-lints=warn" "-e" "CARGO_HOME=/opt/rustwide/cargo-home" "-e" "RUSTUP_HOME=/opt/rustwide/rustup-home" "-w" "/opt/rustwide/workdir" "-m" "1610612736" "--user" "0:0" "--network" "none" "ghcr.io/rust-lang/crates-build-env/linux@sha256:2788e3201cd34a07e3172128adcd8b3090168a8e3bcc40d7c032b9dda1df7d1c" "/opt/rustwide/cargo-home/bin/cargo" "+1.75.0" "test" "--frozen" "--no-run" "--message-format=json", kill_on_drop: false }`
[INFO] [stdout] 68afd39a7b9b46ee647484b0410ae61612a75caa1dd92e980a37af9d8835dc32
[INFO] running `Command { std: "docker" "start" "-a" "68afd39a7b9b46ee647484b0410ae61612a75caa1dd92e980a37af9d8835dc32", kill_on_drop: false }`
[INFO] [stderr]    Compiling rustix v0.38.25
[INFO] [stderr]    Compiling memchr v2.6.4
[INFO] [stderr]    Compiling linux-raw-sys v0.4.11
[INFO] [stderr]    Compiling bitflags v2.4.1
[INFO] [stderr]    Compiling regex-syntax v0.8.2
[INFO] [stderr]    Compiling serde v1.0.193
[INFO] [stderr]    Compiling serde_json v1.0.108
[INFO] [stderr]    Compiling termcolor v1.4.0
[INFO] [stderr]    Compiling log v0.4.20
[INFO] [stderr]    Compiling humantime v2.1.0
[INFO] [stderr]    Compiling serde_derive v1.0.193
[INFO] [stderr]    Compiling async-stream-impl v0.3.5
[INFO] [stderr]    Compiling ryu v1.0.15
[INFO] [stderr]    Compiling percent-encoding v2.3.1
[INFO] [stderr]    Compiling http-body-util v0.1.0
[INFO] [stderr]    Compiling tokio-stream v0.1.14
[INFO] [stderr]    Compiling spmc v0.3.0
[INFO] [stderr]    Compiling form_urlencoded v1.2.1
[INFO] [stderr]    Compiling aho-corasick v1.1.2
[INFO] [stderr]    Compiling async-stream v0.3.5
[INFO] [stderr]    Compiling tokio-test v0.4.3
[INFO] [stderr]    Compiling is-terminal v0.4.9
[INFO] [stderr]    Compiling regex-automata v0.4.3
[INFO] [stderr]    Compiling regex v1.10.2
[INFO] [stderr]    Compiling env_logger v0.10.1
[INFO] [stderr]    Compiling pretty_env_logger v0.5.0
[INFO] [stderr]    Compiling rama-hyper v0.1000001.0 (/opt/rustwide/workdir)
[INFO] [stdout] warning: associated items `new` and `rewind` are never used
[INFO] [stdout]   --> src/common/io/rewind.rs:19:19
[INFO] [stdout]    |
[INFO] [stdout] 17 | impl<T> Rewind<T> {
[INFO] [stdout]    | ----------------- associated items in this implementation
[INFO] [stdout] 18 |     #[cfg(test)]
[INFO] [stdout] 19 |     pub(crate) fn new(io: T) -> Self {
[INFO] [stdout]    |                   ^^^
[INFO] [stdout] ...
[INFO] [stdout] 34 |     pub(crate) fn rewind(&mut self, bs: Bytes) {
[INFO] [stdout]    |                   ^^^^^^
[INFO] [stdout]    |
[INFO] [stdout]    = note: `#[warn(dead_code)]` on by default
[INFO] [stdout] 
[INFO] [stdout] 
[INFO] [stdout] warning: 1 warning emitted
[INFO] [stdout] 
[INFO] [stdout] 
[INFO] [stderr]     Finished test [unoptimized + debuginfo] target(s) in 9.99s
[INFO] running `Command { std: "docker" "inspect" "68afd39a7b9b46ee647484b0410ae61612a75caa1dd92e980a37af9d8835dc32", kill_on_drop: false }`
[INFO] running `Command { std: "docker" "rm" "-f" "68afd39a7b9b46ee647484b0410ae61612a75caa1dd92e980a37af9d8835dc32", kill_on_drop: false }`
[INFO] [stdout] 68afd39a7b9b46ee647484b0410ae61612a75caa1dd92e980a37af9d8835dc32
[INFO] running `Command { std: "docker" "create" "-v" "/var/lib/crater-agent-workspace/builds/worker-0-tc1/target:/opt/rustwide/target:rw,Z" "-v" "/var/lib/crater-agent-workspace/builds/worker-0-tc1/source:/opt/rustwide/workdir:ro,Z" "-v" "/var/lib/crater-agent-workspace/cargo-home:/opt/rustwide/cargo-home:ro,Z" "-v" "/var/lib/crater-agent-workspace/rustup-home:/opt/rustwide/rustup-home:ro,Z" "-e" "SOURCE_DIR=/opt/rustwide/workdir" "-e" "CARGO_TARGET_DIR=/opt/rustwide/target" "-e" "CARGO_INCREMENTAL=0" "-e" "RUST_BACKTRACE=full" "-e" "RUSTFLAGS=--cap-lints=warn" "-e" "RUSTDOCFLAGS=--cap-lints=warn" "-e" "CARGO_HOME=/opt/rustwide/cargo-home" "-e" "RUSTUP_HOME=/opt/rustwide/rustup-home" "-w" "/opt/rustwide/workdir" "-m" "1610612736" "--user" "0:0" "--network" "none" "ghcr.io/rust-lang/crates-build-env/linux@sha256:2788e3201cd34a07e3172128adcd8b3090168a8e3bcc40d7c032b9dda1df7d1c" "/opt/rustwide/cargo-home/bin/cargo" "+1.75.0" "test" "--frozen", kill_on_drop: false }`
[INFO] [stdout] fbd89bd7591f2a475e987116744fe6d29f0aed1a83777c80cdf99902758d8122
[INFO] running `Command { std: "docker" "start" "-a" "fbd89bd7591f2a475e987116744fe6d29f0aed1a83777c80cdf99902758d8122", kill_on_drop: false }`
[INFO] [stderr] warning: associated items `new` and `rewind` are never used
[INFO] [stderr]   --> src/common/io/rewind.rs:19:19
[INFO] [stderr]    |
[INFO] [stderr] 17 | impl<T> Rewind<T> {
[INFO] [stderr]    | ----------------- associated items in this implementation
[INFO] [stderr] 18 |     #[cfg(test)]
[INFO] [stderr] 19 |     pub(crate) fn new(io: T) -> Self {
[INFO] [stderr]    |                   ^^^
[INFO] [stderr] ...
[INFO] [stderr] 34 |     pub(crate) fn rewind(&mut self, bs: Bytes) {
[INFO] [stderr]    |                   ^^^^^^
[INFO] [stderr]    |
[INFO] [stderr]    = note: `#[warn(dead_code)]` on by default
[INFO] [stderr] 
[INFO] [stderr] warning: `rama-hyper` (lib test) generated 1 warning
[INFO] [stderr]     Finished test [unoptimized + debuginfo] target(s) in 0.04s
[INFO] [stderr]      Running unittests src/lib.rs (/opt/rustwide/target/debug/deps/rama_hyper-bd27c2263d8f7fbd)
[INFO] [stdout] 
[INFO] [stdout] running 10 tests
[INFO] [stdout] test body::incoming::tests::channel_notices_closure ... ok
[INFO] [stdout] test body::incoming::tests::channel_empty ... ok
[INFO] [stdout] test body::incoming::tests::channel_abort ... ok
[INFO] [stdout] test body::incoming::tests::channel_ready ... ok
[INFO] [stdout] test body::incoming::tests::size_hint ... ok
[INFO] [stdout] test body::incoming::tests::channel_wanter ... ok
[INFO] [stdout] test body::incoming::tests::test_size_of ... ok
[INFO] [stdout] test body::length::tests::sub_if_chunked ... ok
[INFO] [stdout] test body::length::tests::sub_if_known ... ok
[INFO] [stdout] test error::tests::error_size_of ... ok
[INFO] [stdout] 
[INFO] [stdout] test result: ok. 10 passed; 0 failed; 0 ignored; 0 measured; 0 filtered out; finished in 0.00s
[INFO] [stdout] 
[INFO] [stderr]    Doc-tests rama-hyper
[INFO] [stdout] 
[INFO] [stdout] running 6 tests
[INFO] [stdout] test src/body/incoming.rs - body::incoming::Incoming (line 29) ... ignored
[INFO] [stdout] test src/ext/mod.rs - ext::HeaderCaseMap (line 86) ... ignored
[INFO] [stdout] test src/ext/mod.rs - ext::HeaderCaseMap (line 94) ... ignored
[INFO] [stdout] test src/rt/mod.rs - rt::Executor (line 23) ... FAILED
[INFO] [stdout] test src/rt/timer.rs - rt::timer (line 4) ... FAILED
[INFO] [stdout] test src/service/util.rs - service::util::service_fn (line 14) ... FAILED
[INFO] [stdout] 
[INFO] [stdout] failures:
[INFO] [stdout] 
[INFO] [stdout] ---- src/rt/mod.rs - rt::Executor (line 23) stdout ----
[INFO] [stdout] error[E0433]: failed to resolve: use of undeclared crate or module `hyper`
[INFO] [stdout]  --> src/rt/mod.rs:24:5
[INFO] [stdout]   |
[INFO] [stdout] 3 | use hyper::rt::Executor;
[INFO] [stdout]   |     ^^^^^ use of undeclared crate or module `hyper`
[INFO] [stdout] 
[INFO] [stdout] error: aborting due to previous error
[INFO] [stdout] 
[INFO] [stdout] For more information about this error, try `rustc --explain E0433`.
[INFO] [stdout] Couldn't compile the test.
[INFO] [stdout] ---- src/rt/timer.rs - rt::timer (line 4) stdout ----
[INFO] [stdout] error[E0433]: failed to resolve: use of undeclared crate or module `hyper`
[INFO] [stdout]   --> src/rt/timer.rs:13:5
[INFO] [stdout]    |
[INFO] [stdout] 11 | use hyper::rt::{Timer, Sleep};
[INFO] [stdout]    |     ^^^^^ use of undeclared crate or module `hyper`
[INFO] [stdout] 
[INFO] [stdout] error: aborting due to previous error
[INFO] [stdout] 
[INFO] [stdout] For more information about this error, try `rustc --explain E0433`.
[INFO] [stdout] Couldn't compile the test.
[INFO] [stdout] ---- src/service/util.rs - service::util::service_fn (line 14) stdout ----
[INFO] [stdout] error[E0433]: failed to resolve: use of undeclared crate or module `hyper`
[INFO] [stdout]  --> src/service/util.rs:18:5
[INFO] [stdout]   |
[INFO] [stdout] 6 | use hyper::service::service_fn;
[INFO] [stdout]   |     ^^^^^ use of undeclared crate or module `hyper`
[INFO] [stdout] 
[INFO] [stdout] error[E0432]: unresolved import `hyper`
[INFO] [stdout]  --> src/service/util.rs:16:5
[INFO] [stdout]   |
[INFO] [stdout] 4 | use hyper::{body, Request, Response, Version};
[INFO] [stdout]   |     ^^^^^ use of undeclared crate or module `hyper`
[INFO] [stdout] 
[INFO] [stdout] error: aborting due to 2 previous errors
[INFO] [stdout] 
[INFO] [stdout] Some errors have detailed explanations: E0432, E0433.
[INFO] [stdout] For more information about an error, try `rustc --explain E0432`.
[INFO] [stdout] Couldn't compile the test.
[INFO] [stdout] 
[INFO] [stdout] failures:
[INFO] [stdout]     src/rt/mod.rs - rt::Executor (line 23)
[INFO] [stdout]     src/rt/timer.rs - rt::timer (line 4)
[INFO] [stdout]     src/service/util.rs - service::util::service_fn (line 14)
[INFO] [stdout] 
[INFO] [stdout] test result: FAILED. 0 passed; 3 failed; 3 ignored; 0 measured; 0 filtered out; finished in 0.06s
[INFO] [stdout] 
[INFO] [stderr] error: doctest failed, to rerun pass `--doc`
[INFO] running `Command { std: "docker" "inspect" "fbd89bd7591f2a475e987116744fe6d29f0aed1a83777c80cdf99902758d8122", kill_on_drop: false }`
[INFO] running `Command { std: "docker" "rm" "-f" "fbd89bd7591f2a475e987116744fe6d29f0aed1a83777c80cdf99902758d8122", kill_on_drop: false }`
[INFO] [stdout] fbd89bd7591f2a475e987116744fe6d29f0aed1a83777c80cdf99902758d8122
