[INFO] fetching crate quing 2.0.6...
[INFO] testing quing-2.0.6 against 1.75.0 for beta-1.76-1
[INFO] extracting crate quing 2.0.6 into /workspace/builds/worker-6-tc1/source
[INFO] validating manifest of crates.io crate quing 2.0.6 on toolchain 1.75.0
[INFO] running `Command { std: CARGO_HOME="/workspace/cargo-home" RUSTUP_HOME="/workspace/rustup-home" "/workspace/cargo-home/bin/cargo" "+1.75.0" "metadata" "--manifest-path" "Cargo.toml" "--no-deps", kill_on_drop: false }`
[INFO] started tweaking crates.io crate quing 2.0.6
[INFO] finished tweaking crates.io crate quing 2.0.6
[INFO] tweaked toml for crates.io crate quing 2.0.6 written to /workspace/builds/worker-6-tc1/source/Cargo.toml
[INFO] crate crates.io crate quing 2.0.6 already has a lockfile, it will not be regenerated
[INFO] running `Command { std: CARGO_HOME="/workspace/cargo-home" RUSTUP_HOME="/workspace/rustup-home" "/workspace/cargo-home/bin/cargo" "+1.75.0" "fetch" "--manifest-path" "Cargo.toml", kill_on_drop: false }`
[INFO] [stderr]     Updating crates.io index
[INFO] [stderr]  Downloading crates ...
[INFO] [stderr]   Downloaded lofty_attr v0.9.0
[INFO] [stderr]   Downloaded ogg_pager v0.5.0
[INFO] [stderr]   Downloaded lofty v0.15.0
[INFO] running `Command { std: "docker" "create" "-v" "/var/lib/crater-agent-workspace/builds/worker-6-tc1/target:/opt/rustwide/target:rw,Z" "-v" "/var/lib/crater-agent-workspace/builds/worker-6-tc1/source:/opt/rustwide/workdir:ro,Z" "-v" "/var/lib/crater-agent-workspace/cargo-home:/opt/rustwide/cargo-home:ro,Z" "-v" "/var/lib/crater-agent-workspace/rustup-home:/opt/rustwide/rustup-home:ro,Z" "-e" "SOURCE_DIR=/opt/rustwide/workdir" "-e" "CARGO_TARGET_DIR=/opt/rustwide/target" "-e" "CARGO_HOME=/opt/rustwide/cargo-home" "-e" "RUSTUP_HOME=/opt/rustwide/rustup-home" "-w" "/opt/rustwide/workdir" "-m" "1610612736" "--user" "0:0" "--network" "none" "ghcr.io/rust-lang/crates-build-env/linux@sha256:2788e3201cd34a07e3172128adcd8b3090168a8e3bcc40d7c032b9dda1df7d1c" "/opt/rustwide/cargo-home/bin/cargo" "+1.75.0" "metadata" "--no-deps" "--format-version=1", kill_on_drop: false }`
[INFO] [stdout] 8be71831f3fb5654a4fd5d1d67d250928a38a2fba8ae40ef79c264aa086f6797
[INFO] running `Command { std: "docker" "start" "-a" "8be71831f3fb5654a4fd5d1d67d250928a38a2fba8ae40ef79c264aa086f6797", kill_on_drop: false }`
[INFO] running `Command { std: "docker" "inspect" "8be71831f3fb5654a4fd5d1d67d250928a38a2fba8ae40ef79c264aa086f6797", kill_on_drop: false }`
[INFO] running `Command { std: "docker" "rm" "-f" "8be71831f3fb5654a4fd5d1d67d250928a38a2fba8ae40ef79c264aa086f6797", kill_on_drop: false }`
[INFO] [stdout] 8be71831f3fb5654a4fd5d1d67d250928a38a2fba8ae40ef79c264aa086f6797
[INFO] running `Command { std: "docker" "create" "-v" "/var/lib/crater-agent-workspace/builds/worker-6-tc1/target:/opt/rustwide/target:rw,Z" "-v" "/var/lib/crater-agent-workspace/builds/worker-6-tc1/source:/opt/rustwide/workdir:ro,Z" "-v" "/var/lib/crater-agent-workspace/cargo-home:/opt/rustwide/cargo-home:ro,Z" "-v" "/var/lib/crater-agent-workspace/rustup-home:/opt/rustwide/rustup-home:ro,Z" "-e" "SOURCE_DIR=/opt/rustwide/workdir" "-e" "CARGO_TARGET_DIR=/opt/rustwide/target" "-e" "CARGO_INCREMENTAL=0" "-e" "RUST_BACKTRACE=full" "-e" "RUSTFLAGS=--cap-lints=warn" "-e" "RUSTDOCFLAGS=--cap-lints=warn" "-e" "CARGO_HOME=/opt/rustwide/cargo-home" "-e" "RUSTUP_HOME=/opt/rustwide/rustup-home" "-w" "/opt/rustwide/workdir" "-m" "1610612736" "--user" "0:0" "--network" "none" "ghcr.io/rust-lang/crates-build-env/linux@sha256:2788e3201cd34a07e3172128adcd8b3090168a8e3bcc40d7c032b9dda1df7d1c" "/opt/rustwide/cargo-home/bin/cargo" "+1.75.0" "build" "--frozen" "--message-format=json", kill_on_drop: false }`
[INFO] [stdout] ee128f5195ea24851932c5e7c9f7daf26ef77fb31a810d1bdf109a6a27aad923
[INFO] running `Command { std: "docker" "start" "-a" "ee128f5195ea24851932c5e7c9f7daf26ef77fb31a810d1bdf109a6a27aad923", kill_on_drop: false }`
[INFO] [stderr]    Compiling cfg-if v1.0.0
[INFO] [stderr]    Compiling libc v0.2.148
[INFO] [stderr]    Compiling proc-macro2 v1.0.67
[INFO] [stderr]    Compiling unicode-ident v1.0.12
[INFO] [stderr]    Compiling log v0.4.20
[INFO] [stderr]    Compiling bitflags v1.3.2
[INFO] [stderr]    Compiling autocfg v1.1.0
[INFO] [stderr]    Compiling serde v1.0.188
[INFO] [stderr]    Compiling parking_lot_core v0.9.8
[INFO] [stderr]    Compiling pkg-config v0.3.27
[INFO] [stderr]    Compiling scopeguard v1.2.0
[INFO] [stderr]    Compiling lazy_static v1.4.0
[INFO] [stderr]    Compiling arrayvec v0.7.4
[INFO] [stderr]    Compiling smallvec v1.11.0
[INFO] [stderr]    Compiling bytemuck v1.14.0
[INFO] [stderr]    Compiling byteorder v1.4.3
[INFO] [stderr]    Compiling encoding_rs v0.8.33
[INFO] [stderr]    Compiling crc32fast v1.3.2
[INFO] [stderr]    Compiling lock_api v0.4.10
[INFO] [stderr]    Compiling symphonia-core v0.5.3
[INFO] [stderr]    Compiling signal-hook v0.3.17
[INFO] [stderr]    Compiling alsa-sys v0.3.1
[INFO] [stderr]    Compiling quote v1.0.33
[INFO] [stderr]    Compiling crossbeam-utils v0.8.16
[INFO] [stderr]    Compiling syn v2.0.36
[INFO] [stderr]    Compiling cpal v0.15.2
[INFO] [stderr]    Compiling equivalent v1.0.1
[INFO] [stderr]    Compiling tinyvec_macros v0.1.1
[INFO] [stderr]    Compiling hashbrown v0.14.0
[INFO] [stderr]    Compiling adler v1.0.2
[INFO] [stderr]    Compiling paste v1.0.14
[INFO] [stderr]    Compiling miniz_oxide v0.7.1
[INFO] [stderr]    Compiling symphonia-metadata v0.5.3
[INFO] [stderr]    Compiling nix v0.24.3
[INFO] [stderr]    Compiling parking_lot v0.12.1
[INFO] [stderr]    Compiling signal-hook-registry v1.4.1
[INFO] [stderr]    Compiling symphonia-bundle-mp3 v0.5.3
[INFO] [stderr]    Compiling indexmap v2.0.0
[INFO] [stderr]    Compiling mio v0.8.8
[INFO] [stderr]    Compiling alsa v0.7.1
[INFO] [stderr]    Compiling tinyvec v1.6.0
[INFO] [stderr]    Compiling ogg v0.8.0
[INFO] [stderr]    Compiling thiserror v1.0.48
[INFO] [stderr]    Compiling winnow v0.5.15
[INFO] [stderr]    Compiling dasp_sample v0.11.0
[INFO] [stderr]    Compiling lewton v0.10.2
[INFO] [stderr]    Compiling symphonia v0.5.3
[INFO] [stderr]    Compiling flate2 v1.0.27
[INFO] [stderr]    Compiling signal-hook-mio v0.2.3
[INFO] [stderr]    Compiling ogg_pager v0.5.0
[INFO] [stderr]    Compiling hound v3.5.0
[INFO] [stderr]    Compiling base64 v0.21.4
[INFO] [stderr]    Compiling once_cell v1.18.0
[INFO] [stderr]    Compiling claxon v0.4.3
[INFO] [stderr]    Compiling bitflags v2.4.1
[INFO] [stderr]    Compiling crossbeam-channel v0.5.8
[INFO] [stderr]    Compiling crossterm v0.27.0
[INFO] [stderr]    Compiling fastrand v2.0.0
[INFO] [stderr]    Compiling rodio v0.17.1
[INFO] [stderr]    Compiling serde_derive v1.0.188
[INFO] [stderr]    Compiling thiserror-impl v1.0.48
[INFO] [stderr]    Compiling lofty_attr v0.9.0
[INFO] [stderr]    Compiling lofty v0.15.0
[INFO] [stderr]    Compiling toml_datetime v0.6.3
[INFO] [stderr]    Compiling serde_spanned v0.6.3
[INFO] [stderr]    Compiling toml_edit v0.20.0
[INFO] [stderr]    Compiling toml v0.8.0
[INFO] [stderr]    Compiling quing v2.0.6 (/opt/rustwide/workdir)
[INFO] [stderr]     Finished dev [unoptimized + debuginfo] target(s) in 18.04s
[INFO] running `Command { std: "docker" "inspect" "ee128f5195ea24851932c5e7c9f7daf26ef77fb31a810d1bdf109a6a27aad923", kill_on_drop: false }`
[INFO] running `Command { std: "docker" "rm" "-f" "ee128f5195ea24851932c5e7c9f7daf26ef77fb31a810d1bdf109a6a27aad923", kill_on_drop: false }`
[INFO] [stdout] ee128f5195ea24851932c5e7c9f7daf26ef77fb31a810d1bdf109a6a27aad923
[INFO] running `Command { std: "docker" "create" "-v" "/var/lib/crater-agent-workspace/builds/worker-6-tc1/target:/opt/rustwide/target:rw,Z" "-v" "/var/lib/crater-agent-workspace/builds/worker-6-tc1/source:/opt/rustwide/workdir:ro,Z" "-v" "/var/lib/crater-agent-workspace/cargo-home:/opt/rustwide/cargo-home:ro,Z" "-v" "/var/lib/crater-agent-workspace/rustup-home:/opt/rustwide/rustup-home:ro,Z" "-e" "SOURCE_DIR=/opt/rustwide/workdir" "-e" "CARGO_TARGET_DIR=/opt/rustwide/target" "-e" "CARGO_INCREMENTAL=0" "-e" "RUST_BACKTRACE=full" "-e" "RUSTFLAGS=--cap-lints=warn" "-e" "RUSTDOCFLAGS=--cap-lints=warn" "-e" "CARGO_HOME=/opt/rustwide/cargo-home" "-e" "RUSTUP_HOME=/opt/rustwide/rustup-home" "-w" "/opt/rustwide/workdir" "-m" "1610612736" "--user" "0:0" "--network" "none" "ghcr.io/rust-lang/crates-build-env/linux@sha256:2788e3201cd34a07e3172128adcd8b3090168a8e3bcc40d7c032b9dda1df7d1c" "/opt/rustwide/cargo-home/bin/cargo" "+1.75.0" "test" "--frozen" "--no-run" "--message-format=json", kill_on_drop: false }`
[INFO] [stdout] ab4b8c110fb0d5bb61812cfe7c2f2f39a84962236062381285fe48f7001cf85b
[INFO] running `Command { std: "docker" "start" "-a" "ab4b8c110fb0d5bb61812cfe7c2f2f39a84962236062381285fe48f7001cf85b", kill_on_drop: false }`
[INFO] [stderr]    Compiling quing v2.0.6 (/opt/rustwide/workdir)
[INFO] [stderr]     Finished test [unoptimized + debuginfo] target(s) in 0.50s
[INFO] running `Command { std: "docker" "inspect" "ab4b8c110fb0d5bb61812cfe7c2f2f39a84962236062381285fe48f7001cf85b", kill_on_drop: false }`
[INFO] running `Command { std: "docker" "rm" "-f" "ab4b8c110fb0d5bb61812cfe7c2f2f39a84962236062381285fe48f7001cf85b", kill_on_drop: false }`
[INFO] [stdout] ab4b8c110fb0d5bb61812cfe7c2f2f39a84962236062381285fe48f7001cf85b
[INFO] running `Command { std: "docker" "create" "-v" "/var/lib/crater-agent-workspace/builds/worker-6-tc1/target:/opt/rustwide/target:rw,Z" "-v" "/var/lib/crater-agent-workspace/builds/worker-6-tc1/source:/opt/rustwide/workdir:ro,Z" "-v" "/var/lib/crater-agent-workspace/cargo-home:/opt/rustwide/cargo-home:ro,Z" "-v" "/var/lib/crater-agent-workspace/rustup-home:/opt/rustwide/rustup-home:ro,Z" "-e" "SOURCE_DIR=/opt/rustwide/workdir" "-e" "CARGO_TARGET_DIR=/opt/rustwide/target" "-e" "CARGO_INCREMENTAL=0" "-e" "RUST_BACKTRACE=full" "-e" "RUSTFLAGS=--cap-lints=warn" "-e" "RUSTDOCFLAGS=--cap-lints=warn" "-e" "CARGO_HOME=/opt/rustwide/cargo-home" "-e" "RUSTUP_HOME=/opt/rustwide/rustup-home" "-w" "/opt/rustwide/workdir" "-m" "1610612736" "--user" "0:0" "--network" "none" "ghcr.io/rust-lang/crates-build-env/linux@sha256:2788e3201cd34a07e3172128adcd8b3090168a8e3bcc40d7c032b9dda1df7d1c" "/opt/rustwide/cargo-home/bin/cargo" "+1.75.0" "test" "--frozen", kill_on_drop: false }`
[INFO] [stdout] 63323bb23b0ad594585acd68b9f335da541127861bc0d756fc0328dc09dfc6a0
[INFO] running `Command { std: "docker" "start" "-a" "63323bb23b0ad594585acd68b9f335da541127861bc0d756fc0328dc09dfc6a0", kill_on_drop: false }`
[INFO] [stderr]     Finished test [unoptimized + debuginfo] target(s) in 0.08s
[INFO] [stderr]      Running unittests src/lib.rs (/opt/rustwide/target/debug/deps/quing-a583eb33d9deccd4)
[INFO] [stdout] 
[INFO] [stdout] running 0 tests
[INFO] [stderr]      Running unittests src/main.rs (/opt/rustwide/target/debug/deps/quing-490473bc13610296)
[INFO] [stdout] 
[INFO] [stdout] test result: ok. 0 passed; 0 failed; 0 ignored; 0 measured; 0 filtered out; finished in 0.00s
[INFO] [stdout] 
[INFO] [stdout] 
[INFO] [stderr]    Doc-tests quing
[INFO] [stdout] running 0 tests
[INFO] [stdout] 
[INFO] [stdout] test result: ok. 0 passed; 0 failed; 0 ignored; 0 measured; 0 filtered out; finished in 0.00s
[INFO] [stdout] 
[INFO] [stdout] 
[INFO] [stdout] running 3 tests
[INFO] [stdout] test src/in_out.rs - in_out::IOHandle (line 51) ... FAILED
[INFO] [stdout] test src/in_out.rs - in_out::Controls::clean_up (line 213) ... FAILED
[INFO] [stdout] test src/in_out.rs - in_out::Controls::exit_notify (line 237) ... FAILED
[INFO] [stdout] 
[INFO] [stdout] failures:
[INFO] [stdout] 
[INFO] [stdout] ---- src/in_out.rs - in_out::IOHandle (line 51) stdout ----
[INFO] [stdout] error[E0432]: unresolved import `crate::in_out`
[INFO] [stdout]  --> src/in_out.rs:52:12
[INFO] [stdout]   |
[INFO] [stdout] 3 | use crate::in_out::IOHandle;
[INFO] [stdout]   |            ^^^^^^
[INFO] [stdout]   |            |
[INFO] [stdout]   |            unresolved import
[INFO] [stdout]   |            help: a similar path exists: `quing::in_out`
[INFO] [stdout] 
[INFO] [stdout] error: aborting due to previous error
[INFO] [stdout] 
[INFO] [stdout] For more information about this error, try `rustc --explain E0432`.
[INFO] [stdout] Couldn't compile the test.
[INFO] [stdout] ---- src/in_out.rs - in_out::Controls::clean_up (line 213) stdout ----
[INFO] [stdout] error[E0432]: unresolved import `crate::in_out`
[INFO] [stdout]  --> src/in_out.rs:214:12
[INFO] [stdout]   |
[INFO] [stdout] 3 | use crate::in_out::IOHandle;
[INFO] [stdout]   |            ^^^^^^
[INFO] [stdout]   |            |
[INFO] [stdout]   |            unresolved import
[INFO] [stdout]   |            help: a similar path exists: `quing::in_out`
[INFO] [stdout] 
[INFO] [stdout] error: aborting due to previous error
[INFO] [stdout] 
[INFO] [stdout] For more information about this error, try `rustc --explain E0432`.
[INFO] [stdout] Couldn't compile the test.
[INFO] [stdout] ---- src/in_out.rs - in_out::Controls::exit_notify (line 237) stdout ----
[INFO] [stdout] error[E0432]: unresolved import `crate::in_out`
[INFO] [stdout]  --> src/in_out.rs:238:12
[INFO] [stdout]   |
[INFO] [stdout] 3 | use crate::in_out::IOHandle;
[INFO] [stdout]   |            ^^^^^^
[INFO] [stdout]   |            |
[INFO] [stdout]   |            unresolved import
[INFO] [stdout]   |            help: a similar path exists: `quing::in_out`
[INFO] [stdout] 
[INFO] [stdout] error[E0425]: cannot find value `control_refernce` in this scope
[INFO] [stdout]  --> src/in_out.rs:242:58
[INFO] [stdout]   |
[INFO] [stdout] 7 | if let Some(control_reference) = handle.controls_get() { control_refernce.notify_exit() }
[INFO] [stdout]   |                                                          ^^^^^^^^^^^^^^^^ help: a local variable with a similar name exists: `control_reference`
[INFO] [stdout] 
[INFO] [stdout] error: aborting due to 2 previous errors
[INFO] [stdout] 
[INFO] [stdout] Some errors have detailed explanations: E0425, E0432.
[INFO] [stdout] For more information about an error, try `rustc --explain E0425`.
[INFO] [stdout] Couldn't compile the test.
[INFO] [stdout] 
[INFO] [stdout] failures:
[INFO] [stdout]     src/in_out.rs - in_out::Controls::clean_up (line 213)
[INFO] [stdout]     src/in_out.rs - in_out::Controls::exit_notify (line 237)
[INFO] [stdout]     src/in_out.rs - in_out::IOHandle (line 51)
[INFO] [stdout] 
[INFO] [stdout] test result: FAILED. 0 passed; 3 failed; 0 ignored; 0 measured; 0 filtered out; finished in 0.12s
[INFO] [stdout] 
[INFO] [stderr] error: doctest failed, to rerun pass `--doc`
[INFO] running `Command { std: "docker" "inspect" "63323bb23b0ad594585acd68b9f335da541127861bc0d756fc0328dc09dfc6a0", kill_on_drop: false }`
[INFO] running `Command { std: "docker" "rm" "-f" "63323bb23b0ad594585acd68b9f335da541127861bc0d756fc0328dc09dfc6a0", kill_on_drop: false }`
[INFO] [stdout] 63323bb23b0ad594585acd68b9f335da541127861bc0d756fc0328dc09dfc6a0
[INFO] testing quing-2.0.6 against beta-2023-12-22 for beta-1.76-1
[INFO] extracting crate quing 2.0.6 into /workspace/builds/worker-6-tc2/source
[INFO] validating manifest of crates.io crate quing 2.0.6 on toolchain beta-2023-12-22
[INFO] running `Command { std: CARGO_HOME="/workspace/cargo-home" RUSTUP_HOME="/workspace/rustup-home" "/workspace/cargo-home/bin/cargo" "+beta-2023-12-22" "metadata" "--manifest-path" "Cargo.toml" "--no-deps", kill_on_drop: false }`
[INFO] started tweaking crates.io crate quing 2.0.6
[INFO] finished tweaking crates.io crate quing 2.0.6
[INFO] tweaked toml for crates.io crate quing 2.0.6 written to /workspace/builds/worker-6-tc2/source/Cargo.toml
[INFO] crate crates.io crate quing 2.0.6 already has a lockfile, it will not be regenerated
[INFO] running `Command { std: CARGO_HOME="/workspace/cargo-home" RUSTUP_HOME="/workspace/rustup-home" "/workspace/cargo-home/bin/cargo" "+beta-2023-12-22" "fetch" "--manifest-path" "Cargo.toml", kill_on_drop: false }`
[INFO] running `Command { std: "docker" "create" "-v" "/var/lib/crater-agent-workspace/builds/worker-6-tc2/target:/opt/rustwide/target:rw,Z" "-v" "/var/lib/crater-agent-workspace/builds/worker-6-tc2/source:/opt/rustwide/workdir:ro,Z" "-v" "/var/lib/crater-agent-workspace/cargo-home:/opt/rustwide/cargo-home:ro,Z" "-v" "/var/lib/crater-agent-workspace/rustup-home:/opt/rustwide/rustup-home:ro,Z" "-e" "SOURCE_DIR=/opt/rustwide/workdir" "-e" "CARGO_TARGET_DIR=/opt/rustwide/target" "-e" "CARGO_HOME=/opt/rustwide/cargo-home" "-e" "RUSTUP_HOME=/opt/rustwide/rustup-home" "-w" "/opt/rustwide/workdir" "-m" "1610612736" "--user" "0:0" "--network" "none" "ghcr.io/rust-lang/crates-build-env/linux@sha256:2788e3201cd34a07e3172128adcd8b3090168a8e3bcc40d7c032b9dda1df7d1c" "/opt/rustwide/cargo-home/bin/cargo" "+beta-2023-12-22" "metadata" "--no-deps" "--format-version=1", kill_on_drop: false }`
[INFO] [stdout] 2b6208edb4e611f4b0b9f3a86384adf44d70e69cc39fc7a5440a2fb4a21dba61
[INFO] running `Command { std: "docker" "start" "-a" "2b6208edb4e611f4b0b9f3a86384adf44d70e69cc39fc7a5440a2fb4a21dba61", kill_on_drop: false }`
[INFO] running `Command { std: "docker" "inspect" "2b6208edb4e611f4b0b9f3a86384adf44d70e69cc39fc7a5440a2fb4a21dba61", kill_on_drop: false }`
[INFO] running `Command { std: "docker" "rm" "-f" "2b6208edb4e611f4b0b9f3a86384adf44d70e69cc39fc7a5440a2fb4a21dba61", kill_on_drop: false }`
[INFO] [stdout] 2b6208edb4e611f4b0b9f3a86384adf44d70e69cc39fc7a5440a2fb4a21dba61
[INFO] running `Command { std: "docker" "create" "-v" "/var/lib/crater-agent-workspace/builds/worker-6-tc2/target:/opt/rustwide/target:rw,Z" "-v" "/var/lib/crater-agent-workspace/builds/worker-6-tc2/source:/opt/rustwide/workdir:ro,Z" "-v" "/var/lib/crater-agent-workspace/cargo-home:/opt/rustwide/cargo-home:ro,Z" "-v" "/var/lib/crater-agent-workspace/rustup-home:/opt/rustwide/rustup-home:ro,Z" "-e" "SOURCE_DIR=/opt/rustwide/workdir" "-e" "CARGO_TARGET_DIR=/opt/rustwide/target" "-e" "CARGO_INCREMENTAL=0" "-e" "RUST_BACKTRACE=full" "-e" "RUSTFLAGS=--cap-lints=warn" "-e" "RUSTDOCFLAGS=--cap-lints=warn" "-e" "CARGO_HOME=/opt/rustwide/cargo-home" "-e" "RUSTUP_HOME=/opt/rustwide/rustup-home" "-w" "/opt/rustwide/workdir" "-m" "1610612736" "--user" "0:0" "--network" "none" "ghcr.io/rust-lang/crates-build-env/linux@sha256:2788e3201cd34a07e3172128adcd8b3090168a8e3bcc40d7c032b9dda1df7d1c" "/opt/rustwide/cargo-home/bin/cargo" "+beta-2023-12-22" "build" "--frozen" "--message-format=json", kill_on_drop: false }`
[INFO] [stdout] 8d06916675461da3d8858414834f6b5f8b740c6238c4ffc5c99d8f44f936741f
[INFO] running `Command { std: "docker" "start" "-a" "8d06916675461da3d8858414834f6b5f8b740c6238c4ffc5c99d8f44f936741f", kill_on_drop: false }`
[INFO] [stderr]    Compiling cfg-if v1.0.0
[INFO] [stderr]    Compiling libc v0.2.148
[INFO] [stderr]    Compiling proc-macro2 v1.0.67
[INFO] [stderr]    Compiling unicode-ident v1.0.12
[INFO] [stderr]    Compiling log v0.4.20
[INFO] [stderr]    Compiling bitflags v1.3.2
[INFO] [stderr]    Compiling autocfg v1.1.0
[INFO] [stderr]    Compiling pkg-config v0.3.27
[INFO] [stderr]    Compiling serde v1.0.188
[INFO] [stderr]    Compiling parking_lot_core v0.9.8
[INFO] [stderr]    Compiling bytemuck v1.14.0
[INFO] [stderr]    Compiling scopeguard v1.2.0
[INFO] [stderr]    Compiling smallvec v1.11.0
[INFO] [stderr]    Compiling arrayvec v0.7.4
[INFO] [stderr]    Compiling byteorder v1.4.3
[INFO] [stderr]    Compiling lazy_static v1.4.0
[INFO] [stderr]    Compiling symphonia-core v0.5.3
[INFO] [stderr]    Compiling encoding_rs v0.8.33
[INFO] [stderr]    Compiling signal-hook v0.3.17
[INFO] [stderr]    Compiling lock_api v0.4.10
[INFO] [stderr]    Compiling crc32fast v1.3.2
[INFO] [stderr]    Compiling alsa-sys v0.3.1
[INFO] [stderr]    Compiling cpal v0.15.2
[INFO] [stderr]    Compiling quote v1.0.33
[INFO] [stderr]    Compiling adler v1.0.2
[INFO] [stderr]    Compiling crossbeam-utils v0.8.16
[INFO] [stderr]    Compiling syn v2.0.36
[INFO] [stderr]    Compiling equivalent v1.0.1
[INFO] [stderr]    Compiling hashbrown v0.14.0
[INFO] [stderr]    Compiling tinyvec_macros v0.1.1
[INFO] [stderr]    Compiling paste v1.0.14
[INFO] [stderr]    Compiling tinyvec v1.6.0
[INFO] [stderr]    Compiling miniz_oxide v0.7.1
[INFO] [stderr]    Compiling nix v0.24.3
[INFO] [stderr]    Compiling parking_lot v0.12.1
[INFO] [stderr]    Compiling symphonia-metadata v0.5.3
[INFO] [stderr]    Compiling signal-hook-registry v1.4.1
[INFO] [stderr]    Compiling alsa v0.7.1
[INFO] [stderr]    Compiling symphonia-bundle-mp3 v0.5.3
[INFO] [stderr]    Compiling mio v0.8.8
[INFO] [stderr]    Compiling indexmap v2.0.0
[INFO] [stderr]    Compiling ogg v0.8.0
[INFO] [stderr]    Compiling winnow v0.5.15
[INFO] [stderr]    Compiling dasp_sample v0.11.0
[INFO] [stderr]    Compiling thiserror v1.0.48
[INFO] [stderr]    Compiling lewton v0.10.2
[INFO] [stderr]    Compiling symphonia v0.5.3
[INFO] [stderr]    Compiling signal-hook-mio v0.2.3
[INFO] [stderr]    Compiling flate2 v1.0.27
[INFO] [stderr]    Compiling ogg_pager v0.5.0
[INFO] [stderr]    Compiling once_cell v1.18.0
[INFO] [stderr]    Compiling claxon v0.4.3
[INFO] [stderr]    Compiling base64 v0.21.4
[INFO] [stderr]    Compiling hound v3.5.0
[INFO] [stderr]    Compiling bitflags v2.4.1
[INFO] [stderr]    Compiling rodio v0.17.1
[INFO] [stderr]    Compiling crossterm v0.27.0
[INFO] [stderr]    Compiling crossbeam-channel v0.5.8
[INFO] [stderr]    Compiling fastrand v2.0.0
[INFO] [stderr]    Compiling serde_derive v1.0.188
[INFO] [stderr]    Compiling lofty_attr v0.9.0
[INFO] [stderr]    Compiling thiserror-impl v1.0.48
[INFO] [stderr]    Compiling lofty v0.15.0
[INFO] [stderr]    Compiling serde_spanned v0.6.3
[INFO] [stderr]    Compiling toml_datetime v0.6.3
[INFO] [stderr]    Compiling toml_edit v0.20.0
[INFO] [stderr]    Compiling toml v0.8.0
[INFO] [stderr]    Compiling quing v2.0.6 (/opt/rustwide/workdir)
[INFO] [stderr]     Finished dev [unoptimized + debuginfo] target(s) in 17.81s
[INFO] running `Command { std: "docker" "inspect" "8d06916675461da3d8858414834f6b5f8b740c6238c4ffc5c99d8f44f936741f", kill_on_drop: false }`
[INFO] running `Command { std: "docker" "rm" "-f" "8d06916675461da3d8858414834f6b5f8b740c6238c4ffc5c99d8f44f936741f", kill_on_drop: false }`
[INFO] [stdout] 8d06916675461da3d8858414834f6b5f8b740c6238c4ffc5c99d8f44f936741f
[INFO] running `Command { std: "docker" "create" "-v" "/var/lib/crater-agent-workspace/builds/worker-6-tc2/target:/opt/rustwide/target:rw,Z" "-v" "/var/lib/crater-agent-workspace/builds/worker-6-tc2/source:/opt/rustwide/workdir:ro,Z" "-v" "/var/lib/crater-agent-workspace/cargo-home:/opt/rustwide/cargo-home:ro,Z" "-v" "/var/lib/crater-agent-workspace/rustup-home:/opt/rustwide/rustup-home:ro,Z" "-e" "SOURCE_DIR=/opt/rustwide/workdir" "-e" "CARGO_TARGET_DIR=/opt/rustwide/target" "-e" "CARGO_INCREMENTAL=0" "-e" "RUST_BACKTRACE=full" "-e" "RUSTFLAGS=--cap-lints=warn" "-e" "RUSTDOCFLAGS=--cap-lints=warn" "-e" "CARGO_HOME=/opt/rustwide/cargo-home" "-e" "RUSTUP_HOME=/opt/rustwide/rustup-home" "-w" "/opt/rustwide/workdir" "-m" "1610612736" "--user" "0:0" "--network" "none" "ghcr.io/rust-lang/crates-build-env/linux@sha256:2788e3201cd34a07e3172128adcd8b3090168a8e3bcc40d7c032b9dda1df7d1c" "/opt/rustwide/cargo-home/bin/cargo" "+beta-2023-12-22" "test" "--frozen" "--no-run" "--message-format=json", kill_on_drop: false }`
[INFO] [stdout] df9f3516db46725c5be97048cde25dc9c882f62c5e2d4d0e0dfa36f7bf8c9ae3
[INFO] running `Command { std: "docker" "start" "-a" "df9f3516db46725c5be97048cde25dc9c882f62c5e2d4d0e0dfa36f7bf8c9ae3", kill_on_drop: false }`
[INFO] [stderr]    Compiling quing v2.0.6 (/opt/rustwide/workdir)
[INFO] [stderr]     Finished test [unoptimized + debuginfo] target(s) in 0.39s
[INFO] running `Command { std: "docker" "inspect" "df9f3516db46725c5be97048cde25dc9c882f62c5e2d4d0e0dfa36f7bf8c9ae3", kill_on_drop: false }`
[INFO] running `Command { std: "docker" "rm" "-f" "df9f3516db46725c5be97048cde25dc9c882f62c5e2d4d0e0dfa36f7bf8c9ae3", kill_on_drop: false }`
[INFO] [stdout] df9f3516db46725c5be97048cde25dc9c882f62c5e2d4d0e0dfa36f7bf8c9ae3
[INFO] running `Command { std: "docker" "create" "-v" "/var/lib/crater-agent-workspace/builds/worker-6-tc2/target:/opt/rustwide/target:rw,Z" "-v" "/var/lib/crater-agent-workspace/builds/worker-6-tc2/source:/opt/rustwide/workdir:ro,Z" "-v" "/var/lib/crater-agent-workspace/cargo-home:/opt/rustwide/cargo-home:ro,Z" "-v" "/var/lib/crater-agent-workspace/rustup-home:/opt/rustwide/rustup-home:ro,Z" "-e" "SOURCE_DIR=/opt/rustwide/workdir" "-e" "CARGO_TARGET_DIR=/opt/rustwide/target" "-e" "CARGO_INCREMENTAL=0" "-e" "RUST_BACKTRACE=full" "-e" "RUSTFLAGS=--cap-lints=warn" "-e" "RUSTDOCFLAGS=--cap-lints=warn" "-e" "CARGO_HOME=/opt/rustwide/cargo-home" "-e" "RUSTUP_HOME=/opt/rustwide/rustup-home" "-w" "/opt/rustwide/workdir" "-m" "1610612736" "--user" "0:0" "--network" "none" "ghcr.io/rust-lang/crates-build-env/linux@sha256:2788e3201cd34a07e3172128adcd8b3090168a8e3bcc40d7c032b9dda1df7d1c" "/opt/rustwide/cargo-home/bin/cargo" "+beta-2023-12-22" "test" "--frozen", kill_on_drop: false }`
[INFO] [stdout] b0dffb183eaa0397bc8f450f8f017777574cfa124dd83e209bd3c8f5480c919a
[INFO] running `Command { std: "docker" "start" "-a" "b0dffb183eaa0397bc8f450f8f017777574cfa124dd83e209bd3c8f5480c919a", kill_on_drop: false }`
[INFO] [stderr]     Finished test [unoptimized + debuginfo] target(s) in 0.08s
[INFO] [stderr]      Running unittests src/lib.rs (/opt/rustwide/target/debug/deps/quing-951182c35505d4df)
[INFO] [stdout] 
[INFO] [stdout] running 0 tests
[INFO] [stdout] 
[INFO] [stdout] test result: ok. 0 passed; 0 failed; 0 ignored; 0 measured; 0 filtered out; finished in 0.00s
[INFO] [stdout] 
[INFO] [stderr]      Running unittests src/main.rs (/opt/rustwide/target/debug/deps/quing-eb448af80d635b0b)
[INFO] [stdout] 
[INFO] [stdout] running 0 tests
[INFO] [stdout] 
[INFO] [stdout] test result: ok. 0 passed; 0 failed; 0 ignored; 0 measured; 0 filtered out; finished in 0.00s
[INFO] [stdout] 
[INFO] [stderr]    Doc-tests quing
[INFO] [stdout] 
[INFO] [stdout] running 3 tests
[INFO] [stdout] test src/in_out.rs - in_out::Controls::exit_notify (line 237) ... FAILED
[INFO] [stdout] test src/in_out.rs - in_out::IOHandle (line 51) ... FAILED
[INFO] [stdout] test src/in_out.rs - in_out::Controls::clean_up (line 213) ... FAILED
[INFO] [stdout] 
[INFO] [stdout] failures:
[INFO] [stdout] 
[INFO] [stdout] ---- src/in_out.rs - in_out::Controls::exit_notify (line 237) stdout ----
[INFO] [stdout] error[E0432]: unresolved import `crate::in_out`
[INFO] [stdout]  --> src/in_out.rs:238:12
[INFO] [stdout]   |
[INFO] [stdout] 3 | use crate::in_out::IOHandle;
[INFO] [stdout]   |            ^^^^^^
[INFO] [stdout]   |            |
[INFO] [stdout]   |            unresolved import
[INFO] [stdout]   |            help: a similar path exists: `quing::in_out`
[INFO] [stdout] 
[INFO] [stdout] error[E0425]: cannot find value `control_refernce` in this scope
[INFO] [stdout]  --> src/in_out.rs:242:58
[INFO] [stdout]   |
[INFO] [stdout] 7 | if let Some(control_reference) = handle.controls_get() { control_refernce.notify_exit() }
[INFO] [stdout]   |                                                          ^^^^^^^^^^^^^^^^ help: a local variable with a similar name exists: `control_reference`
[INFO] [stdout] 
[INFO] [stdout] error: aborting due to 2 previous errors
[INFO] [stdout] 
[INFO] [stdout] Some errors have detailed explanations: E0425, E0432.
[INFO] [stdout] For more information about an error, try `rustc --explain E0425`.
[INFO] [stdout] Couldn't compile the test.
[INFO] [stdout] ---- src/in_out.rs - in_out::IOHandle (line 51) stdout ----
[INFO] [stdout] error[E0432]: unresolved import `crate::in_out`
[INFO] [stdout]  --> src/in_out.rs:52:12
[INFO] [stdout]   |
[INFO] [stdout] 3 | use crate::in_out::IOHandle;
[INFO] [stdout]   |            ^^^^^^
[INFO] [stdout]   |            |
[INFO] [stdout]   |            unresolved import
[INFO] [stdout]   |            help: a similar path exists: `quing::in_out`
[INFO] [stdout] 
[INFO] [stdout] error: aborting due to 1 previous error
[INFO] [stdout] 
[INFO] [stdout] For more information about this error, try `rustc --explain E0432`.
[INFO] [stdout] Couldn't compile the test.
[INFO] [stdout] ---- src/in_out.rs - in_out::Controls::clean_up (line 213) stdout ----
[INFO] [stdout] error[E0432]: unresolved import `crate::in_out`
[INFO] [stdout]  --> src/in_out.rs:214:12
[INFO] [stdout]   |
[INFO] [stdout] 3 | use crate::in_out::IOHandle;
[INFO] [stdout]   |            ^^^^^^
[INFO] [stdout]   |            |
[INFO] [stdout]   |            unresolved import
[INFO] [stdout]   |            help: a similar path exists: `quing::in_out`
[INFO] [stdout] 
[INFO] [stdout] error: aborting due to 1 previous error
[INFO] [stdout] 
[INFO] [stdout] For more information about this error, try `rustc --explain E0432`.
[INFO] [stdout] Couldn't compile the test.
[INFO] [stdout] 
[INFO] [stdout] failures:
[INFO] [stdout]     src/in_out.rs - in_out::Controls::clean_up (line 213)
[INFO] [stdout]     src/in_out.rs - in_out::Controls::exit_notify (line 237)
[INFO] [stdout]     src/in_out.rs - in_out::IOHandle (line 51)
[INFO] [stdout] 
[INFO] [stdout] test result: FAILED. 0 passed; 3 failed; 0 ignored; 0 measured; 0 filtered out; finished in 0.10s
[INFO] [stdout] 
[INFO] [stderr] error: doctest failed, to rerun pass `--doc`
[INFO] running `Command { std: "docker" "inspect" "b0dffb183eaa0397bc8f450f8f017777574cfa124dd83e209bd3c8f5480c919a", kill_on_drop: false }`
[INFO] running `Command { std: "docker" "rm" "-f" "b0dffb183eaa0397bc8f450f8f017777574cfa124dd83e209bd3c8f5480c919a", kill_on_drop: false }`
[INFO] [stdout] b0dffb183eaa0397bc8f450f8f017777574cfa124dd83e209bd3c8f5480c919a
