[INFO] fetching crate quill_delta_pdf 0.1.3...
[INFO] testing quill_delta_pdf-0.1.3 against 1.75.0 for beta-1.76-1
[INFO] extracting crate quill_delta_pdf 0.1.3 into /workspace/builds/worker-4-tc1/source
[INFO] validating manifest of crates.io crate quill_delta_pdf 0.1.3 on toolchain 1.75.0
[INFO] running `Command { std: CARGO_HOME="/workspace/cargo-home" RUSTUP_HOME="/workspace/rustup-home" "/workspace/cargo-home/bin/cargo" "+1.75.0" "metadata" "--manifest-path" "Cargo.toml" "--no-deps", kill_on_drop: false }`
[INFO] started tweaking crates.io crate quill_delta_pdf 0.1.3
[INFO] finished tweaking crates.io crate quill_delta_pdf 0.1.3
[INFO] tweaked toml for crates.io crate quill_delta_pdf 0.1.3 written to /workspace/builds/worker-4-tc1/source/Cargo.toml
[INFO] crate crates.io crate quill_delta_pdf 0.1.3 already has a lockfile, it will not be regenerated
[INFO] running `Command { std: CARGO_HOME="/workspace/cargo-home" RUSTUP_HOME="/workspace/rustup-home" "/workspace/cargo-home/bin/cargo" "+1.75.0" "fetch" "--manifest-path" "Cargo.toml", kill_on_drop: false }`
[INFO] [stderr]  Downloading crates ...
[INFO] [stderr]   Downloaded pom v3.3.0
[INFO] running `Command { std: "docker" "create" "-v" "/var/lib/crater-agent-workspace/builds/worker-4-tc1/target:/opt/rustwide/target:rw,Z" "-v" "/var/lib/crater-agent-workspace/builds/worker-4-tc1/source:/opt/rustwide/workdir:ro,Z" "-v" "/var/lib/crater-agent-workspace/cargo-home:/opt/rustwide/cargo-home:ro,Z" "-v" "/var/lib/crater-agent-workspace/rustup-home:/opt/rustwide/rustup-home:ro,Z" "-e" "SOURCE_DIR=/opt/rustwide/workdir" "-e" "CARGO_TARGET_DIR=/opt/rustwide/target" "-e" "CARGO_HOME=/opt/rustwide/cargo-home" "-e" "RUSTUP_HOME=/opt/rustwide/rustup-home" "-w" "/opt/rustwide/workdir" "-m" "1610612736" "--user" "0:0" "--network" "none" "ghcr.io/rust-lang/crates-build-env/linux@sha256:2788e3201cd34a07e3172128adcd8b3090168a8e3bcc40d7c032b9dda1df7d1c" "/opt/rustwide/cargo-home/bin/cargo" "+1.75.0" "metadata" "--no-deps" "--format-version=1", kill_on_drop: false }`
[INFO] [stdout] 2d7a8129ddcd167cd9c979f2bf0baabaacf51777889aa158513820a71b06d499
[INFO] running `Command { std: "docker" "start" "-a" "2d7a8129ddcd167cd9c979f2bf0baabaacf51777889aa158513820a71b06d499", kill_on_drop: false }`
[INFO] running `Command { std: "docker" "inspect" "2d7a8129ddcd167cd9c979f2bf0baabaacf51777889aa158513820a71b06d499", kill_on_drop: false }`
[INFO] running `Command { std: "docker" "rm" "-f" "2d7a8129ddcd167cd9c979f2bf0baabaacf51777889aa158513820a71b06d499", kill_on_drop: false }`
[INFO] [stdout] 2d7a8129ddcd167cd9c979f2bf0baabaacf51777889aa158513820a71b06d499
[INFO] running `Command { std: "docker" "create" "-v" "/var/lib/crater-agent-workspace/builds/worker-4-tc1/target:/opt/rustwide/target:rw,Z" "-v" "/var/lib/crater-agent-workspace/builds/worker-4-tc1/source:/opt/rustwide/workdir:ro,Z" "-v" "/var/lib/crater-agent-workspace/cargo-home:/opt/rustwide/cargo-home:ro,Z" "-v" "/var/lib/crater-agent-workspace/rustup-home:/opt/rustwide/rustup-home:ro,Z" "-e" "SOURCE_DIR=/opt/rustwide/workdir" "-e" "CARGO_TARGET_DIR=/opt/rustwide/target" "-e" "CARGO_INCREMENTAL=0" "-e" "RUST_BACKTRACE=full" "-e" "RUSTFLAGS=--cap-lints=warn" "-e" "RUSTDOCFLAGS=--cap-lints=warn" "-e" "CARGO_HOME=/opt/rustwide/cargo-home" "-e" "RUSTUP_HOME=/opt/rustwide/rustup-home" "-w" "/opt/rustwide/workdir" "-m" "1610612736" "--user" "0:0" "--network" "none" "ghcr.io/rust-lang/crates-build-env/linux@sha256:2788e3201cd34a07e3172128adcd8b3090168a8e3bcc40d7c032b9dda1df7d1c" "/opt/rustwide/cargo-home/bin/cargo" "+1.75.0" "build" "--frozen" "--message-format=json", kill_on_drop: false }`
[INFO] [stdout] 01f6fe5c370d72a0a491a4da8e9e7fd911a175f0b67dfecfff86f531e47f5446
[INFO] running `Command { std: "docker" "start" "-a" "01f6fe5c370d72a0a491a4da8e9e7fd911a175f0b67dfecfff86f531e47f5446", kill_on_drop: false }`
[INFO] [stderr]    Compiling num-traits v0.2.17
[INFO] [stderr]    Compiling syn v1.0.109
[INFO] [stderr]    Compiling encoding_index_tests v0.1.4
[INFO] [stderr]    Compiling proc-macro-hack v0.5.20+deprecated
[INFO] [stderr]    Compiling num-integer v0.1.45
[INFO] [stderr]    Compiling syn v2.0.38
[INFO] [stderr]    Compiling miniz_oxide v0.4.4
[INFO] [stderr]    Compiling adler32 v1.2.0
[INFO] [stderr]    Compiling libc v0.2.149
[INFO] [stderr]    Compiling time v0.2.27
[INFO] [stderr]    Compiling num-iter v0.1.43
[INFO] [stderr]    Compiling num-rational v0.3.2
[INFO] [stderr]    Compiling regex-automata v0.4.3
[INFO] [stderr]    Compiling memchr v2.6.4
[INFO] [stderr]    Compiling weezl v0.1.7
[INFO] [stderr]    Compiling ident_case v1.0.1
[INFO] [stderr]    Compiling fnv v1.0.7
[INFO] [stderr]    Compiling deflate v0.8.6
[INFO] [stderr]    Compiling bstr v1.7.0
[INFO] [stderr]    Compiling miniz_oxide v0.3.7
[INFO] [stderr]    Compiling encoding-index-japanese v1.20141219.5
[INFO] [stderr]    Compiling encoding-index-singlebyte v1.20141219.5
[INFO] [stderr]    Compiling encoding-index-simpchinese v1.20141219.5
[INFO] [stderr]    Compiling encoding-index-tradchinese v1.20141219.5
[INFO] [stderr]    Compiling encoding-index-korean v1.20141219.5
[INFO] [stderr]    Compiling miniz_oxide v0.7.1
[INFO] [stderr]    Compiling color_quant v1.1.0
[INFO] [stderr]    Compiling iana-time-zone v0.1.58
[INFO] [stderr]    Compiling jpeg-decoder v0.1.22
[INFO] [stderr]    Compiling chrono v0.4.31
[INFO] [stderr]    Compiling gif v0.11.4
[INFO] [stderr]    Compiling encoding v0.2.33
[INFO] [stderr]    Compiling flate2 v1.0.28
[INFO] [stderr]    Compiling tiff v0.6.1
[INFO] [stderr]    Compiling png v0.16.8
[INFO] [stderr]    Compiling darling_core v0.20.3
[INFO] [stderr]    Compiling pom v3.3.0
[INFO] [stderr]    Compiling time-macros-impl v0.1.2
[INFO] [stderr]    Compiling ordered-float v1.1.1
[INFO] [stderr]    Compiling approx v0.3.2
[INFO] [stderr]    Compiling stb_truetype v0.3.1
[INFO] [stderr]    Compiling dtoa v0.4.8
[INFO] [stderr]    Compiling lzw v0.10.0
[INFO] [stderr]    Compiling bytemuck v1.14.0
[INFO] [stderr]    Compiling itoa v0.4.8
[INFO] [stderr]    Compiling linked-hash-map v0.5.6
[INFO] [stderr]    Compiling image v0.23.14
[INFO] [stderr]    Compiling rusttype v0.8.3
[INFO] [stderr]    Compiling serde_json v1.0.108
[INFO] [stderr]    Compiling derive_more v0.99.17
[INFO] [stderr]    Compiling time-macros v0.1.1
[INFO] [stderr]    Compiling serde_derive v1.0.193
[INFO] [stderr]    Compiling darling_macro v0.20.3
[INFO] [stderr]    Compiling lopdf v0.26.0
[INFO] [stderr]    Compiling darling v0.20.3
[INFO] [stderr]    Compiling serde_with_macros v3.4.0
[INFO] [stderr]    Compiling printpdf v0.3.4
[INFO] [stderr]    Compiling genpdf v0.2.0
[INFO] [stderr]    Compiling serde v1.0.193
[INFO] [stderr]    Compiling serde_with v3.4.0
[INFO] [stderr]    Compiling url v2.4.1
[INFO] [stderr]    Compiling quill_delta_pdf v0.1.3 (/opt/rustwide/workdir)
[INFO] [stderr]     Finished dev [unoptimized + debuginfo] target(s) in 12.70s
[INFO] running `Command { std: "docker" "inspect" "01f6fe5c370d72a0a491a4da8e9e7fd911a175f0b67dfecfff86f531e47f5446", kill_on_drop: false }`
[INFO] running `Command { std: "docker" "rm" "-f" "01f6fe5c370d72a0a491a4da8e9e7fd911a175f0b67dfecfff86f531e47f5446", kill_on_drop: false }`
[INFO] [stdout] 01f6fe5c370d72a0a491a4da8e9e7fd911a175f0b67dfecfff86f531e47f5446
[INFO] running `Command { std: "docker" "create" "-v" "/var/lib/crater-agent-workspace/builds/worker-4-tc1/target:/opt/rustwide/target:rw,Z" "-v" "/var/lib/crater-agent-workspace/builds/worker-4-tc1/source:/opt/rustwide/workdir:ro,Z" "-v" "/var/lib/crater-agent-workspace/cargo-home:/opt/rustwide/cargo-home:ro,Z" "-v" "/var/lib/crater-agent-workspace/rustup-home:/opt/rustwide/rustup-home:ro,Z" "-e" "SOURCE_DIR=/opt/rustwide/workdir" "-e" "CARGO_TARGET_DIR=/opt/rustwide/target" "-e" "CARGO_INCREMENTAL=0" "-e" "RUST_BACKTRACE=full" "-e" "RUSTFLAGS=--cap-lints=warn" "-e" "RUSTDOCFLAGS=--cap-lints=warn" "-e" "CARGO_HOME=/opt/rustwide/cargo-home" "-e" "RUSTUP_HOME=/opt/rustwide/rustup-home" "-w" "/opt/rustwide/workdir" "-m" "1610612736" "--user" "0:0" "--network" "none" "ghcr.io/rust-lang/crates-build-env/linux@sha256:2788e3201cd34a07e3172128adcd8b3090168a8e3bcc40d7c032b9dda1df7d1c" "/opt/rustwide/cargo-home/bin/cargo" "+1.75.0" "test" "--frozen" "--no-run" "--message-format=json", kill_on_drop: false }`
[INFO] [stdout] 5fbfb4361862d80f555a02dbeb4960272d195f350addd579396ae22dc12fc7fe
[INFO] running `Command { std: "docker" "start" "-a" "5fbfb4361862d80f555a02dbeb4960272d195f350addd579396ae22dc12fc7fe", kill_on_drop: false }`
[INFO] [stderr]    Compiling quill_delta_pdf v0.1.3 (/opt/rustwide/workdir)
[INFO] [stderr]     Finished test [unoptimized + debuginfo] target(s) in 1.29s
[INFO] running `Command { std: "docker" "inspect" "5fbfb4361862d80f555a02dbeb4960272d195f350addd579396ae22dc12fc7fe", kill_on_drop: false }`
[INFO] running `Command { std: "docker" "rm" "-f" "5fbfb4361862d80f555a02dbeb4960272d195f350addd579396ae22dc12fc7fe", kill_on_drop: false }`
[INFO] [stdout] 5fbfb4361862d80f555a02dbeb4960272d195f350addd579396ae22dc12fc7fe
[INFO] running `Command { std: "docker" "create" "-v" "/var/lib/crater-agent-workspace/builds/worker-4-tc1/target:/opt/rustwide/target:rw,Z" "-v" "/var/lib/crater-agent-workspace/builds/worker-4-tc1/source:/opt/rustwide/workdir:ro,Z" "-v" "/var/lib/crater-agent-workspace/cargo-home:/opt/rustwide/cargo-home:ro,Z" "-v" "/var/lib/crater-agent-workspace/rustup-home:/opt/rustwide/rustup-home:ro,Z" "-e" "SOURCE_DIR=/opt/rustwide/workdir" "-e" "CARGO_TARGET_DIR=/opt/rustwide/target" "-e" "CARGO_INCREMENTAL=0" "-e" "RUST_BACKTRACE=full" "-e" "RUSTFLAGS=--cap-lints=warn" "-e" "RUSTDOCFLAGS=--cap-lints=warn" "-e" "CARGO_HOME=/opt/rustwide/cargo-home" "-e" "RUSTUP_HOME=/opt/rustwide/rustup-home" "-w" "/opt/rustwide/workdir" "-m" "1610612736" "--user" "0:0" "--network" "none" "ghcr.io/rust-lang/crates-build-env/linux@sha256:2788e3201cd34a07e3172128adcd8b3090168a8e3bcc40d7c032b9dda1df7d1c" "/opt/rustwide/cargo-home/bin/cargo" "+1.75.0" "test" "--frozen", kill_on_drop: false }`
[INFO] [stdout] fc6903d2bfa1b41bb651c685304c11364e4ae43eaf21c344bd81cc9881ff8be9
[INFO] running `Command { std: "docker" "start" "-a" "fc6903d2bfa1b41bb651c685304c11364e4ae43eaf21c344bd81cc9881ff8be9", kill_on_drop: false }`
[INFO] [stderr]     Finished test [unoptimized + debuginfo] target(s) in 0.05s
[INFO] [stderr]      Running unittests src/lib.rs (/opt/rustwide/target/debug/deps/quill_delta_pdf-a100b8ac605b84d8)
[INFO] [stdout] 
[INFO] [stdout] running 0 tests
[INFO] [stdout] 
[INFO] [stdout] test result: ok. 0 passed; 0 failed; 0 ignored; 0 measured; 0 filtered out; finished in 0.00s
[INFO] [stdout] 
[INFO] [stderr]    Doc-tests quill_delta_pdf
[INFO] [stdout] 
[INFO] [stdout] running 1 test
[INFO] [stdout] test src/lib.rs - (line 18) ... FAILED
[INFO] [stdout] 
[INFO] [stdout] failures:
[INFO] [stdout] 
[INFO] [stdout] ---- src/lib.rs - (line 18) stdout ----
[INFO] [stdout] Test executable failed (exit status: 1).
[INFO] [stdout] 
[INFO] [stdout] stderr:
[INFO] [stdout] Error: Error { msg: "Failed to open font file ./fonts/Inter-Regular.ttf", kind: IoError(Os { code: 2, kind: NotFound, message: "No such file or directory" }) }
[INFO] [stdout] 
[INFO] [stdout] 
[INFO] [stdout] 
[INFO] [stdout] failures:
[INFO] [stdout]     src/lib.rs - (line 18)
[INFO] [stdout] 
[INFO] [stdout] test result: FAILED. 0 passed; 1 failed; 0 ignored; 0 measured; 0 filtered out; finished in 1.28s
[INFO] [stdout] 
[INFO] [stderr] error: doctest failed, to rerun pass `--doc`
[INFO] running `Command { std: "docker" "inspect" "fc6903d2bfa1b41bb651c685304c11364e4ae43eaf21c344bd81cc9881ff8be9", kill_on_drop: false }`
[INFO] running `Command { std: "docker" "rm" "-f" "fc6903d2bfa1b41bb651c685304c11364e4ae43eaf21c344bd81cc9881ff8be9", kill_on_drop: false }`
[INFO] [stdout] fc6903d2bfa1b41bb651c685304c11364e4ae43eaf21c344bd81cc9881ff8be9
[INFO] testing quill_delta_pdf-0.1.3 against beta-2023-12-22 for beta-1.76-1
[INFO] extracting crate quill_delta_pdf 0.1.3 into /workspace/builds/worker-4-tc2/source
[INFO] validating manifest of crates.io crate quill_delta_pdf 0.1.3 on toolchain beta-2023-12-22
[INFO] running `Command { std: CARGO_HOME="/workspace/cargo-home" RUSTUP_HOME="/workspace/rustup-home" "/workspace/cargo-home/bin/cargo" "+beta-2023-12-22" "metadata" "--manifest-path" "Cargo.toml" "--no-deps", kill_on_drop: false }`
[INFO] started tweaking crates.io crate quill_delta_pdf 0.1.3
[INFO] finished tweaking crates.io crate quill_delta_pdf 0.1.3
[INFO] tweaked toml for crates.io crate quill_delta_pdf 0.1.3 written to /workspace/builds/worker-4-tc2/source/Cargo.toml
[INFO] crate crates.io crate quill_delta_pdf 0.1.3 already has a lockfile, it will not be regenerated
[INFO] running `Command { std: CARGO_HOME="/workspace/cargo-home" RUSTUP_HOME="/workspace/rustup-home" "/workspace/cargo-home/bin/cargo" "+beta-2023-12-22" "fetch" "--manifest-path" "Cargo.toml", kill_on_drop: false }`
[INFO] running `Command { std: "docker" "create" "-v" "/var/lib/crater-agent-workspace/builds/worker-4-tc2/target:/opt/rustwide/target:rw,Z" "-v" "/var/lib/crater-agent-workspace/builds/worker-4-tc2/source:/opt/rustwide/workdir:ro,Z" "-v" "/var/lib/crater-agent-workspace/cargo-home:/opt/rustwide/cargo-home:ro,Z" "-v" "/var/lib/crater-agent-workspace/rustup-home:/opt/rustwide/rustup-home:ro,Z" "-e" "SOURCE_DIR=/opt/rustwide/workdir" "-e" "CARGO_TARGET_DIR=/opt/rustwide/target" "-e" "CARGO_HOME=/opt/rustwide/cargo-home" "-e" "RUSTUP_HOME=/opt/rustwide/rustup-home" "-w" "/opt/rustwide/workdir" "-m" "1610612736" "--user" "0:0" "--network" "none" "ghcr.io/rust-lang/crates-build-env/linux@sha256:2788e3201cd34a07e3172128adcd8b3090168a8e3bcc40d7c032b9dda1df7d1c" "/opt/rustwide/cargo-home/bin/cargo" "+beta-2023-12-22" "metadata" "--no-deps" "--format-version=1", kill_on_drop: false }`
[INFO] [stdout] 2206a12dcaadede2acb0f58dd238e3b14e352a0dbf88ab6d4d9b3582483a6940
[INFO] running `Command { std: "docker" "start" "-a" "2206a12dcaadede2acb0f58dd238e3b14e352a0dbf88ab6d4d9b3582483a6940", kill_on_drop: false }`
[INFO] running `Command { std: "docker" "inspect" "2206a12dcaadede2acb0f58dd238e3b14e352a0dbf88ab6d4d9b3582483a6940", kill_on_drop: false }`
[INFO] running `Command { std: "docker" "rm" "-f" "2206a12dcaadede2acb0f58dd238e3b14e352a0dbf88ab6d4d9b3582483a6940", kill_on_drop: false }`
[INFO] [stdout] 2206a12dcaadede2acb0f58dd238e3b14e352a0dbf88ab6d4d9b3582483a6940
[INFO] running `Command { std: "docker" "create" "-v" "/var/lib/crater-agent-workspace/builds/worker-4-tc2/target:/opt/rustwide/target:rw,Z" "-v" "/var/lib/crater-agent-workspace/builds/worker-4-tc2/source:/opt/rustwide/workdir:ro,Z" "-v" "/var/lib/crater-agent-workspace/cargo-home:/opt/rustwide/cargo-home:ro,Z" "-v" "/var/lib/crater-agent-workspace/rustup-home:/opt/rustwide/rustup-home:ro,Z" "-e" "SOURCE_DIR=/opt/rustwide/workdir" "-e" "CARGO_TARGET_DIR=/opt/rustwide/target" "-e" "CARGO_INCREMENTAL=0" "-e" "RUST_BACKTRACE=full" "-e" "RUSTFLAGS=--cap-lints=warn" "-e" "RUSTDOCFLAGS=--cap-lints=warn" "-e" "CARGO_HOME=/opt/rustwide/cargo-home" "-e" "RUSTUP_HOME=/opt/rustwide/rustup-home" "-w" "/opt/rustwide/workdir" "-m" "1610612736" "--user" "0:0" "--network" "none" "ghcr.io/rust-lang/crates-build-env/linux@sha256:2788e3201cd34a07e3172128adcd8b3090168a8e3bcc40d7c032b9dda1df7d1c" "/opt/rustwide/cargo-home/bin/cargo" "+beta-2023-12-22" "build" "--frozen" "--message-format=json", kill_on_drop: false }`
[INFO] [stdout] 37bf8481fd38208eefb549c83769ffb1db269a88a23bdad245966716cc0de0f0
[INFO] running `Command { std: "docker" "start" "-a" "37bf8481fd38208eefb549c83769ffb1db269a88a23bdad245966716cc0de0f0", kill_on_drop: false }`
[INFO] [stderr]    Compiling num-traits v0.2.17
[INFO] [stderr]    Compiling syn v1.0.109
[INFO] [stderr]    Compiling encoding_index_tests v0.1.4
[INFO] [stderr]    Compiling proc-macro-hack v0.5.20+deprecated
[INFO] [stderr]    Compiling num-integer v0.1.45
[INFO] [stderr]    Compiling syn v2.0.38
[INFO] [stderr]    Compiling miniz_oxide v0.4.4
[INFO] [stderr]    Compiling adler32 v1.2.0
[INFO] [stderr]    Compiling libc v0.2.149
[INFO] [stderr]    Compiling time v0.2.27
[INFO] [stderr]    Compiling num-rational v0.3.2
[INFO] [stderr]    Compiling num-iter v0.1.43
[INFO] [stderr]    Compiling fnv v1.0.7
[INFO] [stderr]    Compiling weezl v0.1.7
[INFO] [stderr]    Compiling memchr v2.6.4
[INFO] [stderr]    Compiling ident_case v1.0.1
[INFO] [stderr]    Compiling regex-automata v0.4.3
[INFO] [stderr]    Compiling miniz_oxide v0.3.7
[INFO] [stderr]    Compiling bstr v1.7.0
[INFO] [stderr]    Compiling deflate v0.8.6
[INFO] [stderr]    Compiling encoding-index-tradchinese v1.20141219.5
[INFO] [stderr]    Compiling encoding-index-simpchinese v1.20141219.5
[INFO] [stderr]    Compiling encoding-index-korean v1.20141219.5
[INFO] [stderr]    Compiling encoding-index-singlebyte v1.20141219.5
[INFO] [stderr]    Compiling encoding-index-japanese v1.20141219.5
[INFO] [stderr]    Compiling miniz_oxide v0.7.1
[INFO] [stderr]    Compiling iana-time-zone v0.1.58
[INFO] [stderr]    Compiling jpeg-decoder v0.1.22
[INFO] [stderr]    Compiling color_quant v1.1.0
[INFO] [stderr]    Compiling chrono v0.4.31
[INFO] [stderr]    Compiling gif v0.11.4
[INFO] [stderr]    Compiling png v0.16.8
[INFO] [stderr]    Compiling encoding v0.2.33
[INFO] [stderr]    Compiling darling_core v0.20.3
[INFO] [stderr]    Compiling tiff v0.6.1
[INFO] [stderr]    Compiling flate2 v1.0.28
[INFO] [stderr]    Compiling pom v3.3.0
[INFO] [stderr]    Compiling approx v0.3.2
[INFO] [stderr]    Compiling time-macros-impl v0.1.2
[INFO] [stderr]    Compiling ordered-float v1.1.1
[INFO] [stderr]    Compiling stb_truetype v0.3.1
[INFO] [stderr]    Compiling lzw v0.10.0
[INFO] [stderr]    Compiling linked-hash-map v0.5.6
[INFO] [stderr]    Compiling dtoa v0.4.8
[INFO] [stderr]    Compiling itoa v0.4.8
[INFO] [stderr]    Compiling bytemuck v1.14.0
[INFO] [stderr]    Compiling rusttype v0.8.3
[INFO] [stderr]    Compiling serde_json v1.0.108
[INFO] [stderr]    Compiling image v0.23.14
[INFO] [stderr]    Compiling derive_more v0.99.17
[INFO] [stderr]    Compiling time-macros v0.1.1
[INFO] [stderr]    Compiling serde_derive v1.0.193
[INFO] [stderr]    Compiling darling_macro v0.20.3
[INFO] [stderr]    Compiling lopdf v0.26.0
[INFO] [stderr]    Compiling darling v0.20.3
[INFO] [stderr]    Compiling serde_with_macros v3.4.0
[INFO] [stderr]    Compiling printpdf v0.3.4
[INFO] [stderr]    Compiling genpdf v0.2.0
[INFO] [stderr]    Compiling serde v1.0.193
[INFO] [stderr]    Compiling url v2.4.1
[INFO] [stderr]    Compiling serde_with v3.4.0
[INFO] [stderr]    Compiling quill_delta_pdf v0.1.3 (/opt/rustwide/workdir)
[INFO] [stderr]     Finished dev [unoptimized + debuginfo] target(s) in 21.22s
[INFO] running `Command { std: "docker" "inspect" "37bf8481fd38208eefb549c83769ffb1db269a88a23bdad245966716cc0de0f0", kill_on_drop: false }`
[INFO] running `Command { std: "docker" "rm" "-f" "37bf8481fd38208eefb549c83769ffb1db269a88a23bdad245966716cc0de0f0", kill_on_drop: false }`
[INFO] [stdout] 37bf8481fd38208eefb549c83769ffb1db269a88a23bdad245966716cc0de0f0
[INFO] running `Command { std: "docker" "create" "-v" "/var/lib/crater-agent-workspace/builds/worker-4-tc2/target:/opt/rustwide/target:rw,Z" "-v" "/var/lib/crater-agent-workspace/builds/worker-4-tc2/source:/opt/rustwide/workdir:ro,Z" "-v" "/var/lib/crater-agent-workspace/cargo-home:/opt/rustwide/cargo-home:ro,Z" "-v" "/var/lib/crater-agent-workspace/rustup-home:/opt/rustwide/rustup-home:ro,Z" "-e" "SOURCE_DIR=/opt/rustwide/workdir" "-e" "CARGO_TARGET_DIR=/opt/rustwide/target" "-e" "CARGO_INCREMENTAL=0" "-e" "RUST_BACKTRACE=full" "-e" "RUSTFLAGS=--cap-lints=warn" "-e" "RUSTDOCFLAGS=--cap-lints=warn" "-e" "CARGO_HOME=/opt/rustwide/cargo-home" "-e" "RUSTUP_HOME=/opt/rustwide/rustup-home" "-w" "/opt/rustwide/workdir" "-m" "1610612736" "--user" "0:0" "--network" "none" "ghcr.io/rust-lang/crates-build-env/linux@sha256:2788e3201cd34a07e3172128adcd8b3090168a8e3bcc40d7c032b9dda1df7d1c" "/opt/rustwide/cargo-home/bin/cargo" "+beta-2023-12-22" "test" "--frozen" "--no-run" "--message-format=json", kill_on_drop: false }`
[INFO] [stdout] f04ee986a13b6e33f7387eb26cd3b79aa697ef8122af2421991ee46a92a0c1ad
[INFO] running `Command { std: "docker" "start" "-a" "f04ee986a13b6e33f7387eb26cd3b79aa697ef8122af2421991ee46a92a0c1ad", kill_on_drop: false }`
[INFO] [stderr]    Compiling quill_delta_pdf v0.1.3 (/opt/rustwide/workdir)
[INFO] [stderr]     Finished test [unoptimized + debuginfo] target(s) in 2.54s
[INFO] running `Command { std: "docker" "inspect" "f04ee986a13b6e33f7387eb26cd3b79aa697ef8122af2421991ee46a92a0c1ad", kill_on_drop: false }`
[INFO] running `Command { std: "docker" "rm" "-f" "f04ee986a13b6e33f7387eb26cd3b79aa697ef8122af2421991ee46a92a0c1ad", kill_on_drop: false }`
[INFO] [stdout] f04ee986a13b6e33f7387eb26cd3b79aa697ef8122af2421991ee46a92a0c1ad
[INFO] running `Command { std: "docker" "create" "-v" "/var/lib/crater-agent-workspace/builds/worker-4-tc2/target:/opt/rustwide/target:rw,Z" "-v" "/var/lib/crater-agent-workspace/builds/worker-4-tc2/source:/opt/rustwide/workdir:ro,Z" "-v" "/var/lib/crater-agent-workspace/cargo-home:/opt/rustwide/cargo-home:ro,Z" "-v" "/var/lib/crater-agent-workspace/rustup-home:/opt/rustwide/rustup-home:ro,Z" "-e" "SOURCE_DIR=/opt/rustwide/workdir" "-e" "CARGO_TARGET_DIR=/opt/rustwide/target" "-e" "CARGO_INCREMENTAL=0" "-e" "RUST_BACKTRACE=full" "-e" "RUSTFLAGS=--cap-lints=warn" "-e" "RUSTDOCFLAGS=--cap-lints=warn" "-e" "CARGO_HOME=/opt/rustwide/cargo-home" "-e" "RUSTUP_HOME=/opt/rustwide/rustup-home" "-w" "/opt/rustwide/workdir" "-m" "1610612736" "--user" "0:0" "--network" "none" "ghcr.io/rust-lang/crates-build-env/linux@sha256:2788e3201cd34a07e3172128adcd8b3090168a8e3bcc40d7c032b9dda1df7d1c" "/opt/rustwide/cargo-home/bin/cargo" "+beta-2023-12-22" "test" "--frozen", kill_on_drop: false }`
[INFO] [stdout] 1ab4c3e71816ad76df77a12c645d675f272407be63a7d70417acb2ff6896a29d
[INFO] running `Command { std: "docker" "start" "-a" "1ab4c3e71816ad76df77a12c645d675f272407be63a7d70417acb2ff6896a29d", kill_on_drop: false }`
[INFO] [stderr]     Finished test [unoptimized + debuginfo] target(s) in 0.08s
[INFO] [stderr]      Running unittests src/lib.rs (/opt/rustwide/target/debug/deps/quill_delta_pdf-16a9b5a9c360b1ee)
[INFO] [stdout] 
[INFO] [stderr]    Doc-tests quill_delta_pdf
[INFO] [stdout] running 0 tests
[INFO] [stdout] 
[INFO] [stdout] test result: ok. 0 passed; 0 failed; 0 ignored; 0 measured; 0 filtered out; finished in 0.00s
[INFO] [stdout] 
[INFO] [stdout] 
[INFO] [stdout] running 1 test
[INFO] [stdout] test src/lib.rs - (line 18) ... FAILED
[INFO] [stdout] 
[INFO] [stdout] failures:
[INFO] [stdout] 
[INFO] [stdout] ---- src/lib.rs - (line 18) stdout ----
[INFO] [stdout] Test executable failed (exit status: 1).
[INFO] [stdout] 
[INFO] [stdout] stderr:
[INFO] [stdout] Error: Error { msg: "Failed to open font file ./fonts/Inter-Regular.ttf", kind: IoError(Os { code: 2, kind: NotFound, message: "No such file or directory" }) }
[INFO] [stdout] 
[INFO] [stdout] 
[INFO] [stdout] 
[INFO] [stdout] failures:
[INFO] [stdout]     src/lib.rs - (line 18)
[INFO] [stdout] 
[INFO] [stdout] test result: FAILED. 0 passed; 1 failed; 0 ignored; 0 measured; 0 filtered out; finished in 2.19s
[INFO] [stdout] 
[INFO] [stderr] error: doctest failed, to rerun pass `--doc`
[INFO] running `Command { std: "docker" "inspect" "1ab4c3e71816ad76df77a12c645d675f272407be63a7d70417acb2ff6896a29d", kill_on_drop: false }`
[INFO] running `Command { std: "docker" "rm" "-f" "1ab4c3e71816ad76df77a12c645d675f272407be63a7d70417acb2ff6896a29d", kill_on_drop: false }`
[INFO] [stdout] 1ab4c3e71816ad76df77a12c645d675f272407be63a7d70417acb2ff6896a29d
