[INFO] fetching crate quetta 0.1.0...
[INFO] testing quetta-0.1.0 against 1.75.0 for beta-1.76-1
[INFO] extracting crate quetta 0.1.0 into /workspace/builds/worker-6-tc1/source
[INFO] validating manifest of crates.io crate quetta 0.1.0 on toolchain 1.75.0
[INFO] running `Command { std: CARGO_HOME="/workspace/cargo-home" RUSTUP_HOME="/workspace/rustup-home" "/workspace/cargo-home/bin/cargo" "+1.75.0" "metadata" "--manifest-path" "Cargo.toml" "--no-deps", kill_on_drop: false }`
[INFO] started tweaking crates.io crate quetta 0.1.0
[INFO] finished tweaking crates.io crate quetta 0.1.0
[INFO] tweaked toml for crates.io crate quetta 0.1.0 written to /workspace/builds/worker-6-tc1/source/Cargo.toml
[INFO] running `Command { std: CARGO_HOME="/workspace/cargo-home" RUSTUP_HOME="/workspace/rustup-home" "/workspace/cargo-home/bin/cargo" "+1.75.0" "generate-lockfile" "--manifest-path" "Cargo.toml", kill_on_drop: false }`
[INFO] [stderr]     Blocking waiting for file lock on package cache
[INFO] running `Command { std: CARGO_HOME="/workspace/cargo-home" RUSTUP_HOME="/workspace/rustup-home" "/workspace/cargo-home/bin/cargo" "+1.75.0" "fetch" "--manifest-path" "Cargo.toml", kill_on_drop: false }`
[INFO] running `Command { std: "docker" "create" "-v" "/var/lib/crater-agent-workspace/builds/worker-6-tc1/target:/opt/rustwide/target:rw,Z" "-v" "/var/lib/crater-agent-workspace/builds/worker-6-tc1/source:/opt/rustwide/workdir:ro,Z" "-v" "/var/lib/crater-agent-workspace/cargo-home:/opt/rustwide/cargo-home:ro,Z" "-v" "/var/lib/crater-agent-workspace/rustup-home:/opt/rustwide/rustup-home:ro,Z" "-e" "SOURCE_DIR=/opt/rustwide/workdir" "-e" "CARGO_TARGET_DIR=/opt/rustwide/target" "-e" "CARGO_HOME=/opt/rustwide/cargo-home" "-e" "RUSTUP_HOME=/opt/rustwide/rustup-home" "-w" "/opt/rustwide/workdir" "-m" "1610612736" "--user" "0:0" "--network" "none" "ghcr.io/rust-lang/crates-build-env/linux@sha256:2788e3201cd34a07e3172128adcd8b3090168a8e3bcc40d7c032b9dda1df7d1c" "/opt/rustwide/cargo-home/bin/cargo" "+1.75.0" "metadata" "--no-deps" "--format-version=1", kill_on_drop: false }`
[INFO] [stdout] 5dcb4c644173e3cd1b628dfc588fe6384f407b58b8ec4734b88d7f3b97acc6fb
[INFO] running `Command { std: "docker" "start" "-a" "5dcb4c644173e3cd1b628dfc588fe6384f407b58b8ec4734b88d7f3b97acc6fb", kill_on_drop: false }`
[INFO] running `Command { std: "docker" "inspect" "5dcb4c644173e3cd1b628dfc588fe6384f407b58b8ec4734b88d7f3b97acc6fb", kill_on_drop: false }`
[INFO] running `Command { std: "docker" "rm" "-f" "5dcb4c644173e3cd1b628dfc588fe6384f407b58b8ec4734b88d7f3b97acc6fb", kill_on_drop: false }`
[INFO] [stdout] 5dcb4c644173e3cd1b628dfc588fe6384f407b58b8ec4734b88d7f3b97acc6fb
[INFO] running `Command { std: "docker" "create" "-v" "/var/lib/crater-agent-workspace/builds/worker-6-tc1/target:/opt/rustwide/target:rw,Z" "-v" "/var/lib/crater-agent-workspace/builds/worker-6-tc1/source:/opt/rustwide/workdir:ro,Z" "-v" "/var/lib/crater-agent-workspace/cargo-home:/opt/rustwide/cargo-home:ro,Z" "-v" "/var/lib/crater-agent-workspace/rustup-home:/opt/rustwide/rustup-home:ro,Z" "-e" "SOURCE_DIR=/opt/rustwide/workdir" "-e" "CARGO_TARGET_DIR=/opt/rustwide/target" "-e" "CARGO_INCREMENTAL=0" "-e" "RUST_BACKTRACE=full" "-e" "RUSTFLAGS=--cap-lints=warn" "-e" "RUSTDOCFLAGS=--cap-lints=warn" "-e" "CARGO_HOME=/opt/rustwide/cargo-home" "-e" "RUSTUP_HOME=/opt/rustwide/rustup-home" "-w" "/opt/rustwide/workdir" "-m" "1610612736" "--user" "0:0" "--network" "none" "ghcr.io/rust-lang/crates-build-env/linux@sha256:2788e3201cd34a07e3172128adcd8b3090168a8e3bcc40d7c032b9dda1df7d1c" "/opt/rustwide/cargo-home/bin/cargo" "+1.75.0" "build" "--frozen" "--message-format=json", kill_on_drop: false }`
[INFO] [stdout] 228507afc5e928b574d773c91e2ecb136e1cd9d6389d93cffee499104094a5be
[INFO] running `Command { std: "docker" "start" "-a" "228507afc5e928b574d773c91e2ecb136e1cd9d6389d93cffee499104094a5be", kill_on_drop: false }`
[INFO] [stderr]    Compiling quetta v0.1.0 (/opt/rustwide/workdir)
[INFO] [stderr]     Finished dev [unoptimized + debuginfo] target(s) in 0.27s
[INFO] running `Command { std: "docker" "inspect" "228507afc5e928b574d773c91e2ecb136e1cd9d6389d93cffee499104094a5be", kill_on_drop: false }`
[INFO] running `Command { std: "docker" "rm" "-f" "228507afc5e928b574d773c91e2ecb136e1cd9d6389d93cffee499104094a5be", kill_on_drop: false }`
[INFO] [stdout] 228507afc5e928b574d773c91e2ecb136e1cd9d6389d93cffee499104094a5be
[INFO] running `Command { std: "docker" "create" "-v" "/var/lib/crater-agent-workspace/builds/worker-6-tc1/target:/opt/rustwide/target:rw,Z" "-v" "/var/lib/crater-agent-workspace/builds/worker-6-tc1/source:/opt/rustwide/workdir:ro,Z" "-v" "/var/lib/crater-agent-workspace/cargo-home:/opt/rustwide/cargo-home:ro,Z" "-v" "/var/lib/crater-agent-workspace/rustup-home:/opt/rustwide/rustup-home:ro,Z" "-e" "SOURCE_DIR=/opt/rustwide/workdir" "-e" "CARGO_TARGET_DIR=/opt/rustwide/target" "-e" "CARGO_INCREMENTAL=0" "-e" "RUST_BACKTRACE=full" "-e" "RUSTFLAGS=--cap-lints=warn" "-e" "RUSTDOCFLAGS=--cap-lints=warn" "-e" "CARGO_HOME=/opt/rustwide/cargo-home" "-e" "RUSTUP_HOME=/opt/rustwide/rustup-home" "-w" "/opt/rustwide/workdir" "-m" "1610612736" "--user" "0:0" "--network" "none" "ghcr.io/rust-lang/crates-build-env/linux@sha256:2788e3201cd34a07e3172128adcd8b3090168a8e3bcc40d7c032b9dda1df7d1c" "/opt/rustwide/cargo-home/bin/cargo" "+1.75.0" "test" "--frozen" "--no-run" "--message-format=json", kill_on_drop: false }`
[INFO] [stdout] 451b80448dc3dbc343fb05ab5d59b59b6b22dac6797e1276f6635296e820cb8d
[INFO] running `Command { std: "docker" "start" "-a" "451b80448dc3dbc343fb05ab5d59b59b6b22dac6797e1276f6635296e820cb8d", kill_on_drop: false }`
[INFO] [stderr]    Compiling quetta v0.1.0 (/opt/rustwide/workdir)
[INFO] [stderr]     Finished test [unoptimized + debuginfo] target(s) in 0.61s
[INFO] running `Command { std: "docker" "inspect" "451b80448dc3dbc343fb05ab5d59b59b6b22dac6797e1276f6635296e820cb8d", kill_on_drop: false }`
[INFO] running `Command { std: "docker" "rm" "-f" "451b80448dc3dbc343fb05ab5d59b59b6b22dac6797e1276f6635296e820cb8d", kill_on_drop: false }`
[INFO] [stdout] 451b80448dc3dbc343fb05ab5d59b59b6b22dac6797e1276f6635296e820cb8d
[INFO] running `Command { std: "docker" "create" "-v" "/var/lib/crater-agent-workspace/builds/worker-6-tc1/target:/opt/rustwide/target:rw,Z" "-v" "/var/lib/crater-agent-workspace/builds/worker-6-tc1/source:/opt/rustwide/workdir:ro,Z" "-v" "/var/lib/crater-agent-workspace/cargo-home:/opt/rustwide/cargo-home:ro,Z" "-v" "/var/lib/crater-agent-workspace/rustup-home:/opt/rustwide/rustup-home:ro,Z" "-e" "SOURCE_DIR=/opt/rustwide/workdir" "-e" "CARGO_TARGET_DIR=/opt/rustwide/target" "-e" "CARGO_INCREMENTAL=0" "-e" "RUST_BACKTRACE=full" "-e" "RUSTFLAGS=--cap-lints=warn" "-e" "RUSTDOCFLAGS=--cap-lints=warn" "-e" "CARGO_HOME=/opt/rustwide/cargo-home" "-e" "RUSTUP_HOME=/opt/rustwide/rustup-home" "-w" "/opt/rustwide/workdir" "-m" "1610612736" "--user" "0:0" "--network" "none" "ghcr.io/rust-lang/crates-build-env/linux@sha256:2788e3201cd34a07e3172128adcd8b3090168a8e3bcc40d7c032b9dda1df7d1c" "/opt/rustwide/cargo-home/bin/cargo" "+1.75.0" "test" "--frozen", kill_on_drop: false }`
[INFO] [stdout] 490321b904a2dc749da331d1906d8570abbd580dba272418e6d4bccbc36e08bb
[INFO] running `Command { std: "docker" "start" "-a" "490321b904a2dc749da331d1906d8570abbd580dba272418e6d4bccbc36e08bb", kill_on_drop: false }`
[INFO] [stderr]     Finished test [unoptimized + debuginfo] target(s) in 0.02s
[INFO] [stderr]      Running unittests src/lib.rs (/opt/rustwide/target/debug/deps/quetta-739fd7cb7fb07a6a)
[INFO] [stdout] 
[INFO] [stdout] running 5 tests
[INFO] [stdout] test tests::test_lift_many ... ok
[INFO] [stdout] test tests::test_slice1 ... ok
[INFO] [stdout] test tests::test_lift ... ok
[INFO] [stdout] test tests::test_invalid_slices1 - should panic ... ok
[INFO] [stdout] test tests::test_invalid_slices2 - should panic ... ok
[INFO] [stdout] 
[INFO] [stdout] test result: ok. 5 passed; 0 failed; 0 ignored; 0 measured; 0 filtered out; finished in 0.08s
[INFO] [stdout] 
[INFO] [stderr]    Doc-tests quetta
[INFO] [stdout] 
[INFO] [stdout] running 11 tests
[INFO] [stdout] test src/lib.rs - Text::lift (line 298) ... FAILED
[INFO] [stdout] test src/lib.rs - Text::try_lift (line 281) ... FAILED
[INFO] [stdout] test src/lib.rs - Text::is_empty (line 234) ... ok
[INFO] [stdout] test src/lib.rs - Text::lift_slice (line 264) ... ok
[INFO] [stdout] test src/lib.rs - Text::slice (line 207) ... ok
[INFO] [stdout] test src/lib.rs - Text::try_lift_slice (line 248) ... ok
[INFO] [stdout] test src/lib.rs - Text::substring (line 174) ... ok
[INFO] [stdout] test src/lib.rs - Text::len (line 221) ... ok
[INFO] [stdout] test src/lib.rs - Text::lift_many (line 338) ... ok
[INFO] [stdout] test src/lib.rs - Text::try_lift_many (line 315) ... ok
[INFO] [stdout] test src/lib.rs - (line 11) ... ok
[INFO] [stderr] error: doctest failed, to rerun pass `--doc`
[INFO] [stdout] 
[INFO] [stdout] failures:
[INFO] [stdout] 
[INFO] [stdout] ---- src/lib.rs - Text::lift (line 298) stdout ----
[INFO] [stdout] error[E0277]: the `?` operator can only be used in a function that returns `Result` or `Option` (or another type that implements `FromResidual`)
[INFO] [stdout]  --> src/lib.rs:303:42
[INFO] [stdout]   |
[INFO] [stdout] 4 | fn main() { #[allow(non_snake_case)] fn _doctest_main_src_lib_rs_298_0() {
[INFO] [stdout]   |                                      ----------------------------------- this function should return `Result` or `Option` to accept `?`
[INFO] [stdout] ...
[INFO] [stdout] 8 | let trimmed = text.try_lift(|t| t.trim())?;
[INFO] [stdout]   |                                          ^ cannot use the `?` operator in a function that returns `()`
[INFO] [stdout]   |
[INFO] [stdout]   = help: the trait `FromResidual<Option<Infallible>>` is not implemented for `()`
[INFO] [stdout] 
[INFO] [stdout] error: aborting due to previous error
[INFO] [stdout] 
[INFO] [stdout] For more information about this error, try `rustc --explain E0277`.
[INFO] [stdout] Couldn't compile the test.
[INFO] [stdout] ---- src/lib.rs - Text::try_lift (line 281) stdout ----
[INFO] [stdout] error[E0277]: the `?` operator can only be used in a function that returns `Result` or `Option` (or another type that implements `FromResidual`)
[INFO] [stdout]  --> src/lib.rs:286:42
[INFO] [stdout]   |
[INFO] [stdout] 4 | fn main() { #[allow(non_snake_case)] fn _doctest_main_src_lib_rs_281_0() {
[INFO] [stdout]   |                                      ----------------------------------- this function should return `Result` or `Option` to accept `?`
[INFO] [stdout] ...
[INFO] [stdout] 8 | let trimmed = text.try_lift(|t| t.trim())?;
[INFO] [stdout]   |                                          ^ cannot use the `?` operator in a function that returns `()`
[INFO] [stdout]   |
[INFO] [stdout]   = help: the trait `FromResidual<Option<Infallible>>` is not implemented for `()`
[INFO] [stdout] 
[INFO] [stdout] error: aborting due to previous error
[INFO] [stdout] 
[INFO] [stdout] For more information about this error, try `rustc --explain E0277`.
[INFO] [stdout] Couldn't compile the test.
[INFO] [stdout] 
[INFO] [stdout] failures:
[INFO] [stdout]     src/lib.rs - Text::lift (line 298)
[INFO] [stdout]     src/lib.rs - Text::try_lift (line 281)
[INFO] [stdout] 
[INFO] [stdout] test result: FAILED. 9 passed; 2 failed; 0 ignored; 0 measured; 0 filtered out; finished in 1.29s
[INFO] [stdout] 
[INFO] running `Command { std: "docker" "inspect" "490321b904a2dc749da331d1906d8570abbd580dba272418e6d4bccbc36e08bb", kill_on_drop: false }`
[INFO] running `Command { std: "docker" "rm" "-f" "490321b904a2dc749da331d1906d8570abbd580dba272418e6d4bccbc36e08bb", kill_on_drop: false }`
[INFO] [stdout] 490321b904a2dc749da331d1906d8570abbd580dba272418e6d4bccbc36e08bb
[INFO] testing quetta-0.1.0 against beta-2023-12-22 for beta-1.76-1
[INFO] extracting crate quetta 0.1.0 into /workspace/builds/worker-6-tc2/source
[INFO] validating manifest of crates.io crate quetta 0.1.0 on toolchain beta-2023-12-22
[INFO] running `Command { std: CARGO_HOME="/workspace/cargo-home" RUSTUP_HOME="/workspace/rustup-home" "/workspace/cargo-home/bin/cargo" "+beta-2023-12-22" "metadata" "--manifest-path" "Cargo.toml" "--no-deps", kill_on_drop: false }`
[INFO] started tweaking crates.io crate quetta 0.1.0
[INFO] finished tweaking crates.io crate quetta 0.1.0
[INFO] tweaked toml for crates.io crate quetta 0.1.0 written to /workspace/builds/worker-6-tc2/source/Cargo.toml
[INFO] running `Command { std: CARGO_HOME="/workspace/cargo-home" RUSTUP_HOME="/workspace/rustup-home" "/workspace/cargo-home/bin/cargo" "+beta-2023-12-22" "generate-lockfile" "--manifest-path" "Cargo.toml", kill_on_drop: false }`
[INFO] running `Command { std: CARGO_HOME="/workspace/cargo-home" RUSTUP_HOME="/workspace/rustup-home" "/workspace/cargo-home/bin/cargo" "+beta-2023-12-22" "fetch" "--manifest-path" "Cargo.toml", kill_on_drop: false }`
[INFO] running `Command { std: "docker" "create" "-v" "/var/lib/crater-agent-workspace/builds/worker-6-tc2/target:/opt/rustwide/target:rw,Z" "-v" "/var/lib/crater-agent-workspace/builds/worker-6-tc2/source:/opt/rustwide/workdir:ro,Z" "-v" "/var/lib/crater-agent-workspace/cargo-home:/opt/rustwide/cargo-home:ro,Z" "-v" "/var/lib/crater-agent-workspace/rustup-home:/opt/rustwide/rustup-home:ro,Z" "-e" "SOURCE_DIR=/opt/rustwide/workdir" "-e" "CARGO_TARGET_DIR=/opt/rustwide/target" "-e" "CARGO_HOME=/opt/rustwide/cargo-home" "-e" "RUSTUP_HOME=/opt/rustwide/rustup-home" "-w" "/opt/rustwide/workdir" "-m" "1610612736" "--user" "0:0" "--network" "none" "ghcr.io/rust-lang/crates-build-env/linux@sha256:2788e3201cd34a07e3172128adcd8b3090168a8e3bcc40d7c032b9dda1df7d1c" "/opt/rustwide/cargo-home/bin/cargo" "+beta-2023-12-22" "metadata" "--no-deps" "--format-version=1", kill_on_drop: false }`
[INFO] [stdout] 6d11670236c0ef4f69c09ea9ccf3606029eb6568e413e193d995834eb74aa312
[INFO] running `Command { std: "docker" "start" "-a" "6d11670236c0ef4f69c09ea9ccf3606029eb6568e413e193d995834eb74aa312", kill_on_drop: false }`
[INFO] running `Command { std: "docker" "inspect" "6d11670236c0ef4f69c09ea9ccf3606029eb6568e413e193d995834eb74aa312", kill_on_drop: false }`
[INFO] running `Command { std: "docker" "rm" "-f" "6d11670236c0ef4f69c09ea9ccf3606029eb6568e413e193d995834eb74aa312", kill_on_drop: false }`
[INFO] [stdout] 6d11670236c0ef4f69c09ea9ccf3606029eb6568e413e193d995834eb74aa312
[INFO] running `Command { std: "docker" "create" "-v" "/var/lib/crater-agent-workspace/builds/worker-6-tc2/target:/opt/rustwide/target:rw,Z" "-v" "/var/lib/crater-agent-workspace/builds/worker-6-tc2/source:/opt/rustwide/workdir:ro,Z" "-v" "/var/lib/crater-agent-workspace/cargo-home:/opt/rustwide/cargo-home:ro,Z" "-v" "/var/lib/crater-agent-workspace/rustup-home:/opt/rustwide/rustup-home:ro,Z" "-e" "SOURCE_DIR=/opt/rustwide/workdir" "-e" "CARGO_TARGET_DIR=/opt/rustwide/target" "-e" "CARGO_INCREMENTAL=0" "-e" "RUST_BACKTRACE=full" "-e" "RUSTFLAGS=--cap-lints=warn" "-e" "RUSTDOCFLAGS=--cap-lints=warn" "-e" "CARGO_HOME=/opt/rustwide/cargo-home" "-e" "RUSTUP_HOME=/opt/rustwide/rustup-home" "-w" "/opt/rustwide/workdir" "-m" "1610612736" "--user" "0:0" "--network" "none" "ghcr.io/rust-lang/crates-build-env/linux@sha256:2788e3201cd34a07e3172128adcd8b3090168a8e3bcc40d7c032b9dda1df7d1c" "/opt/rustwide/cargo-home/bin/cargo" "+beta-2023-12-22" "build" "--frozen" "--message-format=json", kill_on_drop: false }`
[INFO] [stdout] c222597a3e8734a0958ca73d5d443f1bfab91f170e0659f7f096c5df08e73b8b
[INFO] running `Command { std: "docker" "start" "-a" "c222597a3e8734a0958ca73d5d443f1bfab91f170e0659f7f096c5df08e73b8b", kill_on_drop: false }`
[INFO] [stderr]    Compiling quetta v0.1.0 (/opt/rustwide/workdir)
[INFO] [stderr]     Finished dev [unoptimized + debuginfo] target(s) in 0.22s
[INFO] running `Command { std: "docker" "inspect" "c222597a3e8734a0958ca73d5d443f1bfab91f170e0659f7f096c5df08e73b8b", kill_on_drop: false }`
[INFO] running `Command { std: "docker" "rm" "-f" "c222597a3e8734a0958ca73d5d443f1bfab91f170e0659f7f096c5df08e73b8b", kill_on_drop: false }`
[INFO] [stdout] c222597a3e8734a0958ca73d5d443f1bfab91f170e0659f7f096c5df08e73b8b
[INFO] running `Command { std: "docker" "create" "-v" "/var/lib/crater-agent-workspace/builds/worker-6-tc2/target:/opt/rustwide/target:rw,Z" "-v" "/var/lib/crater-agent-workspace/builds/worker-6-tc2/source:/opt/rustwide/workdir:ro,Z" "-v" "/var/lib/crater-agent-workspace/cargo-home:/opt/rustwide/cargo-home:ro,Z" "-v" "/var/lib/crater-agent-workspace/rustup-home:/opt/rustwide/rustup-home:ro,Z" "-e" "SOURCE_DIR=/opt/rustwide/workdir" "-e" "CARGO_TARGET_DIR=/opt/rustwide/target" "-e" "CARGO_INCREMENTAL=0" "-e" "RUST_BACKTRACE=full" "-e" "RUSTFLAGS=--cap-lints=warn" "-e" "RUSTDOCFLAGS=--cap-lints=warn" "-e" "CARGO_HOME=/opt/rustwide/cargo-home" "-e" "RUSTUP_HOME=/opt/rustwide/rustup-home" "-w" "/opt/rustwide/workdir" "-m" "1610612736" "--user" "0:0" "--network" "none" "ghcr.io/rust-lang/crates-build-env/linux@sha256:2788e3201cd34a07e3172128adcd8b3090168a8e3bcc40d7c032b9dda1df7d1c" "/opt/rustwide/cargo-home/bin/cargo" "+beta-2023-12-22" "test" "--frozen" "--no-run" "--message-format=json", kill_on_drop: false }`
[INFO] [stdout] 329ead01e0b511c972c98c1ae93a1ec3b8502c5524db48d49a92312e1990c634
[INFO] running `Command { std: "docker" "start" "-a" "329ead01e0b511c972c98c1ae93a1ec3b8502c5524db48d49a92312e1990c634", kill_on_drop: false }`
[INFO] [stderr]    Compiling quetta v0.1.0 (/opt/rustwide/workdir)
[INFO] [stderr]     Finished test [unoptimized + debuginfo] target(s) in 0.72s
[INFO] running `Command { std: "docker" "inspect" "329ead01e0b511c972c98c1ae93a1ec3b8502c5524db48d49a92312e1990c634", kill_on_drop: false }`
[INFO] running `Command { std: "docker" "rm" "-f" "329ead01e0b511c972c98c1ae93a1ec3b8502c5524db48d49a92312e1990c634", kill_on_drop: false }`
[INFO] [stdout] 329ead01e0b511c972c98c1ae93a1ec3b8502c5524db48d49a92312e1990c634
[INFO] running `Command { std: "docker" "create" "-v" "/var/lib/crater-agent-workspace/builds/worker-6-tc2/target:/opt/rustwide/target:rw,Z" "-v" "/var/lib/crater-agent-workspace/builds/worker-6-tc2/source:/opt/rustwide/workdir:ro,Z" "-v" "/var/lib/crater-agent-workspace/cargo-home:/opt/rustwide/cargo-home:ro,Z" "-v" "/var/lib/crater-agent-workspace/rustup-home:/opt/rustwide/rustup-home:ro,Z" "-e" "SOURCE_DIR=/opt/rustwide/workdir" "-e" "CARGO_TARGET_DIR=/opt/rustwide/target" "-e" "CARGO_INCREMENTAL=0" "-e" "RUST_BACKTRACE=full" "-e" "RUSTFLAGS=--cap-lints=warn" "-e" "RUSTDOCFLAGS=--cap-lints=warn" "-e" "CARGO_HOME=/opt/rustwide/cargo-home" "-e" "RUSTUP_HOME=/opt/rustwide/rustup-home" "-w" "/opt/rustwide/workdir" "-m" "1610612736" "--user" "0:0" "--network" "none" "ghcr.io/rust-lang/crates-build-env/linux@sha256:2788e3201cd34a07e3172128adcd8b3090168a8e3bcc40d7c032b9dda1df7d1c" "/opt/rustwide/cargo-home/bin/cargo" "+beta-2023-12-22" "test" "--frozen", kill_on_drop: false }`
[INFO] [stdout] d0875cd2e386fae46e20c3ffc3b9a050bcea8ddaa948d267f574c3de3e459a8e
[INFO] running `Command { std: "docker" "start" "-a" "d0875cd2e386fae46e20c3ffc3b9a050bcea8ddaa948d267f574c3de3e459a8e", kill_on_drop: false }`
[INFO] [stdout] 
[INFO] [stderr]     Finished test [unoptimized + debuginfo] target(s) in 0.01s
[INFO] [stdout] running 5 tests
[INFO] [stderr]      Running unittests src/lib.rs (/opt/rustwide/target/debug/deps/quetta-b50dce01ed4c2d7d)
[INFO] [stdout] test tests::test_lift_many ... ok
[INFO] [stdout] test tests::test_lift ... ok
[INFO] [stdout] test tests::test_slice1 ... ok
[INFO] [stdout] test tests::test_invalid_slices1 - should panic ... ok
[INFO] [stdout] test tests::test_invalid_slices2 - should panic ... ok
[INFO] [stdout] 
[INFO] [stdout] test result: ok. 5 passed; 0 failed; 0 ignored; 0 measured; 0 filtered out; finished in 0.02s
[INFO] [stdout] 
[INFO] [stderr]    Doc-tests quetta
[INFO] [stdout] 
[INFO] [stdout] running 11 tests
[INFO] [stdout] test src/lib.rs - Text::lift (line 298) ... FAILED
[INFO] [stdout] test src/lib.rs - Text::try_lift (line 281) ... FAILED
[INFO] [stdout] test src/lib.rs - Text::len (line 221) ... ok
[INFO] [stdout] test src/lib.rs - Text::lift_slice (line 264) ... ok
[INFO] [stdout] test src/lib.rs - Text::substring (line 174) ... ok
[INFO] [stdout] test src/lib.rs - Text::is_empty (line 234) ... ok
[INFO] [stdout] test src/lib.rs - (line 11) ... ok
[INFO] [stdout] test src/lib.rs - Text::slice (line 207) ... ok
[INFO] [stdout] test src/lib.rs - Text::lift_many (line 338) ... ok
[INFO] [stdout] test src/lib.rs - Text::try_lift_many (line 315) ... ok
[INFO] [stdout] test src/lib.rs - Text::try_lift_slice (line 248) ... ok
[INFO] [stderr] error: doctest failed, to rerun pass `--doc`
[INFO] [stdout] 
[INFO] [stdout] failures:
[INFO] [stdout] 
[INFO] [stdout] ---- src/lib.rs - Text::lift (line 298) stdout ----
[INFO] [stdout] error[E0277]: the `?` operator can only be used in a function that returns `Result` or `Option` (or another type that implements `FromResidual`)
[INFO] [stdout]  --> src/lib.rs:303:42
[INFO] [stdout]   |
[INFO] [stdout] 4 | fn main() { #[allow(non_snake_case)] fn _doctest_main_src_lib_rs_298_0() {
[INFO] [stdout]   |                                      ----------------------------------- this function should return `Result` or `Option` to accept `?`
[INFO] [stdout] ...
[INFO] [stdout] 8 | let trimmed = text.try_lift(|t| t.trim())?;
[INFO] [stdout]   |                                          ^ cannot use the `?` operator in a function that returns `()`
[INFO] [stdout]   |
[INFO] [stdout]   = help: the trait `FromResidual<Option<Infallible>>` is not implemented for `()`
[INFO] [stdout] 
[INFO] [stdout] error: aborting due to 1 previous error
[INFO] [stdout] 
[INFO] [stdout] For more information about this error, try `rustc --explain E0277`.
[INFO] [stdout] Couldn't compile the test.
[INFO] [stdout] ---- src/lib.rs - Text::try_lift (line 281) stdout ----
[INFO] [stdout] error[E0277]: the `?` operator can only be used in a function that returns `Result` or `Option` (or another type that implements `FromResidual`)
[INFO] [stdout]  --> src/lib.rs:286:42
[INFO] [stdout]   |
[INFO] [stdout] 4 | fn main() { #[allow(non_snake_case)] fn _doctest_main_src_lib_rs_281_0() {
[INFO] [stdout]   |                                      ----------------------------------- this function should return `Result` or `Option` to accept `?`
[INFO] [stdout] ...
[INFO] [stdout] 8 | let trimmed = text.try_lift(|t| t.trim())?;
[INFO] [stdout]   |                                          ^ cannot use the `?` operator in a function that returns `()`
[INFO] [stdout]   |
[INFO] [stdout]   = help: the trait `FromResidual<Option<Infallible>>` is not implemented for `()`
[INFO] [stdout] 
[INFO] [stdout] error: aborting due to 1 previous error
[INFO] [stdout] 
[INFO] [stdout] For more information about this error, try `rustc --explain E0277`.
[INFO] [stdout] Couldn't compile the test.
[INFO] [stdout] 
[INFO] [stdout] failures:
[INFO] [stdout]     src/lib.rs - Text::lift (line 298)
[INFO] [stdout]     src/lib.rs - Text::try_lift (line 281)
[INFO] [stdout] 
[INFO] [stdout] test result: FAILED. 9 passed; 2 failed; 0 ignored; 0 measured; 0 filtered out; finished in 1.61s
[INFO] [stdout] 
[INFO] running `Command { std: "docker" "inspect" "d0875cd2e386fae46e20c3ffc3b9a050bcea8ddaa948d267f574c3de3e459a8e", kill_on_drop: false }`
[INFO] running `Command { std: "docker" "rm" "-f" "d0875cd2e386fae46e20c3ffc3b9a050bcea8ddaa948d267f574c3de3e459a8e", kill_on_drop: false }`
[INFO] [stdout] d0875cd2e386fae46e20c3ffc3b9a050bcea8ddaa948d267f574c3de3e459a8e
