[INFO] fetching crate query-params-macro 0.0.4...
[INFO] testing query-params-macro-0.0.4 against 1.75.0 for beta-1.76-1
[INFO] extracting crate query-params-macro 0.0.4 into /workspace/builds/worker-3-tc1/source
[INFO] validating manifest of crates.io crate query-params-macro 0.0.4 on toolchain 1.75.0
[INFO] running `Command { std: CARGO_HOME="/workspace/cargo-home" RUSTUP_HOME="/workspace/rustup-home" "/workspace/cargo-home/bin/cargo" "+1.75.0" "metadata" "--manifest-path" "Cargo.toml" "--no-deps", kill_on_drop: false }`
[INFO] started tweaking crates.io crate query-params-macro 0.0.4
[INFO] finished tweaking crates.io crate query-params-macro 0.0.4
[INFO] tweaked toml for crates.io crate query-params-macro 0.0.4 written to /workspace/builds/worker-3-tc1/source/Cargo.toml
[INFO] running `Command { std: CARGO_HOME="/workspace/cargo-home" RUSTUP_HOME="/workspace/rustup-home" "/workspace/cargo-home/bin/cargo" "+1.75.0" "generate-lockfile" "--manifest-path" "Cargo.toml", kill_on_drop: false }`
[INFO] [stderr]     Updating crates.io index
[INFO] running `Command { std: CARGO_HOME="/workspace/cargo-home" RUSTUP_HOME="/workspace/rustup-home" "/workspace/cargo-home/bin/cargo" "+1.75.0" "fetch" "--manifest-path" "Cargo.toml", kill_on_drop: false }`
[INFO] running `Command { std: "docker" "create" "-v" "/var/lib/crater-agent-workspace/builds/worker-3-tc1/target:/opt/rustwide/target:rw,Z" "-v" "/var/lib/crater-agent-workspace/builds/worker-3-tc1/source:/opt/rustwide/workdir:ro,Z" "-v" "/var/lib/crater-agent-workspace/cargo-home:/opt/rustwide/cargo-home:ro,Z" "-v" "/var/lib/crater-agent-workspace/rustup-home:/opt/rustwide/rustup-home:ro,Z" "-e" "SOURCE_DIR=/opt/rustwide/workdir" "-e" "CARGO_TARGET_DIR=/opt/rustwide/target" "-e" "CARGO_HOME=/opt/rustwide/cargo-home" "-e" "RUSTUP_HOME=/opt/rustwide/rustup-home" "-w" "/opt/rustwide/workdir" "-m" "1610612736" "--user" "0:0" "--network" "none" "ghcr.io/rust-lang/crates-build-env/linux@sha256:2788e3201cd34a07e3172128adcd8b3090168a8e3bcc40d7c032b9dda1df7d1c" "/opt/rustwide/cargo-home/bin/cargo" "+1.75.0" "metadata" "--no-deps" "--format-version=1", kill_on_drop: false }`
[INFO] [stdout] fd74cc719a9033a65fc75d25b1ada95e7fd795ca0ba5d4bc1e22cdf8147e8058
[INFO] running `Command { std: "docker" "start" "-a" "fd74cc719a9033a65fc75d25b1ada95e7fd795ca0ba5d4bc1e22cdf8147e8058", kill_on_drop: false }`
[INFO] running `Command { std: "docker" "inspect" "fd74cc719a9033a65fc75d25b1ada95e7fd795ca0ba5d4bc1e22cdf8147e8058", kill_on_drop: false }`
[INFO] running `Command { std: "docker" "rm" "-f" "fd74cc719a9033a65fc75d25b1ada95e7fd795ca0ba5d4bc1e22cdf8147e8058", kill_on_drop: false }`
[INFO] [stdout] fd74cc719a9033a65fc75d25b1ada95e7fd795ca0ba5d4bc1e22cdf8147e8058
[INFO] running `Command { std: "docker" "create" "-v" "/var/lib/crater-agent-workspace/builds/worker-3-tc1/target:/opt/rustwide/target:rw,Z" "-v" "/var/lib/crater-agent-workspace/builds/worker-3-tc1/source:/opt/rustwide/workdir:ro,Z" "-v" "/var/lib/crater-agent-workspace/cargo-home:/opt/rustwide/cargo-home:ro,Z" "-v" "/var/lib/crater-agent-workspace/rustup-home:/opt/rustwide/rustup-home:ro,Z" "-e" "SOURCE_DIR=/opt/rustwide/workdir" "-e" "CARGO_TARGET_DIR=/opt/rustwide/target" "-e" "CARGO_INCREMENTAL=0" "-e" "RUST_BACKTRACE=full" "-e" "RUSTFLAGS=--cap-lints=warn" "-e" "RUSTDOCFLAGS=--cap-lints=warn" "-e" "CARGO_HOME=/opt/rustwide/cargo-home" "-e" "RUSTUP_HOME=/opt/rustwide/rustup-home" "-w" "/opt/rustwide/workdir" "-m" "1610612736" "--user" "0:0" "--network" "none" "ghcr.io/rust-lang/crates-build-env/linux@sha256:2788e3201cd34a07e3172128adcd8b3090168a8e3bcc40d7c032b9dda1df7d1c" "/opt/rustwide/cargo-home/bin/cargo" "+1.75.0" "build" "--frozen" "--message-format=json", kill_on_drop: false }`
[INFO] [stdout] 5c7d588f42cefff9c98242cdfc9cc6fa5541e28ecf71e4c4652161b706f54f7e
[INFO] running `Command { std: "docker" "start" "-a" "5c7d588f42cefff9c98242cdfc9cc6fa5541e28ecf71e4c4652161b706f54f7e", kill_on_drop: false }`
[INFO] [stderr]    Compiling syn v2.0.48
[INFO] [stderr]    Compiling query-params-macro v0.0.4 (/opt/rustwide/workdir)
[INFO] [stderr]     Finished dev [unoptimized + debuginfo] target(s) in 3.18s
[INFO] running `Command { std: "docker" "inspect" "5c7d588f42cefff9c98242cdfc9cc6fa5541e28ecf71e4c4652161b706f54f7e", kill_on_drop: false }`
[INFO] running `Command { std: "docker" "rm" "-f" "5c7d588f42cefff9c98242cdfc9cc6fa5541e28ecf71e4c4652161b706f54f7e", kill_on_drop: false }`
[INFO] [stdout] 5c7d588f42cefff9c98242cdfc9cc6fa5541e28ecf71e4c4652161b706f54f7e
[INFO] running `Command { std: "docker" "create" "-v" "/var/lib/crater-agent-workspace/builds/worker-3-tc1/target:/opt/rustwide/target:rw,Z" "-v" "/var/lib/crater-agent-workspace/builds/worker-3-tc1/source:/opt/rustwide/workdir:ro,Z" "-v" "/var/lib/crater-agent-workspace/cargo-home:/opt/rustwide/cargo-home:ro,Z" "-v" "/var/lib/crater-agent-workspace/rustup-home:/opt/rustwide/rustup-home:ro,Z" "-e" "SOURCE_DIR=/opt/rustwide/workdir" "-e" "CARGO_TARGET_DIR=/opt/rustwide/target" "-e" "CARGO_INCREMENTAL=0" "-e" "RUST_BACKTRACE=full" "-e" "RUSTFLAGS=--cap-lints=warn" "-e" "RUSTDOCFLAGS=--cap-lints=warn" "-e" "CARGO_HOME=/opt/rustwide/cargo-home" "-e" "RUSTUP_HOME=/opt/rustwide/rustup-home" "-w" "/opt/rustwide/workdir" "-m" "1610612736" "--user" "0:0" "--network" "none" "ghcr.io/rust-lang/crates-build-env/linux@sha256:2788e3201cd34a07e3172128adcd8b3090168a8e3bcc40d7c032b9dda1df7d1c" "/opt/rustwide/cargo-home/bin/cargo" "+1.75.0" "test" "--frozen" "--no-run" "--message-format=json", kill_on_drop: false }`
[INFO] [stdout] 16e618b7566aa0d07b01a8982be9338a17dab164f21af6cebca7e567fc031955
[INFO] running `Command { std: "docker" "start" "-a" "16e618b7566aa0d07b01a8982be9338a17dab164f21af6cebca7e567fc031955", kill_on_drop: false }`
[INFO] [stderr]    Compiling query-params-macro v0.0.4 (/opt/rustwide/workdir)
[INFO] [stderr]     Finished test [unoptimized + debuginfo] target(s) in 0.50s
[INFO] running `Command { std: "docker" "inspect" "16e618b7566aa0d07b01a8982be9338a17dab164f21af6cebca7e567fc031955", kill_on_drop: false }`
[INFO] running `Command { std: "docker" "rm" "-f" "16e618b7566aa0d07b01a8982be9338a17dab164f21af6cebca7e567fc031955", kill_on_drop: false }`
[INFO] [stdout] 16e618b7566aa0d07b01a8982be9338a17dab164f21af6cebca7e567fc031955
[INFO] running `Command { std: "docker" "create" "-v" "/var/lib/crater-agent-workspace/builds/worker-3-tc1/target:/opt/rustwide/target:rw,Z" "-v" "/var/lib/crater-agent-workspace/builds/worker-3-tc1/source:/opt/rustwide/workdir:ro,Z" "-v" "/var/lib/crater-agent-workspace/cargo-home:/opt/rustwide/cargo-home:ro,Z" "-v" "/var/lib/crater-agent-workspace/rustup-home:/opt/rustwide/rustup-home:ro,Z" "-e" "SOURCE_DIR=/opt/rustwide/workdir" "-e" "CARGO_TARGET_DIR=/opt/rustwide/target" "-e" "CARGO_INCREMENTAL=0" "-e" "RUST_BACKTRACE=full" "-e" "RUSTFLAGS=--cap-lints=warn" "-e" "RUSTDOCFLAGS=--cap-lints=warn" "-e" "CARGO_HOME=/opt/rustwide/cargo-home" "-e" "RUSTUP_HOME=/opt/rustwide/rustup-home" "-w" "/opt/rustwide/workdir" "-m" "1610612736" "--user" "0:0" "--network" "none" "ghcr.io/rust-lang/crates-build-env/linux@sha256:2788e3201cd34a07e3172128adcd8b3090168a8e3bcc40d7c032b9dda1df7d1c" "/opt/rustwide/cargo-home/bin/cargo" "+1.75.0" "test" "--frozen", kill_on_drop: false }`
[INFO] [stdout] 9ed79de4e72d69b6a1c284092040678fb00ab2b3facd0671defb745bf53f6227
[INFO] running `Command { std: "docker" "start" "-a" "9ed79de4e72d69b6a1c284092040678fb00ab2b3facd0671defb745bf53f6227", kill_on_drop: false }`
[INFO] [stderr]     Finished test [unoptimized + debuginfo] target(s) in 0.01s
[INFO] [stderr]      Running unittests src/lib.rs (/opt/rustwide/target/debug/deps/query_params_macro-73dbc78913db7478)
[INFO] [stdout] 
[INFO] [stdout] running 0 tests
[INFO] [stdout] 
[INFO] [stdout] test result: ok. 0 passed; 0 failed; 0 ignored; 0 measured; 0 filtered out; finished in 0.00s
[INFO] [stdout] 
[INFO] [stderr]    Doc-tests query-params-macro
[INFO] [stdout] 
[INFO] [stdout] running 2 tests
[INFO] [stdout] test src/lib.rs - derive (line 39) ... FAILED
[INFO] [stdout] test src/lib.rs - derive (line 91) ... FAILED
[INFO] [stdout] 
[INFO] [stdout] failures:
[INFO] [stdout] 
[INFO] [stdout] ---- src/lib.rs - derive (line 39) stdout ----
[INFO] [stdout] error[E0407]: method `to_encoded_params` is not a member of trait `ToQueryParams`
[INFO] [stdout]   --> src/lib.rs:47:10
[INFO] [stdout]    |
[INFO] [stdout] 10 | #[derive(QueryParams, Debug, PartialEq, Eq)]
[INFO] [stdout]    |          ^^^^^^^^^^^ not a member of trait `ToQueryParams`
[INFO] [stdout]    |
[INFO] [stdout]    = note: this error originates in the derive macro `QueryParams` (in Nightly builds, run with -Z macro-backtrace for more info)
[INFO] [stdout] 
[INFO] [stdout] error[E0433]: failed to resolve: could not find `to_query_params` in the list of imported crates
[INFO] [stdout]   --> src/lib.rs:47:10
[INFO] [stdout]    |
[INFO] [stdout] 10 | #[derive(QueryParams, Debug, PartialEq, Eq)]
[INFO] [stdout]    |          ^^^^^^^^^^^ could not find `to_query_params` in the list of imported crates
[INFO] [stdout]    |
[INFO] [stdout]    = note: this error originates in the derive macro `QueryParams` (in Nightly builds, run with -Z macro-backtrace for more info)
[INFO] [stdout] 
[INFO] [stdout] error: aborting due to 2 previous errors
[INFO] [stdout] 
[INFO] [stdout] Some errors have detailed explanations: E0407, E0433.
[INFO] [stdout] For more information about an error, try `rustc --explain E0407`.
[INFO] [stdout] Couldn't compile the test.
[INFO] [stdout] ---- src/lib.rs - derive (line 91) stdout ----
[INFO] [stdout] error[E0407]: method `to_encoded_params` is not a member of trait `ToQueryParams`
[INFO] [stdout]   --> src/lib.rs:99:10
[INFO] [stdout]    |
[INFO] [stdout] 10 | #[derive(QueryParams, Debug, PartialEq, Eq)]
[INFO] [stdout]    |          ^^^^^^^^^^^ not a member of trait `ToQueryParams`
[INFO] [stdout]    |
[INFO] [stdout]    = note: this error originates in the derive macro `QueryParams` (in Nightly builds, run with -Z macro-backtrace for more info)
[INFO] [stdout] 
[INFO] [stdout] error[E0433]: failed to resolve: could not find `to_query_params` in the list of imported crates
[INFO] [stdout]   --> src/lib.rs:99:10
[INFO] [stdout]    |
[INFO] [stdout] 10 | #[derive(QueryParams, Debug, PartialEq, Eq)]
[INFO] [stdout]    |          ^^^^^^^^^^^ could not find `to_query_params` in the list of imported crates
[INFO] [stdout]    |
[INFO] [stdout]    = note: this error originates in the derive macro `QueryParams` (in Nightly builds, run with -Z macro-backtrace for more info)
[INFO] [stdout] 
[INFO] [stdout] error: aborting due to 2 previous errors
[INFO] [stdout] 
[INFO] [stdout] Some errors have detailed explanations: E0407, E0433.
[INFO] [stdout] For more information about an error, try `rustc --explain E0407`.
[INFO] [stdout] Couldn't compile the test.
[INFO] [stdout] 
[INFO] [stdout] failures:
[INFO] [stdout]     src/lib.rs - derive (line 39)
[INFO] [stdout]     src/lib.rs - derive (line 91)
[INFO] [stdout] 
[INFO] [stdout] test result: FAILED. 0 passed; 2 failed; 0 ignored; 0 measured; 0 filtered out; finished in 0.08s
[INFO] [stdout] 
[INFO] [stderr] error: doctest failed, to rerun pass `--doc`
[INFO] running `Command { std: "docker" "inspect" "9ed79de4e72d69b6a1c284092040678fb00ab2b3facd0671defb745bf53f6227", kill_on_drop: false }`
[INFO] running `Command { std: "docker" "rm" "-f" "9ed79de4e72d69b6a1c284092040678fb00ab2b3facd0671defb745bf53f6227", kill_on_drop: false }`
[INFO] [stdout] 9ed79de4e72d69b6a1c284092040678fb00ab2b3facd0671defb745bf53f6227
