[INFO] fetching crate qubaitian_hello_cargo 0.1.0...
[INFO] testing qubaitian_hello_cargo-0.1.0 against 1.75.0 for beta-1.76-1
[INFO] extracting crate qubaitian_hello_cargo 0.1.0 into /workspace/builds/worker-3-tc1/source
[INFO] validating manifest of crates.io crate qubaitian_hello_cargo 0.1.0 on toolchain 1.75.0
[INFO] running `Command { std: CARGO_HOME="/workspace/cargo-home" RUSTUP_HOME="/workspace/rustup-home" "/workspace/cargo-home/bin/cargo" "+1.75.0" "metadata" "--manifest-path" "Cargo.toml" "--no-deps", kill_on_drop: false }`
[INFO] started tweaking crates.io crate qubaitian_hello_cargo 0.1.0
[INFO] finished tweaking crates.io crate qubaitian_hello_cargo 0.1.0
[INFO] tweaked toml for crates.io crate qubaitian_hello_cargo 0.1.0 written to /workspace/builds/worker-3-tc1/source/Cargo.toml
[INFO] crate crates.io crate qubaitian_hello_cargo 0.1.0 already has a lockfile, it will not be regenerated
[INFO] running `Command { std: CARGO_HOME="/workspace/cargo-home" RUSTUP_HOME="/workspace/rustup-home" "/workspace/cargo-home/bin/cargo" "+1.75.0" "fetch" "--manifest-path" "Cargo.toml", kill_on_drop: false }`
[INFO] running `Command { std: "docker" "create" "-v" "/var/lib/crater-agent-workspace/builds/worker-3-tc1/target:/opt/rustwide/target:rw,Z" "-v" "/var/lib/crater-agent-workspace/builds/worker-3-tc1/source:/opt/rustwide/workdir:ro,Z" "-v" "/var/lib/crater-agent-workspace/cargo-home:/opt/rustwide/cargo-home:ro,Z" "-v" "/var/lib/crater-agent-workspace/rustup-home:/opt/rustwide/rustup-home:ro,Z" "-e" "SOURCE_DIR=/opt/rustwide/workdir" "-e" "CARGO_TARGET_DIR=/opt/rustwide/target" "-e" "CARGO_HOME=/opt/rustwide/cargo-home" "-e" "RUSTUP_HOME=/opt/rustwide/rustup-home" "-w" "/opt/rustwide/workdir" "-m" "1610612736" "--user" "0:0" "--network" "none" "ghcr.io/rust-lang/crates-build-env/linux@sha256:2788e3201cd34a07e3172128adcd8b3090168a8e3bcc40d7c032b9dda1df7d1c" "/opt/rustwide/cargo-home/bin/cargo" "+1.75.0" "metadata" "--no-deps" "--format-version=1", kill_on_drop: false }`
[INFO] [stdout] 9874911f41b62230e978cf3087a9df8b1ee6394deb7df16f4e716255aa1f8bc1
[INFO] running `Command { std: "docker" "start" "-a" "9874911f41b62230e978cf3087a9df8b1ee6394deb7df16f4e716255aa1f8bc1", kill_on_drop: false }`
[INFO] running `Command { std: "docker" "inspect" "9874911f41b62230e978cf3087a9df8b1ee6394deb7df16f4e716255aa1f8bc1", kill_on_drop: false }`
[INFO] running `Command { std: "docker" "rm" "-f" "9874911f41b62230e978cf3087a9df8b1ee6394deb7df16f4e716255aa1f8bc1", kill_on_drop: false }`
[INFO] [stdout] 9874911f41b62230e978cf3087a9df8b1ee6394deb7df16f4e716255aa1f8bc1
[INFO] running `Command { std: "docker" "create" "-v" "/var/lib/crater-agent-workspace/builds/worker-3-tc1/target:/opt/rustwide/target:rw,Z" "-v" "/var/lib/crater-agent-workspace/builds/worker-3-tc1/source:/opt/rustwide/workdir:ro,Z" "-v" "/var/lib/crater-agent-workspace/cargo-home:/opt/rustwide/cargo-home:ro,Z" "-v" "/var/lib/crater-agent-workspace/rustup-home:/opt/rustwide/rustup-home:ro,Z" "-e" "SOURCE_DIR=/opt/rustwide/workdir" "-e" "CARGO_TARGET_DIR=/opt/rustwide/target" "-e" "CARGO_INCREMENTAL=0" "-e" "RUST_BACKTRACE=full" "-e" "RUSTFLAGS=--cap-lints=warn" "-e" "RUSTDOCFLAGS=--cap-lints=warn" "-e" "CARGO_HOME=/opt/rustwide/cargo-home" "-e" "RUSTUP_HOME=/opt/rustwide/rustup-home" "-w" "/opt/rustwide/workdir" "-m" "1610612736" "--user" "0:0" "--network" "none" "ghcr.io/rust-lang/crates-build-env/linux@sha256:2788e3201cd34a07e3172128adcd8b3090168a8e3bcc40d7c032b9dda1df7d1c" "/opt/rustwide/cargo-home/bin/cargo" "+1.75.0" "build" "--frozen" "--message-format=json", kill_on_drop: false }`
[INFO] [stdout] 67f4a4ded8957c1f17cc42f57b1c326b53085195b9b5089542e05352a3328e4f
[INFO] running `Command { std: "docker" "start" "-a" "67f4a4ded8957c1f17cc42f57b1c326b53085195b9b5089542e05352a3328e4f", kill_on_drop: false }`
[INFO] [stderr]    Compiling qubaitian_hello_cargo v0.1.0 (/opt/rustwide/workdir)
[INFO] [stderr]     Finished dev [unoptimized + debuginfo] target(s) in 0.27s
[INFO] running `Command { std: "docker" "inspect" "67f4a4ded8957c1f17cc42f57b1c326b53085195b9b5089542e05352a3328e4f", kill_on_drop: false }`
[INFO] running `Command { std: "docker" "rm" "-f" "67f4a4ded8957c1f17cc42f57b1c326b53085195b9b5089542e05352a3328e4f", kill_on_drop: false }`
[INFO] [stdout] 67f4a4ded8957c1f17cc42f57b1c326b53085195b9b5089542e05352a3328e4f
[INFO] running `Command { std: "docker" "create" "-v" "/var/lib/crater-agent-workspace/builds/worker-3-tc1/target:/opt/rustwide/target:rw,Z" "-v" "/var/lib/crater-agent-workspace/builds/worker-3-tc1/source:/opt/rustwide/workdir:ro,Z" "-v" "/var/lib/crater-agent-workspace/cargo-home:/opt/rustwide/cargo-home:ro,Z" "-v" "/var/lib/crater-agent-workspace/rustup-home:/opt/rustwide/rustup-home:ro,Z" "-e" "SOURCE_DIR=/opt/rustwide/workdir" "-e" "CARGO_TARGET_DIR=/opt/rustwide/target" "-e" "CARGO_INCREMENTAL=0" "-e" "RUST_BACKTRACE=full" "-e" "RUSTFLAGS=--cap-lints=warn" "-e" "RUSTDOCFLAGS=--cap-lints=warn" "-e" "CARGO_HOME=/opt/rustwide/cargo-home" "-e" "RUSTUP_HOME=/opt/rustwide/rustup-home" "-w" "/opt/rustwide/workdir" "-m" "1610612736" "--user" "0:0" "--network" "none" "ghcr.io/rust-lang/crates-build-env/linux@sha256:2788e3201cd34a07e3172128adcd8b3090168a8e3bcc40d7c032b9dda1df7d1c" "/opt/rustwide/cargo-home/bin/cargo" "+1.75.0" "test" "--frozen" "--no-run" "--message-format=json", kill_on_drop: false }`
[INFO] [stdout] 35c6612cbe99e3e23c93230ccfbe091777bf78c52dcfe611c58b9c9c637bdd18
[INFO] running `Command { std: "docker" "start" "-a" "35c6612cbe99e3e23c93230ccfbe091777bf78c52dcfe611c58b9c9c637bdd18", kill_on_drop: false }`
[INFO] [stderr]    Compiling qubaitian_hello_cargo v0.1.0 (/opt/rustwide/workdir)
[INFO] [stderr]     Finished test [unoptimized + debuginfo] target(s) in 0.27s
[INFO] running `Command { std: "docker" "inspect" "35c6612cbe99e3e23c93230ccfbe091777bf78c52dcfe611c58b9c9c637bdd18", kill_on_drop: false }`
[INFO] running `Command { std: "docker" "rm" "-f" "35c6612cbe99e3e23c93230ccfbe091777bf78c52dcfe611c58b9c9c637bdd18", kill_on_drop: false }`
[INFO] [stdout] 35c6612cbe99e3e23c93230ccfbe091777bf78c52dcfe611c58b9c9c637bdd18
[INFO] running `Command { std: "docker" "create" "-v" "/var/lib/crater-agent-workspace/builds/worker-3-tc1/target:/opt/rustwide/target:rw,Z" "-v" "/var/lib/crater-agent-workspace/builds/worker-3-tc1/source:/opt/rustwide/workdir:ro,Z" "-v" "/var/lib/crater-agent-workspace/cargo-home:/opt/rustwide/cargo-home:ro,Z" "-v" "/var/lib/crater-agent-workspace/rustup-home:/opt/rustwide/rustup-home:ro,Z" "-e" "SOURCE_DIR=/opt/rustwide/workdir" "-e" "CARGO_TARGET_DIR=/opt/rustwide/target" "-e" "CARGO_INCREMENTAL=0" "-e" "RUST_BACKTRACE=full" "-e" "RUSTFLAGS=--cap-lints=warn" "-e" "RUSTDOCFLAGS=--cap-lints=warn" "-e" "CARGO_HOME=/opt/rustwide/cargo-home" "-e" "RUSTUP_HOME=/opt/rustwide/rustup-home" "-w" "/opt/rustwide/workdir" "-m" "1610612736" "--user" "0:0" "--network" "none" "ghcr.io/rust-lang/crates-build-env/linux@sha256:2788e3201cd34a07e3172128adcd8b3090168a8e3bcc40d7c032b9dda1df7d1c" "/opt/rustwide/cargo-home/bin/cargo" "+1.75.0" "test" "--frozen", kill_on_drop: false }`
[INFO] [stdout] 77af23963223e41e25161bab95295e37c2800a959f3a4e5ffacfb23d4b3b5d23
[INFO] running `Command { std: "docker" "start" "-a" "77af23963223e41e25161bab95295e37c2800a959f3a4e5ffacfb23d4b3b5d23", kill_on_drop: false }`
[INFO] [stderr]     Finished test [unoptimized + debuginfo] target(s) in 0.01s
[INFO] [stderr]      Running unittests src/lib.rs (/opt/rustwide/target/debug/deps/qubaitian_hello_cargo-953021edbbfcb5c4)
[INFO] [stdout] 
[INFO] [stdout] running 0 tests
[INFO] [stdout] 
[INFO] [stdout] test result: ok. 0 passed; 0 failed; 0 ignored; 0 measured; 0 filtered out; finished in 0.00s
[INFO] [stdout] 
[INFO] [stderr]      Running unittests src/main.rs (/opt/rustwide/target/debug/deps/qubaitian_hello_cargo-6a6b99c28cf31431)
[INFO] [stdout] 
[INFO] [stdout] running 0 tests
[INFO] [stdout] 
[INFO] [stdout] test result: ok. 0 passed; 0 failed; 0 ignored; 0 measured; 0 filtered out; finished in 0.00s
[INFO] [stdout] 
[INFO] [stderr]    Doc-tests qubaitian_hello_cargo
[INFO] [stdout] 
[INFO] [stdout] running 1 test
[INFO] [stdout] test src/lib.rs - add_one (line 10) ... FAILED
[INFO] [stdout] 
[INFO] [stdout] failures:
[INFO] [stdout] 
[INFO] [stdout] ---- src/lib.rs - add_one (line 10) stdout ----
[INFO] [stdout] error[E0433]: failed to resolve: use of undeclared crate or module `hello_cargo`
[INFO] [stdout]  --> src/lib.rs:12:14
[INFO] [stdout]   |
[INFO] [stdout] 4 | let answer = hello_cargo::add_one(arg);
[INFO] [stdout]   |              ^^^^^^^^^^^ use of undeclared crate or module `hello_cargo`
[INFO] [stdout] 
[INFO] [stdout] error: aborting due to previous error
[INFO] [stdout] 
[INFO] [stdout] For more information about this error, try `rustc --explain E0433`.
[INFO] [stdout] Couldn't compile the test.
[INFO] [stdout] 
[INFO] [stdout] failures:
[INFO] [stdout]     src/lib.rs - add_one (line 10)
[INFO] [stdout] 
[INFO] [stdout] test result: FAILED. 0 passed; 1 failed; 0 ignored; 0 measured; 0 filtered out; finished in 0.04s
[INFO] [stdout] 
[INFO] [stderr] error: doctest failed, to rerun pass `--doc`
[INFO] running `Command { std: "docker" "inspect" "77af23963223e41e25161bab95295e37c2800a959f3a4e5ffacfb23d4b3b5d23", kill_on_drop: false }`
[INFO] running `Command { std: "docker" "rm" "-f" "77af23963223e41e25161bab95295e37c2800a959f3a4e5ffacfb23d4b3b5d23", kill_on_drop: false }`
[INFO] [stdout] 77af23963223e41e25161bab95295e37c2800a959f3a4e5ffacfb23d4b3b5d23
