[INFO] fetching crate quad-gif 0.2.0...
[INFO] testing quad-gif-0.2.0 against 1.75.0 for beta-1.76-1
[INFO] extracting crate quad-gif 0.2.0 into /workspace/builds/worker-2-tc1/source
[INFO] validating manifest of crates.io crate quad-gif 0.2.0 on toolchain 1.75.0
[INFO] running `Command { std: CARGO_HOME="/workspace/cargo-home" RUSTUP_HOME="/workspace/rustup-home" "/workspace/cargo-home/bin/cargo" "+1.75.0" "metadata" "--manifest-path" "Cargo.toml" "--no-deps", kill_on_drop: false }`
[INFO] started tweaking crates.io crate quad-gif 0.2.0
[INFO] finished tweaking crates.io crate quad-gif 0.2.0
[INFO] tweaked toml for crates.io crate quad-gif 0.2.0 written to /workspace/builds/worker-2-tc1/source/Cargo.toml
[INFO] crate crates.io crate quad-gif 0.2.0 already has a lockfile, it will not be regenerated
[INFO] running `Command { std: CARGO_HOME="/workspace/cargo-home" RUSTUP_HOME="/workspace/rustup-home" "/workspace/cargo-home/bin/cargo" "+1.75.0" "fetch" "--manifest-path" "Cargo.toml", kill_on_drop: false }`
[INFO] [stderr]     Blocking waiting for file lock on package cache
[INFO] [stderr]     Updating crates.io index
[INFO] [stderr]     Blocking waiting for file lock on package cache
[INFO] [stderr]  Downloading crates ...
[INFO] [stderr]   Downloaded rgb v0.8.33
[INFO] [stderr]   Downloaded glam v0.14.0
[INFO] [stderr]   Downloaded gif-dispose v3.1.1
[INFO] [stderr]   Downloaded imgref v1.9.2
[INFO] [stderr]   Downloaded fontdue v0.5.2
[INFO] [stderr]   Downloaded miniquad v0.3.8
[INFO] [stderr]   Downloaded quad-snd v0.2.3
[INFO] [stderr]   Downloaded macroquad v0.3.20
[INFO] running `Command { std: "docker" "create" "-v" "/var/lib/crater-agent-workspace/builds/worker-2-tc1/target:/opt/rustwide/target:rw,Z" "-v" "/var/lib/crater-agent-workspace/builds/worker-2-tc1/source:/opt/rustwide/workdir:ro,Z" "-v" "/var/lib/crater-agent-workspace/cargo-home:/opt/rustwide/cargo-home:ro,Z" "-v" "/var/lib/crater-agent-workspace/rustup-home:/opt/rustwide/rustup-home:ro,Z" "-e" "SOURCE_DIR=/opt/rustwide/workdir" "-e" "CARGO_TARGET_DIR=/opt/rustwide/target" "-e" "CARGO_HOME=/opt/rustwide/cargo-home" "-e" "RUSTUP_HOME=/opt/rustwide/rustup-home" "-w" "/opt/rustwide/workdir" "-m" "1610612736" "--user" "0:0" "--network" "none" "ghcr.io/rust-lang/crates-build-env/linux@sha256:2788e3201cd34a07e3172128adcd8b3090168a8e3bcc40d7c032b9dda1df7d1c" "/opt/rustwide/cargo-home/bin/cargo" "+1.75.0" "metadata" "--no-deps" "--format-version=1", kill_on_drop: false }`
[INFO] [stdout] 83a9fb8b846c83a09449d75985282f9d72ae10bac90b7bfe013497203f63627e
[INFO] running `Command { std: "docker" "start" "-a" "83a9fb8b846c83a09449d75985282f9d72ae10bac90b7bfe013497203f63627e", kill_on_drop: false }`
[INFO] running `Command { std: "docker" "inspect" "83a9fb8b846c83a09449d75985282f9d72ae10bac90b7bfe013497203f63627e", kill_on_drop: false }`
[INFO] running `Command { std: "docker" "rm" "-f" "83a9fb8b846c83a09449d75985282f9d72ae10bac90b7bfe013497203f63627e", kill_on_drop: false }`
[INFO] [stdout] 83a9fb8b846c83a09449d75985282f9d72ae10bac90b7bfe013497203f63627e
[INFO] running `Command { std: "docker" "create" "-v" "/var/lib/crater-agent-workspace/builds/worker-2-tc1/target:/opt/rustwide/target:rw,Z" "-v" "/var/lib/crater-agent-workspace/builds/worker-2-tc1/source:/opt/rustwide/workdir:ro,Z" "-v" "/var/lib/crater-agent-workspace/cargo-home:/opt/rustwide/cargo-home:ro,Z" "-v" "/var/lib/crater-agent-workspace/rustup-home:/opt/rustwide/rustup-home:ro,Z" "-e" "SOURCE_DIR=/opt/rustwide/workdir" "-e" "CARGO_TARGET_DIR=/opt/rustwide/target" "-e" "CARGO_INCREMENTAL=0" "-e" "RUST_BACKTRACE=full" "-e" "RUSTFLAGS=--cap-lints=warn" "-e" "RUSTDOCFLAGS=--cap-lints=warn" "-e" "CARGO_HOME=/opt/rustwide/cargo-home" "-e" "RUSTUP_HOME=/opt/rustwide/rustup-home" "-w" "/opt/rustwide/workdir" "-m" "1610612736" "--user" "0:0" "--network" "none" "ghcr.io/rust-lang/crates-build-env/linux@sha256:2788e3201cd34a07e3172128adcd8b3090168a8e3bcc40d7c032b9dda1df7d1c" "/opt/rustwide/cargo-home/bin/cargo" "+1.75.0" "build" "--frozen" "--message-format=json", kill_on_drop: false }`
[INFO] [stdout] de29ec4239e3075fcaff653d2471bc785d1319ab9e55c8c376d8f615a1d9db67
[INFO] running `Command { std: "docker" "start" "-a" "de29ec4239e3075fcaff653d2471bc785d1319ab9e55c8c376d8f615a1d9db67", kill_on_drop: false }`
[INFO] [stderr]    Compiling byteorder v1.4.3
[INFO] [stderr]    Compiling num-traits v0.2.15
[INFO] [stderr]    Compiling maybe-uninit v2.0.0
[INFO] [stderr]    Compiling num-integer v0.1.45
[INFO] [stderr]    Compiling libc v0.2.126
[INFO] [stderr]    Compiling adler32 v1.2.0
[INFO] [stderr]    Compiling quad-alsa-sys v0.3.2
[INFO] [stderr]    Compiling num-rational v0.3.2
[INFO] [stderr]    Compiling ogg v0.7.1
[INFO] [stderr]    Compiling dasp_sample v0.11.0
[INFO] [stderr]    Compiling bytemuck v1.9.1
[INFO] [stderr]    Compiling color_quant v1.1.0
[INFO] [stderr]    Compiling dasp_frame v0.11.0
[INFO] [stderr]    Compiling smallvec v0.6.14
[INFO] [stderr]    Compiling deflate v0.8.6
[INFO] [stderr]    Compiling miniz_oxide v0.3.7
[INFO] [stderr]    Compiling ahash v0.4.7
[INFO] [stderr]    Compiling quad-snd v0.2.3
[INFO] [stderr]    Compiling lewton v0.9.4
[INFO] [stderr]    Compiling hound v3.4.0
[INFO] [stderr]    Compiling miniquad v0.3.8
[INFO] [stderr]    Compiling png v0.16.8
[INFO] [stderr]    Compiling hashbrown v0.9.1
[INFO] [stderr]    Compiling ttf-parser v0.12.3
[INFO] [stderr]    Compiling weezl v0.1.6
[INFO] [stderr]    Compiling rgb v0.8.33
[INFO] [stderr]    Compiling gif v0.11.3
[INFO] [stderr]    Compiling macroquad_macro v0.1.7
[INFO] [stderr]    Compiling num-iter v0.1.43
[INFO] [stderr]    Compiling glam v0.14.0
[INFO] [stderr]    Compiling imgref v1.9.2
[INFO] [stderr]    Compiling fontdue v0.5.2
[INFO] [stderr]    Compiling image v0.23.14
[INFO] [stderr]    Compiling quad-rand v0.2.1
[INFO] [stderr]    Compiling bumpalo v3.10.0
[INFO] [stderr]    Compiling gif-dispose v3.1.1
[INFO] [stderr]    Compiling audrey v0.3.0
[INFO] [stderr]    Compiling macroquad v0.3.20
[INFO] [stderr]    Compiling quad-gif v0.2.0 (/opt/rustwide/workdir)
[INFO] [stderr]     Finished dev [unoptimized + debuginfo] target(s) in 21.00s
[INFO] running `Command { std: "docker" "inspect" "de29ec4239e3075fcaff653d2471bc785d1319ab9e55c8c376d8f615a1d9db67", kill_on_drop: false }`
[INFO] running `Command { std: "docker" "rm" "-f" "de29ec4239e3075fcaff653d2471bc785d1319ab9e55c8c376d8f615a1d9db67", kill_on_drop: false }`
[INFO] [stdout] de29ec4239e3075fcaff653d2471bc785d1319ab9e55c8c376d8f615a1d9db67
[INFO] running `Command { std: "docker" "create" "-v" "/var/lib/crater-agent-workspace/builds/worker-2-tc1/target:/opt/rustwide/target:rw,Z" "-v" "/var/lib/crater-agent-workspace/builds/worker-2-tc1/source:/opt/rustwide/workdir:ro,Z" "-v" "/var/lib/crater-agent-workspace/cargo-home:/opt/rustwide/cargo-home:ro,Z" "-v" "/var/lib/crater-agent-workspace/rustup-home:/opt/rustwide/rustup-home:ro,Z" "-e" "SOURCE_DIR=/opt/rustwide/workdir" "-e" "CARGO_TARGET_DIR=/opt/rustwide/target" "-e" "CARGO_INCREMENTAL=0" "-e" "RUST_BACKTRACE=full" "-e" "RUSTFLAGS=--cap-lints=warn" "-e" "RUSTDOCFLAGS=--cap-lints=warn" "-e" "CARGO_HOME=/opt/rustwide/cargo-home" "-e" "RUSTUP_HOME=/opt/rustwide/rustup-home" "-w" "/opt/rustwide/workdir" "-m" "1610612736" "--user" "0:0" "--network" "none" "ghcr.io/rust-lang/crates-build-env/linux@sha256:2788e3201cd34a07e3172128adcd8b3090168a8e3bcc40d7c032b9dda1df7d1c" "/opt/rustwide/cargo-home/bin/cargo" "+1.75.0" "test" "--frozen" "--no-run" "--message-format=json", kill_on_drop: false }`
[INFO] [stdout] 6de25e62e85a955852e0542253babaaac5c03334fec4ba1e82561b2223d22c9c
[INFO] running `Command { std: "docker" "start" "-a" "6de25e62e85a955852e0542253babaaac5c03334fec4ba1e82561b2223d22c9c", kill_on_drop: false }`
[INFO] [stderr]    Compiling quad-gif v0.2.0 (/opt/rustwide/workdir)
[INFO] [stderr]     Finished test [unoptimized + debuginfo] target(s) in 1.50s
[INFO] running `Command { std: "docker" "inspect" "6de25e62e85a955852e0542253babaaac5c03334fec4ba1e82561b2223d22c9c", kill_on_drop: false }`
[INFO] running `Command { std: "docker" "rm" "-f" "6de25e62e85a955852e0542253babaaac5c03334fec4ba1e82561b2223d22c9c", kill_on_drop: false }`
[INFO] [stdout] 6de25e62e85a955852e0542253babaaac5c03334fec4ba1e82561b2223d22c9c
[INFO] running `Command { std: "docker" "create" "-v" "/var/lib/crater-agent-workspace/builds/worker-2-tc1/target:/opt/rustwide/target:rw,Z" "-v" "/var/lib/crater-agent-workspace/builds/worker-2-tc1/source:/opt/rustwide/workdir:ro,Z" "-v" "/var/lib/crater-agent-workspace/cargo-home:/opt/rustwide/cargo-home:ro,Z" "-v" "/var/lib/crater-agent-workspace/rustup-home:/opt/rustwide/rustup-home:ro,Z" "-e" "SOURCE_DIR=/opt/rustwide/workdir" "-e" "CARGO_TARGET_DIR=/opt/rustwide/target" "-e" "CARGO_INCREMENTAL=0" "-e" "RUST_BACKTRACE=full" "-e" "RUSTFLAGS=--cap-lints=warn" "-e" "RUSTDOCFLAGS=--cap-lints=warn" "-e" "CARGO_HOME=/opt/rustwide/cargo-home" "-e" "RUSTUP_HOME=/opt/rustwide/rustup-home" "-w" "/opt/rustwide/workdir" "-m" "1610612736" "--user" "0:0" "--network" "none" "ghcr.io/rust-lang/crates-build-env/linux@sha256:2788e3201cd34a07e3172128adcd8b3090168a8e3bcc40d7c032b9dda1df7d1c" "/opt/rustwide/cargo-home/bin/cargo" "+1.75.0" "test" "--frozen", kill_on_drop: false }`
[INFO] [stdout] 216a214097e64ddc00d37045c145e3a452f3a8226af0b7a1f5fcc2892adc1eab
[INFO] running `Command { std: "docker" "start" "-a" "216a214097e64ddc00d37045c145e3a452f3a8226af0b7a1f5fcc2892adc1eab", kill_on_drop: false }`
[INFO] [stderr]     Finished test [unoptimized + debuginfo] target(s) in 0.04s
[INFO] [stderr]      Running unittests src/lib.rs (/opt/rustwide/target/debug/deps/quad_gif-4a8f74475838282d)
[INFO] [stdout] 
[INFO] [stdout] running 0 tests
[INFO] [stdout] 
[INFO] [stdout] test result: ok. 0 passed; 0 failed; 0 ignored; 0 measured; 0 filtered out; finished in 0.00s
[INFO] [stdout] 
[INFO] [stderr]      Running unittests src/main.rs (/opt/rustwide/target/debug/deps/quad_gif-711f7a26b2cb05b4)
[INFO] [stdout] 
[INFO] [stdout] running 0 tests
[INFO] [stdout] 
[INFO] [stderr]    Doc-tests quad_gif
[INFO] [stdout] test result: ok. 0 passed; 0 failed; 0 ignored; 0 measured; 0 filtered out; finished in 0.00s
[INFO] [stdout] 
[INFO] [stdout] 
[INFO] [stdout] running 7 tests
[INFO] [stdout] test src/lib.rs - GifAnimation::load (line 56) ... FAILED
[INFO] [stdout] test src/lib.rs - GifAnimation::toggle_paused (line 146) ... FAILED
[INFO] [stdout] test src/lib.rs - GifAnimation::draw_at (line 116) ... FAILED
[INFO] [stdout] test src/lib.rs - GifAnimation::tick (line 132) ... FAILED
[INFO] [stdout] test src/lib.rs - (line 6) ... FAILED
[INFO] [stdout] test src/lib.rs - GifAnimation::draw (line 107) ... FAILED
[INFO] [stdout] test src/lib.rs - GifAnimation::from_gif_bytes (line 66) ... FAILED
[INFO] [stdout] 
[INFO] [stdout] failures:
[INFO] [stdout] 
[INFO] [stdout] ---- src/lib.rs - GifAnimation::load (line 56) stdout ----
[INFO] [stdout] error[E0433]: failed to resolve: use of undeclared type `GifAnimation`
[INFO] [stdout]  --> src/lib.rs:57:25
[INFO] [stdout]   |
[INFO] [stdout] 3 | let mut gif_animation = GifAnimation::load("filename.gif").await;
[INFO] [stdout]   |                         ^^^^^^^^^^^^ use of undeclared type `GifAnimation`
[INFO] [stdout]   |
[INFO] [stdout] help: consider importing this struct
[INFO] [stdout]   |
[INFO] [stdout] 2 + use quad_gif::GifAnimation;
[INFO] [stdout]   |
[INFO] [stdout] 
[INFO] [stdout] error[E0728]: `await` is only allowed inside `async` functions and blocks
[INFO] [stdout]  --> src/lib.rs:57:60
[INFO] [stdout]   |
[INFO] [stdout] 2 | fn main() { #[allow(non_snake_case)] fn _doctest_main_src_lib_rs_56_0() {
[INFO] [stdout]   |                                         ----------------------------- this is not `async`
[INFO] [stdout] 3 | let mut gif_animation = GifAnimation::load("filename.gif").await;
[INFO] [stdout]   |                                                            ^^^^^ only allowed inside `async` functions and blocks
[INFO] [stdout] 
[INFO] [stdout] error: aborting due to 2 previous errors
[INFO] [stdout] 
[INFO] [stdout] Some errors have detailed explanations: E0433, E0728.
[INFO] [stdout] For more information about an error, try `rustc --explain E0433`.
[INFO] [stdout] Couldn't compile the test.
[INFO] [stdout] ---- src/lib.rs - GifAnimation::toggle_paused (line 146) stdout ----
[INFO] [stdout] error[E0425]: cannot find value `gif_animation` in this scope
[INFO] [stdout]  --> src/lib.rs:147:1
[INFO] [stdout]   |
[INFO] [stdout] 3 | gif_animation.toggle_paused();
[INFO] [stdout]   | ^^^^^^^^^^^^^ not found in this scope
[INFO] [stdout] 
[INFO] [stdout] error: aborting due to previous error
[INFO] [stdout] 
[INFO] [stdout] For more information about this error, try `rustc --explain E0425`.
[INFO] [stdout] Couldn't compile the test.
[INFO] [stdout] ---- src/lib.rs - GifAnimation::draw_at (line 116) stdout ----
[INFO] [stdout] error[E0425]: cannot find value `gif_animation` in this scope
[INFO] [stdout]  --> src/lib.rs:117:1
[INFO] [stdout]   |
[INFO] [stdout] 3 | gif_animation.draw_at(42.0, 47.0);
[INFO] [stdout]   | ^^^^^^^^^^^^^ not found in this scope
[INFO] [stdout] 
[INFO] [stdout] error: aborting due to previous error
[INFO] [stdout] 
[INFO] [stdout] For more information about this error, try `rustc --explain E0425`.
[INFO] [stdout] Couldn't compile the test.
[INFO] [stdout] ---- src/lib.rs - GifAnimation::tick (line 132) stdout ----
[INFO] [stdout] error[E0425]: cannot find value `gif_animation` in this scope
[INFO] [stdout]  --> src/lib.rs:133:1
[INFO] [stdout]   |
[INFO] [stdout] 3 | gif_animation.tick();
[INFO] [stdout]   | ^^^^^^^^^^^^^ not found in this scope
[INFO] [stdout] 
[INFO] [stdout] error: aborting due to previous error
[INFO] [stdout] 
[INFO] [stdout] For more information about this error, try `rustc --explain E0425`.
[INFO] [stdout] Couldn't compile the test.
[INFO] [stdout] ---- src/lib.rs - (line 6) stdout ----
[INFO] [stdout] error[E0254]: the name `quad_gif` is defined multiple times
[INFO] [stdout]  --> src/lib.rs:9:5
[INFO] [stdout]   |
[INFO] [stdout] 3 | extern crate r#quad_gif;
[INFO] [stdout]   | ------------------------ previous import of the extern crate `quad_gif` here
[INFO] [stdout] 4 | use macroquad::prelude::*;
[INFO] [stdout] 5 | use quad_gif;
[INFO] [stdout]   |     ^^^^^^^^ `quad_gif` reimported here
[INFO] [stdout]   |
[INFO] [stdout]   = note: `quad_gif` must be defined only once in the type namespace of this module
[INFO] [stdout] 
[INFO] [stdout] error[E0308]: mismatched types
[INFO] [stdout]   --> src/lib.rs:13:54
[INFO] [stdout]    |
[INFO] [stdout] 9  |     let mut animation = quad_gif::GifAnimation::load("animation.gif").await;
[INFO] [stdout]    |                         ---------------------------- ^^^^^^^^^^^^^^^- help: try using a conversion method: `.to_string()`
[INFO] [stdout]    |                         |                            |
[INFO] [stdout]    |                         |                            expected `String`, found `&str`
[INFO] [stdout]    |                         arguments to this function are incorrect
[INFO] [stdout]    |
[INFO] [stdout] note: associated function defined here
[INFO] [stdout]   --> /opt/rustwide/workdir/src/lib.rs:59:18
[INFO] [stdout]    |
[INFO] [stdout] 59 |     pub async fn load(filename: String) -> Self {
[INFO] [stdout]    |                  ^^^^
[INFO] [stdout] 
[INFO] [stdout] error: aborting due to 2 previous errors
[INFO] [stdout] 
[INFO] [stdout] Some errors have detailed explanations: E0254, E0308.
[INFO] [stdout] For more information about an error, try `rustc --explain E0254`.
[INFO] [stdout] Couldn't compile the test.
[INFO] [stdout] ---- src/lib.rs - GifAnimation::draw (line 107) stdout ----
[INFO] [stdout] error[E0425]: cannot find value `gif_animation` in this scope
[INFO] [stdout]  --> src/lib.rs:108:1
[INFO] [stdout]   |
[INFO] [stdout] 3 | gif_animation.draw();
[INFO] [stdout]   | ^^^^^^^^^^^^^ not found in this scope
[INFO] [stdout] 
[INFO] [stdout] error: aborting due to previous error
[INFO] [stdout] 
[INFO] [stdout] For more information about this error, try `rustc --explain E0425`.
[INFO] [stdout] Couldn't compile the test.
[INFO] [stdout] ---- src/lib.rs - GifAnimation::from_gif_bytes (line 66) stdout ----
[INFO] [stdout] error: unexpected token: `...`
[INFO] [stdout]  --> src/lib.rs:67:19
[INFO] [stdout]   |
[INFO] [stdout] 3 | let bytes: [u8] = ...
[INFO] [stdout]   |                   ^^^
[INFO] [stdout]   |
[INFO] [stdout] help: use `..` for an exclusive range
[INFO] [stdout]   |
[INFO] [stdout] 3 | let bytes: [u8] = ..
[INFO] [stdout]   |                   ~~
[INFO] [stdout] help: or `..=` for an inclusive range
[INFO] [stdout]   |
[INFO] [stdout] 3 | let bytes: [u8] = ..=
[INFO] [stdout]   |                   ~~~
[INFO] [stdout] 
[INFO] [stdout] error: expected expression, found `let` statement
[INFO] [stdout]  --> src/lib.rs:68:1
[INFO] [stdout]   |
[INFO] [stdout] 4 | let mut gif_animation = GifAnimation::from_gif_bytes(&bytes);
[INFO] [stdout]   | ^^^
[INFO] [stdout]   |
[INFO] [stdout]   = note: only supported directly in conditions of `if` and `while` expressions
[INFO] [stdout] 
[INFO] [stdout] error[E0433]: failed to resolve: use of undeclared type `GifAnimation`
[INFO] [stdout]  --> src/lib.rs:68:25
[INFO] [stdout]   |
[INFO] [stdout] 4 | let mut gif_animation = GifAnimation::from_gif_bytes(&bytes);
[INFO] [stdout]   |                         ^^^^^^^^^^^^ use of undeclared type `GifAnimation`
[INFO] [stdout]   |
[INFO] [stdout] help: consider importing this struct
[INFO] [stdout]   |
[INFO] [stdout] 2 + use quad_gif::GifAnimation;
[INFO] [stdout]   |
[INFO] [stdout] 
[INFO] [stdout] error[E0425]: cannot find value `bytes` in this scope
[INFO] [stdout]  --> src/lib.rs:68:55
[INFO] [stdout]   |
[INFO] [stdout] 4 | let mut gif_animation = GifAnimation::from_gif_bytes(&bytes);
[INFO] [stdout]   |                                                       ^^^^^ not found in this scope
[INFO] [stdout] 
[INFO] [stdout] error: aborting due to 4 previous errors
[INFO] [stdout] 
[INFO] [stdout] Some errors have detailed explanations: E0425, E0433.
[INFO] [stdout] For more information about an error, try `rustc --explain E0425`.
[INFO] [stdout] Couldn't compile the test.
[INFO] [stdout] 
[INFO] [stdout] failures:
[INFO] [stdout]     src/lib.rs - (line 6)
[INFO] [stdout]     src/lib.rs - GifAnimation::draw (line 107)
[INFO] [stdout]     src/lib.rs - GifAnimation::draw_at (line 116)
[INFO] [stdout]     src/lib.rs - GifAnimation::from_gif_bytes (line 66)
[INFO] [stdout]     src/lib.rs - GifAnimation::load (line 56)
[INFO] [stdout]     src/lib.rs - GifAnimation::tick (line 132)
[INFO] [stdout]     src/lib.rs - GifAnimation::toggle_paused (line 146)
[INFO] [stdout] 
[INFO] [stdout] test result: FAILED. 0 passed; 7 failed; 0 ignored; 0 measured; 0 filtered out; finished in 0.33s
[INFO] [stdout] 
[INFO] [stderr] error: doctest failed, to rerun pass `--doc`
[INFO] running `Command { std: "docker" "inspect" "216a214097e64ddc00d37045c145e3a452f3a8226af0b7a1f5fcc2892adc1eab", kill_on_drop: false }`
[INFO] running `Command { std: "docker" "rm" "-f" "216a214097e64ddc00d37045c145e3a452f3a8226af0b7a1f5fcc2892adc1eab", kill_on_drop: false }`
[INFO] [stdout] 216a214097e64ddc00d37045c145e3a452f3a8226af0b7a1f5fcc2892adc1eab
