[INFO] fetching crate qsk-macros 0.1.0...
[INFO] testing qsk-macros-0.1.0 against 1.75.0 for beta-1.76-1
[INFO] extracting crate qsk-macros 0.1.0 into /workspace/builds/worker-4-tc1/source
[INFO] validating manifest of crates.io crate qsk-macros 0.1.0 on toolchain 1.75.0
[INFO] running `Command { std: CARGO_HOME="/workspace/cargo-home" RUSTUP_HOME="/workspace/rustup-home" "/workspace/cargo-home/bin/cargo" "+1.75.0" "metadata" "--manifest-path" "Cargo.toml" "--no-deps", kill_on_drop: false }`
[INFO] started tweaking crates.io crate qsk-macros 0.1.0
[INFO] finished tweaking crates.io crate qsk-macros 0.1.0
[INFO] tweaked toml for crates.io crate qsk-macros 0.1.0 written to /workspace/builds/worker-4-tc1/source/Cargo.toml
[INFO] running `Command { std: CARGO_HOME="/workspace/cargo-home" RUSTUP_HOME="/workspace/rustup-home" "/workspace/cargo-home/bin/cargo" "+1.75.0" "generate-lockfile" "--manifest-path" "Cargo.toml", kill_on_drop: false }`
[INFO] [stderr]     Updating crates.io index
[INFO] running `Command { std: CARGO_HOME="/workspace/cargo-home" RUSTUP_HOME="/workspace/rustup-home" "/workspace/cargo-home/bin/cargo" "+1.75.0" "fetch" "--manifest-path" "Cargo.toml", kill_on_drop: false }`
[INFO] [stderr]  Downloading crates ...
[INFO] [stderr]   Downloaded qsk-types v0.1.0
[INFO] [stderr]   Downloaded galvanic-assert v0.8.7
[INFO] running `Command { std: "docker" "create" "-v" "/var/lib/crater-agent-workspace/builds/worker-4-tc1/target:/opt/rustwide/target:rw,Z" "-v" "/var/lib/crater-agent-workspace/builds/worker-4-tc1/source:/opt/rustwide/workdir:ro,Z" "-v" "/var/lib/crater-agent-workspace/cargo-home:/opt/rustwide/cargo-home:ro,Z" "-v" "/var/lib/crater-agent-workspace/rustup-home:/opt/rustwide/rustup-home:ro,Z" "-e" "SOURCE_DIR=/opt/rustwide/workdir" "-e" "CARGO_TARGET_DIR=/opt/rustwide/target" "-e" "CARGO_HOME=/opt/rustwide/cargo-home" "-e" "RUSTUP_HOME=/opt/rustwide/rustup-home" "-w" "/opt/rustwide/workdir" "-m" "1610612736" "--user" "0:0" "--network" "none" "ghcr.io/rust-lang/crates-build-env/linux@sha256:2788e3201cd34a07e3172128adcd8b3090168a8e3bcc40d7c032b9dda1df7d1c" "/opt/rustwide/cargo-home/bin/cargo" "+1.75.0" "metadata" "--no-deps" "--format-version=1", kill_on_drop: false }`
[INFO] [stdout] e211203c6c0415849dc9b5bccac492bc6bbc6dcdeba69f71450a1235946c63e5
[INFO] running `Command { std: "docker" "start" "-a" "e211203c6c0415849dc9b5bccac492bc6bbc6dcdeba69f71450a1235946c63e5", kill_on_drop: false }`
[INFO] running `Command { std: "docker" "inspect" "e211203c6c0415849dc9b5bccac492bc6bbc6dcdeba69f71450a1235946c63e5", kill_on_drop: false }`
[INFO] running `Command { std: "docker" "rm" "-f" "e211203c6c0415849dc9b5bccac492bc6bbc6dcdeba69f71450a1235946c63e5", kill_on_drop: false }`
[INFO] [stdout] e211203c6c0415849dc9b5bccac492bc6bbc6dcdeba69f71450a1235946c63e5
[INFO] running `Command { std: "docker" "create" "-v" "/var/lib/crater-agent-workspace/builds/worker-4-tc1/target:/opt/rustwide/target:rw,Z" "-v" "/var/lib/crater-agent-workspace/builds/worker-4-tc1/source:/opt/rustwide/workdir:ro,Z" "-v" "/var/lib/crater-agent-workspace/cargo-home:/opt/rustwide/cargo-home:ro,Z" "-v" "/var/lib/crater-agent-workspace/rustup-home:/opt/rustwide/rustup-home:ro,Z" "-e" "SOURCE_DIR=/opt/rustwide/workdir" "-e" "CARGO_TARGET_DIR=/opt/rustwide/target" "-e" "CARGO_INCREMENTAL=0" "-e" "RUST_BACKTRACE=full" "-e" "RUSTFLAGS=--cap-lints=warn" "-e" "RUSTDOCFLAGS=--cap-lints=warn" "-e" "CARGO_HOME=/opt/rustwide/cargo-home" "-e" "RUSTUP_HOME=/opt/rustwide/rustup-home" "-w" "/opt/rustwide/workdir" "-m" "1610612736" "--user" "0:0" "--network" "none" "ghcr.io/rust-lang/crates-build-env/linux@sha256:2788e3201cd34a07e3172128adcd8b3090168a8e3bcc40d7c032b9dda1df7d1c" "/opt/rustwide/cargo-home/bin/cargo" "+1.75.0" "build" "--frozen" "--message-format=json", kill_on_drop: false }`
[INFO] [stdout] 2db0f0c869a5689029032f1ca9deed7780c8666ed64c4a7f181125c8e7a3d9da
[INFO] running `Command { std: "docker" "start" "-a" "2db0f0c869a5689029032f1ca9deed7780c8666ed64c4a7f181125c8e7a3d9da", kill_on_drop: false }`
[INFO] [stderr]    Compiling autocfg v1.1.0
[INFO] [stderr]    Compiling proc-macro2 v1.0.75
[INFO] [stderr]    Compiling unicode-ident v1.0.12
[INFO] [stderr]    Compiling syn v1.0.109
[INFO] [stderr]    Compiling version_check v0.9.4
[INFO] [stderr]    Compiling rustversion v1.0.14
[INFO] [stderr]    Compiling serde v1.0.194
[INFO] [stderr]    Compiling thiserror v1.0.56
[INFO] [stderr]    Compiling serde_json v1.0.111
[INFO] [stderr]    Compiling unicode-segmentation v1.10.1
[INFO] [stderr]    Compiling itoa v1.0.10
[INFO] [stderr]    Compiling ryu v1.0.16
[INFO] [stderr]    Compiling num-traits v0.2.17
[INFO] [stderr]    Compiling num-integer v0.1.45
[INFO] [stderr]    Compiling num-bigint v0.3.3
[INFO] [stderr]    Compiling num-rational v0.3.2
[INFO] [stderr]    Compiling num-iter v0.1.43
[INFO] [stderr]    Compiling proc-macro-error-attr v1.0.4
[INFO] [stderr]    Compiling quote v1.0.35
[INFO] [stderr]    Compiling heck v0.3.3
[INFO] [stderr]    Compiling proc-macro-error v1.0.4
[INFO] [stderr]    Compiling strum v0.23.0
[INFO] [stderr]    Compiling syn v2.0.48
[INFO] [stderr]    Compiling num-complex v0.3.1
[INFO] [stderr]    Compiling serde_derive v1.0.194
[INFO] [stderr]    Compiling thiserror-impl v1.0.56
[INFO] [stderr]    Compiling num v0.3.1
[INFO] [stderr]    Compiling strum_macros v0.23.1
[INFO] [stderr]    Compiling num-derive v0.3.3
[INFO] [stderr]    Compiling qsk-types v0.1.0
[INFO] [stderr]    Compiling qsk-macros v0.1.0 (/opt/rustwide/workdir)
[INFO] [stderr]     Finished dev [unoptimized + debuginfo] target(s) in 24.57s
[INFO] running `Command { std: "docker" "inspect" "2db0f0c869a5689029032f1ca9deed7780c8666ed64c4a7f181125c8e7a3d9da", kill_on_drop: false }`
[INFO] running `Command { std: "docker" "rm" "-f" "2db0f0c869a5689029032f1ca9deed7780c8666ed64c4a7f181125c8e7a3d9da", kill_on_drop: false }`
[INFO] [stdout] 2db0f0c869a5689029032f1ca9deed7780c8666ed64c4a7f181125c8e7a3d9da
[INFO] running `Command { std: "docker" "create" "-v" "/var/lib/crater-agent-workspace/builds/worker-4-tc1/target:/opt/rustwide/target:rw,Z" "-v" "/var/lib/crater-agent-workspace/builds/worker-4-tc1/source:/opt/rustwide/workdir:ro,Z" "-v" "/var/lib/crater-agent-workspace/cargo-home:/opt/rustwide/cargo-home:ro,Z" "-v" "/var/lib/crater-agent-workspace/rustup-home:/opt/rustwide/rustup-home:ro,Z" "-e" "SOURCE_DIR=/opt/rustwide/workdir" "-e" "CARGO_TARGET_DIR=/opt/rustwide/target" "-e" "CARGO_INCREMENTAL=0" "-e" "RUST_BACKTRACE=full" "-e" "RUSTFLAGS=--cap-lints=warn" "-e" "RUSTDOCFLAGS=--cap-lints=warn" "-e" "CARGO_HOME=/opt/rustwide/cargo-home" "-e" "RUSTUP_HOME=/opt/rustwide/rustup-home" "-w" "/opt/rustwide/workdir" "-m" "1610612736" "--user" "0:0" "--network" "none" "ghcr.io/rust-lang/crates-build-env/linux@sha256:2788e3201cd34a07e3172128adcd8b3090168a8e3bcc40d7c032b9dda1df7d1c" "/opt/rustwide/cargo-home/bin/cargo" "+1.75.0" "test" "--frozen" "--no-run" "--message-format=json", kill_on_drop: false }`
[INFO] [stdout] 9e0a6cded9c9e05507e9128e5b1de0cb38fcd24ebc2af3a92b4c458d4c5a3f15
[INFO] running `Command { std: "docker" "start" "-a" "9e0a6cded9c9e05507e9128e5b1de0cb38fcd24ebc2af3a92b4c458d4c5a3f15", kill_on_drop: false }`
[INFO] [stderr]    Compiling proc-macro2 v1.0.75
[INFO] [stderr]    Compiling unicode-ident v1.0.12
[INFO] [stderr]    Compiling serde v1.0.194
[INFO] [stderr]    Compiling num-traits v0.2.17
[INFO] [stderr]    Compiling num-integer v0.1.45
[INFO] [stderr]    Compiling num-bigint v0.3.3
[INFO] [stderr]    Compiling num-iter v0.1.43
[INFO] [stderr]    Compiling num-rational v0.3.2
[INFO] [stderr]    Compiling serde_json v1.0.111
[INFO] [stderr]    Compiling itoa v1.0.10
[INFO] [stderr]    Compiling ryu v1.0.16
[INFO] [stderr]    Compiling thiserror v1.0.56
[INFO] [stderr]    Compiling proc-macro-error v1.0.4
[INFO] [stderr]    Compiling strum v0.23.0
[INFO] [stderr]    Compiling trybuild v1.0.87
[INFO] [stderr]    Compiling termcolor v1.4.0
[INFO] [stderr]    Compiling syn v1.0.109
[INFO] [stderr]    Compiling glob v0.3.1
[INFO] [stderr]    Compiling once_cell v1.19.0
[INFO] [stderr]    Compiling galvanic-assert v0.8.7
[INFO] [stderr]    Compiling quote v1.0.35
[INFO] [stderr]    Compiling syn v2.0.48
[INFO] [stderr]    Compiling proc-macro-error-attr v1.0.4
[INFO] [stderr]    Compiling num-complex v0.3.1
[INFO] [stderr]    Compiling serde_derive v1.0.194
[INFO] [stderr]    Compiling thiserror-impl v1.0.56
[INFO] [stderr]    Compiling num v0.3.1
[INFO] [stderr]    Compiling num-derive v0.3.3
[INFO] [stderr]    Compiling strum_macros v0.23.1
[INFO] [stderr]    Compiling basic-toml v0.1.8
[INFO] [stderr]    Compiling qsk-types v0.1.0
[INFO] [stderr]    Compiling qsk-macros v0.1.0 (/opt/rustwide/workdir)
[INFO] [stderr]     Finished test [unoptimized + debuginfo] target(s) in 29.81s
[INFO] running `Command { std: "docker" "inspect" "9e0a6cded9c9e05507e9128e5b1de0cb38fcd24ebc2af3a92b4c458d4c5a3f15", kill_on_drop: false }`
[INFO] running `Command { std: "docker" "rm" "-f" "9e0a6cded9c9e05507e9128e5b1de0cb38fcd24ebc2af3a92b4c458d4c5a3f15", kill_on_drop: false }`
[INFO] [stdout] 9e0a6cded9c9e05507e9128e5b1de0cb38fcd24ebc2af3a92b4c458d4c5a3f15
[INFO] running `Command { std: "docker" "create" "-v" "/var/lib/crater-agent-workspace/builds/worker-4-tc1/target:/opt/rustwide/target:rw,Z" "-v" "/var/lib/crater-agent-workspace/builds/worker-4-tc1/source:/opt/rustwide/workdir:ro,Z" "-v" "/var/lib/crater-agent-workspace/cargo-home:/opt/rustwide/cargo-home:ro,Z" "-v" "/var/lib/crater-agent-workspace/rustup-home:/opt/rustwide/rustup-home:ro,Z" "-e" "SOURCE_DIR=/opt/rustwide/workdir" "-e" "CARGO_TARGET_DIR=/opt/rustwide/target" "-e" "CARGO_INCREMENTAL=0" "-e" "RUST_BACKTRACE=full" "-e" "RUSTFLAGS=--cap-lints=warn" "-e" "RUSTDOCFLAGS=--cap-lints=warn" "-e" "CARGO_HOME=/opt/rustwide/cargo-home" "-e" "RUSTUP_HOME=/opt/rustwide/rustup-home" "-w" "/opt/rustwide/workdir" "-m" "1610612736" "--user" "0:0" "--network" "none" "ghcr.io/rust-lang/crates-build-env/linux@sha256:2788e3201cd34a07e3172128adcd8b3090168a8e3bcc40d7c032b9dda1df7d1c" "/opt/rustwide/cargo-home/bin/cargo" "+1.75.0" "test" "--frozen", kill_on_drop: false }`
[INFO] [stdout] 3a84ed57ecdc27fb3e7070e3084d78caa7cf7b2193a8aa9cf578147d63235061
[INFO] running `Command { std: "docker" "start" "-a" "3a84ed57ecdc27fb3e7070e3084d78caa7cf7b2193a8aa9cf578147d63235061", kill_on_drop: false }`
[INFO] [stderr]     Finished test [unoptimized + debuginfo] target(s) in 0.04s
[INFO] [stderr]      Running unittests src/lib.rs (/opt/rustwide/target/debug/deps/qsk_macros-aaf5e293e74ada5a)
[INFO] [stdout] 
[INFO] [stdout] running 5 tests
[INFO] [stdout] test parse::tests::valid_syntax ... ok
[INFO] [stdout] test parse::tests::parse_layer_body ... ok
[INFO] [stdout] test parse::tests::parse_keymap ... ok
[INFO] [stdout] test parse::tests::parse_control_code_function ... ok
[INFO] [stderr]      Running tests/ui.rs (/opt/rustwide/target/debug/deps/ui-dd7db2d4f6c937d4)
[INFO] [stdout] test parse::tests::parse_control_code_key ... ok
[INFO] [stdout] 
[INFO] [stdout] test result: ok. 5 passed; 0 failed; 0 ignored; 0 measured; 0 filtered out; finished in 0.00s
[INFO] [stdout] 
[INFO] [stdout] 
[INFO] [stdout] running 1 test
[INFO] [stderr]    Compiling autocfg v1.1.0
[INFO] [stderr]    Compiling proc-macro2 v1.0.75
[INFO] [stderr]    Compiling unicode-ident v1.0.12
[INFO] [stderr]    Compiling version_check v0.9.4
[INFO] [stderr]    Compiling serde v1.0.194
[INFO] [stderr]    Compiling syn v1.0.109
[INFO] [stderr]    Compiling thiserror v1.0.56
[INFO] [stderr]    Compiling serde_json v1.0.111
[INFO] [stderr]    Compiling rustversion v1.0.14
[INFO] [stderr]    Compiling unicode-segmentation v1.10.1
[INFO] [stderr]    Compiling itoa v1.0.10
[INFO] [stderr]    Compiling heck v0.3.3
[INFO] [stderr]    Compiling proc-macro-error-attr v1.0.4
[INFO] [stderr]    Compiling num-traits v0.2.17
[INFO] [stderr]    Compiling num-integer v0.1.45
[INFO] [stderr]    Compiling num-bigint v0.3.3
[INFO] [stderr]    Compiling num-rational v0.3.2
[INFO] [stderr]    Compiling num-iter v0.1.43
[INFO] [stderr]    Compiling proc-macro-error v1.0.4
[INFO] [stderr]    Compiling quote v1.0.35
[INFO] [stderr]    Compiling syn v2.0.48
[INFO] [stderr]    Compiling ryu v1.0.16
[INFO] [stderr]    Compiling num-complex v0.3.1
[INFO] [stderr]    Compiling strum v0.23.0
[INFO] [stderr]    Compiling galvanic-assert v0.8.7
[INFO] [stderr]    Compiling num v0.3.1
[INFO] [stderr]    Compiling serde_derive v1.0.194
[INFO] [stderr]    Compiling thiserror-impl v1.0.56
[INFO] [stderr]    Compiling strum_macros v0.23.1
[INFO] [stderr]    Compiling num-derive v0.3.3
[INFO] [stderr]    Compiling qsk-types v0.1.0
[INFO] [stderr]    Compiling qsk-macros v0.1.0 (/opt/rustwide/workdir)
[INFO] [stderr]    Compiling qsk-macros-tests v0.0.0 (/opt/rustwide/target/tests/trybuild/qsk-macros)
[INFO] [stderr]     Finished dev [unoptimized + debuginfo] target(s) in 38.48s
[INFO] [stderr] 
[INFO] [stderr] 
[INFO] [stderr] test tests/fail/analyze/exit-uexpected-arguments.rs [should fail to compile] ... ok
[INFO] [stderr] test tests/fail/analyze/invalid-key-code-control-code.rs [should fail to compile] ... ok
[INFO] [stderr] test tests/fail/analyze/invalid-key-code-in-key-function.rs [should fail to compile] ... ok
[INFO] [stderr] test tests/fail/analyze/invalid-key-code-keymap-key.rs [should fail to compile] ... ok
[INFO] [stderr] test tests/fail/analyze/invalid-layer-option.rs [should fail to compile] ... ok
[INFO] [stderr] test tests/fail/analyze/nonexistant-layer-reference.rs [should fail to compile] ... ok
[INFO] [stderr] test tests/fail/analyze/tap-toggle-missing-keycode-argument.rs [should fail to compile] ... ok
[INFO] [stderr] test tests/fail/analyze/tap-toggle-missing-layer-ref-argument.rs [should fail to compile] ... ok
[INFO] [stderr] test tests/fail/analyze/tap-toggle-unexpected-arguments.rs [should fail to compile] ... ok
[INFO] [stderr] test tests/fail/analyze/unsupported-key-function.rs [should fail to compile] ... ok
[INFO] [stderr] test tests/pass/valid_syntax.rs [should pass] ... ok
[INFO] [stderr] 
[INFO] [stderr] 
[INFO] [stdout] test ui ... ok
[INFO] [stdout] 
[INFO] [stdout] test result: ok. 1 passed; 0 failed; 0 ignored; 0 measured; 0 filtered out; finished in 41.46s
[INFO] [stdout] 
[INFO] [stderr]    Doc-tests qsk-macros
[INFO] [stdout] 
[INFO] [stdout] running 1 test
[INFO] [stdout] test src/lib.rs - (line 6) ... FAILED
[INFO] [stdout] 
[INFO] [stdout] failures:
[INFO] [stdout] 
[INFO] [stdout] ---- src/lib.rs - (line 6) stdout ----
[INFO] [stdout] error[E0308]: mismatched types
[INFO] [stdout]   --> src/lib.rs:8:1
[INFO] [stdout]    |
[INFO] [stdout] 4  |   fn main() { #[allow(non_snake_case)] fn _doctest_main_src_lib_rs_6_0() {
[INFO] [stdout]    |                                                                         - help: try adding a return type: `-> Result<LayerComposer, qsk_types::errors::Error>`
[INFO] [stdout] 5  | / qsk_macros::remap!(
[INFO] [stdout] 6  | |     ModLayer[Active]: {
[INFO] [stdout] 7  | |         F -> TT(Navigation, F),
[INFO] [stdout] 8  | |     },
[INFO] [stdout] ...  |
[INFO] [stdout] 19 | |     },
[INFO] [stdout] 20 | | )
[INFO] [stdout]    | |_^ expected `()`, found `Result<LayerComposer, Error>`
[INFO] [stdout]    |
[INFO] [stdout]    = note: expected unit type `()`
[INFO] [stdout]                    found enum `Result<LayerComposer, qsk_types::errors::Error>`
[INFO] [stdout]    = note: this error originates in the macro `qsk_macros::remap` (in Nightly builds, run with -Z macro-backtrace for more info)
[INFO] [stdout] 
[INFO] [stdout] error: aborting due to previous error
[INFO] [stdout] 
[INFO] [stdout] For more information about this error, try `rustc --explain E0308`.
[INFO] [stdout] Couldn't compile the test.
[INFO] [stdout] 
[INFO] [stdout] failures:
[INFO] [stdout]     src/lib.rs - (line 6)
[INFO] [stdout] 
[INFO] [stdout] test result: FAILED. 0 passed; 1 failed; 0 ignored; 0 measured; 0 filtered out; finished in 0.09s
[INFO] [stdout] 
[INFO] [stderr] error: doctest failed, to rerun pass `--doc`
[INFO] running `Command { std: "docker" "inspect" "3a84ed57ecdc27fb3e7070e3084d78caa7cf7b2193a8aa9cf578147d63235061", kill_on_drop: false }`
[INFO] running `Command { std: "docker" "rm" "-f" "3a84ed57ecdc27fb3e7070e3084d78caa7cf7b2193a8aa9cf578147d63235061", kill_on_drop: false }`
[INFO] [stdout] 3a84ed57ecdc27fb3e7070e3084d78caa7cf7b2193a8aa9cf578147d63235061
[INFO] testing qsk-macros-0.1.0 against beta-2023-12-22 for beta-1.76-1
[INFO] extracting crate qsk-macros 0.1.0 into /workspace/builds/worker-4-tc2/source
[INFO] validating manifest of crates.io crate qsk-macros 0.1.0 on toolchain beta-2023-12-22
[INFO] running `Command { std: CARGO_HOME="/workspace/cargo-home" RUSTUP_HOME="/workspace/rustup-home" "/workspace/cargo-home/bin/cargo" "+beta-2023-12-22" "metadata" "--manifest-path" "Cargo.toml" "--no-deps", kill_on_drop: false }`
[INFO] started tweaking crates.io crate qsk-macros 0.1.0
[INFO] finished tweaking crates.io crate qsk-macros 0.1.0
[INFO] tweaked toml for crates.io crate qsk-macros 0.1.0 written to /workspace/builds/worker-4-tc2/source/Cargo.toml
[INFO] running `Command { std: CARGO_HOME="/workspace/cargo-home" RUSTUP_HOME="/workspace/rustup-home" "/workspace/cargo-home/bin/cargo" "+beta-2023-12-22" "generate-lockfile" "--manifest-path" "Cargo.toml", kill_on_drop: false }`
[INFO] [stderr]     Updating crates.io index
[INFO] running `Command { std: CARGO_HOME="/workspace/cargo-home" RUSTUP_HOME="/workspace/rustup-home" "/workspace/cargo-home/bin/cargo" "+beta-2023-12-22" "fetch" "--manifest-path" "Cargo.toml", kill_on_drop: false }`
[INFO] running `Command { std: "docker" "create" "-v" "/var/lib/crater-agent-workspace/builds/worker-4-tc2/target:/opt/rustwide/target:rw,Z" "-v" "/var/lib/crater-agent-workspace/builds/worker-4-tc2/source:/opt/rustwide/workdir:ro,Z" "-v" "/var/lib/crater-agent-workspace/cargo-home:/opt/rustwide/cargo-home:ro,Z" "-v" "/var/lib/crater-agent-workspace/rustup-home:/opt/rustwide/rustup-home:ro,Z" "-e" "SOURCE_DIR=/opt/rustwide/workdir" "-e" "CARGO_TARGET_DIR=/opt/rustwide/target" "-e" "CARGO_HOME=/opt/rustwide/cargo-home" "-e" "RUSTUP_HOME=/opt/rustwide/rustup-home" "-w" "/opt/rustwide/workdir" "-m" "1610612736" "--user" "0:0" "--network" "none" "ghcr.io/rust-lang/crates-build-env/linux@sha256:2788e3201cd34a07e3172128adcd8b3090168a8e3bcc40d7c032b9dda1df7d1c" "/opt/rustwide/cargo-home/bin/cargo" "+beta-2023-12-22" "metadata" "--no-deps" "--format-version=1", kill_on_drop: false }`
[INFO] [stdout] 7ef60b7ce1e202e67073cbdc45d2468bb80ef9dfd834a2d47ca61b658776b902
[INFO] running `Command { std: "docker" "start" "-a" "7ef60b7ce1e202e67073cbdc45d2468bb80ef9dfd834a2d47ca61b658776b902", kill_on_drop: false }`
[INFO] running `Command { std: "docker" "inspect" "7ef60b7ce1e202e67073cbdc45d2468bb80ef9dfd834a2d47ca61b658776b902", kill_on_drop: false }`
[INFO] running `Command { std: "docker" "rm" "-f" "7ef60b7ce1e202e67073cbdc45d2468bb80ef9dfd834a2d47ca61b658776b902", kill_on_drop: false }`
[INFO] [stdout] 7ef60b7ce1e202e67073cbdc45d2468bb80ef9dfd834a2d47ca61b658776b902
[INFO] running `Command { std: "docker" "create" "-v" "/var/lib/crater-agent-workspace/builds/worker-4-tc2/target:/opt/rustwide/target:rw,Z" "-v" "/var/lib/crater-agent-workspace/builds/worker-4-tc2/source:/opt/rustwide/workdir:ro,Z" "-v" "/var/lib/crater-agent-workspace/cargo-home:/opt/rustwide/cargo-home:ro,Z" "-v" "/var/lib/crater-agent-workspace/rustup-home:/opt/rustwide/rustup-home:ro,Z" "-e" "SOURCE_DIR=/opt/rustwide/workdir" "-e" "CARGO_TARGET_DIR=/opt/rustwide/target" "-e" "CARGO_INCREMENTAL=0" "-e" "RUST_BACKTRACE=full" "-e" "RUSTFLAGS=--cap-lints=warn" "-e" "RUSTDOCFLAGS=--cap-lints=warn" "-e" "CARGO_HOME=/opt/rustwide/cargo-home" "-e" "RUSTUP_HOME=/opt/rustwide/rustup-home" "-w" "/opt/rustwide/workdir" "-m" "1610612736" "--user" "0:0" "--network" "none" "ghcr.io/rust-lang/crates-build-env/linux@sha256:2788e3201cd34a07e3172128adcd8b3090168a8e3bcc40d7c032b9dda1df7d1c" "/opt/rustwide/cargo-home/bin/cargo" "+beta-2023-12-22" "build" "--frozen" "--message-format=json", kill_on_drop: false }`
[INFO] [stdout] a7a9c5cd5888012b85a47cd361db630236ddb36c328b9f558c2b67acd5f017f4
[INFO] running `Command { std: "docker" "start" "-a" "a7a9c5cd5888012b85a47cd361db630236ddb36c328b9f558c2b67acd5f017f4", kill_on_drop: false }`
[INFO] [stderr]    Compiling autocfg v1.1.0
[INFO] [stderr]    Compiling proc-macro2 v1.0.75
[INFO] [stderr]    Compiling unicode-ident v1.0.12
[INFO] [stderr]    Compiling version_check v0.9.4
[INFO] [stderr]    Compiling syn v1.0.109
[INFO] [stderr]    Compiling rustversion v1.0.14
[INFO] [stderr]    Compiling serde v1.0.194
[INFO] [stderr]    Compiling unicode-segmentation v1.10.1
[INFO] [stderr]    Compiling thiserror v1.0.56
[INFO] [stderr]    Compiling serde_json v1.0.111
[INFO] [stderr]    Compiling ryu v1.0.16
[INFO] [stderr]    Compiling proc-macro-error-attr v1.0.4
[INFO] [stderr]    Compiling num-traits v0.2.17
[INFO] [stderr]    Compiling num-integer v0.1.45
[INFO] [stderr]    Compiling num-bigint v0.3.3
[INFO] [stderr]    Compiling num-iter v0.1.43
[INFO] [stderr]    Compiling num-rational v0.3.2
[INFO] [stderr]    Compiling heck v0.3.3
[INFO] [stderr]    Compiling proc-macro-error v1.0.4
[INFO] [stderr]    Compiling itoa v1.0.10
[INFO] [stderr]    Compiling strum v0.23.0
[INFO] [stderr]    Compiling quote v1.0.35
[INFO] [stderr]    Compiling syn v2.0.48
[INFO] [stderr]    Compiling num-complex v0.3.1
[INFO] [stderr]    Compiling serde_derive v1.0.194
[INFO] [stderr]    Compiling thiserror-impl v1.0.56
[INFO] [stderr]    Compiling num v0.3.1
[INFO] [stderr]    Compiling num-derive v0.3.3
[INFO] [stderr]    Compiling strum_macros v0.23.1
[INFO] [stderr]    Compiling qsk-types v0.1.0
[INFO] [stderr]    Compiling qsk-macros v0.1.0 (/opt/rustwide/workdir)
[INFO] [stderr]     Finished dev [unoptimized + debuginfo] target(s) in 20.24s
[INFO] running `Command { std: "docker" "inspect" "a7a9c5cd5888012b85a47cd361db630236ddb36c328b9f558c2b67acd5f017f4", kill_on_drop: false }`
[INFO] running `Command { std: "docker" "rm" "-f" "a7a9c5cd5888012b85a47cd361db630236ddb36c328b9f558c2b67acd5f017f4", kill_on_drop: false }`
[INFO] [stdout] a7a9c5cd5888012b85a47cd361db630236ddb36c328b9f558c2b67acd5f017f4
[INFO] running `Command { std: "docker" "create" "-v" "/var/lib/crater-agent-workspace/builds/worker-4-tc2/target:/opt/rustwide/target:rw,Z" "-v" "/var/lib/crater-agent-workspace/builds/worker-4-tc2/source:/opt/rustwide/workdir:ro,Z" "-v" "/var/lib/crater-agent-workspace/cargo-home:/opt/rustwide/cargo-home:ro,Z" "-v" "/var/lib/crater-agent-workspace/rustup-home:/opt/rustwide/rustup-home:ro,Z" "-e" "SOURCE_DIR=/opt/rustwide/workdir" "-e" "CARGO_TARGET_DIR=/opt/rustwide/target" "-e" "CARGO_INCREMENTAL=0" "-e" "RUST_BACKTRACE=full" "-e" "RUSTFLAGS=--cap-lints=warn" "-e" "RUSTDOCFLAGS=--cap-lints=warn" "-e" "CARGO_HOME=/opt/rustwide/cargo-home" "-e" "RUSTUP_HOME=/opt/rustwide/rustup-home" "-w" "/opt/rustwide/workdir" "-m" "1610612736" "--user" "0:0" "--network" "none" "ghcr.io/rust-lang/crates-build-env/linux@sha256:2788e3201cd34a07e3172128adcd8b3090168a8e3bcc40d7c032b9dda1df7d1c" "/opt/rustwide/cargo-home/bin/cargo" "+beta-2023-12-22" "test" "--frozen" "--no-run" "--message-format=json", kill_on_drop: false }`
[INFO] [stdout] 01e40c1740ecd8f990b81f822555de0ac8b72c1b95e1720215119c5c22be801b
[INFO] running `Command { std: "docker" "start" "-a" "01e40c1740ecd8f990b81f822555de0ac8b72c1b95e1720215119c5c22be801b", kill_on_drop: false }`
[INFO] [stderr]    Compiling proc-macro2 v1.0.75
[INFO] [stderr]    Compiling unicode-ident v1.0.12
[INFO] [stderr]    Compiling serde v1.0.194
[INFO] [stderr]    Compiling num-traits v0.2.17
[INFO] [stderr]    Compiling num-integer v0.1.45
[INFO] [stderr]    Compiling num-bigint v0.3.3
[INFO] [stderr]    Compiling num-rational v0.3.2
[INFO] [stderr]    Compiling num-iter v0.1.43
[INFO] [stderr]    Compiling serde_json v1.0.111
[INFO] [stderr]    Compiling itoa v1.0.10
[INFO] [stderr]    Compiling ryu v1.0.16
[INFO] [stderr]    Compiling thiserror v1.0.56
[INFO] [stderr]    Compiling proc-macro-error v1.0.4
[INFO] [stderr]    Compiling trybuild v1.0.87
[INFO] [stderr]    Compiling strum v0.23.0
[INFO] [stderr]    Compiling glob v0.3.1
[INFO] [stderr]    Compiling syn v1.0.109
[INFO] [stderr]    Compiling termcolor v1.4.0
[INFO] [stderr]    Compiling once_cell v1.19.0
[INFO] [stderr]    Compiling galvanic-assert v0.8.7
[INFO] [stderr]    Compiling quote v1.0.35
[INFO] [stderr]    Compiling syn v2.0.48
[INFO] [stderr]    Compiling proc-macro-error-attr v1.0.4
[INFO] [stderr]    Compiling num-complex v0.3.1
[INFO] [stderr]    Compiling serde_derive v1.0.194
[INFO] [stderr]    Compiling thiserror-impl v1.0.56
[INFO] [stderr]    Compiling num v0.3.1
[INFO] [stderr]    Compiling strum_macros v0.23.1
[INFO] [stderr]    Compiling num-derive v0.3.3
[INFO] [stderr]    Compiling basic-toml v0.1.8
[INFO] [stderr]    Compiling qsk-types v0.1.0
[INFO] [stderr]    Compiling qsk-macros v0.1.0 (/opt/rustwide/workdir)
[INFO] [stderr]     Finished test [unoptimized + debuginfo] target(s) in 20.67s
[INFO] running `Command { std: "docker" "inspect" "01e40c1740ecd8f990b81f822555de0ac8b72c1b95e1720215119c5c22be801b", kill_on_drop: false }`
[INFO] running `Command { std: "docker" "rm" "-f" "01e40c1740ecd8f990b81f822555de0ac8b72c1b95e1720215119c5c22be801b", kill_on_drop: false }`
[INFO] [stdout] 01e40c1740ecd8f990b81f822555de0ac8b72c1b95e1720215119c5c22be801b
[INFO] running `Command { std: "docker" "create" "-v" "/var/lib/crater-agent-workspace/builds/worker-4-tc2/target:/opt/rustwide/target:rw,Z" "-v" "/var/lib/crater-agent-workspace/builds/worker-4-tc2/source:/opt/rustwide/workdir:ro,Z" "-v" "/var/lib/crater-agent-workspace/cargo-home:/opt/rustwide/cargo-home:ro,Z" "-v" "/var/lib/crater-agent-workspace/rustup-home:/opt/rustwide/rustup-home:ro,Z" "-e" "SOURCE_DIR=/opt/rustwide/workdir" "-e" "CARGO_TARGET_DIR=/opt/rustwide/target" "-e" "CARGO_INCREMENTAL=0" "-e" "RUST_BACKTRACE=full" "-e" "RUSTFLAGS=--cap-lints=warn" "-e" "RUSTDOCFLAGS=--cap-lints=warn" "-e" "CARGO_HOME=/opt/rustwide/cargo-home" "-e" "RUSTUP_HOME=/opt/rustwide/rustup-home" "-w" "/opt/rustwide/workdir" "-m" "1610612736" "--user" "0:0" "--network" "none" "ghcr.io/rust-lang/crates-build-env/linux@sha256:2788e3201cd34a07e3172128adcd8b3090168a8e3bcc40d7c032b9dda1df7d1c" "/opt/rustwide/cargo-home/bin/cargo" "+beta-2023-12-22" "test" "--frozen", kill_on_drop: false }`
[INFO] [stdout] 1e0f450eead837a97664783c94cb0b62b699389e0bc2f0bcc8555ffc0974c2d8
[INFO] running `Command { std: "docker" "start" "-a" "1e0f450eead837a97664783c94cb0b62b699389e0bc2f0bcc8555ffc0974c2d8", kill_on_drop: false }`
[INFO] [stderr]     Finished test [unoptimized + debuginfo] target(s) in 0.03s
[INFO] [stderr]      Running unittests src/lib.rs (/opt/rustwide/target/debug/deps/qsk_macros-7e25fe1ebc633c31)
[INFO] [stdout] 
[INFO] [stdout] running 5 tests
[INFO] [stdout] test parse::tests::parse_control_code_function ... ok
[INFO] [stdout] test parse::tests::parse_control_code_key ... ok
[INFO] [stdout] test parse::tests::valid_syntax ... ok
[INFO] [stdout] test parse::tests::parse_keymap ... ok
[INFO] [stdout] test parse::tests::parse_layer_body ... ok
[INFO] [stdout] 
[INFO] [stdout] test result: ok. 5 passed; 0 failed; 0 ignored; 0 measured; 0 filtered out; finished in 0.02s
[INFO] [stdout] 
[INFO] [stderr]      Running tests/ui.rs (/opt/rustwide/target/debug/deps/ui-2e0201e5a1ffc1ed)
[INFO] [stdout] 
[INFO] [stdout] running 1 test
[INFO] [stderr]    Compiling autocfg v1.1.0
[INFO] [stderr]    Compiling proc-macro2 v1.0.75
[INFO] [stderr]    Compiling unicode-ident v1.0.12
[INFO] [stderr]    Compiling version_check v0.9.4
[INFO] [stderr]    Compiling serde v1.0.194
[INFO] [stderr]    Compiling syn v1.0.109
[INFO] [stderr]    Compiling serde_json v1.0.111
[INFO] [stderr]    Compiling thiserror v1.0.56
[INFO] [stderr]    Compiling rustversion v1.0.14
[INFO] [stderr]    Compiling unicode-segmentation v1.10.1
[INFO] [stderr]    Compiling proc-macro-error v1.0.4
[INFO] [stderr]    Compiling num-traits v0.2.17
[INFO] [stderr]    Compiling num-integer v0.1.45
[INFO] [stderr]    Compiling num-bigint v0.3.3
[INFO] [stderr]    Compiling num-iter v0.1.43
[INFO] [stderr]    Compiling num-rational v0.3.2
[INFO] [stderr]    Compiling proc-macro-error-attr v1.0.4
[INFO] [stderr]    Compiling heck v0.3.3
[INFO] [stderr]    Compiling quote v1.0.35
[INFO] [stderr]    Compiling syn v2.0.48
[INFO] [stderr]    Compiling itoa v1.0.10
[INFO] [stderr]    Compiling ryu v1.0.16
[INFO] [stderr]    Compiling num-complex v0.3.1
[INFO] [stderr]    Compiling strum v0.23.0
[INFO] [stderr]    Compiling galvanic-assert v0.8.7
[INFO] [stderr]    Compiling serde_derive v1.0.194
[INFO] [stderr]    Compiling thiserror-impl v1.0.56
[INFO] [stderr]    Compiling num v0.3.1
[INFO] [stderr]    Compiling num-derive v0.3.3
[INFO] [stderr]    Compiling strum_macros v0.23.1
[INFO] [stderr]    Compiling qsk-types v0.1.0
[INFO] [stderr]    Compiling qsk-macros v0.1.0 (/opt/rustwide/workdir)
[INFO] [stderr]    Compiling qsk-macros-tests v0.0.0 (/opt/rustwide/target/tests/trybuild/qsk-macros)
[INFO] [stderr]     Finished dev [unoptimized + debuginfo] target(s) in 21.81s
[INFO] [stderr] 
[INFO] [stderr] 
[INFO] [stderr] test tests/fail/analyze/exit-uexpected-arguments.rs [should fail to compile] ... ok
[INFO] [stderr] test tests/fail/analyze/invalid-key-code-control-code.rs [should fail to compile] ... ok
[INFO] [stderr] test tests/fail/analyze/invalid-key-code-in-key-function.rs [should fail to compile] ... ok
[INFO] [stderr] test tests/fail/analyze/invalid-key-code-keymap-key.rs [should fail to compile] ... ok
[INFO] [stderr] test tests/fail/analyze/invalid-layer-option.rs [should fail to compile] ... ok
[INFO] [stderr] test tests/fail/analyze/nonexistant-layer-reference.rs [should fail to compile] ... ok
[INFO] [stderr] test tests/fail/analyze/tap-toggle-missing-keycode-argument.rs [should fail to compile] ... ok
[INFO] [stderr] test tests/fail/analyze/tap-toggle-missing-layer-ref-argument.rs [should fail to compile] ... ok
[INFO] [stderr] test tests/fail/analyze/tap-toggle-unexpected-arguments.rs [should fail to compile] ... ok
[INFO] [stderr] test tests/fail/analyze/unsupported-key-function.rs [should fail to compile] ... ok
[INFO] [stderr] test tests/pass/valid_syntax.rs [should pass] ... ok
[INFO] [stderr] 
[INFO] [stderr] 
[INFO] [stdout] test ui ... ok
[INFO] [stdout] 
[INFO] [stdout] test result: ok. 1 passed; 0 failed; 0 ignored; 0 measured; 0 filtered out; finished in 24.71s
[INFO] [stdout] 
[INFO] [stderr]    Doc-tests qsk-macros
[INFO] [stdout] 
[INFO] [stdout] running 1 test
[INFO] [stdout] test src/lib.rs - (line 6) ... FAILED
[INFO] [stdout] 
[INFO] [stdout] failures:
[INFO] [stdout] 
[INFO] [stdout] ---- src/lib.rs - (line 6) stdout ----
[INFO] [stdout] error[E0308]: mismatched types
[INFO] [stdout]   --> src/lib.rs:8:1
[INFO] [stdout]    |
[INFO] [stdout] 4  |   fn main() { #[allow(non_snake_case)] fn _doctest_main_src_lib_rs_6_0() {
[INFO] [stdout]    |                                                                         - help: try adding a return type: `-> Result<LayerComposer, qsk_types::errors::Error>`
[INFO] [stdout] 5  | / qsk_macros::remap!(
[INFO] [stdout] 6  | |     ModLayer[Active]: {
[INFO] [stdout] 7  | |         F -> TT(Navigation, F),
[INFO] [stdout] 8  | |     },
[INFO] [stdout] ...  |
[INFO] [stdout] 19 | |     },
[INFO] [stdout] 20 | | )
[INFO] [stdout]    | |_^ expected `()`, found `Result<LayerComposer, Error>`
[INFO] [stdout]    |
[INFO] [stdout]    = note: expected unit type `()`
[INFO] [stdout]                    found enum `Result<LayerComposer, qsk_types::errors::Error>`
[INFO] [stdout]    = note: this error originates in the macro `qsk_macros::remap` (in Nightly builds, run with -Z macro-backtrace for more info)
[INFO] [stdout] 
[INFO] [stdout] error: aborting due to 1 previous error
[INFO] [stdout] 
[INFO] [stdout] For more information about this error, try `rustc --explain E0308`.
[INFO] [stdout] Couldn't compile the test.
[INFO] [stdout] 
[INFO] [stdout] failures:
[INFO] [stdout]     src/lib.rs - (line 6)
[INFO] [stdout] 
[INFO] [stdout] test result: FAILED. 0 passed; 1 failed; 0 ignored; 0 measured; 0 filtered out; finished in 0.09s
[INFO] [stdout] 
[INFO] [stderr] error: doctest failed, to rerun pass `--doc`
[INFO] running `Command { std: "docker" "inspect" "1e0f450eead837a97664783c94cb0b62b699389e0bc2f0bcc8555ffc0974c2d8", kill_on_drop: false }`
[INFO] running `Command { std: "docker" "rm" "-f" "1e0f450eead837a97664783c94cb0b62b699389e0bc2f0bcc8555ffc0974c2d8", kill_on_drop: false }`
[INFO] [stdout] 1e0f450eead837a97664783c94cb0b62b699389e0bc2f0bcc8555ffc0974c2d8
