[INFO] fetching crate qrcodegen-no-heap 1.8.1...
[INFO] testing qrcodegen-no-heap-1.8.1 against 1.75.0 for beta-1.76-1
[INFO] extracting crate qrcodegen-no-heap 1.8.1 into /workspace/builds/worker-4-tc1/source
[INFO] validating manifest of crates.io crate qrcodegen-no-heap 1.8.1 on toolchain 1.75.0
[INFO] running `Command { std: CARGO_HOME="/workspace/cargo-home" RUSTUP_HOME="/workspace/rustup-home" "/workspace/cargo-home/bin/cargo" "+1.75.0" "metadata" "--manifest-path" "Cargo.toml" "--no-deps", kill_on_drop: false }`
[INFO] started tweaking crates.io crate qrcodegen-no-heap 1.8.1
[INFO] finished tweaking crates.io crate qrcodegen-no-heap 1.8.1
[INFO] tweaked toml for crates.io crate qrcodegen-no-heap 1.8.1 written to /workspace/builds/worker-4-tc1/source/Cargo.toml
[INFO] crate crates.io crate qrcodegen-no-heap 1.8.1 already has a lockfile, it will not be regenerated
[INFO] running `Command { std: CARGO_HOME="/workspace/cargo-home" RUSTUP_HOME="/workspace/rustup-home" "/workspace/cargo-home/bin/cargo" "+1.75.0" "fetch" "--manifest-path" "Cargo.toml", kill_on_drop: false }`
[INFO] running `Command { std: "docker" "create" "-v" "/var/lib/crater-agent-workspace/builds/worker-4-tc1/target:/opt/rustwide/target:rw,Z" "-v" "/var/lib/crater-agent-workspace/builds/worker-4-tc1/source:/opt/rustwide/workdir:ro,Z" "-v" "/var/lib/crater-agent-workspace/cargo-home:/opt/rustwide/cargo-home:ro,Z" "-v" "/var/lib/crater-agent-workspace/rustup-home:/opt/rustwide/rustup-home:ro,Z" "-e" "SOURCE_DIR=/opt/rustwide/workdir" "-e" "CARGO_TARGET_DIR=/opt/rustwide/target" "-e" "CARGO_HOME=/opt/rustwide/cargo-home" "-e" "RUSTUP_HOME=/opt/rustwide/rustup-home" "-w" "/opt/rustwide/workdir" "-m" "1610612736" "--user" "0:0" "--network" "none" "ghcr.io/rust-lang/crates-build-env/linux@sha256:2788e3201cd34a07e3172128adcd8b3090168a8e3bcc40d7c032b9dda1df7d1c" "/opt/rustwide/cargo-home/bin/cargo" "+1.75.0" "metadata" "--no-deps" "--format-version=1", kill_on_drop: false }`
[INFO] [stdout] 36c3d83b84ab8161d2d92c46b91e3ff66ab92e4367bd4cab8e4935dfa21a4ffd
[INFO] running `Command { std: "docker" "start" "-a" "36c3d83b84ab8161d2d92c46b91e3ff66ab92e4367bd4cab8e4935dfa21a4ffd", kill_on_drop: false }`
[INFO] running `Command { std: "docker" "inspect" "36c3d83b84ab8161d2d92c46b91e3ff66ab92e4367bd4cab8e4935dfa21a4ffd", kill_on_drop: false }`
[INFO] running `Command { std: "docker" "rm" "-f" "36c3d83b84ab8161d2d92c46b91e3ff66ab92e4367bd4cab8e4935dfa21a4ffd", kill_on_drop: false }`
[INFO] [stdout] 36c3d83b84ab8161d2d92c46b91e3ff66ab92e4367bd4cab8e4935dfa21a4ffd
[INFO] running `Command { std: "docker" "create" "-v" "/var/lib/crater-agent-workspace/builds/worker-4-tc1/target:/opt/rustwide/target:rw,Z" "-v" "/var/lib/crater-agent-workspace/builds/worker-4-tc1/source:/opt/rustwide/workdir:ro,Z" "-v" "/var/lib/crater-agent-workspace/cargo-home:/opt/rustwide/cargo-home:ro,Z" "-v" "/var/lib/crater-agent-workspace/rustup-home:/opt/rustwide/rustup-home:ro,Z" "-e" "SOURCE_DIR=/opt/rustwide/workdir" "-e" "CARGO_TARGET_DIR=/opt/rustwide/target" "-e" "CARGO_INCREMENTAL=0" "-e" "RUST_BACKTRACE=full" "-e" "RUSTFLAGS=--cap-lints=warn" "-e" "RUSTDOCFLAGS=--cap-lints=warn" "-e" "CARGO_HOME=/opt/rustwide/cargo-home" "-e" "RUSTUP_HOME=/opt/rustwide/rustup-home" "-w" "/opt/rustwide/workdir" "-m" "1610612736" "--user" "0:0" "--network" "none" "ghcr.io/rust-lang/crates-build-env/linux@sha256:2788e3201cd34a07e3172128adcd8b3090168a8e3bcc40d7c032b9dda1df7d1c" "/opt/rustwide/cargo-home/bin/cargo" "+1.75.0" "build" "--frozen" "--message-format=json", kill_on_drop: false }`
[INFO] [stdout] 4551325cef442d657c738022a0144b0dca281f1844d54bbd2977c5f2f01b5f99
[INFO] running `Command { std: "docker" "start" "-a" "4551325cef442d657c738022a0144b0dca281f1844d54bbd2977c5f2f01b5f99", kill_on_drop: false }`
[INFO] [stderr]    Compiling qrcodegen-no-heap v1.8.1 (/opt/rustwide/workdir)
[INFO] [stderr]     Finished dev [unoptimized + debuginfo] target(s) in 0.18s
[INFO] running `Command { std: "docker" "inspect" "4551325cef442d657c738022a0144b0dca281f1844d54bbd2977c5f2f01b5f99", kill_on_drop: false }`
[INFO] running `Command { std: "docker" "rm" "-f" "4551325cef442d657c738022a0144b0dca281f1844d54bbd2977c5f2f01b5f99", kill_on_drop: false }`
[INFO] [stdout] 4551325cef442d657c738022a0144b0dca281f1844d54bbd2977c5f2f01b5f99
[INFO] running `Command { std: "docker" "create" "-v" "/var/lib/crater-agent-workspace/builds/worker-4-tc1/target:/opt/rustwide/target:rw,Z" "-v" "/var/lib/crater-agent-workspace/builds/worker-4-tc1/source:/opt/rustwide/workdir:ro,Z" "-v" "/var/lib/crater-agent-workspace/cargo-home:/opt/rustwide/cargo-home:ro,Z" "-v" "/var/lib/crater-agent-workspace/rustup-home:/opt/rustwide/rustup-home:ro,Z" "-e" "SOURCE_DIR=/opt/rustwide/workdir" "-e" "CARGO_TARGET_DIR=/opt/rustwide/target" "-e" "CARGO_INCREMENTAL=0" "-e" "RUST_BACKTRACE=full" "-e" "RUSTFLAGS=--cap-lints=warn" "-e" "RUSTDOCFLAGS=--cap-lints=warn" "-e" "CARGO_HOME=/opt/rustwide/cargo-home" "-e" "RUSTUP_HOME=/opt/rustwide/rustup-home" "-w" "/opt/rustwide/workdir" "-m" "1610612736" "--user" "0:0" "--network" "none" "ghcr.io/rust-lang/crates-build-env/linux@sha256:2788e3201cd34a07e3172128adcd8b3090168a8e3bcc40d7c032b9dda1df7d1c" "/opt/rustwide/cargo-home/bin/cargo" "+1.75.0" "test" "--frozen" "--no-run" "--message-format=json", kill_on_drop: false }`
[INFO] [stdout] d101b9f5e850e16592ba1e775a614117100bc19fffd5a9943e3aec799b4cbb19
[INFO] running `Command { std: "docker" "start" "-a" "d101b9f5e850e16592ba1e775a614117100bc19fffd5a9943e3aec799b4cbb19", kill_on_drop: false }`
[INFO] [stderr]    Compiling qrcodegen-no-heap v1.8.1 (/opt/rustwide/workdir)
[INFO] [stderr]     Finished test [unoptimized + debuginfo] target(s) in 0.23s
[INFO] running `Command { std: "docker" "inspect" "d101b9f5e850e16592ba1e775a614117100bc19fffd5a9943e3aec799b4cbb19", kill_on_drop: false }`
[INFO] running `Command { std: "docker" "rm" "-f" "d101b9f5e850e16592ba1e775a614117100bc19fffd5a9943e3aec799b4cbb19", kill_on_drop: false }`
[INFO] [stdout] d101b9f5e850e16592ba1e775a614117100bc19fffd5a9943e3aec799b4cbb19
[INFO] running `Command { std: "docker" "create" "-v" "/var/lib/crater-agent-workspace/builds/worker-4-tc1/target:/opt/rustwide/target:rw,Z" "-v" "/var/lib/crater-agent-workspace/builds/worker-4-tc1/source:/opt/rustwide/workdir:ro,Z" "-v" "/var/lib/crater-agent-workspace/cargo-home:/opt/rustwide/cargo-home:ro,Z" "-v" "/var/lib/crater-agent-workspace/rustup-home:/opt/rustwide/rustup-home:ro,Z" "-e" "SOURCE_DIR=/opt/rustwide/workdir" "-e" "CARGO_TARGET_DIR=/opt/rustwide/target" "-e" "CARGO_INCREMENTAL=0" "-e" "RUST_BACKTRACE=full" "-e" "RUSTFLAGS=--cap-lints=warn" "-e" "RUSTDOCFLAGS=--cap-lints=warn" "-e" "CARGO_HOME=/opt/rustwide/cargo-home" "-e" "RUSTUP_HOME=/opt/rustwide/rustup-home" "-w" "/opt/rustwide/workdir" "-m" "1610612736" "--user" "0:0" "--network" "none" "ghcr.io/rust-lang/crates-build-env/linux@sha256:2788e3201cd34a07e3172128adcd8b3090168a8e3bcc40d7c032b9dda1df7d1c" "/opt/rustwide/cargo-home/bin/cargo" "+1.75.0" "test" "--frozen", kill_on_drop: false }`
[INFO] [stdout] 6e12aa4523a5c490b912226a0e57950e9651be1d30b3cb369eacf6d18dde4c80
[INFO] running `Command { std: "docker" "start" "-a" "6e12aa4523a5c490b912226a0e57950e9651be1d30b3cb369eacf6d18dde4c80", kill_on_drop: false }`
[INFO] [stderr]     Finished test [unoptimized + debuginfo] target(s) in 0.00s
[INFO] [stderr]      Running unittests src/lib.rs (/opt/rustwide/target/debug/deps/qrcodegen_no_heap-63551d3a36f4a9f6)
[INFO] [stdout] 
[INFO] [stdout] running 0 tests
[INFO] [stdout] 
[INFO] [stdout] test result: ok. 0 passed; 0 failed; 0 ignored; 0 measured; 0 filtered out; finished in 0.00s
[INFO] [stdout] 
[INFO] [stderr]    Doc-tests qrcodegen-no-heap
[INFO] [stdout] 
[INFO] [stdout] running 3 tests
[INFO] [stdout] test src/lib.rs - (line 56) ... FAILED
[INFO] [stdout] test src/lib.rs - (line 66) ... FAILED
[INFO] [stdout] test src/lib.rs - (line 76) ... FAILED
[INFO] [stdout] 
[INFO] [stdout] failures:
[INFO] [stdout] 
[INFO] [stdout] ---- src/lib.rs - (line 56) stdout ----
[INFO] [stdout] error[E0463]: can't find crate for `qrcodegen`
[INFO] [stdout]  --> src/lib.rs:56:1
[INFO] [stdout]   |
[INFO] [stdout] 2 | extern crate qrcodegen;
[INFO] [stdout]   | ^^^^^^^^^^^^^^^^^^^^^^^ can't find crate
[INFO] [stdout] 
[INFO] [stdout] error: aborting due to previous error
[INFO] [stdout] 
[INFO] [stdout] For more information about this error, try `rustc --explain E0463`.
[INFO] [stdout] Couldn't compile the test.
[INFO] [stdout] ---- src/lib.rs - (line 66) stdout ----
[INFO] [stdout] error: path separator must be a double colon
[INFO] [stdout]  --> src/lib.rs:70:45
[INFO] [stdout]   |
[INFO] [stdout] 6 |     QrCodeEcc::Medium, Version::MIN, Version:MAX, None, true).unwrap();
[INFO] [stdout]   |                                             ^ help: use a double colon instead: `::`
[INFO] [stdout] 
[INFO] [stdout] error[E0433]: failed to resolve: use of undeclared type `Version`
[INFO] [stdout]  --> src/lib.rs:67:32
[INFO] [stdout]   |
[INFO] [stdout] 3 | let mut outbuffer  = vec![0u8; Version::MAX.buffer_len()];
[INFO] [stdout]   |                                ^^^^^^^ use of undeclared type `Version`
[INFO] [stdout] 
[INFO] [stdout] error[E0433]: failed to resolve: use of undeclared type `Version`
[INFO] [stdout]  --> src/lib.rs:68:32
[INFO] [stdout]   |
[INFO] [stdout] 4 | let mut tempbuffer = vec![0u8; Version::MAX.buffer_len()];
[INFO] [stdout]   |                                ^^^^^^^ use of undeclared type `Version`
[INFO] [stdout] 
[INFO] [stdout] error[E0433]: failed to resolve: use of undeclared type `QrCode`
[INFO] [stdout]  --> src/lib.rs:69:10
[INFO] [stdout]   |
[INFO] [stdout] 5 | let qr = QrCode::encode_text("Hello, world!", &mut tempbuffer, &mut outbuffer,
[INFO] [stdout]   |          ^^^^^^ use of undeclared type `QrCode`
[INFO] [stdout] 
[INFO] [stdout] error[E0433]: failed to resolve: use of undeclared type `QrCodeEcc`
[INFO] [stdout]  --> src/lib.rs:70:5
[INFO] [stdout]   |
[INFO] [stdout] 6 |     QrCodeEcc::Medium, Version::MIN, Version:MAX, None, true).unwrap();
[INFO] [stdout]   |     ^^^^^^^^^ use of undeclared type `QrCodeEcc`
[INFO] [stdout] 
[INFO] [stdout] error[E0433]: failed to resolve: use of undeclared type `Version`
[INFO] [stdout]  --> src/lib.rs:70:24
[INFO] [stdout]   |
[INFO] [stdout] 6 |     QrCodeEcc::Medium, Version::MIN, Version:MAX, None, true).unwrap();
[INFO] [stdout]   |                        ^^^^^^^ use of undeclared type `Version`
[INFO] [stdout] 
[INFO] [stdout] error[E0433]: failed to resolve: use of undeclared type `Version`
[INFO] [stdout]  --> src/lib.rs:70:38
[INFO] [stdout]   |
[INFO] [stdout] 6 |     QrCodeEcc::Medium, Version::MIN, Version:MAX, None, true).unwrap();
[INFO] [stdout]   |                                      ^^^^^^^ use of undeclared type `Version`
[INFO] [stdout] 
[INFO] [stdout] error[E0425]: cannot find function `to_svg_string` in this scope
[INFO] [stdout]  --> src/lib.rs:71:11
[INFO] [stdout]   |
[INFO] [stdout] 7 | let svg = to_svg_string(&qr, 4);  // See qrcodegen-demo
[INFO] [stdout]   |           ^^^^^^^^^^^^^ not found in this scope
[INFO] [stdout] 
[INFO] [stdout] error: aborting due to 8 previous errors
[INFO] [stdout] 
[INFO] [stdout] Some errors have detailed explanations: E0425, E0433.
[INFO] [stdout] For more information about an error, try `rustc --explain E0425`.
[INFO] [stdout] Couldn't compile the test.
[INFO] [stdout] ---- src/lib.rs - (line 76) stdout ----
[INFO] [stdout] error: unexpected token: `...`
[INFO] [stdout]   --> src/lib.rs:86:10
[INFO] [stdout]    |
[INFO] [stdout] 12 |         (... paint qr.get_module(x, y) ...)
[INFO] [stdout]    |          ^^^
[INFO] [stdout]    |
[INFO] [stdout] help: use `..` for an exclusive range
[INFO] [stdout]    |
[INFO] [stdout] 12 |         (.. paint qr.get_module(x, y) ...)
[INFO] [stdout]    |          ~~
[INFO] [stdout] help: or `..=` for an inclusive range
[INFO] [stdout]    |
[INFO] [stdout] 12 |         (..= paint qr.get_module(x, y) ...)
[INFO] [stdout]    |          ~~~
[INFO] [stdout] 
[INFO] [stdout] error: unexpected token: `...`
[INFO] [stdout]   --> src/lib.rs:86:40
[INFO] [stdout]    |
[INFO] [stdout] 12 |         (... paint qr.get_module(x, y) ...)
[INFO] [stdout]    |                                        ^^^
[INFO] [stdout]    |
[INFO] [stdout] help: use `..` for an exclusive range
[INFO] [stdout]    |
[INFO] [stdout] 12 |         (... paint qr.get_module(x, y) ..)
[INFO] [stdout]    |                                        ~~
[INFO] [stdout] help: or `..=` for an inclusive range
[INFO] [stdout]    |
[INFO] [stdout] 12 |         (... paint qr.get_module(x, y) ..=)
[INFO] [stdout]    |                                        ~~~
[INFO] [stdout] 
[INFO] [stdout] error[E0586]: inclusive range with no end
[INFO] [stdout]   --> src/lib.rs:86:40
[INFO] [stdout]    |
[INFO] [stdout] 12 |         (... paint qr.get_module(x, y) ...)
[INFO] [stdout]    |                                        ^^^ help: use `..` instead
[INFO] [stdout]    |
[INFO] [stdout]    = note: inclusive ranges must be bounded at the end (`..=b` or `a..=b`)
[INFO] [stdout] 
[INFO] [stdout] error: expected one of `!`, `)`, `,`, `.`, `::`, `?`, `{`, or an operator, found `qr`
[INFO] [stdout]   --> src/lib.rs:86:20
[INFO] [stdout]    |
[INFO] [stdout] 12 |         (... paint qr.get_module(x, y) ...)
[INFO] [stdout]    |                   -^^ expected one of 8 possible tokens
[INFO] [stdout]    |                   |
[INFO] [stdout]    |                   help: missing `,`
[INFO] [stdout] 
[INFO] [stdout] error[E0433]: failed to resolve: use of undeclared type `Mask`
[INFO] [stdout]  --> src/lib.rs:83:44
[INFO] [stdout]   |
[INFO] [stdout] 9 |     Version::new(2), Version::new(7), Some(Mask::new(4)), false).unwrap();
[INFO] [stdout]   |                                            ^^^^ use of undeclared type `Mask`
[INFO] [stdout]   |
[INFO] [stdout] help: consider importing this struct
[INFO] [stdout]   |
[INFO] [stdout] 2 + use std::simd::Mask;
[INFO] [stdout]   |
[INFO] [stdout] 
[INFO] [stdout] error[E0425]: cannot find value `paint` in this scope
[INFO] [stdout]   --> src/lib.rs:86:14
[INFO] [stdout]    |
[INFO] [stdout] 12 |         (... paint qr.get_module(x, y) ...)
[INFO] [stdout]    |              ^^^^^ not found in this scope
[INFO] [stdout] 
[INFO] [stdout] error[E0433]: failed to resolve: use of undeclared type `Version`
[INFO] [stdout]  --> src/lib.rs:77:33
[INFO] [stdout]   |
[INFO] [stdout] 3 | let mut outbuffer   = vec![0u8; Version::MAX.buffer_len()];
[INFO] [stdout]   |                                 ^^^^^^^ use of undeclared type `Version`
[INFO] [stdout] 
[INFO] [stdout] error[E0433]: failed to resolve: use of undeclared type `Version`
[INFO] [stdout]  --> src/lib.rs:78:33
[INFO] [stdout]   |
[INFO] [stdout] 4 | let mut dataandtemp = vec![0u8; Version::MAX.buffer_len()];
[INFO] [stdout]   |                                 ^^^^^^^ use of undeclared type `Version`
[INFO] [stdout] 
[INFO] [stdout] error[E0433]: failed to resolve: use of undeclared type `QrCode`
[INFO] [stdout]  --> src/lib.rs:82:10
[INFO] [stdout]   |
[INFO] [stdout] 8 | let qr = QrCode::encode_binary(&mut dataandtemp, 3, &mut outbuffer, QrCodeEcc::High,
[INFO] [stdout]   |          ^^^^^^ use of undeclared type `QrCode`
[INFO] [stdout] 
[INFO] [stdout] error[E0433]: failed to resolve: use of undeclared type `QrCodeEcc`
[INFO] [stdout]  --> src/lib.rs:82:69
[INFO] [stdout]   |
[INFO] [stdout] 8 | let qr = QrCode::encode_binary(&mut dataandtemp, 3, &mut outbuffer, QrCodeEcc::High,
[INFO] [stdout]   |                                                                     ^^^^^^^^^ use of undeclared type `QrCodeEcc`
[INFO] [stdout] 
[INFO] [stdout] error[E0433]: failed to resolve: use of undeclared type `Version`
[INFO] [stdout]  --> src/lib.rs:83:5
[INFO] [stdout]   |
[INFO] [stdout] 9 |     Version::new(2), Version::new(7), Some(Mask::new(4)), false).unwrap();
[INFO] [stdout]   |     ^^^^^^^ use of undeclared type `Version`
[INFO] [stdout] 
[INFO] [stdout] error[E0433]: failed to resolve: use of undeclared type `Version`
[INFO] [stdout]  --> src/lib.rs:83:22
[INFO] [stdout]   |
[INFO] [stdout] 9 |     Version::new(2), Version::new(7), Some(Mask::new(4)), false).unwrap();
[INFO] [stdout]   |                      ^^^^^^^ use of undeclared type `Version`
[INFO] [stdout] 
[INFO] [stdout] error: aborting due to 12 previous errors
[INFO] [stdout] 
[INFO] [stdout] Some errors have detailed explanations: E0425, E0433, E0586.
[INFO] [stdout] For more information about an error, try `rustc --explain E0425`.
[INFO] [stdout] Couldn't compile the test.
[INFO] [stdout] 
[INFO] [stdout] failures:
[INFO] [stdout]     src/lib.rs - (line 56)
[INFO] [stdout]     src/lib.rs - (line 66)
[INFO] [stdout]     src/lib.rs - (line 76)
[INFO] [stdout] 
[INFO] [stdout] test result: FAILED. 0 passed; 3 failed; 0 ignored; 0 measured; 0 filtered out; finished in 0.05s
[INFO] [stdout] 
[INFO] [stderr] error: doctest failed, to rerun pass `--doc`
[INFO] running `Command { std: "docker" "inspect" "6e12aa4523a5c490b912226a0e57950e9651be1d30b3cb369eacf6d18dde4c80", kill_on_drop: false }`
[INFO] running `Command { std: "docker" "rm" "-f" "6e12aa4523a5c490b912226a0e57950e9651be1d30b3cb369eacf6d18dde4c80", kill_on_drop: false }`
[INFO] [stdout] 6e12aa4523a5c490b912226a0e57950e9651be1d30b3cb369eacf6d18dde4c80
[INFO] testing qrcodegen-no-heap-1.8.1 against beta-2023-12-22 for beta-1.76-1
[INFO] extracting crate qrcodegen-no-heap 1.8.1 into /workspace/builds/worker-4-tc2/source
[INFO] validating manifest of crates.io crate qrcodegen-no-heap 1.8.1 on toolchain beta-2023-12-22
[INFO] running `Command { std: CARGO_HOME="/workspace/cargo-home" RUSTUP_HOME="/workspace/rustup-home" "/workspace/cargo-home/bin/cargo" "+beta-2023-12-22" "metadata" "--manifest-path" "Cargo.toml" "--no-deps", kill_on_drop: false }`
[INFO] started tweaking crates.io crate qrcodegen-no-heap 1.8.1
[INFO] finished tweaking crates.io crate qrcodegen-no-heap 1.8.1
[INFO] tweaked toml for crates.io crate qrcodegen-no-heap 1.8.1 written to /workspace/builds/worker-4-tc2/source/Cargo.toml
[INFO] crate crates.io crate qrcodegen-no-heap 1.8.1 already has a lockfile, it will not be regenerated
[INFO] running `Command { std: CARGO_HOME="/workspace/cargo-home" RUSTUP_HOME="/workspace/rustup-home" "/workspace/cargo-home/bin/cargo" "+beta-2023-12-22" "fetch" "--manifest-path" "Cargo.toml", kill_on_drop: false }`
[INFO] running `Command { std: "docker" "create" "-v" "/var/lib/crater-agent-workspace/builds/worker-4-tc2/target:/opt/rustwide/target:rw,Z" "-v" "/var/lib/crater-agent-workspace/builds/worker-4-tc2/source:/opt/rustwide/workdir:ro,Z" "-v" "/var/lib/crater-agent-workspace/cargo-home:/opt/rustwide/cargo-home:ro,Z" "-v" "/var/lib/crater-agent-workspace/rustup-home:/opt/rustwide/rustup-home:ro,Z" "-e" "SOURCE_DIR=/opt/rustwide/workdir" "-e" "CARGO_TARGET_DIR=/opt/rustwide/target" "-e" "CARGO_HOME=/opt/rustwide/cargo-home" "-e" "RUSTUP_HOME=/opt/rustwide/rustup-home" "-w" "/opt/rustwide/workdir" "-m" "1610612736" "--user" "0:0" "--network" "none" "ghcr.io/rust-lang/crates-build-env/linux@sha256:2788e3201cd34a07e3172128adcd8b3090168a8e3bcc40d7c032b9dda1df7d1c" "/opt/rustwide/cargo-home/bin/cargo" "+beta-2023-12-22" "metadata" "--no-deps" "--format-version=1", kill_on_drop: false }`
[INFO] [stdout] 49192f3712d08d341dc5940686c8b6013236b029a78cb4857b9af39db1f97df1
[INFO] running `Command { std: "docker" "start" "-a" "49192f3712d08d341dc5940686c8b6013236b029a78cb4857b9af39db1f97df1", kill_on_drop: false }`
[INFO] running `Command { std: "docker" "inspect" "49192f3712d08d341dc5940686c8b6013236b029a78cb4857b9af39db1f97df1", kill_on_drop: false }`
[INFO] running `Command { std: "docker" "rm" "-f" "49192f3712d08d341dc5940686c8b6013236b029a78cb4857b9af39db1f97df1", kill_on_drop: false }`
[INFO] [stdout] 49192f3712d08d341dc5940686c8b6013236b029a78cb4857b9af39db1f97df1
[INFO] running `Command { std: "docker" "create" "-v" "/var/lib/crater-agent-workspace/builds/worker-4-tc2/target:/opt/rustwide/target:rw,Z" "-v" "/var/lib/crater-agent-workspace/builds/worker-4-tc2/source:/opt/rustwide/workdir:ro,Z" "-v" "/var/lib/crater-agent-workspace/cargo-home:/opt/rustwide/cargo-home:ro,Z" "-v" "/var/lib/crater-agent-workspace/rustup-home:/opt/rustwide/rustup-home:ro,Z" "-e" "SOURCE_DIR=/opt/rustwide/workdir" "-e" "CARGO_TARGET_DIR=/opt/rustwide/target" "-e" "CARGO_INCREMENTAL=0" "-e" "RUST_BACKTRACE=full" "-e" "RUSTFLAGS=--cap-lints=warn" "-e" "RUSTDOCFLAGS=--cap-lints=warn" "-e" "CARGO_HOME=/opt/rustwide/cargo-home" "-e" "RUSTUP_HOME=/opt/rustwide/rustup-home" "-w" "/opt/rustwide/workdir" "-m" "1610612736" "--user" "0:0" "--network" "none" "ghcr.io/rust-lang/crates-build-env/linux@sha256:2788e3201cd34a07e3172128adcd8b3090168a8e3bcc40d7c032b9dda1df7d1c" "/opt/rustwide/cargo-home/bin/cargo" "+beta-2023-12-22" "build" "--frozen" "--message-format=json", kill_on_drop: false }`
[INFO] [stdout] 675520405de512dc707a75c1238bbe7050d150d6ca5fd3dab4432c3bc25567e4
[INFO] running `Command { std: "docker" "start" "-a" "675520405de512dc707a75c1238bbe7050d150d6ca5fd3dab4432c3bc25567e4", kill_on_drop: false }`
[INFO] [stderr]    Compiling qrcodegen-no-heap v1.8.1 (/opt/rustwide/workdir)
[INFO] [stderr]     Finished dev [unoptimized + debuginfo] target(s) in 0.19s
[INFO] running `Command { std: "docker" "inspect" "675520405de512dc707a75c1238bbe7050d150d6ca5fd3dab4432c3bc25567e4", kill_on_drop: false }`
[INFO] running `Command { std: "docker" "rm" "-f" "675520405de512dc707a75c1238bbe7050d150d6ca5fd3dab4432c3bc25567e4", kill_on_drop: false }`
[INFO] [stdout] 675520405de512dc707a75c1238bbe7050d150d6ca5fd3dab4432c3bc25567e4
[INFO] running `Command { std: "docker" "create" "-v" "/var/lib/crater-agent-workspace/builds/worker-4-tc2/target:/opt/rustwide/target:rw,Z" "-v" "/var/lib/crater-agent-workspace/builds/worker-4-tc2/source:/opt/rustwide/workdir:ro,Z" "-v" "/var/lib/crater-agent-workspace/cargo-home:/opt/rustwide/cargo-home:ro,Z" "-v" "/var/lib/crater-agent-workspace/rustup-home:/opt/rustwide/rustup-home:ro,Z" "-e" "SOURCE_DIR=/opt/rustwide/workdir" "-e" "CARGO_TARGET_DIR=/opt/rustwide/target" "-e" "CARGO_INCREMENTAL=0" "-e" "RUST_BACKTRACE=full" "-e" "RUSTFLAGS=--cap-lints=warn" "-e" "RUSTDOCFLAGS=--cap-lints=warn" "-e" "CARGO_HOME=/opt/rustwide/cargo-home" "-e" "RUSTUP_HOME=/opt/rustwide/rustup-home" "-w" "/opt/rustwide/workdir" "-m" "1610612736" "--user" "0:0" "--network" "none" "ghcr.io/rust-lang/crates-build-env/linux@sha256:2788e3201cd34a07e3172128adcd8b3090168a8e3bcc40d7c032b9dda1df7d1c" "/opt/rustwide/cargo-home/bin/cargo" "+beta-2023-12-22" "test" "--frozen" "--no-run" "--message-format=json", kill_on_drop: false }`
[INFO] [stdout] 305cd994cb2b86a0548d1b45c49f3c90418dd8ee4c18df96bdf159f2ed5f4d7a
[INFO] running `Command { std: "docker" "start" "-a" "305cd994cb2b86a0548d1b45c49f3c90418dd8ee4c18df96bdf159f2ed5f4d7a", kill_on_drop: false }`
[INFO] [stderr]    Compiling qrcodegen-no-heap v1.8.1 (/opt/rustwide/workdir)
[INFO] [stderr]     Finished test [unoptimized + debuginfo] target(s) in 0.23s
[INFO] running `Command { std: "docker" "inspect" "305cd994cb2b86a0548d1b45c49f3c90418dd8ee4c18df96bdf159f2ed5f4d7a", kill_on_drop: false }`
[INFO] running `Command { std: "docker" "rm" "-f" "305cd994cb2b86a0548d1b45c49f3c90418dd8ee4c18df96bdf159f2ed5f4d7a", kill_on_drop: false }`
[INFO] [stdout] 305cd994cb2b86a0548d1b45c49f3c90418dd8ee4c18df96bdf159f2ed5f4d7a
[INFO] running `Command { std: "docker" "create" "-v" "/var/lib/crater-agent-workspace/builds/worker-4-tc2/target:/opt/rustwide/target:rw,Z" "-v" "/var/lib/crater-agent-workspace/builds/worker-4-tc2/source:/opt/rustwide/workdir:ro,Z" "-v" "/var/lib/crater-agent-workspace/cargo-home:/opt/rustwide/cargo-home:ro,Z" "-v" "/var/lib/crater-agent-workspace/rustup-home:/opt/rustwide/rustup-home:ro,Z" "-e" "SOURCE_DIR=/opt/rustwide/workdir" "-e" "CARGO_TARGET_DIR=/opt/rustwide/target" "-e" "CARGO_INCREMENTAL=0" "-e" "RUST_BACKTRACE=full" "-e" "RUSTFLAGS=--cap-lints=warn" "-e" "RUSTDOCFLAGS=--cap-lints=warn" "-e" "CARGO_HOME=/opt/rustwide/cargo-home" "-e" "RUSTUP_HOME=/opt/rustwide/rustup-home" "-w" "/opt/rustwide/workdir" "-m" "1610612736" "--user" "0:0" "--network" "none" "ghcr.io/rust-lang/crates-build-env/linux@sha256:2788e3201cd34a07e3172128adcd8b3090168a8e3bcc40d7c032b9dda1df7d1c" "/opt/rustwide/cargo-home/bin/cargo" "+beta-2023-12-22" "test" "--frozen", kill_on_drop: false }`
[INFO] [stdout] 5c6ce7ec176153dd0937ce2edf4e8dbe1bc5c22177b16c4bc93679bdae04a968
[INFO] running `Command { std: "docker" "start" "-a" "5c6ce7ec176153dd0937ce2edf4e8dbe1bc5c22177b16c4bc93679bdae04a968", kill_on_drop: false }`
[INFO] [stderr]     Finished test [unoptimized + debuginfo] target(s) in 0.00s
[INFO] [stderr]      Running unittests src/lib.rs (/opt/rustwide/target/debug/deps/qrcodegen_no_heap-3202a842f3ff8d78)
[INFO] [stdout] 
[INFO] [stdout] running 0 tests
[INFO] [stdout] 
[INFO] [stdout] test result: ok. 0 passed; 0 failed; 0 ignored; 0 measured; 0 filtered out; finished in 0.00s
[INFO] [stdout] 
[INFO] [stderr]    Doc-tests qrcodegen-no-heap
[INFO] [stdout] 
[INFO] [stdout] running 3 tests
[INFO] [stdout] test src/lib.rs - (line 56) ... FAILED
[INFO] [stdout] test src/lib.rs - (line 76) ... FAILED
[INFO] [stdout] test src/lib.rs - (line 66) ... FAILED
[INFO] [stdout] 
[INFO] [stdout] failures:
[INFO] [stdout] 
[INFO] [stdout] ---- src/lib.rs - (line 56) stdout ----
[INFO] [stdout] error[E0463]: can't find crate for `qrcodegen`
[INFO] [stdout]  --> src/lib.rs:56:1
[INFO] [stdout]   |
[INFO] [stdout] 2 | extern crate qrcodegen;
[INFO] [stdout]   | ^^^^^^^^^^^^^^^^^^^^^^^ can't find crate
[INFO] [stdout] 
[INFO] [stdout] error: aborting due to 1 previous error
[INFO] [stdout] 
[INFO] [stdout] For more information about this error, try `rustc --explain E0463`.
[INFO] [stdout] Couldn't compile the test.
[INFO] [stdout] ---- src/lib.rs - (line 76) stdout ----
[INFO] [stdout] error: unexpected token: `...`
[INFO] [stdout]   --> src/lib.rs:86:10
[INFO] [stdout]    |
[INFO] [stdout] 12 |         (... paint qr.get_module(x, y) ...)
[INFO] [stdout]    |          ^^^
[INFO] [stdout]    |
[INFO] [stdout] help: use `..` for an exclusive range
[INFO] [stdout]    |
[INFO] [stdout] 12 |         (.. paint qr.get_module(x, y) ...)
[INFO] [stdout]    |          ~~
[INFO] [stdout] help: or `..=` for an inclusive range
[INFO] [stdout]    |
[INFO] [stdout] 12 |         (..= paint qr.get_module(x, y) ...)
[INFO] [stdout]    |          ~~~
[INFO] [stdout] 
[INFO] [stdout] error: unexpected token: `...`
[INFO] [stdout]   --> src/lib.rs:86:40
[INFO] [stdout]    |
[INFO] [stdout] 12 |         (... paint qr.get_module(x, y) ...)
[INFO] [stdout]    |                                        ^^^
[INFO] [stdout]    |
[INFO] [stdout] help: use `..` for an exclusive range
[INFO] [stdout]    |
[INFO] [stdout] 12 |         (... paint qr.get_module(x, y) ..)
[INFO] [stdout]    |                                        ~~
[INFO] [stdout] help: or `..=` for an inclusive range
[INFO] [stdout]    |
[INFO] [stdout] 12 |         (... paint qr.get_module(x, y) ..=)
[INFO] [stdout]    |                                        ~~~
[INFO] [stdout] 
[INFO] [stdout] error[E0586]: inclusive range with no end
[INFO] [stdout]   --> src/lib.rs:86:40
[INFO] [stdout]    |
[INFO] [stdout] 12 |         (... paint qr.get_module(x, y) ...)
[INFO] [stdout]    |                                        ^^^ help: use `..` instead
[INFO] [stdout]    |
[INFO] [stdout]    = note: inclusive ranges must be bounded at the end (`..=b` or `a..=b`)
[INFO] [stdout] 
[INFO] [stdout] error: expected one of `!`, `)`, `,`, `.`, `::`, `?`, `{`, or an operator, found `qr`
[INFO] [stdout]   --> src/lib.rs:86:20
[INFO] [stdout]    |
[INFO] [stdout] 12 |         (... paint qr.get_module(x, y) ...)
[INFO] [stdout]    |                   -^^ expected one of 8 possible tokens
[INFO] [stdout]    |                   |
[INFO] [stdout]    |                   help: missing `,`
[INFO] [stdout] 
[INFO] [stdout] error[E0433]: failed to resolve: use of undeclared type `Mask`
[INFO] [stdout]  --> src/lib.rs:83:44
[INFO] [stdout]   |
[INFO] [stdout] 9 |     Version::new(2), Version::new(7), Some(Mask::new(4)), false).unwrap();
[INFO] [stdout]   |                                            ^^^^ use of undeclared type `Mask`
[INFO] [stdout]   |
[INFO] [stdout] help: consider importing this struct
[INFO] [stdout]   |
[INFO] [stdout] 2 + use std::simd::Mask;
[INFO] [stdout]   |
[INFO] [stdout] 
[INFO] [stdout] error[E0425]: cannot find value `paint` in this scope
[INFO] [stdout]   --> src/lib.rs:86:14
[INFO] [stdout]    |
[INFO] [stdout] 12 |         (... paint qr.get_module(x, y) ...)
[INFO] [stdout]    |              ^^^^^ not found in this scope
[INFO] [stdout] 
[INFO] [stdout] error[E0433]: failed to resolve: use of undeclared type `Version`
[INFO] [stdout]  --> src/lib.rs:77:33
[INFO] [stdout]   |
[INFO] [stdout] 3 | let mut outbuffer   = vec![0u8; Version::MAX.buffer_len()];
[INFO] [stdout]   |                                 ^^^^^^^ use of undeclared type `Version`
[INFO] [stdout] 
[INFO] [stdout] error[E0433]: failed to resolve: use of undeclared type `Version`
[INFO] [stdout]  --> src/lib.rs:78:33
[INFO] [stdout]   |
[INFO] [stdout] 4 | let mut dataandtemp = vec![0u8; Version::MAX.buffer_len()];
[INFO] [stdout]   |                                 ^^^^^^^ use of undeclared type `Version`
[INFO] [stdout] 
[INFO] [stdout] error[E0433]: failed to resolve: use of undeclared type `QrCode`
[INFO] [stdout]  --> src/lib.rs:82:10
[INFO] [stdout]   |
[INFO] [stdout] 8 | let qr = QrCode::encode_binary(&mut dataandtemp, 3, &mut outbuffer, QrCodeEcc::High,
[INFO] [stdout]   |          ^^^^^^ use of undeclared type `QrCode`
[INFO] [stdout] 
[INFO] [stdout] error[E0433]: failed to resolve: use of undeclared type `QrCodeEcc`
[INFO] [stdout]  --> src/lib.rs:82:69
[INFO] [stdout]   |
[INFO] [stdout] 8 | let qr = QrCode::encode_binary(&mut dataandtemp, 3, &mut outbuffer, QrCodeEcc::High,
[INFO] [stdout]   |                                                                     ^^^^^^^^^ use of undeclared type `QrCodeEcc`
[INFO] [stdout] 
[INFO] [stdout] error[E0433]: failed to resolve: use of undeclared type `Version`
[INFO] [stdout]  --> src/lib.rs:83:5
[INFO] [stdout]   |
[INFO] [stdout] 9 |     Version::new(2), Version::new(7), Some(Mask::new(4)), false).unwrap();
[INFO] [stdout]   |     ^^^^^^^ use of undeclared type `Version`
[INFO] [stdout] 
[INFO] [stdout] error[E0433]: failed to resolve: use of undeclared type `Version`
[INFO] [stdout]  --> src/lib.rs:83:22
[INFO] [stdout]   |
[INFO] [stdout] 9 |     Version::new(2), Version::new(7), Some(Mask::new(4)), false).unwrap();
[INFO] [stdout]   |                      ^^^^^^^ use of undeclared type `Version`
[INFO] [stdout] 
[INFO] [stdout] error: aborting due to 12 previous errors
[INFO] [stdout] 
[INFO] [stdout] Some errors have detailed explanations: E0425, E0433, E0586.
[INFO] [stdout] For more information about an error, try `rustc --explain E0425`.
[INFO] [stdout] Couldn't compile the test.
[INFO] [stdout] ---- src/lib.rs - (line 66) stdout ----
[INFO] [stdout] error: path separator must be a double colon
[INFO] [stdout]  --> src/lib.rs:70:45
[INFO] [stdout]   |
[INFO] [stdout] 6 |     QrCodeEcc::Medium, Version::MIN, Version:MAX, None, true).unwrap();
[INFO] [stdout]   |                                             ^ help: use a double colon instead: `::`
[INFO] [stdout] 
[INFO] [stdout] error[E0433]: failed to resolve: use of undeclared type `Version`
[INFO] [stdout]  --> src/lib.rs:67:32
[INFO] [stdout]   |
[INFO] [stdout] 3 | let mut outbuffer  = vec![0u8; Version::MAX.buffer_len()];
[INFO] [stdout]   |                                ^^^^^^^ use of undeclared type `Version`
[INFO] [stdout] 
[INFO] [stdout] error[E0433]: failed to resolve: use of undeclared type `Version`
[INFO] [stdout]  --> src/lib.rs:68:32
[INFO] [stdout]   |
[INFO] [stdout] 4 | let mut tempbuffer = vec![0u8; Version::MAX.buffer_len()];
[INFO] [stdout]   |                                ^^^^^^^ use of undeclared type `Version`
[INFO] [stdout] 
[INFO] [stdout] error[E0433]: failed to resolve: use of undeclared type `QrCode`
[INFO] [stdout]  --> src/lib.rs:69:10
[INFO] [stdout]   |
[INFO] [stdout] 5 | let qr = QrCode::encode_text("Hello, world!", &mut tempbuffer, &mut outbuffer,
[INFO] [stdout]   |          ^^^^^^ use of undeclared type `QrCode`
[INFO] [stdout] 
[INFO] [stdout] error[E0433]: failed to resolve: use of undeclared type `QrCodeEcc`
[INFO] [stdout]  --> src/lib.rs:70:5
[INFO] [stdout]   |
[INFO] [stdout] 6 |     QrCodeEcc::Medium, Version::MIN, Version:MAX, None, true).unwrap();
[INFO] [stdout]   |     ^^^^^^^^^ use of undeclared type `QrCodeEcc`
[INFO] [stdout] 
[INFO] [stdout] error[E0433]: failed to resolve: use of undeclared type `Version`
[INFO] [stdout]  --> src/lib.rs:70:24
[INFO] [stdout]   |
[INFO] [stdout] 6 |     QrCodeEcc::Medium, Version::MIN, Version:MAX, None, true).unwrap();
[INFO] [stdout]   |                        ^^^^^^^ use of undeclared type `Version`
[INFO] [stdout] 
[INFO] [stdout] error[E0433]: failed to resolve: use of undeclared type `Version`
[INFO] [stdout]  --> src/lib.rs:70:38
[INFO] [stdout]   |
[INFO] [stdout] 6 |     QrCodeEcc::Medium, Version::MIN, Version:MAX, None, true).unwrap();
[INFO] [stdout]   |                                      ^^^^^^^ use of undeclared type `Version`
[INFO] [stdout] 
[INFO] [stdout] error[E0425]: cannot find function `to_svg_string` in this scope
[INFO] [stdout]  --> src/lib.rs:71:11
[INFO] [stdout]   |
[INFO] [stdout] 7 | let svg = to_svg_string(&qr, 4);  // See qrcodegen-demo
[INFO] [stdout]   |           ^^^^^^^^^^^^^ not found in this scope
[INFO] [stdout] 
[INFO] [stdout] error: aborting due to 8 previous errors
[INFO] [stdout] 
[INFO] [stdout] Some errors have detailed explanations: E0425, E0433.
[INFO] [stdout] For more information about an error, try `rustc --explain E0425`.
[INFO] [stdout] Couldn't compile the test.
[INFO] [stdout] 
[INFO] [stdout] failures:
[INFO] [stdout]     src/lib.rs - (line 56)
[INFO] [stdout]     src/lib.rs - (line 66)
[INFO] [stdout]     src/lib.rs - (line 76)
[INFO] [stdout] 
[INFO] [stdout] test result: FAILED. 0 passed; 3 failed; 0 ignored; 0 measured; 0 filtered out; finished in 0.04s
[INFO] [stdout] 
[INFO] [stderr] error: doctest failed, to rerun pass `--doc`
[INFO] running `Command { std: "docker" "inspect" "5c6ce7ec176153dd0937ce2edf4e8dbe1bc5c22177b16c4bc93679bdae04a968", kill_on_drop: false }`
[INFO] running `Command { std: "docker" "rm" "-f" "5c6ce7ec176153dd0937ce2edf4e8dbe1bc5c22177b16c4bc93679bdae04a968", kill_on_drop: false }`
[INFO] [stdout] 5c6ce7ec176153dd0937ce2edf4e8dbe1bc5c22177b16c4bc93679bdae04a968
