[INFO] fetching crate qrcode-rs 0.1.2...
[INFO] testing qrcode-rs-0.1.2 against 1.75.0 for beta-1.76-1
[INFO] extracting crate qrcode-rs 0.1.2 into /workspace/builds/worker-4-tc1/source
[INFO] validating manifest of crates.io crate qrcode-rs 0.1.2 on toolchain 1.75.0
[INFO] running `Command { std: CARGO_HOME="/workspace/cargo-home" RUSTUP_HOME="/workspace/rustup-home" "/workspace/cargo-home/bin/cargo" "+1.75.0" "metadata" "--manifest-path" "Cargo.toml" "--no-deps", kill_on_drop: false }`
[INFO] removed /workspace/builds/worker-4-tc1/source/rust-toolchain
[INFO] started tweaking crates.io crate qrcode-rs 0.1.2
[INFO] removed 0 missing examples
[INFO] finished tweaking crates.io crate qrcode-rs 0.1.2
[INFO] tweaked toml for crates.io crate qrcode-rs 0.1.2 written to /workspace/builds/worker-4-tc1/source/Cargo.toml
[INFO] crate crates.io crate qrcode-rs 0.1.2 already has a lockfile, it will not be regenerated
[INFO] running `Command { std: CARGO_HOME="/workspace/cargo-home" RUSTUP_HOME="/workspace/rustup-home" "/workspace/cargo-home/bin/cargo" "+1.75.0" "fetch" "--manifest-path" "Cargo.toml", kill_on_drop: false }`
[INFO] running `Command { std: "docker" "create" "-v" "/var/lib/crater-agent-workspace/builds/worker-4-tc1/target:/opt/rustwide/target:rw,Z" "-v" "/var/lib/crater-agent-workspace/builds/worker-4-tc1/source:/opt/rustwide/workdir:ro,Z" "-v" "/var/lib/crater-agent-workspace/cargo-home:/opt/rustwide/cargo-home:ro,Z" "-v" "/var/lib/crater-agent-workspace/rustup-home:/opt/rustwide/rustup-home:ro,Z" "-e" "SOURCE_DIR=/opt/rustwide/workdir" "-e" "CARGO_TARGET_DIR=/opt/rustwide/target" "-e" "CARGO_HOME=/opt/rustwide/cargo-home" "-e" "RUSTUP_HOME=/opt/rustwide/rustup-home" "-w" "/opt/rustwide/workdir" "-m" "1610612736" "--user" "0:0" "--network" "none" "ghcr.io/rust-lang/crates-build-env/linux@sha256:2788e3201cd34a07e3172128adcd8b3090168a8e3bcc40d7c032b9dda1df7d1c" "/opt/rustwide/cargo-home/bin/cargo" "+1.75.0" "metadata" "--no-deps" "--format-version=1", kill_on_drop: false }`
[INFO] [stdout] 238aa5a4b0d62f98224b73fceb58d8109bcf8012ebc2f651c86a629d85227620
[INFO] running `Command { std: "docker" "start" "-a" "238aa5a4b0d62f98224b73fceb58d8109bcf8012ebc2f651c86a629d85227620", kill_on_drop: false }`
[INFO] running `Command { std: "docker" "inspect" "238aa5a4b0d62f98224b73fceb58d8109bcf8012ebc2f651c86a629d85227620", kill_on_drop: false }`
[INFO] running `Command { std: "docker" "rm" "-f" "238aa5a4b0d62f98224b73fceb58d8109bcf8012ebc2f651c86a629d85227620", kill_on_drop: false }`
[INFO] [stdout] 238aa5a4b0d62f98224b73fceb58d8109bcf8012ebc2f651c86a629d85227620
[INFO] running `Command { std: "docker" "create" "-v" "/var/lib/crater-agent-workspace/builds/worker-4-tc1/target:/opt/rustwide/target:rw,Z" "-v" "/var/lib/crater-agent-workspace/builds/worker-4-tc1/source:/opt/rustwide/workdir:ro,Z" "-v" "/var/lib/crater-agent-workspace/cargo-home:/opt/rustwide/cargo-home:ro,Z" "-v" "/var/lib/crater-agent-workspace/rustup-home:/opt/rustwide/rustup-home:ro,Z" "-e" "SOURCE_DIR=/opt/rustwide/workdir" "-e" "CARGO_TARGET_DIR=/opt/rustwide/target" "-e" "CARGO_INCREMENTAL=0" "-e" "RUST_BACKTRACE=full" "-e" "RUSTFLAGS=--cap-lints=warn" "-e" "RUSTDOCFLAGS=--cap-lints=warn" "-e" "CARGO_HOME=/opt/rustwide/cargo-home" "-e" "RUSTUP_HOME=/opt/rustwide/rustup-home" "-w" "/opt/rustwide/workdir" "-m" "1610612736" "--user" "0:0" "--network" "none" "ghcr.io/rust-lang/crates-build-env/linux@sha256:2788e3201cd34a07e3172128adcd8b3090168a8e3bcc40d7c032b9dda1df7d1c" "/opt/rustwide/cargo-home/bin/cargo" "+1.75.0" "build" "--frozen" "--message-format=json", kill_on_drop: false }`
[INFO] [stdout] 38b1005b7a9c97f646bc252f40110285d9ebc2abfaf62e270643afe8e4ae2e2f
[INFO] running `Command { std: "docker" "start" "-a" "38b1005b7a9c97f646bc252f40110285d9ebc2abfaf62e270643afe8e4ae2e2f", kill_on_drop: false }`
[INFO] [stderr]    Compiling num-traits v0.2.15
[INFO] [stderr]    Compiling num-integer v0.1.45
[INFO] [stderr]    Compiling num-rational v0.4.1
[INFO] [stderr]    Compiling byteorder v1.4.3
[INFO] [stderr]    Compiling color_quant v1.1.0
[INFO] [stderr]    Compiling bytemuck v1.12.3
[INFO] [stderr]    Compiling image v0.24.5
[INFO] [stderr]    Compiling qrcode-rs v0.1.2 (/opt/rustwide/workdir)
[INFO] [stderr]     Finished dev [unoptimized + debuginfo] target(s) in 3.13s
[INFO] running `Command { std: "docker" "inspect" "38b1005b7a9c97f646bc252f40110285d9ebc2abfaf62e270643afe8e4ae2e2f", kill_on_drop: false }`
[INFO] running `Command { std: "docker" "rm" "-f" "38b1005b7a9c97f646bc252f40110285d9ebc2abfaf62e270643afe8e4ae2e2f", kill_on_drop: false }`
[INFO] [stdout] 38b1005b7a9c97f646bc252f40110285d9ebc2abfaf62e270643afe8e4ae2e2f
[INFO] running `Command { std: "docker" "create" "-v" "/var/lib/crater-agent-workspace/builds/worker-4-tc1/target:/opt/rustwide/target:rw,Z" "-v" "/var/lib/crater-agent-workspace/builds/worker-4-tc1/source:/opt/rustwide/workdir:ro,Z" "-v" "/var/lib/crater-agent-workspace/cargo-home:/opt/rustwide/cargo-home:ro,Z" "-v" "/var/lib/crater-agent-workspace/rustup-home:/opt/rustwide/rustup-home:ro,Z" "-e" "SOURCE_DIR=/opt/rustwide/workdir" "-e" "CARGO_TARGET_DIR=/opt/rustwide/target" "-e" "CARGO_INCREMENTAL=0" "-e" "RUST_BACKTRACE=full" "-e" "RUSTFLAGS=--cap-lints=warn" "-e" "RUSTDOCFLAGS=--cap-lints=warn" "-e" "CARGO_HOME=/opt/rustwide/cargo-home" "-e" "RUSTUP_HOME=/opt/rustwide/rustup-home" "-w" "/opt/rustwide/workdir" "-m" "1610612736" "--user" "0:0" "--network" "none" "ghcr.io/rust-lang/crates-build-env/linux@sha256:2788e3201cd34a07e3172128adcd8b3090168a8e3bcc40d7c032b9dda1df7d1c" "/opt/rustwide/cargo-home/bin/cargo" "+1.75.0" "test" "--frozen" "--no-run" "--message-format=json", kill_on_drop: false }`
[INFO] [stdout] 6e280a41918d133f1772101f710e40dc44195a94449e24536822fd9be25a1bfd
[INFO] running `Command { std: "docker" "start" "-a" "6e280a41918d133f1772101f710e40dc44195a94449e24536822fd9be25a1bfd", kill_on_drop: false }`
[INFO] [stderr]    Compiling libc v0.2.138
[INFO] [stderr]    Compiling scopeguard v1.1.0
[INFO] [stderr]    Compiling crossbeam-utils v0.8.14
[INFO] [stderr]    Compiling crossbeam-epoch v0.9.13
[INFO] [stderr]    Compiling syn v1.0.105
[INFO] [stderr]    Compiling lock_api v0.4.9
[INFO] [stderr]    Compiling rayon-core v1.10.1
[INFO] [stderr]    Compiling futures-core v0.3.25
[INFO] [stderr]    Compiling miniz_oxide v0.6.2
[INFO] [stderr]    Compiling either v1.8.0
[INFO] [stderr]    Compiling weezl v0.1.7
[INFO] [stderr]    Compiling futures-sink v0.3.25
[INFO] [stderr]    Compiling lebe v0.5.2
[INFO] [stderr]    Compiling smallvec v1.10.0
[INFO] [stderr]    Compiling half v2.1.0
[INFO] [stderr]    Compiling bit_field v0.10.1
[INFO] [stderr]    Compiling scoped_threadpool v0.1.9
[INFO] [stderr]    Compiling gif v0.11.4
[INFO] [stderr]    Compiling flate2 v1.0.25
[INFO] [stderr]    Compiling spin v0.9.4
[INFO] [stderr]    Compiling crossbeam-channel v0.5.6
[INFO] [stderr]    Compiling png v0.17.7
[INFO] [stderr]    Compiling crossbeam-deque v0.8.2
[INFO] [stderr]    Compiling num_cpus v1.14.0
[INFO] [stderr]    Compiling getrandom v0.2.8
[INFO] [stderr]    Compiling nanorand v0.7.0
[INFO] [stderr]    Compiling threadpool v1.8.1
[INFO] [stderr]    Compiling rayon v1.6.1
[INFO] [stderr]    Compiling jpeg-decoder v0.3.0
[INFO] [stderr]    Compiling pin-project-internal v1.0.12
[INFO] [stderr]    Compiling tiff v0.8.1
[INFO] [stderr]    Compiling pin-project v1.0.12
[INFO] [stderr]    Compiling flume v0.10.14
[INFO] [stderr]    Compiling exr v1.5.2
[INFO] [stderr]    Compiling image v0.24.5
[INFO] [stderr]    Compiling qrcode-rs v0.1.2 (/opt/rustwide/workdir)
[INFO] [stderr]     Finished test [unoptimized + debuginfo] target(s) in 14.62s
[INFO] running `Command { std: "docker" "inspect" "6e280a41918d133f1772101f710e40dc44195a94449e24536822fd9be25a1bfd", kill_on_drop: false }`
[INFO] running `Command { std: "docker" "rm" "-f" "6e280a41918d133f1772101f710e40dc44195a94449e24536822fd9be25a1bfd", kill_on_drop: false }`
[INFO] [stdout] 6e280a41918d133f1772101f710e40dc44195a94449e24536822fd9be25a1bfd
[INFO] running `Command { std: "docker" "create" "-v" "/var/lib/crater-agent-workspace/builds/worker-4-tc1/target:/opt/rustwide/target:rw,Z" "-v" "/var/lib/crater-agent-workspace/builds/worker-4-tc1/source:/opt/rustwide/workdir:ro,Z" "-v" "/var/lib/crater-agent-workspace/cargo-home:/opt/rustwide/cargo-home:ro,Z" "-v" "/var/lib/crater-agent-workspace/rustup-home:/opt/rustwide/rustup-home:ro,Z" "-e" "SOURCE_DIR=/opt/rustwide/workdir" "-e" "CARGO_TARGET_DIR=/opt/rustwide/target" "-e" "CARGO_INCREMENTAL=0" "-e" "RUST_BACKTRACE=full" "-e" "RUSTFLAGS=--cap-lints=warn" "-e" "RUSTDOCFLAGS=--cap-lints=warn" "-e" "CARGO_HOME=/opt/rustwide/cargo-home" "-e" "RUSTUP_HOME=/opt/rustwide/rustup-home" "-w" "/opt/rustwide/workdir" "-m" "1610612736" "--user" "0:0" "--network" "none" "ghcr.io/rust-lang/crates-build-env/linux@sha256:2788e3201cd34a07e3172128adcd8b3090168a8e3bcc40d7c032b9dda1df7d1c" "/opt/rustwide/cargo-home/bin/cargo" "+1.75.0" "test" "--frozen", kill_on_drop: false }`
[INFO] [stdout] 44901c741a450e397b23cee283495b2077961997f6e2a31873c7297a8d18dc4c
[INFO] running `Command { std: "docker" "start" "-a" "44901c741a450e397b23cee283495b2077961997f6e2a31873c7297a8d18dc4c", kill_on_drop: false }`
[INFO] [stderr]     Finished test [unoptimized + debuginfo] target(s) in 0.07s
[INFO] [stderr]      Running unittests src/lib.rs (/opt/rustwide/target/debug/deps/qrcode_rs-be05819f3417baba)
[INFO] [stdout] 
[INFO] [stdout] running 104 tests
[INFO] [stdout] test bits::alphanumeric_tests::test_data_too_long ... ok
[INFO] [stdout] test bits::eci_tests::test_899 ... ok
[INFO] [stdout] test bits::byte_tests::test ... ok
[INFO] [stdout] test bits::eci_tests::test_invalid_designator ... ok
[INFO] [stdout] test bits::byte_tests::test_micro_qr_unsupported ... ok
[INFO] [stdout] test bits::eci_tests::test_999999 ... ok
[INFO] [stdout] test bits::alphanumeric_tests::test_micro_qr_unsupported ... ok
[INFO] [stdout] test bits::alphanumeric_tests::test_iso_18004_2006_example ... ok
[INFO] [stdout] test bits::byte_tests::test_data_too_long ... ok
[INFO] [stdout] test bits::encode_tests::test_alphanumeric ... ok
[INFO] [stdout] test bits::eci_tests::test_9 ... ok
[INFO] [stdout] test bits::encode_tests::test_auto_mode_switch ... ok
[INFO] [stdout] test bits::finish_tests::test_micro_version_1_full_byte_padding ... ok
[INFO] [stdout] test bits::encode_tests::test_too_long ... ok
[INFO] [stdout] test bits::encode_auto_tests::test_mixed ... ok
[INFO] [stdout] test bits::finish_tests::test_no_padding ... ok
[INFO] [stdout] test bits::encode_auto_tests::test_alpha_q ... ok
[INFO] [stdout] test bits::encode_auto_tests::test_find_min_version ... ok
[INFO] [stdout] test bits::finish_tests::test_micro_version_1_half_byte_padding ... ok
[INFO] [stdout] test bits::kanji_tests::test_iso_18004_example ... ok
[INFO] [stdout] test bits::kanji_tests::test_micro_qr_unsupported ... ok
[INFO] [stdout] test bits::finish_tests::test_hello_world ... ok
[INFO] [stdout] test bits::kanji_tests::test_data_too_long ... ok
[INFO] [stdout] test bits::finish_tests::test_no_terminator ... ok
[INFO] [stdout] test bits::finish_tests::test_too_long ... ok
[INFO] [stdout] test bits::eci_tests::test_unsupported_character_set ... ok
[INFO] [stdout] test bits::numeric_tests::test_data_too_long_error ... ok
[INFO] [stdout] test bits::numeric_tests::test_iso_18004_2006_example_1 ... ok
[INFO] [stdout] test bits::numeric_tests::test_iso_18004_2000_example_2 ... ok
[INFO] [stdout] test bits::numeric_tests::test_iso_18004_2006_example_2 ... ok
[INFO] [stdout] test canvas::all_functional_patterns_tests::test_is_functional_micro ... ok
[INFO] [stdout] test canvas::all_functional_patterns_tests::test_is_functional_qr_1 ... ok
[INFO] [stdout] test canvas::alignment_pattern_tests::test_draw_alignment_patterns_1 ... ok
[INFO] [stdout] test bits::test_push_number ... ok
[INFO] [stdout] test canvas::basic_canvas_tests::test_index ... ok
[INFO] [stdout] test canvas::basic_canvas_tests::test_debug_str ... ok
[INFO] [stdout] test canvas::alignment_pattern_tests::test_draw_alignment_patterns_3 ... ok
[INFO] [stdout] test canvas::all_functional_patterns_tests::test_is_functional_qr_3 ... ok
[INFO] [stdout] test bits::encode_auto_tests::test_alpha_h ... ok
[INFO] [stdout] test canvas::data_iter_tests::test_micro_qr_2 ... ok
[INFO] [stdout] test canvas::data_iter_tests::test_micro_qr ... ok
[INFO] [stdout] test canvas::data_iter_tests::test_qr ... ok
[INFO] [stdout] test canvas::draw_codewords_test::test_micro_qr_1 ... ok
[INFO] [stdout] test canvas::alignment_pattern_tests::test_draw_alignment_patterns_7 ... ok
[INFO] [stdout] test canvas::all_functional_patterns_tests::test_all_functional_patterns_qr ... ok
[INFO] [stdout] test canvas::all_functional_patterns_tests::test_all_functional_patterns_micro_qr ... ok
[INFO] [stdout] test canvas::draw_codewords_test::test_qr_2 ... ok
[INFO] [stdout] test canvas::draw_version_info_tests::test_draw_number ... ok
[INFO] [stdout] test canvas::all_functional_patterns_tests::test_is_functional_qr_7 ... ok
[INFO] [stdout] test canvas::finder_pattern_tests::test_micro_qr ... ok
[INFO] [stdout] test canvas::finder_pattern_tests::test_qr ... ok
[INFO] [stdout] test canvas::mask_tests::test_draw_format_info_patterns_qr ... ok
[INFO] [stdout] test canvas::draw_version_info_tests::test_draw_version_info_7 ... ok
[INFO] [stdout] test canvas::penalty_tests::check_penalty_canvas ... ok
[INFO] [stdout] test canvas::penalty_tests::test_penalty_score_finder ... ok
[INFO] [stdout] test canvas::mask_tests::test_draw_format_info_patterns_micro_qr ... ok
[INFO] [stdout] test canvas::mask_tests::test_apply_mask_qr ... ok
[INFO] [stdout] test canvas::draw_version_info_tests::test_draw_reserved_format_info_patterns_micro_qr ... ok
[INFO] [stdout] test canvas::draw_version_info_tests::test_draw_version_info_1 ... ok
[INFO] [stdout] test canvas::penalty_tests::test_penalty_score_adjacent ... ok
[INFO] [stdout] test canvas::penalty_tests::test_penalty_score_balance ... ok
[INFO] [stdout] test canvas::timing_pattern_tests::test_draw_timing_patterns_micro_qr ... ok
[INFO] [stdout] test ec::max_allowed_errors_test::test_low_versions ... ok
[INFO] [stdout] test canvas::penalty_tests::test_penalty_score_block ... ok
[INFO] [stdout] test canvas::draw_version_info_tests::test_draw_reserved_format_info_patterns_qr ... ok
[INFO] [stdout] test optimize::optimize_tests::test_annex_j_guideline_1a ... ok
[INFO] [stdout] test canvas::timing_pattern_tests::test_draw_timing_patterns_qr ... ok
[INFO] [stdout] test ec::test_interleave ... ok
[INFO] [stdout] test optimize::optimize_tests::test_annex_j_guideline_1b ... ok
[INFO] [stdout] test canvas::penalty_tests::test_penalty_score_light_sides ... ok
[INFO] [stdout] test ec::ec_tests::test_poly_mod_3 ... ok
[INFO] [stdout] test optimize::optimize_tests::test_annex_j_guideline_1c ... ok
[INFO] [stdout] test ec::ec_tests::test_poly_mod_1 ... ok
[INFO] [stdout] test ec::construct_codewords_test::test_add_ec_simple ... ok
[INFO] [stdout] test ec::construct_codewords_test::test_add_ec_complex ... ok
[INFO] [stdout] test ec::max_allowed_errors_test::test_high_versions ... ok
[INFO] [stdout] test optimize::optimize_tests::test_example_1 ... ok
[INFO] [stdout] test ec::ec_tests::test_poly_mod_2 ... ok
[INFO] [stdout] test optimize::optimize_tests::test_example_4 ... ok
[INFO] [stdout] test optimize::optimize_tests::test_example_3 ... ok
[INFO] [stdout] test optimize::optimize_tests::test_example_2 ... ok
[INFO] [stdout] test optimize::parse_tests::test_not_kanji_1 ... ok
[INFO] [stdout] test optimize::parse_tests::test_not_kanji_3 ... ok
[INFO] [stdout] test optimize::parse_tests::test_not_kanji_2 ... ok
[INFO] [stdout] test optimize::parse_tests::test_parse_utf_8 ... ok
[INFO] [stdout] test render::image::render_tests::test_render_luma8_unsized ... ok
[INFO] [stdout] test render::image::render_tests::test_render_resized_max ... ok
[INFO] [stdout] test optimize::parse_tests::test_parse_1 ... ok
[INFO] [stdout] test render::image::render_tests::test_render_resized_min ... ok
[INFO] [stdout] test render::image::render_tests::test_render_rgba_unsized ... ok
[INFO] [stdout] test render::string::test_render_to_string ... ok
[INFO] [stdout] test render::unicode::integration_render_utf8_1x2_inverted ... ok
[INFO] [stdout] test render::unicode::integration_render_utf8_1x2 ... ok
[INFO] [stdout] test render::unicode::test_render_to_utf8_string ... ok
[INFO] [stdout] test tests::test_annex_i_micro_qr ... ok
[INFO] [stdout] test types::mode_tests::test_max ... ok
[INFO] [stdout] test types::mode_tests::test_mode_order ... ok
[INFO] [stdout] test optimize::parse_tests::test_not_kanji_4 ... ok
[INFO] [stdout] test optimize::parse_tests::test_parse_shift_jis_example_1 ... ok
[INFO] [stdout] test tests::test_annex_i_qr ... ok
[INFO] [stdout] test svg_tests::test_annex_i_qr_as_svg ... ok
[INFO] [stdout] test svg_tests::test_annex_i_micro_qr_as_svg ... ok
[INFO] [stdout] test image_tests::test_annex_i_micro_qr_as_image ... ok
[INFO] [stdout] test image_tests::test_annex_i_qr_as_image ... ok
[INFO] [stdout] 
[INFO] [stdout] test result: ok. 104 passed; 0 failed; 0 ignored; 0 measured; 0 filtered out; finished in 0.11s
[INFO] [stdout] 
[INFO] [stderr]      Running unittests src/bin/qrencodes.rs (/opt/rustwide/target/debug/deps/qrencodes-3461eab6b1c3f96e)
[INFO] [stdout] 
[INFO] [stdout] running 0 tests
[INFO] [stdout] 
[INFO] [stdout] test result: ok. 0 passed; 0 failed; 0 ignored; 0 measured; 0 filtered out; finished in 0.00s
[INFO] [stdout] 
[INFO] [stderr]    Doc-tests qrcode-rs
[INFO] [stdout] 
[INFO] [stdout] running 20 tests
[INFO] [stdout] test src/bits.rs - bits::Bits::push_fnc1_second_position (line 627) ... ignored
[INFO] [stdout] test src/optimize.rs - optimize::EcsIter (line 46) ... ignored
[INFO] [stdout] test src/lib.rs - QrCode::with_version (line 107) ... FAILED
[INFO] [stdout] test src/bits.rs - bits::Bits::push_eci_designator (line 227) ... FAILED
[INFO] [stdout] test src/canvas.rs - canvas::Module::mask (line 51) ... FAILED
[INFO] [stdout] test src/lib.rs - QrCode::new (line 68) ... FAILED
[INFO] [stdout] test src/render/svg.rs - render::svg (line 5) ... FAILED
[INFO] [stdout] test src/bits.rs - bits::Bits::push_fnc1_first_position (line 590) ... FAILED
[INFO] [stdout] test src/bits.rs - bits::Bits::push_fnc1_second_position (line 614) ... FAILED
[INFO] [stdout] test src/types.rs - types::Mode::data_bits_count (line 251) ... FAILED
[INFO] [stdout] test src/canvas.rs - canvas (line 3) ... FAILED
[INFO] [stdout] test src/lib.rs - QrCode::with_bits (line 134) ... FAILED
[INFO] [stdout] test src/types.rs - types::Color::select (line 68) ... ok
[INFO] [stdout] test src/types.rs - types::Mode::max (line 268) ... ok
[INFO] [stdout] test src/types.rs - types::Mode::length_bits_count (line 213) ... ok
[INFO] [stdout] test src/optimize.rs - optimize::Parser<'a>::new (line 94) ... ok
[INFO] [stdout] test src/lib.rs - QrCode::render (line 230) ... ok
[INFO] [stdout] test src/lib.rs - QrCode::with_version (line 101) ... ok
[INFO] [stdout] test src/lib.rs - QrCode::with_error_correction_level (line 85) ... ok
[INFO] [stdout] test src/lib.rs - (line 5) ... ok
[INFO] [stdout] 
[INFO] [stdout] failures:
[INFO] [stdout] 
[INFO] [stdout] ---- src/lib.rs - QrCode::with_version (line 107) stdout ----
[INFO] [stdout] error: linking with `cc` failed: exit status: 1
[INFO] [stdout]   |
[INFO] [stdout]   = note: LC_ALL="C" PATH="/opt/rustwide/rustup-home/toolchains/1.75.0-x86_64-unknown-linux-gnu/lib/rustlib/x86_64-unknown-linux-gnu/bin:/opt/rustwide/cargo-home/bin:/usr/local/sbin:/usr/local/bin:/usr/sbin:/usr/bin:/sbin:/bin" VSLANG="1033" "cc" "-m64" "/tmp/rustc4crY0c/symbols.o" "/tmp/rustdoctestfRkhXg/rust_out.rust_out.263fb70ac1c95110-cgu.0.rcgu.o" "/tmp/rustdoctestfRkhXg/rust_out.2uel00cfmdh5ufit.rcgu.o" "-Wl,--as-needed" "-L" "/opt/rustwide/target/debug/deps" "-L" "/opt/rustwide/target/debug/deps" "-L" "/opt/rustwide/rustup-home/toolchains/1.75.0-x86_64-unknown-linux-gnu/lib/rustlib/x86_64-unknown-linux-gnu/lib" "-Wl,-Bstatic" "/opt/rustwide/target/debug/deps/libqrcode_rs-c811e1ae26e0bd07.rlib" "/opt/rustwide/target/debug/deps/libimage-4e975c03949597cc.rlib" "/opt/rustwide/target/debug/deps/libbytemuck-a015b16bb428ff3b.rlib" "/opt/rustwide/target/debug/deps/libpng-2cb12bf2ce810721.rlib" "/opt/rustwide/target/debug/deps/libbitflags-b7cee2ca4fb438d0.rlib" "/opt/rustwide/target/debug/deps/libexr-6e9b372fd03a3a37.rlib" "/opt/rustwide/target/debug/deps/libflume-6c9a7198e7bd7e89.rlib" "/opt/rustwide/target/debug/deps/libspin-8076308ea5852277.rlib" "/opt/rustwide/target/debug/deps/liblock_api-400daf411a1c055a.rlib" "/opt/rustwide/target/debug/deps/libpin_project-0ff37920fdee7746.rlib" "/opt/rustwide/target/debug/deps/libfutures_sink-8820b6892f99164a.rlib" "/opt/rustwide/target/debug/deps/libfutures_core-21642293acc32643.rlib" "/opt/rustwide/target/debug/deps/libnanorand-ae81dbf0204f81c1.rlib" "/opt/rustwide/target/debug/deps/libgetrandom-704eb28a060c08e6.rlib" "/opt/rustwide/target/debug/deps/libthreadpool-6c4358a471284792.rlib" "/opt/rustwide/target/debug/deps/libbit_field-fdebf8c8352c22d9.rlib" "/opt/rustwide/target/debug/deps/liblebe-4f2fc33efa19012f.rlib" "/opt/rustwide/target/debug/deps/libhalf-1c21c75067ee1a0b.rlib" "/opt/rustwide/target/debug/deps/libsmallvec-75a5879a2c4c0c6c.rlib" "/opt/rustwide/target/debug/deps/libscoped_threadpool-cf49c53216faf76b.rlib" "/opt/rustwide/target/debug/deps/libnum_rational-7f7d092ee6b173f0.rlib" "/opt/rustwide/target/debug/deps/libnum_integer-f0e39536e8d39c49.rlib" "/opt/rustwide/target/debug/deps/libgif-be6f3641dce8a1be.rlib" "/opt/rustwide/target/debug/deps/libcolor_quant-76e42fe6d44f3f56.rlib" "/opt/rustwide/target/debug/deps/libbyteorder-b7588b59c1d17615.rlib" "/opt/rustwide/target/debug/deps/libnum_traits-a6410cac0a25d3f1.rlib" "/opt/rustwide/target/debug/deps/libtiff-f75620207a076a42.rlib" "/opt/rustwide/target/debug/deps/libflate2-654cef94ab3e3324.rlib" "/opt/rustwide/target/debug/deps/libminiz_oxide-ed183406a720c894.rlib" "/opt/rustwide/target/debug/deps/libadler-c8f2240c56a0abca.rlib" "/opt/rustwide/target/debug/deps/libcrc32fast-664446237529ebff.rlib" "/opt/rustwide/target/debug/deps/libweezl-a8534d2a4eb9698a.rlib" "/opt/rustwide/target/debug/deps/libjpeg_decoder-5f0b4b8af8596578.rlib" "/opt/rustwide/target/debug/deps/librayon-53ee0fb24a5cca6b.rlib" "/opt/rustwide/target/debug/deps/librayon_core-16a23be7bfdd10db.rlib" "/opt/rustwide/target/debug/deps/libnum_cpus-dabb72aec2fa1061.rlib" "/opt/rustwide/target/debug/deps/liblibc-b9fac52136757406.rlib" "/opt/rustwide/target/debug/deps/libcrossbeam_deque-d297c00c9f77d2cc.rlib" "/opt/rustwide/target/debug/deps/libcrossbeam_epoch-e96e4f4898b3f9ff.rlib" "/opt/rustwide/target/debug/deps/libmemoffset-f02e326318b611eb.rlib" "/opt/rustwide/target/debug/deps/libscopeguard-b35f5c652940acc2.rlib" "/opt/rustwide/target/debug/deps/libcrossbeam_channel-ce5c80c7bf1aef33.rlib" "/opt/rustwide/target/debug/deps/libcrossbeam_utils-acc95dbd4611b48e.rlib" "/opt/rustwide/target/debug/deps/libcfg_if-61dc7a6799e72b18.rlib" "/opt/rustwide/target/debug/deps/libeither-0a236c20218e7ec8.rlib" "/opt/rustwide/rustup-home/toolchains/1.75.0-x86_64-unknown-linux-gnu/lib/rustlib/x86_64-unknown-linux-gnu/lib/libstd-90f6ddbf82de36ec.rlib" "/opt/rustwide/rustup-home/toolchains/1.75.0-x86_64-unknown-linux-gnu/lib/rustlib/x86_64-unknown-linux-gnu/lib/libpanic_unwind-480c41e9d4e1f677.rlib" "/opt/rustwide/rustup-home/toolchains/1.75.0-x86_64-unknown-linux-gnu/lib/rustlib/x86_64-unknown-linux-gnu/lib/libobject-db744c0ca03eed1d.rlib" "/opt/rustwide/rustup-home/toolchains/1.75.0-x86_64-unknown-linux-gnu/lib/rustlib/x86_64-unknown-linux-gnu/lib/libmemchr-8ba652dc7d4b285a.rlib" "/opt/rustwide/rustup-home/toolchains/1.75.0-x86_64-unknown-linux-gnu/lib/rustlib/x86_64-unknown-linux-gnu/lib/libaddr2line-d5f4520a9ebc0d58.rlib" "/opt/rustwide/rustup-home/toolchains/1.75.0-x86_64-unknown-linux-gnu/lib/rustlib/x86_64-unknown-linux-gnu/lib/libgimli-4ad84de58f0cb463.rlib" "/opt/rustwide/rustup-home/toolchains/1.75.0-x86_64-unknown-linux-gnu/lib/rustlib/x86_64-unknown-linux-gnu/lib/librustc_demangle-0d10aae2e0f38735.rlib" "/opt/rustwide/rustup-home/toolchains/1.75.0-x86_64-unknown-linux-gnu/lib/rustlib/x86_64-unknown-linux-gnu/lib/libstd_detect-0c17cff739e6745b.rlib" "/opt/rustwide/rustup-home/toolchains/1.75.0-x86_64-unknown-linux-gnu/lib/rustlib/x86_64-unknown-linux-gnu/lib/libhashbrown-b29e17139dde1aa8.rlib" "/opt/rustwide/rustup-home/toolchains/1.75.0-x86_64-unknown-linux-gnu/lib/rustlib/x86_64-unknown-linux-gnu/lib/librustc_std_workspace_alloc-1f975299829cc7bd.rlib" "/opt/rustwide/rustup-home/toolchains/1.75.0-x86_64-unknown-linux-gnu/lib/rustlib/x86_64-unknown-linux-gnu/lib/libminiz_oxide-86bae3bc3079f89b.rlib" "/opt/rustwide/rustup-home/toolchains/1.75.0-x86_64-unknown-linux-gnu/lib/rustlib/x86_64-unknown-linux-gnu/lib/libadler-321b82c30dffdf5f.rlib" "/opt/rustwide/rustup-home/toolchains/1.75.0-x86_64-unknown-linux-gnu/lib/rustlib/x86_64-unknown-linux-gnu/lib/libunwind-3dd8a6810a0bdfef.rlib" "/opt/rustwide/rustup-home/toolchains/1.75.0-x86_64-unknown-linux-gnu/lib/rustlib/x86_64-unknown-linux-gnu/lib/libcfg_if-eb39a61c0c879984.rlib" "/opt/rustwide/rustup-home/toolchains/1.75.0-x86_64-unknown-linux-gnu/lib/rustlib/x86_64-unknown-linux-gnu/lib/liblibc-aa769569f91c3548.rlib" "/opt/rustwide/rustup-home/toolchains/1.75.0-x86_64-unknown-linux-gnu/lib/rustlib/x86_64-unknown-linux-gnu/lib/liballoc-510a192a50a983ed.rlib" "/opt/rustwide/rustup-home/toolchains/1.75.0-x86_64-unknown-linux-gnu/lib/rustlib/x86_64-unknown-linux-gnu/lib/librustc_std_workspace_core-0577018320f99037.rlib" "/opt/rustwide/rustup-home/toolchains/1.75.0-x86_64-unknown-linux-gnu/lib/rustlib/x86_64-unknown-linux-gnu/lib/libcore-193cf992125ccd4c.rlib" "/opt/rustwide/rustup-home/toolchains/1.75.0-x86_64-unknown-linux-gnu/lib/rustlib/x86_64-unknown-linux-gnu/lib/libcompiler_builtins-8e138eaf26ebb4a8.rlib" "-Wl,-Bdynamic" "-lgcc_s" "-lutil" "-lrt" "-lpthread" "-lm" "-ldl" "-lc" "-Wl,--eh-frame-hdr" "-Wl,-z,noexecstack" "-L" "/opt/rustwide/rustup-home/toolchains/1.75.0-x86_64-unknown-linux-gnu/lib/rustlib/x86_64-unknown-linux-gnu/lib" "-o" "/tmp/rustdoctestfRkhXg/rust_out" "-Wl,--gc-sections" "-pie" "-Wl,-z,relro,-z,now" "-nodefaultlibs"
[INFO] [stdout]   = note: collect2: fatal error: ld terminated with signal 9 [Killed]
[INFO] [stdout]           compilation terminated.
[INFO] [stdout]           
[INFO] [stdout] 
[INFO] [stdout] error: aborting due to previous error
[INFO] [stdout] 
[INFO] [stdout] Couldn't compile the test.
[INFO] [stdout] ---- src/bits.rs - bits::Bits::push_eci_designator (line 227) stdout ----
[INFO] [stdout] error: linking with `cc` failed: exit status: 1
[INFO] [stdout]   |
[INFO] [stdout]   = note: LC_ALL="C" PATH="/opt/rustwide/rustup-home/toolchains/1.75.0-x86_64-unknown-linux-gnu/lib/rustlib/x86_64-unknown-linux-gnu/bin:/opt/rustwide/cargo-home/bin:/usr/local/sbin:/usr/local/bin:/usr/sbin:/usr/bin:/sbin:/bin" VSLANG="1033" "cc" "-m64" "/tmp/rustcTpKWqz/symbols.o" "/tmp/rustdoctestTelnz6/rust_out.rust_out.263fb70ac1c95110-cgu.0.rcgu.o" "/tmp/rustdoctestTelnz6/rust_out.2uel00cfmdh5ufit.rcgu.o" "-Wl,--as-needed" "-L" "/opt/rustwide/target/debug/deps" "-L" "/opt/rustwide/target/debug/deps" "-L" "/opt/rustwide/rustup-home/toolchains/1.75.0-x86_64-unknown-linux-gnu/lib/rustlib/x86_64-unknown-linux-gnu/lib" "-Wl,-Bstatic" "/opt/rustwide/target/debug/deps/libqrcode_rs-c811e1ae26e0bd07.rlib" "/opt/rustwide/target/debug/deps/libimage-4e975c03949597cc.rlib" "/opt/rustwide/target/debug/deps/libbytemuck-a015b16bb428ff3b.rlib" "/opt/rustwide/target/debug/deps/libpng-2cb12bf2ce810721.rlib" "/opt/rustwide/target/debug/deps/libbitflags-b7cee2ca4fb438d0.rlib" "/opt/rustwide/target/debug/deps/libexr-6e9b372fd03a3a37.rlib" "/opt/rustwide/target/debug/deps/libflume-6c9a7198e7bd7e89.rlib" "/opt/rustwide/target/debug/deps/libspin-8076308ea5852277.rlib" "/opt/rustwide/target/debug/deps/liblock_api-400daf411a1c055a.rlib" "/opt/rustwide/target/debug/deps/libpin_project-0ff37920fdee7746.rlib" "/opt/rustwide/target/debug/deps/libfutures_sink-8820b6892f99164a.rlib" "/opt/rustwide/target/debug/deps/libfutures_core-21642293acc32643.rlib" "/opt/rustwide/target/debug/deps/libnanorand-ae81dbf0204f81c1.rlib" "/opt/rustwide/target/debug/deps/libgetrandom-704eb28a060c08e6.rlib" "/opt/rustwide/target/debug/deps/libthreadpool-6c4358a471284792.rlib" "/opt/rustwide/target/debug/deps/libbit_field-fdebf8c8352c22d9.rlib" "/opt/rustwide/target/debug/deps/liblebe-4f2fc33efa19012f.rlib" "/opt/rustwide/target/debug/deps/libhalf-1c21c75067ee1a0b.rlib" "/opt/rustwide/target/debug/deps/libsmallvec-75a5879a2c4c0c6c.rlib" "/opt/rustwide/target/debug/deps/libscoped_threadpool-cf49c53216faf76b.rlib" "/opt/rustwide/target/debug/deps/libnum_rational-7f7d092ee6b173f0.rlib" "/opt/rustwide/target/debug/deps/libnum_integer-f0e39536e8d39c49.rlib" "/opt/rustwide/target/debug/deps/libgif-be6f3641dce8a1be.rlib" "/opt/rustwide/target/debug/deps/libcolor_quant-76e42fe6d44f3f56.rlib" "/opt/rustwide/target/debug/deps/libbyteorder-b7588b59c1d17615.rlib" "/opt/rustwide/target/debug/deps/libnum_traits-a6410cac0a25d3f1.rlib" "/opt/rustwide/target/debug/deps/libtiff-f75620207a076a42.rlib" "/opt/rustwide/target/debug/deps/libflate2-654cef94ab3e3324.rlib" "/opt/rustwide/target/debug/deps/libminiz_oxide-ed183406a720c894.rlib" "/opt/rustwide/target/debug/deps/libadler-c8f2240c56a0abca.rlib" "/opt/rustwide/target/debug/deps/libcrc32fast-664446237529ebff.rlib" "/opt/rustwide/target/debug/deps/libweezl-a8534d2a4eb9698a.rlib" "/opt/rustwide/target/debug/deps/libjpeg_decoder-5f0b4b8af8596578.rlib" "/opt/rustwide/target/debug/deps/librayon-53ee0fb24a5cca6b.rlib" "/opt/rustwide/target/debug/deps/librayon_core-16a23be7bfdd10db.rlib" "/opt/rustwide/target/debug/deps/libnum_cpus-dabb72aec2fa1061.rlib" "/opt/rustwide/target/debug/deps/liblibc-b9fac52136757406.rlib" "/opt/rustwide/target/debug/deps/libcrossbeam_deque-d297c00c9f77d2cc.rlib" "/opt/rustwide/target/debug/deps/libcrossbeam_epoch-e96e4f4898b3f9ff.rlib" "/opt/rustwide/target/debug/deps/libmemoffset-f02e326318b611eb.rlib" "/opt/rustwide/target/debug/deps/libscopeguard-b35f5c652940acc2.rlib" "/opt/rustwide/target/debug/deps/libcrossbeam_channel-ce5c80c7bf1aef33.rlib" "/opt/rustwide/target/debug/deps/libcrossbeam_utils-acc95dbd4611b48e.rlib" "/opt/rustwide/target/debug/deps/libcfg_if-61dc7a6799e72b18.rlib" "/opt/rustwide/target/debug/deps/libeither-0a236c20218e7ec8.rlib" "/opt/rustwide/rustup-home/toolchains/1.75.0-x86_64-unknown-linux-gnu/lib/rustlib/x86_64-unknown-linux-gnu/lib/libstd-90f6ddbf82de36ec.rlib" "/opt/rustwide/rustup-home/toolchains/1.75.0-x86_64-unknown-linux-gnu/lib/rustlib/x86_64-unknown-linux-gnu/lib/libpanic_unwind-480c41e9d4e1f677.rlib" "/opt/rustwide/rustup-home/toolchains/1.75.0-x86_64-unknown-linux-gnu/lib/rustlib/x86_64-unknown-linux-gnu/lib/libobject-db744c0ca03eed1d.rlib" "/opt/rustwide/rustup-home/toolchains/1.75.0-x86_64-unknown-linux-gnu/lib/rustlib/x86_64-unknown-linux-gnu/lib/libmemchr-8ba652dc7d4b285a.rlib" "/opt/rustwide/rustup-home/toolchains/1.75.0-x86_64-unknown-linux-gnu/lib/rustlib/x86_64-unknown-linux-gnu/lib/libaddr2line-d5f4520a9ebc0d58.rlib" "/opt/rustwide/rustup-home/toolchains/1.75.0-x86_64-unknown-linux-gnu/lib/rustlib/x86_64-unknown-linux-gnu/lib/libgimli-4ad84de58f0cb463.rlib" "/opt/rustwide/rustup-home/toolchains/1.75.0-x86_64-unknown-linux-gnu/lib/rustlib/x86_64-unknown-linux-gnu/lib/librustc_demangle-0d10aae2e0f38735.rlib" "/opt/rustwide/rustup-home/toolchains/1.75.0-x86_64-unknown-linux-gnu/lib/rustlib/x86_64-unknown-linux-gnu/lib/libstd_detect-0c17cff739e6745b.rlib" "/opt/rustwide/rustup-home/toolchains/1.75.0-x86_64-unknown-linux-gnu/lib/rustlib/x86_64-unknown-linux-gnu/lib/libhashbrown-b29e17139dde1aa8.rlib" "/opt/rustwide/rustup-home/toolchains/1.75.0-x86_64-unknown-linux-gnu/lib/rustlib/x86_64-unknown-linux-gnu/lib/librustc_std_workspace_alloc-1f975299829cc7bd.rlib" "/opt/rustwide/rustup-home/toolchains/1.75.0-x86_64-unknown-linux-gnu/lib/rustlib/x86_64-unknown-linux-gnu/lib/libminiz_oxide-86bae3bc3079f89b.rlib" "/opt/rustwide/rustup-home/toolchains/1.75.0-x86_64-unknown-linux-gnu/lib/rustlib/x86_64-unknown-linux-gnu/lib/libadler-321b82c30dffdf5f.rlib" "/opt/rustwide/rustup-home/toolchains/1.75.0-x86_64-unknown-linux-gnu/lib/rustlib/x86_64-unknown-linux-gnu/lib/libunwind-3dd8a6810a0bdfef.rlib" "/opt/rustwide/rustup-home/toolchains/1.75.0-x86_64-unknown-linux-gnu/lib/rustlib/x86_64-unknown-linux-gnu/lib/libcfg_if-eb39a61c0c879984.rlib" "/opt/rustwide/rustup-home/toolchains/1.75.0-x86_64-unknown-linux-gnu/lib/rustlib/x86_64-unknown-linux-gnu/lib/liblibc-aa769569f91c3548.rlib" "/opt/rustwide/rustup-home/toolchains/1.75.0-x86_64-unknown-linux-gnu/lib/rustlib/x86_64-unknown-linux-gnu/lib/liballoc-510a192a50a983ed.rlib" "/opt/rustwide/rustup-home/toolchains/1.75.0-x86_64-unknown-linux-gnu/lib/rustlib/x86_64-unknown-linux-gnu/lib/librustc_std_workspace_core-0577018320f99037.rlib" "/opt/rustwide/rustup-home/toolchains/1.75.0-x86_64-unknown-linux-gnu/lib/rustlib/x86_64-unknown-linux-gnu/lib/libcore-193cf992125ccd4c.rlib" "/opt/rustwide/rustup-home/toolchains/1.75.0-x86_64-unknown-linux-gnu/lib/rustlib/x86_64-unknown-linux-gnu/lib/libcompiler_builtins-8e138eaf26ebb4a8.rlib" "-Wl,-Bdynamic" "-lgcc_s" "-lutil" "-lrt" "-lpthread" "-lm" "-ldl" "-lc" "-Wl,--eh-frame-hdr" "-Wl,-z,noexecstack" "-L" "/opt/rustwide/rustup-home/toolchains/1.75.0-x86_64-unknown-linux-gnu/lib/rustlib/x86_64-unknown-linux-gnu/lib" "-o" "/tmp/rustdoctestTelnz6/rust_out" "-Wl,--gc-sections" "-pie" "-Wl,-z,relro,-z,now" "-nodefaultlibs"
[INFO] [stdout]   = note: collect2: fatal error: ld terminated with signal 9 [Killed]
[INFO] [stdout]           compilation terminated.
[INFO] [stdout]           
[INFO] [stdout] 
[INFO] [stdout] error: aborting due to previous error
[INFO] [stdout] 
[INFO] [stdout] Couldn't compile the test.
[INFO] [stdout] ---- src/canvas.rs - canvas::Module::mask (line 51) stdout ----
[INFO] [stdout] error: linking with `cc` failed: exit status: 1
[INFO] [stdout]   |
[INFO] [stdout]   = note: LC_ALL="C" PATH="/opt/rustwide/rustup-home/toolchains/1.75.0-x86_64-unknown-linux-gnu/lib/rustlib/x86_64-unknown-linux-gnu/bin:/opt/rustwide/cargo-home/bin:/usr/local/sbin:/usr/local/bin:/usr/sbin:/usr/bin:/sbin:/bin" VSLANG="1033" "cc" "-m64" "/tmp/rustc0u0duj/symbols.o" "/tmp/rustdoctestJOb0hG/rust_out.rust_out.263fb70ac1c95110-cgu.0.rcgu.o" "/tmp/rustdoctestJOb0hG/rust_out.2uel00cfmdh5ufit.rcgu.o" "-Wl,--as-needed" "-L" "/opt/rustwide/target/debug/deps" "-L" "/opt/rustwide/target/debug/deps" "-L" "/opt/rustwide/rustup-home/toolchains/1.75.0-x86_64-unknown-linux-gnu/lib/rustlib/x86_64-unknown-linux-gnu/lib" "-Wl,-Bstatic" "/opt/rustwide/target/debug/deps/libqrcode_rs-c811e1ae26e0bd07.rlib" "/opt/rustwide/target/debug/deps/libimage-4e975c03949597cc.rlib" "/opt/rustwide/target/debug/deps/libbytemuck-a015b16bb428ff3b.rlib" "/opt/rustwide/target/debug/deps/libpng-2cb12bf2ce810721.rlib" "/opt/rustwide/target/debug/deps/libbitflags-b7cee2ca4fb438d0.rlib" "/opt/rustwide/target/debug/deps/libexr-6e9b372fd03a3a37.rlib" "/opt/rustwide/target/debug/deps/libflume-6c9a7198e7bd7e89.rlib" "/opt/rustwide/target/debug/deps/libspin-8076308ea5852277.rlib" "/opt/rustwide/target/debug/deps/liblock_api-400daf411a1c055a.rlib" "/opt/rustwide/target/debug/deps/libpin_project-0ff37920fdee7746.rlib" "/opt/rustwide/target/debug/deps/libfutures_sink-8820b6892f99164a.rlib" "/opt/rustwide/target/debug/deps/libfutures_core-21642293acc32643.rlib" "/opt/rustwide/target/debug/deps/libnanorand-ae81dbf0204f81c1.rlib" "/opt/rustwide/target/debug/deps/libgetrandom-704eb28a060c08e6.rlib" "/opt/rustwide/target/debug/deps/libthreadpool-6c4358a471284792.rlib" "/opt/rustwide/target/debug/deps/libbit_field-fdebf8c8352c22d9.rlib" "/opt/rustwide/target/debug/deps/liblebe-4f2fc33efa19012f.rlib" "/opt/rustwide/target/debug/deps/libhalf-1c21c75067ee1a0b.rlib" "/opt/rustwide/target/debug/deps/libsmallvec-75a5879a2c4c0c6c.rlib" "/opt/rustwide/target/debug/deps/libscoped_threadpool-cf49c53216faf76b.rlib" "/opt/rustwide/target/debug/deps/libnum_rational-7f7d092ee6b173f0.rlib" "/opt/rustwide/target/debug/deps/libnum_integer-f0e39536e8d39c49.rlib" "/opt/rustwide/target/debug/deps/libgif-be6f3641dce8a1be.rlib" "/opt/rustwide/target/debug/deps/libcolor_quant-76e42fe6d44f3f56.rlib" "/opt/rustwide/target/debug/deps/libbyteorder-b7588b59c1d17615.rlib" "/opt/rustwide/target/debug/deps/libnum_traits-a6410cac0a25d3f1.rlib" "/opt/rustwide/target/debug/deps/libtiff-f75620207a076a42.rlib" "/opt/rustwide/target/debug/deps/libflate2-654cef94ab3e3324.rlib" "/opt/rustwide/target/debug/deps/libminiz_oxide-ed183406a720c894.rlib" "/opt/rustwide/target/debug/deps/libadler-c8f2240c56a0abca.rlib" "/opt/rustwide/target/debug/deps/libcrc32fast-664446237529ebff.rlib" "/opt/rustwide/target/debug/deps/libweezl-a8534d2a4eb9698a.rlib" "/opt/rustwide/target/debug/deps/libjpeg_decoder-5f0b4b8af8596578.rlib" "/opt/rustwide/target/debug/deps/librayon-53ee0fb24a5cca6b.rlib" "/opt/rustwide/target/debug/deps/librayon_core-16a23be7bfdd10db.rlib" "/opt/rustwide/target/debug/deps/libnum_cpus-dabb72aec2fa1061.rlib" "/opt/rustwide/target/debug/deps/liblibc-b9fac52136757406.rlib" "/opt/rustwide/target/debug/deps/libcrossbeam_deque-d297c00c9f77d2cc.rlib" "/opt/rustwide/target/debug/deps/libcrossbeam_epoch-e96e4f4898b3f9ff.rlib" "/opt/rustwide/target/debug/deps/libmemoffset-f02e326318b611eb.rlib" "/opt/rustwide/target/debug/deps/libscopeguard-b35f5c652940acc2.rlib" "/opt/rustwide/target/debug/deps/libcrossbeam_channel-ce5c80c7bf1aef33.rlib" "/opt/rustwide/target/debug/deps/libcrossbeam_utils-acc95dbd4611b48e.rlib" "/opt/rustwide/target/debug/deps/libcfg_if-61dc7a6799e72b18.rlib" "/opt/rustwide/target/debug/deps/libeither-0a236c20218e7ec8.rlib" "/opt/rustwide/rustup-home/toolchains/1.75.0-x86_64-unknown-linux-gnu/lib/rustlib/x86_64-unknown-linux-gnu/lib/libstd-90f6ddbf82de36ec.rlib" "/opt/rustwide/rustup-home/toolchains/1.75.0-x86_64-unknown-linux-gnu/lib/rustlib/x86_64-unknown-linux-gnu/lib/libpanic_unwind-480c41e9d4e1f677.rlib" "/opt/rustwide/rustup-home/toolchains/1.75.0-x86_64-unknown-linux-gnu/lib/rustlib/x86_64-unknown-linux-gnu/lib/libobject-db744c0ca03eed1d.rlib" "/opt/rustwide/rustup-home/toolchains/1.75.0-x86_64-unknown-linux-gnu/lib/rustlib/x86_64-unknown-linux-gnu/lib/libmemchr-8ba652dc7d4b285a.rlib" "/opt/rustwide/rustup-home/toolchains/1.75.0-x86_64-unknown-linux-gnu/lib/rustlib/x86_64-unknown-linux-gnu/lib/libaddr2line-d5f4520a9ebc0d58.rlib" "/opt/rustwide/rustup-home/toolchains/1.75.0-x86_64-unknown-linux-gnu/lib/rustlib/x86_64-unknown-linux-gnu/lib/libgimli-4ad84de58f0cb463.rlib" "/opt/rustwide/rustup-home/toolchains/1.75.0-x86_64-unknown-linux-gnu/lib/rustlib/x86_64-unknown-linux-gnu/lib/librustc_demangle-0d10aae2e0f38735.rlib" "/opt/rustwide/rustup-home/toolchains/1.75.0-x86_64-unknown-linux-gnu/lib/rustlib/x86_64-unknown-linux-gnu/lib/libstd_detect-0c17cff739e6745b.rlib" "/opt/rustwide/rustup-home/toolchains/1.75.0-x86_64-unknown-linux-gnu/lib/rustlib/x86_64-unknown-linux-gnu/lib/libhashbrown-b29e17139dde1aa8.rlib" "/opt/rustwide/rustup-home/toolchains/1.75.0-x86_64-unknown-linux-gnu/lib/rustlib/x86_64-unknown-linux-gnu/lib/librustc_std_workspace_alloc-1f975299829cc7bd.rlib" "/opt/rustwide/rustup-home/toolchains/1.75.0-x86_64-unknown-linux-gnu/lib/rustlib/x86_64-unknown-linux-gnu/lib/libminiz_oxide-86bae3bc3079f89b.rlib" "/opt/rustwide/rustup-home/toolchains/1.75.0-x86_64-unknown-linux-gnu/lib/rustlib/x86_64-unknown-linux-gnu/lib/libadler-321b82c30dffdf5f.rlib" "/opt/rustwide/rustup-home/toolchains/1.75.0-x86_64-unknown-linux-gnu/lib/rustlib/x86_64-unknown-linux-gnu/lib/libunwind-3dd8a6810a0bdfef.rlib" "/opt/rustwide/rustup-home/toolchains/1.75.0-x86_64-unknown-linux-gnu/lib/rustlib/x86_64-unknown-linux-gnu/lib/libcfg_if-eb39a61c0c879984.rlib" "/opt/rustwide/rustup-home/toolchains/1.75.0-x86_64-unknown-linux-gnu/lib/rustlib/x86_64-unknown-linux-gnu/lib/liblibc-aa769569f91c3548.rlib" "/opt/rustwide/rustup-home/toolchains/1.75.0-x86_64-unknown-linux-gnu/lib/rustlib/x86_64-unknown-linux-gnu/lib/liballoc-510a192a50a983ed.rlib" "/opt/rustwide/rustup-home/toolchains/1.75.0-x86_64-unknown-linux-gnu/lib/rustlib/x86_64-unknown-linux-gnu/lib/librustc_std_workspace_core-0577018320f99037.rlib" "/opt/rustwide/rustup-home/toolchains/1.75.0-x86_64-unknown-linux-gnu/lib/rustlib/x86_64-unknown-linux-gnu/lib/libcore-193cf992125ccd4c.rlib" "/opt/rustwide/rustup-home/toolchains/1.75.0-x86_64-unknown-linux-gnu/lib/rustlib/x86_64-unknown-linux-gnu/lib/libcompiler_builtins-8e138eaf26ebb4a8.rlib" "-Wl,-Bdynamic" "-lgcc_s" "-lutil" "-lrt" "-lpthread" "-lm" "-ldl" "-lc" "-Wl,--eh-frame-hdr" "-Wl,-z,noexecstack" "-L" "/opt/rustwide/rustup-home/toolchains/1.75.0-x86_64-unknown-linux-gnu/lib/rustlib/x86_64-unknown-linux-gnu/lib" "-o" "/tmp/rustdoctestJOb0hG/rust_out" "-Wl,--gc-sections" "-pie" "-Wl,-z,relro,-z,now" "-nodefaultlibs"
[INFO] [stdout]   = note: collect2: fatal error: ld terminated with signal 9 [Killed]
[INFO] [stdout]           compilation terminated.
[INFO] [stdout]           
[INFO] [stdout] 
[INFO] [stdout] error: aborting due to previous error
[INFO] [stdout] 
[INFO] [stdout] Couldn't compile the test.
[INFO] [stdout] ---- src/lib.rs - QrCode::new (line 68) stdout ----
[INFO] [stdout] error: linking with `cc` failed: exit status: 1
[INFO] [stdout]   |
[INFO] [stdout]   = note: LC_ALL="C" PATH="/opt/rustwide/rustup-home/toolchains/1.75.0-x86_64-unknown-linux-gnu/lib/rustlib/x86_64-unknown-linux-gnu/bin:/opt/rustwide/cargo-home/bin:/usr/local/sbin:/usr/local/bin:/usr/sbin:/usr/bin:/sbin:/bin" VSLANG="1033" "cc" "-m64" "/tmp/rustcI5Tt64/symbols.o" "/tmp/rustdoctestWU3Cbm/rust_out.rust_out.263fb70ac1c95110-cgu.0.rcgu.o" "/tmp/rustdoctestWU3Cbm/rust_out.2uel00cfmdh5ufit.rcgu.o" "-Wl,--as-needed" "-L" "/opt/rustwide/target/debug/deps" "-L" "/opt/rustwide/target/debug/deps" "-L" "/opt/rustwide/rustup-home/toolchains/1.75.0-x86_64-unknown-linux-gnu/lib/rustlib/x86_64-unknown-linux-gnu/lib" "-Wl,-Bstatic" "/opt/rustwide/target/debug/deps/libqrcode_rs-c811e1ae26e0bd07.rlib" "/opt/rustwide/target/debug/deps/libimage-4e975c03949597cc.rlib" "/opt/rustwide/target/debug/deps/libbytemuck-a015b16bb428ff3b.rlib" "/opt/rustwide/target/debug/deps/libpng-2cb12bf2ce810721.rlib" "/opt/rustwide/target/debug/deps/libbitflags-b7cee2ca4fb438d0.rlib" "/opt/rustwide/target/debug/deps/libexr-6e9b372fd03a3a37.rlib" "/opt/rustwide/target/debug/deps/libflume-6c9a7198e7bd7e89.rlib" "/opt/rustwide/target/debug/deps/libspin-8076308ea5852277.rlib" "/opt/rustwide/target/debug/deps/liblock_api-400daf411a1c055a.rlib" "/opt/rustwide/target/debug/deps/libpin_project-0ff37920fdee7746.rlib" "/opt/rustwide/target/debug/deps/libfutures_sink-8820b6892f99164a.rlib" "/opt/rustwide/target/debug/deps/libfutures_core-21642293acc32643.rlib" "/opt/rustwide/target/debug/deps/libnanorand-ae81dbf0204f81c1.rlib" "/opt/rustwide/target/debug/deps/libgetrandom-704eb28a060c08e6.rlib" "/opt/rustwide/target/debug/deps/libthreadpool-6c4358a471284792.rlib" "/opt/rustwide/target/debug/deps/libbit_field-fdebf8c8352c22d9.rlib" "/opt/rustwide/target/debug/deps/liblebe-4f2fc33efa19012f.rlib" "/opt/rustwide/target/debug/deps/libhalf-1c21c75067ee1a0b.rlib" "/opt/rustwide/target/debug/deps/libsmallvec-75a5879a2c4c0c6c.rlib" "/opt/rustwide/target/debug/deps/libscoped_threadpool-cf49c53216faf76b.rlib" "/opt/rustwide/target/debug/deps/libnum_rational-7f7d092ee6b173f0.rlib" "/opt/rustwide/target/debug/deps/libnum_integer-f0e39536e8d39c49.rlib" "/opt/rustwide/target/debug/deps/libgif-be6f3641dce8a1be.rlib" "/opt/rustwide/target/debug/deps/libcolor_quant-76e42fe6d44f3f56.rlib" "/opt/rustwide/target/debug/deps/libbyteorder-b7588b59c1d17615.rlib" "/opt/rustwide/target/debug/deps/libnum_traits-a6410cac0a25d3f1.rlib" "/opt/rustwide/target/debug/deps/libtiff-f75620207a076a42.rlib" "/opt/rustwide/target/debug/deps/libflate2-654cef94ab3e3324.rlib" "/opt/rustwide/target/debug/deps/libminiz_oxide-ed183406a720c894.rlib" "/opt/rustwide/target/debug/deps/libadler-c8f2240c56a0abca.rlib" "/opt/rustwide/target/debug/deps/libcrc32fast-664446237529ebff.rlib" "/opt/rustwide/target/debug/deps/libweezl-a8534d2a4eb9698a.rlib" "/opt/rustwide/target/debug/deps/libjpeg_decoder-5f0b4b8af8596578.rlib" "/opt/rustwide/target/debug/deps/librayon-53ee0fb24a5cca6b.rlib" "/opt/rustwide/target/debug/deps/librayon_core-16a23be7bfdd10db.rlib" "/opt/rustwide/target/debug/deps/libnum_cpus-dabb72aec2fa1061.rlib" "/opt/rustwide/target/debug/deps/liblibc-b9fac52136757406.rlib" "/opt/rustwide/target/debug/deps/libcrossbeam_deque-d297c00c9f77d2cc.rlib" "/opt/rustwide/target/debug/deps/libcrossbeam_epoch-e96e4f4898b3f9ff.rlib" "/opt/rustwide/target/debug/deps/libmemoffset-f02e326318b611eb.rlib" "/opt/rustwide/target/debug/deps/libscopeguard-b35f5c652940acc2.rlib" "/opt/rustwide/target/debug/deps/libcrossbeam_channel-ce5c80c7bf1aef33.rlib" "/opt/rustwide/target/debug/deps/libcrossbeam_utils-acc95dbd4611b48e.rlib" "/opt/rustwide/target/debug/deps/libcfg_if-61dc7a6799e72b18.rlib" "/opt/rustwide/target/debug/deps/libeither-0a236c20218e7ec8.rlib" "/opt/rustwide/rustup-home/toolchains/1.75.0-x86_64-unknown-linux-gnu/lib/rustlib/x86_64-unknown-linux-gnu/lib/libstd-90f6ddbf82de36ec.rlib" "/opt/rustwide/rustup-home/toolchains/1.75.0-x86_64-unknown-linux-gnu/lib/rustlib/x86_64-unknown-linux-gnu/lib/libpanic_unwind-480c41e9d4e1f677.rlib" "/opt/rustwide/rustup-home/toolchains/1.75.0-x86_64-unknown-linux-gnu/lib/rustlib/x86_64-unknown-linux-gnu/lib/libobject-db744c0ca03eed1d.rlib" "/opt/rustwide/rustup-home/toolchains/1.75.0-x86_64-unknown-linux-gnu/lib/rustlib/x86_64-unknown-linux-gnu/lib/libmemchr-8ba652dc7d4b285a.rlib" "/opt/rustwide/rustup-home/toolchains/1.75.0-x86_64-unknown-linux-gnu/lib/rustlib/x86_64-unknown-linux-gnu/lib/libaddr2line-d5f4520a9ebc0d58.rlib" "/opt/rustwide/rustup-home/toolchains/1.75.0-x86_64-unknown-linux-gnu/lib/rustlib/x86_64-unknown-linux-gnu/lib/libgimli-4ad84de58f0cb463.rlib" "/opt/rustwide/rustup-home/toolchains/1.75.0-x86_64-unknown-linux-gnu/lib/rustlib/x86_64-unknown-linux-gnu/lib/librustc_demangle-0d10aae2e0f38735.rlib" "/opt/rustwide/rustup-home/toolchains/1.75.0-x86_64-unknown-linux-gnu/lib/rustlib/x86_64-unknown-linux-gnu/lib/libstd_detect-0c17cff739e6745b.rlib" "/opt/rustwide/rustup-home/toolchains/1.75.0-x86_64-unknown-linux-gnu/lib/rustlib/x86_64-unknown-linux-gnu/lib/libhashbrown-b29e17139dde1aa8.rlib" "/opt/rustwide/rustup-home/toolchains/1.75.0-x86_64-unknown-linux-gnu/lib/rustlib/x86_64-unknown-linux-gnu/lib/librustc_std_workspace_alloc-1f975299829cc7bd.rlib" "/opt/rustwide/rustup-home/toolchains/1.75.0-x86_64-unknown-linux-gnu/lib/rustlib/x86_64-unknown-linux-gnu/lib/libminiz_oxide-86bae3bc3079f89b.rlib" "/opt/rustwide/rustup-home/toolchains/1.75.0-x86_64-unknown-linux-gnu/lib/rustlib/x86_64-unknown-linux-gnu/lib/libadler-321b82c30dffdf5f.rlib" "/opt/rustwide/rustup-home/toolchains/1.75.0-x86_64-unknown-linux-gnu/lib/rustlib/x86_64-unknown-linux-gnu/lib/libunwind-3dd8a6810a0bdfef.rlib" "/opt/rustwide/rustup-home/toolchains/1.75.0-x86_64-unknown-linux-gnu/lib/rustlib/x86_64-unknown-linux-gnu/lib/libcfg_if-eb39a61c0c879984.rlib" "/opt/rustwide/rustup-home/toolchains/1.75.0-x86_64-unknown-linux-gnu/lib/rustlib/x86_64-unknown-linux-gnu/lib/liblibc-aa769569f91c3548.rlib" "/opt/rustwide/rustup-home/toolchains/1.75.0-x86_64-unknown-linux-gnu/lib/rustlib/x86_64-unknown-linux-gnu/lib/liballoc-510a192a50a983ed.rlib" "/opt/rustwide/rustup-home/toolchains/1.75.0-x86_64-unknown-linux-gnu/lib/rustlib/x86_64-unknown-linux-gnu/lib/librustc_std_workspace_core-0577018320f99037.rlib" "/opt/rustwide/rustup-home/toolchains/1.75.0-x86_64-unknown-linux-gnu/lib/rustlib/x86_64-unknown-linux-gnu/lib/libcore-193cf992125ccd4c.rlib" "/opt/rustwide/rustup-home/toolchains/1.75.0-x86_64-unknown-linux-gnu/lib/rustlib/x86_64-unknown-linux-gnu/lib/libcompiler_builtins-8e138eaf26ebb4a8.rlib" "-Wl,-Bdynamic" "-lgcc_s" "-lutil" "-lrt" "-lpthread" "-lm" "-ldl" "-lc" "-Wl,--eh-frame-hdr" "-Wl,-z,noexecstack" "-L" "/opt/rustwide/rustup-home/toolchains/1.75.0-x86_64-unknown-linux-gnu/lib/rustlib/x86_64-unknown-linux-gnu/lib" "-o" "/tmp/rustdoctestWU3Cbm/rust_out" "-Wl,--gc-sections" "-pie" "-Wl,-z,relro,-z,now" "-nodefaultlibs"
[INFO] [stdout]   = note: collect2: fatal error: ld terminated with signal 9 [Killed]
[INFO] [stdout]           compilation terminated.
[INFO] [stdout]           
[INFO] [stdout] 
[INFO] [stdout] error: aborting due to previous error
[INFO] [stdout] 
[INFO] [stdout] Couldn't compile the test.
[INFO] [stdout] ---- src/render/svg.rs - render::svg (line 5) stdout ----
[INFO] [stdout] error: linking with `cc` failed: exit status: 1
[INFO] [stdout]   |
[INFO] [stdout]   = note: LC_ALL="C" PATH="/opt/rustwide/rustup-home/toolchains/1.75.0-x86_64-unknown-linux-gnu/lib/rustlib/x86_64-unknown-linux-gnu/bin:/opt/rustwide/cargo-home/bin:/usr/local/sbin:/usr/local/bin:/usr/sbin:/usr/bin:/sbin:/bin" VSLANG="1033" "cc" "-m64" "/tmp/rustce0q3Wh/symbols.o" "/tmp/rustdoctestzXkyEL/rust_out.rust_out.263fb70ac1c95110-cgu.0.rcgu.o" "/tmp/rustdoctestzXkyEL/rust_out.2uel00cfmdh5ufit.rcgu.o" "-Wl,--as-needed" "-L" "/opt/rustwide/target/debug/deps" "-L" "/opt/rustwide/target/debug/deps" "-L" "/opt/rustwide/rustup-home/toolchains/1.75.0-x86_64-unknown-linux-gnu/lib/rustlib/x86_64-unknown-linux-gnu/lib" "-Wl,-Bstatic" "/opt/rustwide/target/debug/deps/libqrcode_rs-c811e1ae26e0bd07.rlib" "/opt/rustwide/target/debug/deps/libimage-4e975c03949597cc.rlib" "/opt/rustwide/target/debug/deps/libbytemuck-a015b16bb428ff3b.rlib" "/opt/rustwide/target/debug/deps/libpng-2cb12bf2ce810721.rlib" "/opt/rustwide/target/debug/deps/libbitflags-b7cee2ca4fb438d0.rlib" "/opt/rustwide/target/debug/deps/libexr-6e9b372fd03a3a37.rlib" "/opt/rustwide/target/debug/deps/libflume-6c9a7198e7bd7e89.rlib" "/opt/rustwide/target/debug/deps/libspin-8076308ea5852277.rlib" "/opt/rustwide/target/debug/deps/liblock_api-400daf411a1c055a.rlib" "/opt/rustwide/target/debug/deps/libpin_project-0ff37920fdee7746.rlib" "/opt/rustwide/target/debug/deps/libfutures_sink-8820b6892f99164a.rlib" "/opt/rustwide/target/debug/deps/libfutures_core-21642293acc32643.rlib" "/opt/rustwide/target/debug/deps/libnanorand-ae81dbf0204f81c1.rlib" "/opt/rustwide/target/debug/deps/libgetrandom-704eb28a060c08e6.rlib" "/opt/rustwide/target/debug/deps/libthreadpool-6c4358a471284792.rlib" "/opt/rustwide/target/debug/deps/libbit_field-fdebf8c8352c22d9.rlib" "/opt/rustwide/target/debug/deps/liblebe-4f2fc33efa19012f.rlib" "/opt/rustwide/target/debug/deps/libhalf-1c21c75067ee1a0b.rlib" "/opt/rustwide/target/debug/deps/libsmallvec-75a5879a2c4c0c6c.rlib" "/opt/rustwide/target/debug/deps/libscoped_threadpool-cf49c53216faf76b.rlib" "/opt/rustwide/target/debug/deps/libnum_rational-7f7d092ee6b173f0.rlib" "/opt/rustwide/target/debug/deps/libnum_integer-f0e39536e8d39c49.rlib" "/opt/rustwide/target/debug/deps/libgif-be6f3641dce8a1be.rlib" "/opt/rustwide/target/debug/deps/libcolor_quant-76e42fe6d44f3f56.rlib" "/opt/rustwide/target/debug/deps/libbyteorder-b7588b59c1d17615.rlib" "/opt/rustwide/target/debug/deps/libnum_traits-a6410cac0a25d3f1.rlib" "/opt/rustwide/target/debug/deps/libtiff-f75620207a076a42.rlib" "/opt/rustwide/target/debug/deps/libflate2-654cef94ab3e3324.rlib" "/opt/rustwide/target/debug/deps/libminiz_oxide-ed183406a720c894.rlib" "/opt/rustwide/target/debug/deps/libadler-c8f2240c56a0abca.rlib" "/opt/rustwide/target/debug/deps/libcrc32fast-664446237529ebff.rlib" "/opt/rustwide/target/debug/deps/libweezl-a8534d2a4eb9698a.rlib" "/opt/rustwide/target/debug/deps/libjpeg_decoder-5f0b4b8af8596578.rlib" "/opt/rustwide/target/debug/deps/librayon-53ee0fb24a5cca6b.rlib" "/opt/rustwide/target/debug/deps/librayon_core-16a23be7bfdd10db.rlib" "/opt/rustwide/target/debug/deps/libnum_cpus-dabb72aec2fa1061.rlib" "/opt/rustwide/target/debug/deps/liblibc-b9fac52136757406.rlib" "/opt/rustwide/target/debug/deps/libcrossbeam_deque-d297c00c9f77d2cc.rlib" "/opt/rustwide/target/debug/deps/libcrossbeam_epoch-e96e4f4898b3f9ff.rlib" "/opt/rustwide/target/debug/deps/libmemoffset-f02e326318b611eb.rlib" "/opt/rustwide/target/debug/deps/libscopeguard-b35f5c652940acc2.rlib" "/opt/rustwide/target/debug/deps/libcrossbeam_channel-ce5c80c7bf1aef33.rlib" "/opt/rustwide/target/debug/deps/libcrossbeam_utils-acc95dbd4611b48e.rlib" "/opt/rustwide/target/debug/deps/libcfg_if-61dc7a6799e72b18.rlib" "/opt/rustwide/target/debug/deps/libeither-0a236c20218e7ec8.rlib" "/opt/rustwide/rustup-home/toolchains/1.75.0-x86_64-unknown-linux-gnu/lib/rustlib/x86_64-unknown-linux-gnu/lib/libstd-90f6ddbf82de36ec.rlib" "/opt/rustwide/rustup-home/toolchains/1.75.0-x86_64-unknown-linux-gnu/lib/rustlib/x86_64-unknown-linux-gnu/lib/libpanic_unwind-480c41e9d4e1f677.rlib" "/opt/rustwide/rustup-home/toolchains/1.75.0-x86_64-unknown-linux-gnu/lib/rustlib/x86_64-unknown-linux-gnu/lib/libobject-db744c0ca03eed1d.rlib" "/opt/rustwide/rustup-home/toolchains/1.75.0-x86_64-unknown-linux-gnu/lib/rustlib/x86_64-unknown-linux-gnu/lib/libmemchr-8ba652dc7d4b285a.rlib" "/opt/rustwide/rustup-home/toolchains/1.75.0-x86_64-unknown-linux-gnu/lib/rustlib/x86_64-unknown-linux-gnu/lib/libaddr2line-d5f4520a9ebc0d58.rlib" "/opt/rustwide/rustup-home/toolchains/1.75.0-x86_64-unknown-linux-gnu/lib/rustlib/x86_64-unknown-linux-gnu/lib/libgimli-4ad84de58f0cb463.rlib" "/opt/rustwide/rustup-home/toolchains/1.75.0-x86_64-unknown-linux-gnu/lib/rustlib/x86_64-unknown-linux-gnu/lib/librustc_demangle-0d10aae2e0f38735.rlib" "/opt/rustwide/rustup-home/toolchains/1.75.0-x86_64-unknown-linux-gnu/lib/rustlib/x86_64-unknown-linux-gnu/lib/libstd_detect-0c17cff739e6745b.rlib" "/opt/rustwide/rustup-home/toolchains/1.75.0-x86_64-unknown-linux-gnu/lib/rustlib/x86_64-unknown-linux-gnu/lib/libhashbrown-b29e17139dde1aa8.rlib" "/opt/rustwide/rustup-home/toolchains/1.75.0-x86_64-unknown-linux-gnu/lib/rustlib/x86_64-unknown-linux-gnu/lib/librustc_std_workspace_alloc-1f975299829cc7bd.rlib" "/opt/rustwide/rustup-home/toolchains/1.75.0-x86_64-unknown-linux-gnu/lib/rustlib/x86_64-unknown-linux-gnu/lib/libminiz_oxide-86bae3bc3079f89b.rlib" "/opt/rustwide/rustup-home/toolchains/1.75.0-x86_64-unknown-linux-gnu/lib/rustlib/x86_64-unknown-linux-gnu/lib/libadler-321b82c30dffdf5f.rlib" "/opt/rustwide/rustup-home/toolchains/1.75.0-x86_64-unknown-linux-gnu/lib/rustlib/x86_64-unknown-linux-gnu/lib/libunwind-3dd8a6810a0bdfef.rlib" "/opt/rustwide/rustup-home/toolchains/1.75.0-x86_64-unknown-linux-gnu/lib/rustlib/x86_64-unknown-linux-gnu/lib/libcfg_if-eb39a61c0c879984.rlib" "/opt/rustwide/rustup-home/toolchains/1.75.0-x86_64-unknown-linux-gnu/lib/rustlib/x86_64-unknown-linux-gnu/lib/liblibc-aa769569f91c3548.rlib" "/opt/rustwide/rustup-home/toolchains/1.75.0-x86_64-unknown-linux-gnu/lib/rustlib/x86_64-unknown-linux-gnu/lib/liballoc-510a192a50a983ed.rlib" "/opt/rustwide/rustup-home/toolchains/1.75.0-x86_64-unknown-linux-gnu/lib/rustlib/x86_64-unknown-linux-gnu/lib/librustc_std_workspace_core-0577018320f99037.rlib" "/opt/rustwide/rustup-home/toolchains/1.75.0-x86_64-unknown-linux-gnu/lib/rustlib/x86_64-unknown-linux-gnu/lib/libcore-193cf992125ccd4c.rlib" "/opt/rustwide/rustup-home/toolchains/1.75.0-x86_64-unknown-linux-gnu/lib/rustlib/x86_64-unknown-linux-gnu/lib/libcompiler_builtins-8e138eaf26ebb4a8.rlib" "-Wl,-Bdynamic" "-lgcc_s" "-lutil" "-lrt" "-lpthread" "-lm" "-ldl" "-lc" "-Wl,--eh-frame-hdr" "-Wl,-z,noexecstack" "-L" "/opt/rustwide/rustup-home/toolchains/1.75.0-x86_64-unknown-linux-gnu/lib/rustlib/x86_64-unknown-linux-gnu/lib" "-o" "/tmp/rustdoctestzXkyEL/rust_out" "-Wl,--gc-sections" "-pie" "-Wl,-z,relro,-z,now" "-nodefaultlibs"
[INFO] [stdout]   = note: collect2: fatal error: ld terminated with signal 9 [Killed]
[INFO] [stdout]           compilation terminated.
[INFO] [stdout]           
[INFO] [stdout] 
[INFO] [stdout] error: aborting due to previous error
[INFO] [stdout] 
[INFO] [stdout] Couldn't compile the test.
[INFO] [stdout] ---- src/bits.rs - bits::Bits::push_fnc1_first_position (line 590) stdout ----
[INFO] [stdout] error: linking with `cc` failed: exit status: 1
[INFO] [stdout]   |
[INFO] [stdout]   = note: LC_ALL="C" PATH="/opt/rustwide/rustup-home/toolchains/1.75.0-x86_64-unknown-linux-gnu/lib/rustlib/x86_64-unknown-linux-gnu/bin:/opt/rustwide/cargo-home/bin:/usr/local/sbin:/usr/local/bin:/usr/sbin:/usr/bin:/sbin:/bin" VSLANG="1033" "cc" "-m64" "/tmp/rustcUEUbGW/symbols.o" "/tmp/rustdoctestphzsb0/rust_out.rust_out.263fb70ac1c95110-cgu.0.rcgu.o" "/tmp/rustdoctestphzsb0/rust_out.2uel00cfmdh5ufit.rcgu.o" "-Wl,--as-needed" "-L" "/opt/rustwide/target/debug/deps" "-L" "/opt/rustwide/target/debug/deps" "-L" "/opt/rustwide/rustup-home/toolchains/1.75.0-x86_64-unknown-linux-gnu/lib/rustlib/x86_64-unknown-linux-gnu/lib" "-Wl,-Bstatic" "/opt/rustwide/target/debug/deps/libqrcode_rs-c811e1ae26e0bd07.rlib" "/opt/rustwide/target/debug/deps/libimage-4e975c03949597cc.rlib" "/opt/rustwide/target/debug/deps/libbytemuck-a015b16bb428ff3b.rlib" "/opt/rustwide/target/debug/deps/libpng-2cb12bf2ce810721.rlib" "/opt/rustwide/target/debug/deps/libbitflags-b7cee2ca4fb438d0.rlib" "/opt/rustwide/target/debug/deps/libexr-6e9b372fd03a3a37.rlib" "/opt/rustwide/target/debug/deps/libflume-6c9a7198e7bd7e89.rlib" "/opt/rustwide/target/debug/deps/libspin-8076308ea5852277.rlib" "/opt/rustwide/target/debug/deps/liblock_api-400daf411a1c055a.rlib" "/opt/rustwide/target/debug/deps/libpin_project-0ff37920fdee7746.rlib" "/opt/rustwide/target/debug/deps/libfutures_sink-8820b6892f99164a.rlib" "/opt/rustwide/target/debug/deps/libfutures_core-21642293acc32643.rlib" "/opt/rustwide/target/debug/deps/libnanorand-ae81dbf0204f81c1.rlib" "/opt/rustwide/target/debug/deps/libgetrandom-704eb28a060c08e6.rlib" "/opt/rustwide/target/debug/deps/libthreadpool-6c4358a471284792.rlib" "/opt/rustwide/target/debug/deps/libbit_field-fdebf8c8352c22d9.rlib" "/opt/rustwide/target/debug/deps/liblebe-4f2fc33efa19012f.rlib" "/opt/rustwide/target/debug/deps/libhalf-1c21c75067ee1a0b.rlib" "/opt/rustwide/target/debug/deps/libsmallvec-75a5879a2c4c0c6c.rlib" "/opt/rustwide/target/debug/deps/libscoped_threadpool-cf49c53216faf76b.rlib" "/opt/rustwide/target/debug/deps/libnum_rational-7f7d092ee6b173f0.rlib" "/opt/rustwide/target/debug/deps/libnum_integer-f0e39536e8d39c49.rlib" "/opt/rustwide/target/debug/deps/libgif-be6f3641dce8a1be.rlib" "/opt/rustwide/target/debug/deps/libcolor_quant-76e42fe6d44f3f56.rlib" "/opt/rustwide/target/debug/deps/libbyteorder-b7588b59c1d17615.rlib" "/opt/rustwide/target/debug/deps/libnum_traits-a6410cac0a25d3f1.rlib" "/opt/rustwide/target/debug/deps/libtiff-f75620207a076a42.rlib" "/opt/rustwide/target/debug/deps/libflate2-654cef94ab3e3324.rlib" "/opt/rustwide/target/debug/deps/libminiz_oxide-ed183406a720c894.rlib" "/opt/rustwide/target/debug/deps/libadler-c8f2240c56a0abca.rlib" "/opt/rustwide/target/debug/deps/libcrc32fast-664446237529ebff.rlib" "/opt/rustwide/target/debug/deps/libweezl-a8534d2a4eb9698a.rlib" "/opt/rustwide/target/debug/deps/libjpeg_decoder-5f0b4b8af8596578.rlib" "/opt/rustwide/target/debug/deps/librayon-53ee0fb24a5cca6b.rlib" "/opt/rustwide/target/debug/deps/librayon_core-16a23be7bfdd10db.rlib" "/opt/rustwide/target/debug/deps/libnum_cpus-dabb72aec2fa1061.rlib" "/opt/rustwide/target/debug/deps/liblibc-b9fac52136757406.rlib" "/opt/rustwide/target/debug/deps/libcrossbeam_deque-d297c00c9f77d2cc.rlib" "/opt/rustwide/target/debug/deps/libcrossbeam_epoch-e96e4f4898b3f9ff.rlib" "/opt/rustwide/target/debug/deps/libmemoffset-f02e326318b611eb.rlib" "/opt/rustwide/target/debug/deps/libscopeguard-b35f5c652940acc2.rlib" "/opt/rustwide/target/debug/deps/libcrossbeam_channel-ce5c80c7bf1aef33.rlib" "/opt/rustwide/target/debug/deps/libcrossbeam_utils-acc95dbd4611b48e.rlib" "/opt/rustwide/target/debug/deps/libcfg_if-61dc7a6799e72b18.rlib" "/opt/rustwide/target/debug/deps/libeither-0a236c20218e7ec8.rlib" "/opt/rustwide/rustup-home/toolchains/1.75.0-x86_64-unknown-linux-gnu/lib/rustlib/x86_64-unknown-linux-gnu/lib/libstd-90f6ddbf82de36ec.rlib" "/opt/rustwide/rustup-home/toolchains/1.75.0-x86_64-unknown-linux-gnu/lib/rustlib/x86_64-unknown-linux-gnu/lib/libpanic_unwind-480c41e9d4e1f677.rlib" "/opt/rustwide/rustup-home/toolchains/1.75.0-x86_64-unknown-linux-gnu/lib/rustlib/x86_64-unknown-linux-gnu/lib/libobject-db744c0ca03eed1d.rlib" "/opt/rustwide/rustup-home/toolchains/1.75.0-x86_64-unknown-linux-gnu/lib/rustlib/x86_64-unknown-linux-gnu/lib/libmemchr-8ba652dc7d4b285a.rlib" "/opt/rustwide/rustup-home/toolchains/1.75.0-x86_64-unknown-linux-gnu/lib/rustlib/x86_64-unknown-linux-gnu/lib/libaddr2line-d5f4520a9ebc0d58.rlib" "/opt/rustwide/rustup-home/toolchains/1.75.0-x86_64-unknown-linux-gnu/lib/rustlib/x86_64-unknown-linux-gnu/lib/libgimli-4ad84de58f0cb463.rlib" "/opt/rustwide/rustup-home/toolchains/1.75.0-x86_64-unknown-linux-gnu/lib/rustlib/x86_64-unknown-linux-gnu/lib/librustc_demangle-0d10aae2e0f38735.rlib" "/opt/rustwide/rustup-home/toolchains/1.75.0-x86_64-unknown-linux-gnu/lib/rustlib/x86_64-unknown-linux-gnu/lib/libstd_detect-0c17cff739e6745b.rlib" "/opt/rustwide/rustup-home/toolchains/1.75.0-x86_64-unknown-linux-gnu/lib/rustlib/x86_64-unknown-linux-gnu/lib/libhashbrown-b29e17139dde1aa8.rlib" "/opt/rustwide/rustup-home/toolchains/1.75.0-x86_64-unknown-linux-gnu/lib/rustlib/x86_64-unknown-linux-gnu/lib/librustc_std_workspace_alloc-1f975299829cc7bd.rlib" "/opt/rustwide/rustup-home/toolchains/1.75.0-x86_64-unknown-linux-gnu/lib/rustlib/x86_64-unknown-linux-gnu/lib/libminiz_oxide-86bae3bc3079f89b.rlib" "/opt/rustwide/rustup-home/toolchains/1.75.0-x86_64-unknown-linux-gnu/lib/rustlib/x86_64-unknown-linux-gnu/lib/libadler-321b82c30dffdf5f.rlib" "/opt/rustwide/rustup-home/toolchains/1.75.0-x86_64-unknown-linux-gnu/lib/rustlib/x86_64-unknown-linux-gnu/lib/libunwind-3dd8a6810a0bdfef.rlib" "/opt/rustwide/rustup-home/toolchains/1.75.0-x86_64-unknown-linux-gnu/lib/rustlib/x86_64-unknown-linux-gnu/lib/libcfg_if-eb39a61c0c879984.rlib" "/opt/rustwide/rustup-home/toolchains/1.75.0-x86_64-unknown-linux-gnu/lib/rustlib/x86_64-unknown-linux-gnu/lib/liblibc-aa769569f91c3548.rlib" "/opt/rustwide/rustup-home/toolchains/1.75.0-x86_64-unknown-linux-gnu/lib/rustlib/x86_64-unknown-linux-gnu/lib/liballoc-510a192a50a983ed.rlib" "/opt/rustwide/rustup-home/toolchains/1.75.0-x86_64-unknown-linux-gnu/lib/rustlib/x86_64-unknown-linux-gnu/lib/librustc_std_workspace_core-0577018320f99037.rlib" "/opt/rustwide/rustup-home/toolchains/1.75.0-x86_64-unknown-linux-gnu/lib/rustlib/x86_64-unknown-linux-gnu/lib/libcore-193cf992125ccd4c.rlib" "/opt/rustwide/rustup-home/toolchains/1.75.0-x86_64-unknown-linux-gnu/lib/rustlib/x86_64-unknown-linux-gnu/lib/libcompiler_builtins-8e138eaf26ebb4a8.rlib" "-Wl,-Bdynamic" "-lgcc_s" "-lutil" "-lrt" "-lpthread" "-lm" "-ldl" "-lc" "-Wl,--eh-frame-hdr" "-Wl,-z,noexecstack" "-L" "/opt/rustwide/rustup-home/toolchains/1.75.0-x86_64-unknown-linux-gnu/lib/rustlib/x86_64-unknown-linux-gnu/lib" "-o" "/tmp/rustdoctestphzsb0/rust_out" "-Wl,--gc-sections" "-pie" "-Wl,-z,relro,-z,now" "-nodefaultlibs"
[INFO] [stdout]   = note: collect2: fatal error: ld terminated with signal 9 [Killed]
[INFO] [stdout]           compilation terminated.
[INFO] [stdout]           
[INFO] [stdout] 
[INFO] [stdout] error: aborting due to previous error
[INFO] [stdout] 
[INFO] [stdout] Couldn't compile the test.
[INFO] [stdout] ---- src/bits.rs - bits::Bits::push_fnc1_second_position (line 614) stdout ----
[INFO] [stdout] error: linking with `cc` failed: exit status: 1
[INFO] [stdout]   |
[INFO] [stdout]   = note: LC_ALL="C" PATH="/opt/rustwide/rustup-home/toolchains/1.75.0-x86_64-unknown-linux-gnu/lib/rustlib/x86_64-unknown-linux-gnu/bin:/opt/rustwide/cargo-home/bin:/usr/local/sbin:/usr/local/bin:/usr/sbin:/usr/bin:/sbin:/bin" VSLANG="1033" "cc" "-m64" "/tmp/rustcQ5vYtg/symbols.o" "/tmp/rustdoctestZVbJYX/rust_out.rust_out.263fb70ac1c95110-cgu.0.rcgu.o" "/tmp/rustdoctestZVbJYX/rust_out.2uel00cfmdh5ufit.rcgu.o" "-Wl,--as-needed" "-L" "/opt/rustwide/target/debug/deps" "-L" "/opt/rustwide/target/debug/deps" "-L" "/opt/rustwide/rustup-home/toolchains/1.75.0-x86_64-unknown-linux-gnu/lib/rustlib/x86_64-unknown-linux-gnu/lib" "-Wl,-Bstatic" "/opt/rustwide/target/debug/deps/libqrcode_rs-c811e1ae26e0bd07.rlib" "/opt/rustwide/target/debug/deps/libimage-4e975c03949597cc.rlib" "/opt/rustwide/target/debug/deps/libbytemuck-a015b16bb428ff3b.rlib" "/opt/rustwide/target/debug/deps/libpng-2cb12bf2ce810721.rlib" "/opt/rustwide/target/debug/deps/libbitflags-b7cee2ca4fb438d0.rlib" "/opt/rustwide/target/debug/deps/libexr-6e9b372fd03a3a37.rlib" "/opt/rustwide/target/debug/deps/libflume-6c9a7198e7bd7e89.rlib" "/opt/rustwide/target/debug/deps/libspin-8076308ea5852277.rlib" "/opt/rustwide/target/debug/deps/liblock_api-400daf411a1c055a.rlib" "/opt/rustwide/target/debug/deps/libpin_project-0ff37920fdee7746.rlib" "/opt/rustwide/target/debug/deps/libfutures_sink-8820b6892f99164a.rlib" "/opt/rustwide/target/debug/deps/libfutures_core-21642293acc32643.rlib" "/opt/rustwide/target/debug/deps/libnanorand-ae81dbf0204f81c1.rlib" "/opt/rustwide/target/debug/deps/libgetrandom-704eb28a060c08e6.rlib" "/opt/rustwide/target/debug/deps/libthreadpool-6c4358a471284792.rlib" "/opt/rustwide/target/debug/deps/libbit_field-fdebf8c8352c22d9.rlib" "/opt/rustwide/target/debug/deps/liblebe-4f2fc33efa19012f.rlib" "/opt/rustwide/target/debug/deps/libhalf-1c21c75067ee1a0b.rlib" "/opt/rustwide/target/debug/deps/libsmallvec-75a5879a2c4c0c6c.rlib" "/opt/rustwide/target/debug/deps/libscoped_threadpool-cf49c53216faf76b.rlib" "/opt/rustwide/target/debug/deps/libnum_rational-7f7d092ee6b173f0.rlib" "/opt/rustwide/target/debug/deps/libnum_integer-f0e39536e8d39c49.rlib" "/opt/rustwide/target/debug/deps/libgif-be6f3641dce8a1be.rlib" "/opt/rustwide/target/debug/deps/libcolor_quant-76e42fe6d44f3f56.rlib" "/opt/rustwide/target/debug/deps/libbyteorder-b7588b59c1d17615.rlib" "/opt/rustwide/target/debug/deps/libnum_traits-a6410cac0a25d3f1.rlib" "/opt/rustwide/target/debug/deps/libtiff-f75620207a076a42.rlib" "/opt/rustwide/target/debug/deps/libflate2-654cef94ab3e3324.rlib" "/opt/rustwide/target/debug/deps/libminiz_oxide-ed183406a720c894.rlib" "/opt/rustwide/target/debug/deps/libadler-c8f2240c56a0abca.rlib" "/opt/rustwide/target/debug/deps/libcrc32fast-664446237529ebff.rlib" "/opt/rustwide/target/debug/deps/libweezl-a8534d2a4eb9698a.rlib" "/opt/rustwide/target/debug/deps/libjpeg_decoder-5f0b4b8af8596578.rlib" "/opt/rustwide/target/debug/deps/librayon-53ee0fb24a5cca6b.rlib" "/opt/rustwide/target/debug/deps/librayon_core-16a23be7bfdd10db.rlib" "/opt/rustwide/target/debug/deps/libnum_cpus-dabb72aec2fa1061.rlib" "/opt/rustwide/target/debug/deps/liblibc-b9fac52136757406.rlib" "/opt/rustwide/target/debug/deps/libcrossbeam_deque-d297c00c9f77d2cc.rlib" "/opt/rustwide/target/debug/deps/libcrossbeam_epoch-e96e4f4898b3f9ff.rlib" "/opt/rustwide/target/debug/deps/libmemoffset-f02e326318b611eb.rlib" "/opt/rustwide/target/debug/deps/libscopeguard-b35f5c652940acc2.rlib" "/opt/rustwide/target/debug/deps/libcrossbeam_channel-ce5c80c7bf1aef33.rlib" "/opt/rustwide/target/debug/deps/libcrossbeam_utils-acc95dbd4611b48e.rlib" "/opt/rustwide/target/debug/deps/libcfg_if-61dc7a6799e72b18.rlib" "/opt/rustwide/target/debug/deps/libeither-0a236c20218e7ec8.rlib" "/opt/rustwide/rustup-home/toolchains/1.75.0-x86_64-unknown-linux-gnu/lib/rustlib/x86_64-unknown-linux-gnu/lib/libstd-90f6ddbf82de36ec.rlib" "/opt/rustwide/rustup-home/toolchains/1.75.0-x86_64-unknown-linux-gnu/lib/rustlib/x86_64-unknown-linux-gnu/lib/libpanic_unwind-480c41e9d4e1f677.rlib" "/opt/rustwide/rustup-home/toolchains/1.75.0-x86_64-unknown-linux-gnu/lib/rustlib/x86_64-unknown-linux-gnu/lib/libobject-db744c0ca03eed1d.rlib" "/opt/rustwide/rustup-home/toolchains/1.75.0-x86_64-unknown-linux-gnu/lib/rustlib/x86_64-unknown-linux-gnu/lib/libmemchr-8ba652dc7d4b285a.rlib" "/opt/rustwide/rustup-home/toolchains/1.75.0-x86_64-unknown-linux-gnu/lib/rustlib/x86_64-unknown-linux-gnu/lib/libaddr2line-d5f4520a9ebc0d58.rlib" "/opt/rustwide/rustup-home/toolchains/1.75.0-x86_64-unknown-linux-gnu/lib/rustlib/x86_64-unknown-linux-gnu/lib/libgimli-4ad84de58f0cb463.rlib" "/opt/rustwide/rustup-home/toolchains/1.75.0-x86_64-unknown-linux-gnu/lib/rustlib/x86_64-unknown-linux-gnu/lib/librustc_demangle-0d10aae2e0f38735.rlib" "/opt/rustwide/rustup-home/toolchains/1.75.0-x86_64-unknown-linux-gnu/lib/rustlib/x86_64-unknown-linux-gnu/lib/libstd_detect-0c17cff739e6745b.rlib" "/opt/rustwide/rustup-home/toolchains/1.75.0-x86_64-unknown-linux-gnu/lib/rustlib/x86_64-unknown-linux-gnu/lib/libhashbrown-b29e17139dde1aa8.rlib" "/opt/rustwide/rustup-home/toolchains/1.75.0-x86_64-unknown-linux-gnu/lib/rustlib/x86_64-unknown-linux-gnu/lib/librustc_std_workspace_alloc-1f975299829cc7bd.rlib" "/opt/rustwide/rustup-home/toolchains/1.75.0-x86_64-unknown-linux-gnu/lib/rustlib/x86_64-unknown-linux-gnu/lib/libminiz_oxide-86bae3bc3079f89b.rlib" "/opt/rustwide/rustup-home/toolchains/1.75.0-x86_64-unknown-linux-gnu/lib/rustlib/x86_64-unknown-linux-gnu/lib/libadler-321b82c30dffdf5f.rlib" "/opt/rustwide/rustup-home/toolchains/1.75.0-x86_64-unknown-linux-gnu/lib/rustlib/x86_64-unknown-linux-gnu/lib/libunwind-3dd8a6810a0bdfef.rlib" "/opt/rustwide/rustup-home/toolchains/1.75.0-x86_64-unknown-linux-gnu/lib/rustlib/x86_64-unknown-linux-gnu/lib/libcfg_if-eb39a61c0c879984.rlib" "/opt/rustwide/rustup-home/toolchains/1.75.0-x86_64-unknown-linux-gnu/lib/rustlib/x86_64-unknown-linux-gnu/lib/liblibc-aa769569f91c3548.rlib" "/opt/rustwide/rustup-home/toolchains/1.75.0-x86_64-unknown-linux-gnu/lib/rustlib/x86_64-unknown-linux-gnu/lib/liballoc-510a192a50a983ed.rlib" "/opt/rustwide/rustup-home/toolchains/1.75.0-x86_64-unknown-linux-gnu/lib/rustlib/x86_64-unknown-linux-gnu/lib/librustc_std_workspace_core-0577018320f99037.rlib" "/opt/rustwide/rustup-home/toolchains/1.75.0-x86_64-unknown-linux-gnu/lib/rustlib/x86_64-unknown-linux-gnu/lib/libcore-193cf992125ccd4c.rlib" "/opt/rustwide/rustup-home/toolchains/1.75.0-x86_64-unknown-linux-gnu/lib/rustlib/x86_64-unknown-linux-gnu/lib/libcompiler_builtins-8e138eaf26ebb4a8.rlib" "-Wl,-Bdynamic" "-lgcc_s" "-lutil" "-lrt" "-lpthread" "-lm" "-ldl" "-lc" "-Wl,--eh-frame-hdr" "-Wl,-z,noexecstack" "-L" "/opt/rustwide/rustup-home/toolchains/1.75.0-x86_64-unknown-linux-gnu/lib/rustlib/x86_64-unknown-linux-gnu/lib" "-o" "/tmp/rustdoctestZVbJYX/rust_out" "-Wl,--gc-sections" "-pie" "-Wl,-z,relro,-z,now" "-nodefaultlibs"
[INFO] [stdout]   = note: collect2: fatal error: ld terminated with signal 9 [Killed]
[INFO] [stdout]           compilation terminated.
[INFO] [stdout]           
[INFO] [stdout] 
[INFO] [stdout] error: aborting due to previous error
[INFO] [stdout] 
[INFO] [stdout] Couldn't compile the test.
[INFO] [stdout] ---- src/types.rs - types::Mode::data_bits_count (line 251) stdout ----
[INFO] [stdout] error: linking with `cc` failed: exit status: 1
[INFO] [stdout]   |
[INFO] [stdout]   = note: LC_ALL="C" PATH="/opt/rustwide/rustup-home/toolchains/1.75.0-x86_64-unknown-linux-gnu/lib/rustlib/x86_64-unknown-linux-gnu/bin:/opt/rustwide/cargo-home/bin:/usr/local/sbin:/usr/local/bin:/usr/sbin:/usr/bin:/sbin:/bin" VSLANG="1033" "cc" "-m64" "/tmp/rustcsGFXCr/symbols.o" "/tmp/rustdoctestb4Oynl/rust_out.rust_out.263fb70ac1c95110-cgu.0.rcgu.o" "/tmp/rustdoctestb4Oynl/rust_out.2uel00cfmdh5ufit.rcgu.o" "-Wl,--as-needed" "-L" "/opt/rustwide/target/debug/deps" "-L" "/opt/rustwide/target/debug/deps" "-L" "/opt/rustwide/rustup-home/toolchains/1.75.0-x86_64-unknown-linux-gnu/lib/rustlib/x86_64-unknown-linux-gnu/lib" "-Wl,-Bstatic" "/opt/rustwide/target/debug/deps/libqrcode_rs-c811e1ae26e0bd07.rlib" "/opt/rustwide/target/debug/deps/libimage-4e975c03949597cc.rlib" "/opt/rustwide/target/debug/deps/libbytemuck-a015b16bb428ff3b.rlib" "/opt/rustwide/target/debug/deps/libpng-2cb12bf2ce810721.rlib" "/opt/rustwide/target/debug/deps/libbitflags-b7cee2ca4fb438d0.rlib" "/opt/rustwide/target/debug/deps/libexr-6e9b372fd03a3a37.rlib" "/opt/rustwide/target/debug/deps/libflume-6c9a7198e7bd7e89.rlib" "/opt/rustwide/target/debug/deps/libspin-8076308ea5852277.rlib" "/opt/rustwide/target/debug/deps/liblock_api-400daf411a1c055a.rlib" "/opt/rustwide/target/debug/deps/libpin_project-0ff37920fdee7746.rlib" "/opt/rustwide/target/debug/deps/libfutures_sink-8820b6892f99164a.rlib" "/opt/rustwide/target/debug/deps/libfutures_core-21642293acc32643.rlib" "/opt/rustwide/target/debug/deps/libnanorand-ae81dbf0204f81c1.rlib" "/opt/rustwide/target/debug/deps/libgetrandom-704eb28a060c08e6.rlib" "/opt/rustwide/target/debug/deps/libthreadpool-6c4358a471284792.rlib" "/opt/rustwide/target/debug/deps/libbit_field-fdebf8c8352c22d9.rlib" "/opt/rustwide/target/debug/deps/liblebe-4f2fc33efa19012f.rlib" "/opt/rustwide/target/debug/deps/libhalf-1c21c75067ee1a0b.rlib" "/opt/rustwide/target/debug/deps/libsmallvec-75a5879a2c4c0c6c.rlib" "/opt/rustwide/target/debug/deps/libscoped_threadpool-cf49c53216faf76b.rlib" "/opt/rustwide/target/debug/deps/libnum_rational-7f7d092ee6b173f0.rlib" "/opt/rustwide/target/debug/deps/libnum_integer-f0e39536e8d39c49.rlib" "/opt/rustwide/target/debug/deps/libgif-be6f3641dce8a1be.rlib" "/opt/rustwide/target/debug/deps/libcolor_quant-76e42fe6d44f3f56.rlib" "/opt/rustwide/target/debug/deps/libbyteorder-b7588b59c1d17615.rlib" "/opt/rustwide/target/debug/deps/libnum_traits-a6410cac0a25d3f1.rlib" "/opt/rustwide/target/debug/deps/libtiff-f75620207a076a42.rlib" "/opt/rustwide/target/debug/deps/libflate2-654cef94ab3e3324.rlib" "/opt/rustwide/target/debug/deps/libminiz_oxide-ed183406a720c894.rlib" "/opt/rustwide/target/debug/deps/libadler-c8f2240c56a0abca.rlib" "/opt/rustwide/target/debug/deps/libcrc32fast-664446237529ebff.rlib" "/opt/rustwide/target/debug/deps/libweezl-a8534d2a4eb9698a.rlib" "/opt/rustwide/target/debug/deps/libjpeg_decoder-5f0b4b8af8596578.rlib" "/opt/rustwide/target/debug/deps/librayon-53ee0fb24a5cca6b.rlib" "/opt/rustwide/target/debug/deps/librayon_core-16a23be7bfdd10db.rlib" "/opt/rustwide/target/debug/deps/libnum_cpus-dabb72aec2fa1061.rlib" "/opt/rustwide/target/debug/deps/liblibc-b9fac52136757406.rlib" "/opt/rustwide/target/debug/deps/libcrossbeam_deque-d297c00c9f77d2cc.rlib" "/opt/rustwide/target/debug/deps/libcrossbeam_epoch-e96e4f4898b3f9ff.rlib" "/opt/rustwide/target/debug/deps/libmemoffset-f02e326318b611eb.rlib" "/opt/rustwide/target/debug/deps/libscopeguard-b35f5c652940acc2.rlib" "/opt/rustwide/target/debug/deps/libcrossbeam_channel-ce5c80c7bf1aef33.rlib" "/opt/rustwide/target/debug/deps/libcrossbeam_utils-acc95dbd4611b48e.rlib" "/opt/rustwide/target/debug/deps/libcfg_if-61dc7a6799e72b18.rlib" "/opt/rustwide/target/debug/deps/libeither-0a236c20218e7ec8.rlib" "/opt/rustwide/rustup-home/toolchains/1.75.0-x86_64-unknown-linux-gnu/lib/rustlib/x86_64-unknown-linux-gnu/lib/libstd-90f6ddbf82de36ec.rlib" "/opt/rustwide/rustup-home/toolchains/1.75.0-x86_64-unknown-linux-gnu/lib/rustlib/x86_64-unknown-linux-gnu/lib/libpanic_unwind-480c41e9d4e1f677.rlib" "/opt/rustwide/rustup-home/toolchains/1.75.0-x86_64-unknown-linux-gnu/lib/rustlib/x86_64-unknown-linux-gnu/lib/libobject-db744c0ca03eed1d.rlib" "/opt/rustwide/rustup-home/toolchains/1.75.0-x86_64-unknown-linux-gnu/lib/rustlib/x86_64-unknown-linux-gnu/lib/libmemchr-8ba652dc7d4b285a.rlib" "/opt/rustwide/rustup-home/toolchains/1.75.0-x86_64-unknown-linux-gnu/lib/rustlib/x86_64-unknown-linux-gnu/lib/libaddr2line-d5f4520a9ebc0d58.rlib" "/opt/rustwide/rustup-home/toolchains/1.75.0-x86_64-unknown-linux-gnu/lib/rustlib/x86_64-unknown-linux-gnu/lib/libgimli-4ad84de58f0cb463.rlib" "/opt/rustwide/rustup-home/toolchains/1.75.0-x86_64-unknown-linux-gnu/lib/rustlib/x86_64-unknown-linux-gnu/lib/librustc_demangle-0d10aae2e0f38735.rlib" "/opt/rustwide/rustup-home/toolchains/1.75.0-x86_64-unknown-linux-gnu/lib/rustlib/x86_64-unknown-linux-gnu/lib/libstd_detect-0c17cff739e6745b.rlib" "/opt/rustwide/rustup-home/toolchains/1.75.0-x86_64-unknown-linux-gnu/lib/rustlib/x86_64-unknown-linux-gnu/lib/libhashbrown-b29e17139dde1aa8.rlib" "/opt/rustwide/rustup-home/toolchains/1.75.0-x86_64-unknown-linux-gnu/lib/rustlib/x86_64-unknown-linux-gnu/lib/librustc_std_workspace_alloc-1f975299829cc7bd.rlib" "/opt/rustwide/rustup-home/toolchains/1.75.0-x86_64-unknown-linux-gnu/lib/rustlib/x86_64-unknown-linux-gnu/lib/libminiz_oxide-86bae3bc3079f89b.rlib" "/opt/rustwide/rustup-home/toolchains/1.75.0-x86_64-unknown-linux-gnu/lib/rustlib/x86_64-unknown-linux-gnu/lib/libadler-321b82c30dffdf5f.rlib" "/opt/rustwide/rustup-home/toolchains/1.75.0-x86_64-unknown-linux-gnu/lib/rustlib/x86_64-unknown-linux-gnu/lib/libunwind-3dd8a6810a0bdfef.rlib" "/opt/rustwide/rustup-home/toolchains/1.75.0-x86_64-unknown-linux-gnu/lib/rustlib/x86_64-unknown-linux-gnu/lib/libcfg_if-eb39a61c0c879984.rlib" "/opt/rustwide/rustup-home/toolchains/1.75.0-x86_64-unknown-linux-gnu/lib/rustlib/x86_64-unknown-linux-gnu/lib/liblibc-aa769569f91c3548.rlib" "/opt/rustwide/rustup-home/toolchains/1.75.0-x86_64-unknown-linux-gnu/lib/rustlib/x86_64-unknown-linux-gnu/lib/liballoc-510a192a50a983ed.rlib" "/opt/rustwide/rustup-home/toolchains/1.75.0-x86_64-unknown-linux-gnu/lib/rustlib/x86_64-unknown-linux-gnu/lib/librustc_std_workspace_core-0577018320f99037.rlib" "/opt/rustwide/rustup-home/toolchains/1.75.0-x86_64-unknown-linux-gnu/lib/rustlib/x86_64-unknown-linux-gnu/lib/libcore-193cf992125ccd4c.rlib" "/opt/rustwide/rustup-home/toolchains/1.75.0-x86_64-unknown-linux-gnu/lib/rustlib/x86_64-unknown-linux-gnu/lib/libcompiler_builtins-8e138eaf26ebb4a8.rlib" "-Wl,-Bdynamic" "-lgcc_s" "-lutil" "-lrt" "-lpthread" "-lm" "-ldl" "-lc" "-Wl,--eh-frame-hdr" "-Wl,-z,noexecstack" "-L" "/opt/rustwide/rustup-home/toolchains/1.75.0-x86_64-unknown-linux-gnu/lib/rustlib/x86_64-unknown-linux-gnu/lib" "-o" "/tmp/rustdoctestb4Oynl/rust_out" "-Wl,--gc-sections" "-pie" "-Wl,-z,relro,-z,now" "-nodefaultlibs"
[INFO] [stdout]   = note: collect2: fatal error: ld terminated with signal 9 [Killed]
[INFO] [stdout]           compilation terminated.
[INFO] [stdout]           
[INFO] [stdout] 
[INFO] [stdout] error: aborting due to previous error
[INFO] [stdout] 
[INFO] [stdout] Couldn't compile the test.
[INFO] [stdout] ---- src/canvas.rs - canvas (line 3) stdout ----
[INFO] [stdout] warning: use of deprecated method `qrcode_rs::canvas::Canvas::to_bools`: use `into_colors()` instead
[INFO] [stdout]   --> src/canvas.rs:12:15
[INFO] [stdout]    |
[INFO] [stdout] 12 | let bools = c.to_bools();
[INFO] [stdout]    |               ^^^^^^^^
[INFO] [stdout]    |
[INFO] [stdout]    = note: `#[warn(deprecated)]` on by default
[INFO] [stdout] 
[INFO] [stdout] error: linking with `cc` failed: exit status: 1
[INFO] [stdout]   |
[INFO] [stdout]   = note: LC_ALL="C" PATH="/opt/rustwide/rustup-home/toolchains/1.75.0-x86_64-unknown-linux-gnu/lib/rustlib/x86_64-unknown-linux-gnu/bin:/opt/rustwide/cargo-home/bin:/usr/local/sbin:/usr/local/bin:/usr/sbin:/usr/bin:/sbin:/bin" VSLANG="1033" "cc" "-m64" "/tmp/rustc5mw72B/symbols.o" "/tmp/rustdoctestVCm0tI/rust_out.rust_out.263fb70ac1c95110-cgu.0.rcgu.o" "/tmp/rustdoctestVCm0tI/rust_out.2uel00cfmdh5ufit.rcgu.o" "-Wl,--as-needed" "-L" "/opt/rustwide/target/debug/deps" "-L" "/opt/rustwide/target/debug/deps" "-L" "/opt/rustwide/rustup-home/toolchains/1.75.0-x86_64-unknown-linux-gnu/lib/rustlib/x86_64-unknown-linux-gnu/lib" "-Wl,-Bstatic" "/opt/rustwide/target/debug/deps/libqrcode_rs-c811e1ae26e0bd07.rlib" "/opt/rustwide/target/debug/deps/libimage-4e975c03949597cc.rlib" "/opt/rustwide/target/debug/deps/libbytemuck-a015b16bb428ff3b.rlib" "/opt/rustwide/target/debug/deps/libpng-2cb12bf2ce810721.rlib" "/opt/rustwide/target/debug/deps/libbitflags-b7cee2ca4fb438d0.rlib" "/opt/rustwide/target/debug/deps/libexr-6e9b372fd03a3a37.rlib" "/opt/rustwide/target/debug/deps/libflume-6c9a7198e7bd7e89.rlib" "/opt/rustwide/target/debug/deps/libspin-8076308ea5852277.rlib" "/opt/rustwide/target/debug/deps/liblock_api-400daf411a1c055a.rlib" "/opt/rustwide/target/debug/deps/libpin_project-0ff37920fdee7746.rlib" "/opt/rustwide/target/debug/deps/libfutures_sink-8820b6892f99164a.rlib" "/opt/rustwide/target/debug/deps/libfutures_core-21642293acc32643.rlib" "/opt/rustwide/target/debug/deps/libnanorand-ae81dbf0204f81c1.rlib" "/opt/rustwide/target/debug/deps/libgetrandom-704eb28a060c08e6.rlib" "/opt/rustwide/target/debug/deps/libthreadpool-6c4358a471284792.rlib" "/opt/rustwide/target/debug/deps/libbit_field-fdebf8c8352c22d9.rlib" "/opt/rustwide/target/debug/deps/liblebe-4f2fc33efa19012f.rlib" "/opt/rustwide/target/debug/deps/libhalf-1c21c75067ee1a0b.rlib" "/opt/rustwide/target/debug/deps/libsmallvec-75a5879a2c4c0c6c.rlib" "/opt/rustwide/target/debug/deps/libscoped_threadpool-cf49c53216faf76b.rlib" "/opt/rustwide/target/debug/deps/libnum_rational-7f7d092ee6b173f0.rlib" "/opt/rustwide/target/debug/deps/libnum_integer-f0e39536e8d39c49.rlib" "/opt/rustwide/target/debug/deps/libgif-be6f3641dce8a1be.rlib" "/opt/rustwide/target/debug/deps/libcolor_quant-76e42fe6d44f3f56.rlib" "/opt/rustwide/target/debug/deps/libbyteorder-b7588b59c1d17615.rlib" "/opt/rustwide/target/debug/deps/libnum_traits-a6410cac0a25d3f1.rlib" "/opt/rustwide/target/debug/deps/libtiff-f75620207a076a42.rlib" "/opt/rustwide/target/debug/deps/libflate2-654cef94ab3e3324.rlib" "/opt/rustwide/target/debug/deps/libminiz_oxide-ed183406a720c894.rlib" "/opt/rustwide/target/debug/deps/libadler-c8f2240c56a0abca.rlib" "/opt/rustwide/target/debug/deps/libcrc32fast-664446237529ebff.rlib" "/opt/rustwide/target/debug/deps/libweezl-a8534d2a4eb9698a.rlib" "/opt/rustwide/target/debug/deps/libjpeg_decoder-5f0b4b8af8596578.rlib" "/opt/rustwide/target/debug/deps/librayon-53ee0fb24a5cca6b.rlib" "/opt/rustwide/target/debug/deps/librayon_core-16a23be7bfdd10db.rlib" "/opt/rustwide/target/debug/deps/libnum_cpus-dabb72aec2fa1061.rlib" "/opt/rustwide/target/debug/deps/liblibc-b9fac52136757406.rlib" "/opt/rustwide/target/debug/deps/libcrossbeam_deque-d297c00c9f77d2cc.rlib" "/opt/rustwide/target/debug/deps/libcrossbeam_epoch-e96e4f4898b3f9ff.rlib" "/opt/rustwide/target/debug/deps/libmemoffset-f02e326318b611eb.rlib" "/opt/rustwide/target/debug/deps/libscopeguard-b35f5c652940acc2.rlib" "/opt/rustwide/target/debug/deps/libcrossbeam_channel-ce5c80c7bf1aef33.rlib" "/opt/rustwide/target/debug/deps/libcrossbeam_utils-acc95dbd4611b48e.rlib" "/opt/rustwide/target/debug/deps/libcfg_if-61dc7a6799e72b18.rlib" "/opt/rustwide/target/debug/deps/libeither-0a236c20218e7ec8.rlib" "/opt/rustwide/rustup-home/toolchains/1.75.0-x86_64-unknown-linux-gnu/lib/rustlib/x86_64-unknown-linux-gnu/lib/libstd-90f6ddbf82de36ec.rlib" "/opt/rustwide/rustup-home/toolchains/1.75.0-x86_64-unknown-linux-gnu/lib/rustlib/x86_64-unknown-linux-gnu/lib/libpanic_unwind-480c41e9d4e1f677.rlib" "/opt/rustwide/rustup-home/toolchains/1.75.0-x86_64-unknown-linux-gnu/lib/rustlib/x86_64-unknown-linux-gnu/lib/libobject-db744c0ca03eed1d.rlib" "/opt/rustwide/rustup-home/toolchains/1.75.0-x86_64-unknown-linux-gnu/lib/rustlib/x86_64-unknown-linux-gnu/lib/libmemchr-8ba652dc7d4b285a.rlib" "/opt/rustwide/rustup-home/toolchains/1.75.0-x86_64-unknown-linux-gnu/lib/rustlib/x86_64-unknown-linux-gnu/lib/libaddr2line-d5f4520a9ebc0d58.rlib" "/opt/rustwide/rustup-home/toolchains/1.75.0-x86_64-unknown-linux-gnu/lib/rustlib/x86_64-unknown-linux-gnu/lib/libgimli-4ad84de58f0cb463.rlib" "/opt/rustwide/rustup-home/toolchains/1.75.0-x86_64-unknown-linux-gnu/lib/rustlib/x86_64-unknown-linux-gnu/lib/librustc_demangle-0d10aae2e0f38735.rlib" "/opt/rustwide/rustup-home/toolchains/1.75.0-x86_64-unknown-linux-gnu/lib/rustlib/x86_64-unknown-linux-gnu/lib/libstd_detect-0c17cff739e6745b.rlib" "/opt/rustwide/rustup-home/toolchains/1.75.0-x86_64-unknown-linux-gnu/lib/rustlib/x86_64-unknown-linux-gnu/lib/libhashbrown-b29e17139dde1aa8.rlib" "/opt/rustwide/rustup-home/toolchains/1.75.0-x86_64-unknown-linux-gnu/lib/rustlib/x86_64-unknown-linux-gnu/lib/librustc_std_workspace_alloc-1f975299829cc7bd.rlib" "/opt/rustwide/rustup-home/toolchains/1.75.0-x86_64-unknown-linux-gnu/lib/rustlib/x86_64-unknown-linux-gnu/lib/libminiz_oxide-86bae3bc3079f89b.rlib" "/opt/rustwide/rustup-home/toolchains/1.75.0-x86_64-unknown-linux-gnu/lib/rustlib/x86_64-unknown-linux-gnu/lib/libadler-321b82c30dffdf5f.rlib" "/opt/rustwide/rustup-home/toolchains/1.75.0-x86_64-unknown-linux-gnu/lib/rustlib/x86_64-unknown-linux-gnu/lib/libunwind-3dd8a6810a0bdfef.rlib" "/opt/rustwide/rustup-home/toolchains/1.75.0-x86_64-unknown-linux-gnu/lib/rustlib/x86_64-unknown-linux-gnu/lib/libcfg_if-eb39a61c0c879984.rlib" "/opt/rustwide/rustup-home/toolchains/1.75.0-x86_64-unknown-linux-gnu/lib/rustlib/x86_64-unknown-linux-gnu/lib/liblibc-aa769569f91c3548.rlib" "/opt/rustwide/rustup-home/toolchains/1.75.0-x86_64-unknown-linux-gnu/lib/rustlib/x86_64-unknown-linux-gnu/lib/liballoc-510a192a50a983ed.rlib" "/opt/rustwide/rustup-home/toolchains/1.75.0-x86_64-unknown-linux-gnu/lib/rustlib/x86_64-unknown-linux-gnu/lib/librustc_std_workspace_core-0577018320f99037.rlib" "/opt/rustwide/rustup-home/toolchains/1.75.0-x86_64-unknown-linux-gnu/lib/rustlib/x86_64-unknown-linux-gnu/lib/libcore-193cf992125ccd4c.rlib" "/opt/rustwide/rustup-home/toolchains/1.75.0-x86_64-unknown-linux-gnu/lib/rustlib/x86_64-unknown-linux-gnu/lib/libcompiler_builtins-8e138eaf26ebb4a8.rlib" "-Wl,-Bdynamic" "-lgcc_s" "-lutil" "-lrt" "-lpthread" "-lm" "-ldl" "-lc" "-Wl,--eh-frame-hdr" "-Wl,-z,noexecstack" "-L" "/opt/rustwide/rustup-home/toolchains/1.75.0-x86_64-unknown-linux-gnu/lib/rustlib/x86_64-unknown-linux-gnu/lib" "-o" "/tmp/rustdoctestVCm0tI/rust_out" "-Wl,--gc-sections" "-pie" "-Wl,-z,relro,-z,now" "-nodefaultlibs"
[INFO] [stdout]   = note: collect2: fatal error: ld terminated with signal 9 [Killed]
[INFO] [stdout]           compilation terminated.
[INFO] [stdout]           
[INFO] [stdout] 
[INFO] [stdout] error: aborting due to previous error; 1 warning emitted
[INFO] [stdout] 
[INFO] [stdout] Couldn't compile the test.
[INFO] [stdout] ---- src/lib.rs - QrCode::with_bits (line 134) stdout ----
[INFO] [stdout] error: linking with `cc` failed: exit status: 1
[INFO] [stdout]   |
[INFO] [stdout]   = note: LC_ALL="C" PATH="/opt/rustwide/rustup-home/toolchains/1.75.0-x86_64-unknown-linux-gnu/lib/rustlib/x86_64-unknown-linux-gnu/bin:/opt/rustwide/cargo-home/bin:/usr/local/sbin:/usr/local/bin:/usr/sbin:/usr/bin:/sbin:/bin" VSLANG="1033" "cc" "-m64" "/tmp/rustcfqzXIo/symbols.o" "/tmp/rustdoctestqq75LC/rust_out.rust_out.263fb70ac1c95110-cgu.0.rcgu.o" "/tmp/rustdoctestqq75LC/rust_out.2uel00cfmdh5ufit.rcgu.o" "-Wl,--as-needed" "-L" "/opt/rustwide/target/debug/deps" "-L" "/opt/rustwide/target/debug/deps" "-L" "/opt/rustwide/rustup-home/toolchains/1.75.0-x86_64-unknown-linux-gnu/lib/rustlib/x86_64-unknown-linux-gnu/lib" "-Wl,-Bstatic" "/opt/rustwide/target/debug/deps/libqrcode_rs-c811e1ae26e0bd07.rlib" "/opt/rustwide/target/debug/deps/libimage-4e975c03949597cc.rlib" "/opt/rustwide/target/debug/deps/libbytemuck-a015b16bb428ff3b.rlib" "/opt/rustwide/target/debug/deps/libpng-2cb12bf2ce810721.rlib" "/opt/rustwide/target/debug/deps/libbitflags-b7cee2ca4fb438d0.rlib" "/opt/rustwide/target/debug/deps/libexr-6e9b372fd03a3a37.rlib" "/opt/rustwide/target/debug/deps/libflume-6c9a7198e7bd7e89.rlib" "/opt/rustwide/target/debug/deps/libspin-8076308ea5852277.rlib" "/opt/rustwide/target/debug/deps/liblock_api-400daf411a1c055a.rlib" "/opt/rustwide/target/debug/deps/libpin_project-0ff37920fdee7746.rlib" "/opt/rustwide/target/debug/deps/libfutures_sink-8820b6892f99164a.rlib" "/opt/rustwide/target/debug/deps/libfutures_core-21642293acc32643.rlib" "/opt/rustwide/target/debug/deps/libnanorand-ae81dbf0204f81c1.rlib" "/opt/rustwide/target/debug/deps/libgetrandom-704eb28a060c08e6.rlib" "/opt/rustwide/target/debug/deps/libthreadpool-6c4358a471284792.rlib" "/opt/rustwide/target/debug/deps/libbit_field-fdebf8c8352c22d9.rlib" "/opt/rustwide/target/debug/deps/liblebe-4f2fc33efa19012f.rlib" "/opt/rustwide/target/debug/deps/libhalf-1c21c75067ee1a0b.rlib" "/opt/rustwide/target/debug/deps/libsmallvec-75a5879a2c4c0c6c.rlib" "/opt/rustwide/target/debug/deps/libscoped_threadpool-cf49c53216faf76b.rlib" "/opt/rustwide/target/debug/deps/libnum_rational-7f7d092ee6b173f0.rlib" "/opt/rustwide/target/debug/deps/libnum_integer-f0e39536e8d39c49.rlib" "/opt/rustwide/target/debug/deps/libgif-be6f3641dce8a1be.rlib" "/opt/rustwide/target/debug/deps/libcolor_quant-76e42fe6d44f3f56.rlib" "/opt/rustwide/target/debug/deps/libbyteorder-b7588b59c1d17615.rlib" "/opt/rustwide/target/debug/deps/libnum_traits-a6410cac0a25d3f1.rlib" "/opt/rustwide/target/debug/deps/libtiff-f75620207a076a42.rlib" "/opt/rustwide/target/debug/deps/libflate2-654cef94ab3e3324.rlib" "/opt/rustwide/target/debug/deps/libminiz_oxide-ed183406a720c894.rlib" "/opt/rustwide/target/debug/deps/libadler-c8f2240c56a0abca.rlib" "/opt/rustwide/target/debug/deps/libcrc32fast-664446237529ebff.rlib" "/opt/rustwide/target/debug/deps/libweezl-a8534d2a4eb9698a.rlib" "/opt/rustwide/target/debug/deps/libjpeg_decoder-5f0b4b8af8596578.rlib" "/opt/rustwide/target/debug/deps/librayon-53ee0fb24a5cca6b.rlib" "/opt/rustwide/target/debug/deps/librayon_core-16a23be7bfdd10db.rlib" "/opt/rustwide/target/debug/deps/libnum_cpus-dabb72aec2fa1061.rlib" "/opt/rustwide/target/debug/deps/liblibc-b9fac52136757406.rlib" "/opt/rustwide/target/debug/deps/libcrossbeam_deque-d297c00c9f77d2cc.rlib" "/opt/rustwide/target/debug/deps/libcrossbeam_epoch-e96e4f4898b3f9ff.rlib" "/opt/rustwide/target/debug/deps/libmemoffset-f02e326318b611eb.rlib" "/opt/rustwide/target/debug/deps/libscopeguard-b35f5c652940acc2.rlib" "/opt/rustwide/target/debug/deps/libcrossbeam_channel-ce5c80c7bf1aef33.rlib" "/opt/rustwide/target/debug/deps/libcrossbeam_utils-acc95dbd4611b48e.rlib" "/opt/rustwide/target/debug/deps/libcfg_if-61dc7a6799e72b18.rlib" "/opt/rustwide/target/debug/deps/libeither-0a236c20218e7ec8.rlib" "/opt/rustwide/rustup-home/toolchains/1.75.0-x86_64-unknown-linux-gnu/lib/rustlib/x86_64-unknown-linux-gnu/lib/libstd-90f6ddbf82de36ec.rlib" "/opt/rustwide/rustup-home/toolchains/1.75.0-x86_64-unknown-linux-gnu/lib/rustlib/x86_64-unknown-linux-gnu/lib/libpanic_unwind-480c41e9d4e1f677.rlib" "/opt/rustwide/rustup-home/toolchains/1.75.0-x86_64-unknown-linux-gnu/lib/rustlib/x86_64-unknown-linux-gnu/lib/libobject-db744c0ca03eed1d.rlib" "/opt/rustwide/rustup-home/toolchains/1.75.0-x86_64-unknown-linux-gnu/lib/rustlib/x86_64-unknown-linux-gnu/lib/libmemchr-8ba652dc7d4b285a.rlib" "/opt/rustwide/rustup-home/toolchains/1.75.0-x86_64-unknown-linux-gnu/lib/rustlib/x86_64-unknown-linux-gnu/lib/libaddr2line-d5f4520a9ebc0d58.rlib" "/opt/rustwide/rustup-home/toolchains/1.75.0-x86_64-unknown-linux-gnu/lib/rustlib/x86_64-unknown-linux-gnu/lib/libgimli-4ad84de58f0cb463.rlib" "/opt/rustwide/rustup-home/toolchains/1.75.0-x86_64-unknown-linux-gnu/lib/rustlib/x86_64-unknown-linux-gnu/lib/librustc_demangle-0d10aae2e0f38735.rlib" "/opt/rustwide/rustup-home/toolchains/1.75.0-x86_64-unknown-linux-gnu/lib/rustlib/x86_64-unknown-linux-gnu/lib/libstd_detect-0c17cff739e6745b.rlib" "/opt/rustwide/rustup-home/toolchains/1.75.0-x86_64-unknown-linux-gnu/lib/rustlib/x86_64-unknown-linux-gnu/lib/libhashbrown-b29e17139dde1aa8.rlib" "/opt/rustwide/rustup-home/toolchains/1.75.0-x86_64-unknown-linux-gnu/lib/rustlib/x86_64-unknown-linux-gnu/lib/librustc_std_workspace_alloc-1f975299829cc7bd.rlib" "/opt/rustwide/rustup-home/toolchains/1.75.0-x86_64-unknown-linux-gnu/lib/rustlib/x86_64-unknown-linux-gnu/lib/libminiz_oxide-86bae3bc3079f89b.rlib" "/opt/rustwide/rustup-home/toolchains/1.75.0-x86_64-unknown-linux-gnu/lib/rustlib/x86_64-unknown-linux-gnu/lib/libadler-321b82c30dffdf5f.rlib" "/opt/rustwide/rustup-home/toolchains/1.75.0-x86_64-unknown-linux-gnu/lib/rustlib/x86_64-unknown-linux-gnu/lib/libunwind-3dd8a6810a0bdfef.rlib" "/opt/rustwide/rustup-home/toolchains/1.75.0-x86_64-unknown-linux-gnu/lib/rustlib/x86_64-unknown-linux-gnu/lib/libcfg_if-eb39a61c0c879984.rlib" "/opt/rustwide/rustup-home/toolchains/1.75.0-x86_64-unknown-linux-gnu/lib/rustlib/x86_64-unknown-linux-gnu/lib/liblibc-aa769569f91c3548.rlib" "/opt/rustwide/rustup-home/toolchains/1.75.0-x86_64-unknown-linux-gnu/lib/rustlib/x86_64-unknown-linux-gnu/lib/liballoc-510a192a50a983ed.rlib" "/opt/rustwide/rustup-home/toolchains/1.75.0-x86_64-unknown-linux-gnu/lib/rustlib/x86_64-unknown-linux-gnu/lib/librustc_std_workspace_core-0577018320f99037.rlib" "/opt/rustwide/rustup-home/toolchains/1.75.0-x86_64-unknown-linux-gnu/lib/rustlib/x86_64-unknown-linux-gnu/lib/libcore-193cf992125ccd4c.rlib" "/opt/rustwide/rustup-home/toolchains/1.75.0-x86_64-unknown-linux-gnu/lib/rustlib/x86_64-unknown-linux-gnu/lib/libcompiler_builtins-8e138eaf26ebb4a8.rlib" "-Wl,-Bdynamic" "-lgcc_s" "-lutil" "-lrt" "-lpthread" "-lm" "-ldl" "-lc" "-Wl,--eh-frame-hdr" "-Wl,-z,noexecstack" "-L" "/opt/rustwide/rustup-home/toolchains/1.75.0-x86_64-unknown-linux-gnu/lib/rustlib/x86_64-unknown-linux-gnu/lib" "-o" "/tmp/rustdoctestqq75LC/rust_out" "-Wl,--gc-sections" "-pie" "-Wl,-z,relro,-z,now" "-nodefaultlibs"
[INFO] [stdout]   = note: collect2: fatal error: ld terminated with signal 9 [Killed]
[INFO] [stdout]           compilation terminated.
[INFO] [stdout]           
[INFO] [stdout] 
[INFO] [stdout] error: aborting due to previous error
[INFO] [stdout] 
[INFO] [stdout] Couldn't compile the test.
[INFO] [stdout] 
[INFO] [stdout] failures:
[INFO] [stdout]     src/bits.rs - bits::Bits::push_eci_designator (line 227)
[INFO] [stdout]     src/bits.rs - bits::Bits::push_fnc1_first_position (line 590)
[INFO] [stdout]     src/bits.rs - bits::Bits::push_fnc1_second_position (line 614)
[INFO] [stdout]     src/canvas.rs - canvas (line 3)
[INFO] [stdout]     src/canvas.rs - canvas::Module::mask (line 51)
[INFO] [stdout]     src/lib.rs - QrCode::new (line 68)
[INFO] [stdout]     src/lib.rs - QrCode::with_bits (line 134)
[INFO] [stdout]     src/lib.rs - QrCode::with_version (line 107)
[INFO] [stdout]     src/render/svg.rs - render::svg (line 5)
[INFO] [stdout]     src/types.rs - types::Mode::data_bits_count (line 251)
[INFO] [stdout] 
[INFO] [stdout] test result: FAILED. 8 passed; 10 failed; 2 ignored; 0 measured; 0 filtered out; finished in 5.89s
[INFO] [stdout] 
[INFO] [stderr] error: doctest failed, to rerun pass `--doc`
[INFO] running `Command { std: "docker" "inspect" "44901c741a450e397b23cee283495b2077961997f6e2a31873c7297a8d18dc4c", kill_on_drop: false }`
[INFO] running `Command { std: "docker" "rm" "-f" "44901c741a450e397b23cee283495b2077961997f6e2a31873c7297a8d18dc4c", kill_on_drop: false }`
[INFO] [stdout] 44901c741a450e397b23cee283495b2077961997f6e2a31873c7297a8d18dc4c
[INFO] testing qrcode-rs-0.1.2 against beta-2023-12-22 for beta-1.76-1
[INFO] extracting crate qrcode-rs 0.1.2 into /workspace/builds/worker-4-tc2/source
[INFO] validating manifest of crates.io crate qrcode-rs 0.1.2 on toolchain beta-2023-12-22
[INFO] running `Command { std: CARGO_HOME="/workspace/cargo-home" RUSTUP_HOME="/workspace/rustup-home" "/workspace/cargo-home/bin/cargo" "+beta-2023-12-22" "metadata" "--manifest-path" "Cargo.toml" "--no-deps", kill_on_drop: false }`
[INFO] removed /workspace/builds/worker-4-tc2/source/rust-toolchain
[INFO] started tweaking crates.io crate qrcode-rs 0.1.2
[INFO] removed 0 missing examples
[INFO] finished tweaking crates.io crate qrcode-rs 0.1.2
[INFO] tweaked toml for crates.io crate qrcode-rs 0.1.2 written to /workspace/builds/worker-4-tc2/source/Cargo.toml
[INFO] crate crates.io crate qrcode-rs 0.1.2 already has a lockfile, it will not be regenerated
[INFO] running `Command { std: CARGO_HOME="/workspace/cargo-home" RUSTUP_HOME="/workspace/rustup-home" "/workspace/cargo-home/bin/cargo" "+beta-2023-12-22" "fetch" "--manifest-path" "Cargo.toml", kill_on_drop: false }`
[INFO] running `Command { std: "docker" "create" "-v" "/var/lib/crater-agent-workspace/builds/worker-4-tc2/target:/opt/rustwide/target:rw,Z" "-v" "/var/lib/crater-agent-workspace/builds/worker-4-tc2/source:/opt/rustwide/workdir:ro,Z" "-v" "/var/lib/crater-agent-workspace/cargo-home:/opt/rustwide/cargo-home:ro,Z" "-v" "/var/lib/crater-agent-workspace/rustup-home:/opt/rustwide/rustup-home:ro,Z" "-e" "SOURCE_DIR=/opt/rustwide/workdir" "-e" "CARGO_TARGET_DIR=/opt/rustwide/target" "-e" "CARGO_HOME=/opt/rustwide/cargo-home" "-e" "RUSTUP_HOME=/opt/rustwide/rustup-home" "-w" "/opt/rustwide/workdir" "-m" "1610612736" "--user" "0:0" "--network" "none" "ghcr.io/rust-lang/crates-build-env/linux@sha256:2788e3201cd34a07e3172128adcd8b3090168a8e3bcc40d7c032b9dda1df7d1c" "/opt/rustwide/cargo-home/bin/cargo" "+beta-2023-12-22" "metadata" "--no-deps" "--format-version=1", kill_on_drop: false }`
[INFO] [stdout] 1ecbc0959ee5926179ea743567a938fdbb683976399f7c5974a8d7604867dd9e
[INFO] running `Command { std: "docker" "start" "-a" "1ecbc0959ee5926179ea743567a938fdbb683976399f7c5974a8d7604867dd9e", kill_on_drop: false }`
[INFO] running `Command { std: "docker" "inspect" "1ecbc0959ee5926179ea743567a938fdbb683976399f7c5974a8d7604867dd9e", kill_on_drop: false }`
[INFO] running `Command { std: "docker" "rm" "-f" "1ecbc0959ee5926179ea743567a938fdbb683976399f7c5974a8d7604867dd9e", kill_on_drop: false }`
[INFO] [stdout] 1ecbc0959ee5926179ea743567a938fdbb683976399f7c5974a8d7604867dd9e
[INFO] running `Command { std: "docker" "create" "-v" "/var/lib/crater-agent-workspace/builds/worker-4-tc2/target:/opt/rustwide/target:rw,Z" "-v" "/var/lib/crater-agent-workspace/builds/worker-4-tc2/source:/opt/rustwide/workdir:ro,Z" "-v" "/var/lib/crater-agent-workspace/cargo-home:/opt/rustwide/cargo-home:ro,Z" "-v" "/var/lib/crater-agent-workspace/rustup-home:/opt/rustwide/rustup-home:ro,Z" "-e" "SOURCE_DIR=/opt/rustwide/workdir" "-e" "CARGO_TARGET_DIR=/opt/rustwide/target" "-e" "CARGO_INCREMENTAL=0" "-e" "RUST_BACKTRACE=full" "-e" "RUSTFLAGS=--cap-lints=warn" "-e" "RUSTDOCFLAGS=--cap-lints=warn" "-e" "CARGO_HOME=/opt/rustwide/cargo-home" "-e" "RUSTUP_HOME=/opt/rustwide/rustup-home" "-w" "/opt/rustwide/workdir" "-m" "1610612736" "--user" "0:0" "--network" "none" "ghcr.io/rust-lang/crates-build-env/linux@sha256:2788e3201cd34a07e3172128adcd8b3090168a8e3bcc40d7c032b9dda1df7d1c" "/opt/rustwide/cargo-home/bin/cargo" "+beta-2023-12-22" "build" "--frozen" "--message-format=json", kill_on_drop: false }`
[INFO] [stdout] 016ef3c89031109d852bbe4aeca3f825d83fbff0148e6602af292e2fca74dfe7
[INFO] running `Command { std: "docker" "start" "-a" "016ef3c89031109d852bbe4aeca3f825d83fbff0148e6602af292e2fca74dfe7", kill_on_drop: false }`
[INFO] [stderr]    Compiling num-traits v0.2.15
[INFO] [stderr]    Compiling num-integer v0.1.45
[INFO] [stderr]    Compiling num-rational v0.4.1
[INFO] [stderr]    Compiling bytemuck v1.12.3
[INFO] [stderr]    Compiling byteorder v1.4.3
[INFO] [stderr]    Compiling color_quant v1.1.0
[INFO] [stderr]    Compiling image v0.24.5
[INFO] [stderr]    Compiling qrcode-rs v0.1.2 (/opt/rustwide/workdir)
[INFO] [stderr]     Finished dev [unoptimized + debuginfo] target(s) in 3.15s
[INFO] running `Command { std: "docker" "inspect" "016ef3c89031109d852bbe4aeca3f825d83fbff0148e6602af292e2fca74dfe7", kill_on_drop: false }`
[INFO] running `Command { std: "docker" "rm" "-f" "016ef3c89031109d852bbe4aeca3f825d83fbff0148e6602af292e2fca74dfe7", kill_on_drop: false }`
[INFO] [stdout] 016ef3c89031109d852bbe4aeca3f825d83fbff0148e6602af292e2fca74dfe7
[INFO] running `Command { std: "docker" "create" "-v" "/var/lib/crater-agent-workspace/builds/worker-4-tc2/target:/opt/rustwide/target:rw,Z" "-v" "/var/lib/crater-agent-workspace/builds/worker-4-tc2/source:/opt/rustwide/workdir:ro,Z" "-v" "/var/lib/crater-agent-workspace/cargo-home:/opt/rustwide/cargo-home:ro,Z" "-v" "/var/lib/crater-agent-workspace/rustup-home:/opt/rustwide/rustup-home:ro,Z" "-e" "SOURCE_DIR=/opt/rustwide/workdir" "-e" "CARGO_TARGET_DIR=/opt/rustwide/target" "-e" "CARGO_INCREMENTAL=0" "-e" "RUST_BACKTRACE=full" "-e" "RUSTFLAGS=--cap-lints=warn" "-e" "RUSTDOCFLAGS=--cap-lints=warn" "-e" "CARGO_HOME=/opt/rustwide/cargo-home" "-e" "RUSTUP_HOME=/opt/rustwide/rustup-home" "-w" "/opt/rustwide/workdir" "-m" "1610612736" "--user" "0:0" "--network" "none" "ghcr.io/rust-lang/crates-build-env/linux@sha256:2788e3201cd34a07e3172128adcd8b3090168a8e3bcc40d7c032b9dda1df7d1c" "/opt/rustwide/cargo-home/bin/cargo" "+beta-2023-12-22" "test" "--frozen" "--no-run" "--message-format=json", kill_on_drop: false }`
[INFO] [stdout] bf51f265ef862e7ff1e05c75af58afde963fb18e595f43ec75a36419edc9f85f
[INFO] running `Command { std: "docker" "start" "-a" "bf51f265ef862e7ff1e05c75af58afde963fb18e595f43ec75a36419edc9f85f", kill_on_drop: false }`
[INFO] [stderr]    Compiling libc v0.2.138
[INFO] [stderr]    Compiling scopeguard v1.1.0
[INFO] [stderr]    Compiling crossbeam-utils v0.8.14
[INFO] [stderr]    Compiling crossbeam-epoch v0.9.13
[INFO] [stderr]    Compiling syn v1.0.105
[INFO] [stderr]    Compiling lock_api v0.4.9
[INFO] [stderr]    Compiling rayon-core v1.10.1
[INFO] [stderr]    Compiling futures-core v0.3.25
[INFO] [stderr]    Compiling miniz_oxide v0.6.2
[INFO] [stderr]    Compiling either v1.8.0
[INFO] [stderr]    Compiling futures-sink v0.3.25
[INFO] [stderr]    Compiling weezl v0.1.7
[INFO] [stderr]    Compiling lebe v0.5.2
[INFO] [stderr]    Compiling half v2.1.0
[INFO] [stderr]    Compiling smallvec v1.10.0
[INFO] [stderr]    Compiling bit_field v0.10.1
[INFO] [stderr]    Compiling scoped_threadpool v0.1.9
[INFO] [stderr]    Compiling gif v0.11.4
[INFO] [stderr]    Compiling flate2 v1.0.25
[INFO] [stderr]    Compiling spin v0.9.4
[INFO] [stderr]    Compiling crossbeam-channel v0.5.6
[INFO] [stderr]    Compiling png v0.17.7
[INFO] [stderr]    Compiling crossbeam-deque v0.8.2
[INFO] [stderr]    Compiling num_cpus v1.14.0
[INFO] [stderr]    Compiling getrandom v0.2.8
[INFO] [stderr]    Compiling nanorand v0.7.0
[INFO] [stderr]    Compiling threadpool v1.8.1
[INFO] [stderr]    Compiling rayon v1.6.1
[INFO] [stderr]    Compiling jpeg-decoder v0.3.0
[INFO] [stderr]    Compiling pin-project-internal v1.0.12
[INFO] [stderr]    Compiling tiff v0.8.1
[INFO] [stderr]    Compiling pin-project v1.0.12
[INFO] [stderr]    Compiling flume v0.10.14
[INFO] [stderr]    Compiling exr v1.5.2
[INFO] [stderr]    Compiling image v0.24.5
[INFO] [stderr]    Compiling qrcode-rs v0.1.2 (/opt/rustwide/workdir)
[INFO] [stderr]     Finished test [unoptimized + debuginfo] target(s) in 13.53s
[INFO] running `Command { std: "docker" "inspect" "bf51f265ef862e7ff1e05c75af58afde963fb18e595f43ec75a36419edc9f85f", kill_on_drop: false }`
[INFO] running `Command { std: "docker" "rm" "-f" "bf51f265ef862e7ff1e05c75af58afde963fb18e595f43ec75a36419edc9f85f", kill_on_drop: false }`
[INFO] [stdout] bf51f265ef862e7ff1e05c75af58afde963fb18e595f43ec75a36419edc9f85f
[INFO] running `Command { std: "docker" "create" "-v" "/var/lib/crater-agent-workspace/builds/worker-4-tc2/target:/opt/rustwide/target:rw,Z" "-v" "/var/lib/crater-agent-workspace/builds/worker-4-tc2/source:/opt/rustwide/workdir:ro,Z" "-v" "/var/lib/crater-agent-workspace/cargo-home:/opt/rustwide/cargo-home:ro,Z" "-v" "/var/lib/crater-agent-workspace/rustup-home:/opt/rustwide/rustup-home:ro,Z" "-e" "SOURCE_DIR=/opt/rustwide/workdir" "-e" "CARGO_TARGET_DIR=/opt/rustwide/target" "-e" "CARGO_INCREMENTAL=0" "-e" "RUST_BACKTRACE=full" "-e" "RUSTFLAGS=--cap-lints=warn" "-e" "RUSTDOCFLAGS=--cap-lints=warn" "-e" "CARGO_HOME=/opt/rustwide/cargo-home" "-e" "RUSTUP_HOME=/opt/rustwide/rustup-home" "-w" "/opt/rustwide/workdir" "-m" "1610612736" "--user" "0:0" "--network" "none" "ghcr.io/rust-lang/crates-build-env/linux@sha256:2788e3201cd34a07e3172128adcd8b3090168a8e3bcc40d7c032b9dda1df7d1c" "/opt/rustwide/cargo-home/bin/cargo" "+beta-2023-12-22" "test" "--frozen", kill_on_drop: false }`
[INFO] [stdout] 273a2c09493c3309178ebc5194216abef77b5ed1d30c2655a0f45737a78693cc
[INFO] running `Command { std: "docker" "start" "-a" "273a2c09493c3309178ebc5194216abef77b5ed1d30c2655a0f45737a78693cc", kill_on_drop: false }`
[INFO] [stderr]     Finished test [unoptimized + debuginfo] target(s) in 0.03s
[INFO] [stderr]      Running unittests src/lib.rs (/opt/rustwide/target/debug/deps/qrcode_rs-9e26a737d4374e88)
[INFO] [stdout] 
[INFO] [stdout] running 104 tests
[INFO] [stdout] test bits::alphanumeric_tests::test_data_too_long ... ok
[INFO] [stdout] test bits::alphanumeric_tests::test_micro_qr_unsupported ... ok
[INFO] [stdout] test bits::alphanumeric_tests::test_iso_18004_2006_example ... ok
[INFO] [stdout] test bits::byte_tests::test_data_too_long ... ok
[INFO] [stdout] test bits::byte_tests::test_micro_qr_unsupported ... ok
[INFO] [stdout] test bits::byte_tests::test ... ok
[INFO] [stdout] test bits::eci_tests::test_899 ... ok
[INFO] [stdout] test bits::eci_tests::test_9 ... ok
[INFO] [stdout] test bits::eci_tests::test_999999 ... ok
[INFO] [stdout] test bits::eci_tests::test_invalid_designator ... ok
[INFO] [stdout] test bits::eci_tests::test_unsupported_character_set ... ok
[INFO] [stdout] test bits::encode_auto_tests::test_alpha_h ... ok
[INFO] [stdout] test bits::encode_auto_tests::test_alpha_q ... ok
[INFO] [stdout] test bits::encode_auto_tests::test_find_min_version ... ok
[INFO] [stdout] test bits::encode_auto_tests::test_mixed ... ok
[INFO] [stdout] test bits::encode_tests::test_alphanumeric ... ok
[INFO] [stdout] test bits::encode_tests::test_auto_mode_switch ... ok
[INFO] [stdout] test bits::encode_tests::test_too_long ... ok
[INFO] [stdout] test bits::finish_tests::test_hello_world ... ok
[INFO] [stdout] test bits::finish_tests::test_micro_version_1_full_byte_padding ... ok
[INFO] [stdout] test bits::finish_tests::test_micro_version_1_half_byte_padding ... ok
[INFO] [stdout] test bits::finish_tests::test_no_padding ... ok
[INFO] [stdout] test bits::finish_tests::test_no_terminator ... ok
[INFO] [stdout] test bits::finish_tests::test_too_long ... ok
[INFO] [stdout] test bits::kanji_tests::test_data_too_long ... ok
[INFO] [stdout] test bits::kanji_tests::test_iso_18004_example ... ok
[INFO] [stdout] test bits::kanji_tests::test_micro_qr_unsupported ... ok
[INFO] [stdout] test bits::numeric_tests::test_data_too_long_error ... ok
[INFO] [stdout] test bits::numeric_tests::test_iso_18004_2000_example_2 ... ok
[INFO] [stdout] test bits::numeric_tests::test_iso_18004_2006_example_1 ... ok
[INFO] [stdout] test bits::numeric_tests::test_iso_18004_2006_example_2 ... ok
[INFO] [stdout] test bits::test_push_number ... ok
[INFO] [stdout] test canvas::alignment_pattern_tests::test_draw_alignment_patterns_1 ... ok
[INFO] [stdout] test canvas::all_functional_patterns_tests::test_all_functional_patterns_micro_qr ... ok
[INFO] [stdout] test canvas::alignment_pattern_tests::test_draw_alignment_patterns_3 ... ok
[INFO] [stdout] test canvas::all_functional_patterns_tests::test_is_functional_micro ... ok
[INFO] [stdout] test canvas::all_functional_patterns_tests::test_is_functional_qr_1 ... ok
[INFO] [stdout] test canvas::all_functional_patterns_tests::test_all_functional_patterns_qr ... ok
[INFO] [stdout] test canvas::alignment_pattern_tests::test_draw_alignment_patterns_7 ... ok
[INFO] [stdout] test canvas::basic_canvas_tests::test_index ... ok
[INFO] [stdout] test canvas::basic_canvas_tests::test_debug_str ... ok
[INFO] [stdout] test canvas::data_iter_tests::test_micro_qr_2 ... ok
[INFO] [stdout] test canvas::all_functional_patterns_tests::test_is_functional_qr_7 ... ok
[INFO] [stdout] test canvas::data_iter_tests::test_qr ... ok
[INFO] [stdout] test canvas::all_functional_patterns_tests::test_is_functional_qr_3 ... ok
[INFO] [stdout] test canvas::draw_codewords_test::test_micro_qr_1 ... ok
[INFO] [stdout] test canvas::data_iter_tests::test_micro_qr ... ok
[INFO] [stdout] test canvas::draw_codewords_test::test_qr_2 ... ok
[INFO] [stdout] test canvas::draw_version_info_tests::test_draw_number ... ok
[INFO] [stdout] test canvas::draw_version_info_tests::test_draw_reserved_format_info_patterns_micro_qr ... ok
[INFO] [stdout] test canvas::draw_version_info_tests::test_draw_version_info_1 ... ok
[INFO] [stdout] test canvas::draw_version_info_tests::test_draw_reserved_format_info_patterns_qr ... ok
[INFO] [stdout] test canvas::finder_pattern_tests::test_micro_qr ... ok
[INFO] [stdout] test canvas::draw_version_info_tests::test_draw_version_info_7 ... ok
[INFO] [stdout] test canvas::mask_tests::test_draw_format_info_patterns_micro_qr ... ok
[INFO] [stdout] test canvas::mask_tests::test_apply_mask_qr ... ok
[INFO] [stdout] test canvas::mask_tests::test_draw_format_info_patterns_qr ... ok
[INFO] [stdout] test canvas::penalty_tests::check_penalty_canvas ... ok
[INFO] [stdout] test canvas::penalty_tests::test_penalty_score_balance ... ok
[INFO] [stdout] test canvas::penalty_tests::test_penalty_score_adjacent ... ok
[INFO] [stdout] test canvas::finder_pattern_tests::test_qr ... ok
[INFO] [stdout] test canvas::penalty_tests::test_penalty_score_block ... ok
[INFO] [stdout] test canvas::penalty_tests::test_penalty_score_light_sides ... ok
[INFO] [stdout] test canvas::timing_pattern_tests::test_draw_timing_patterns_micro_qr ... ok
[INFO] [stdout] test ec::max_allowed_errors_test::test_high_versions ... ok
[INFO] [stdout] test ec::max_allowed_errors_test::test_low_versions ... ok
[INFO] [stdout] test ec::ec_tests::test_poly_mod_1 ... ok
[INFO] [stdout] test ec::test_interleave ... ok
[INFO] [stdout] test canvas::penalty_tests::test_penalty_score_finder ... ok
[INFO] [stdout] test canvas::timing_pattern_tests::test_draw_timing_patterns_qr ... ok
[INFO] [stdout] test optimize::optimize_tests::test_annex_j_guideline_1b ... ok
[INFO] [stdout] test ec::ec_tests::test_poly_mod_3 ... ok
[INFO] [stdout] test optimize::optimize_tests::test_annex_j_guideline_1c ... ok
[INFO] [stdout] test optimize::optimize_tests::test_example_1 ... ok
[INFO] [stdout] test ec::construct_codewords_test::test_add_ec_simple ... ok
[INFO] [stdout] test ec::ec_tests::test_poly_mod_2 ... ok
[INFO] [stdout] test ec::construct_codewords_test::test_add_ec_complex ... ok
[INFO] [stdout] test optimize::optimize_tests::test_example_2 ... ok
[INFO] [stdout] test optimize::optimize_tests::test_example_3 ... ok
[INFO] [stdout] test optimize::optimize_tests::test_annex_j_guideline_1a ... ok
[INFO] [stdout] test optimize::optimize_tests::test_example_4 ... ok
[INFO] [stdout] test optimize::parse_tests::test_not_kanji_4 ... ok
[INFO] [stdout] test optimize::parse_tests::test_parse_1 ... ok
[INFO] [stdout] test optimize::parse_tests::test_not_kanji_1 ... ok
[INFO] [stdout] test optimize::parse_tests::test_not_kanji_3 ... ok
[INFO] [stdout] test optimize::parse_tests::test_parse_shift_jis_example_1 ... ok
[INFO] [stdout] test optimize::parse_tests::test_parse_utf_8 ... ok
[INFO] [stdout] test optimize::parse_tests::test_not_kanji_2 ... ok
[INFO] [stdout] test types::mode_tests::test_max ... ok
[INFO] [stdout] test render::image::render_tests::test_render_rgba_unsized ... ok
[INFO] [stdout] test render::image::render_tests::test_render_luma8_unsized ... ok
[INFO] [stdout] test render::string::test_render_to_string ... ok
[INFO] [stdout] test render::unicode::integration_render_utf8_1x2 ... ok
[INFO] [stdout] test render::image::render_tests::test_render_resized_max ... ok
[INFO] [stdout] test render::unicode::test_render_to_utf8_string ... ok
[INFO] [stdout] test render::image::render_tests::test_render_resized_min ... ok
[INFO] [stdout] test render::unicode::integration_render_utf8_1x2_inverted ... ok
[INFO] [stdout] test types::mode_tests::test_mode_order ... ok
[INFO] [stdout] test svg_tests::test_annex_i_micro_qr_as_svg ... ok
[INFO] [stdout] test tests::test_annex_i_micro_qr ... ok
[INFO] [stdout] test tests::test_annex_i_qr ... ok
[INFO] [stdout] test svg_tests::test_annex_i_qr_as_svg ... ok
[INFO] [stdout] test image_tests::test_annex_i_micro_qr_as_image ... ok
[INFO] [stdout] test image_tests::test_annex_i_qr_as_image ... ok
[INFO] [stdout] 
[INFO] [stdout] test result: ok. 104 passed; 0 failed; 0 ignored; 0 measured; 0 filtered out; finished in 0.03s
[INFO] [stdout] 
[INFO] [stderr]      Running unittests src/bin/qrencodes.rs (/opt/rustwide/target/debug/deps/qrencodes-8ee3b4b0e9f165b0)
[INFO] [stdout] 
[INFO] [stdout] running 0 tests
[INFO] [stdout] 
[INFO] [stdout] test result: ok. 0 passed; 0 failed; 0 ignored; 0 measured; 0 filtered out; finished in 0.00s
[INFO] [stdout] 
[INFO] [stderr]    Doc-tests qrcode-rs
[INFO] [stdout] 
[INFO] [stdout] running 20 tests
[INFO] [stdout] test src/bits.rs - bits::Bits::push_fnc1_second_position (line 627) ... ignored
[INFO] [stdout] test src/optimize.rs - optimize::EcsIter (line 46) ... ignored
[INFO] [stdout] test src/bits.rs - bits::Bits::push_fnc1_first_position (line 590) ... FAILED
[INFO] [stdout] test src/bits.rs - bits::Bits::push_eci_designator (line 227) ... FAILED
[INFO] [stdout] test src/lib.rs - QrCode::with_error_correction_level (line 85) ... FAILED
[INFO] [stdout] test src/lib.rs - QrCode::with_bits (line 134) ... FAILED
[INFO] [stdout] test src/canvas.rs - canvas (line 3) ... FAILED
[INFO] [stdout] test src/render/svg.rs - render::svg (line 5) ... FAILED
[INFO] [stdout] test src/lib.rs - (line 5) ... FAILED
[INFO] [stdout] test src/bits.rs - bits::Bits::push_fnc1_second_position (line 614) ... FAILED
[INFO] [stdout] test src/lib.rs - QrCode::with_version (line 107) ... FAILED
[INFO] [stdout] test src/canvas.rs - canvas::Module::mask (line 51) ... ok
[INFO] [stdout] test src/types.rs - types::Mode::data_bits_count (line 251) ... ok
[INFO] [stdout] test src/types.rs - types::Color::select (line 68) ... ok
[INFO] [stdout] test src/optimize.rs - optimize::Parser<'a>::new (line 94) ... ok
[INFO] [stdout] test src/types.rs - types::Mode::length_bits_count (line 213) ... ok
[INFO] [stdout] test src/types.rs - types::Mode::max (line 268) ... ok
[INFO] [stdout] test src/lib.rs - QrCode::render (line 230) ... ok
[INFO] [stdout] test src/lib.rs - QrCode::with_version (line 101) ... ok
[INFO] [stdout] test src/lib.rs - QrCode::new (line 68) ... ok
[INFO] [stdout] 
[INFO] [stdout] failures:
[INFO] [stdout] 
[INFO] [stdout] ---- src/bits.rs - bits::Bits::push_fnc1_first_position (line 590) stdout ----
[INFO] [stdout] error: linking with `cc` failed: exit status: 1
[INFO] [stdout]   |
[INFO] [stdout]   = note: LC_ALL="C" PATH="/opt/rustwide/rustup-home/toolchains/beta-2023-12-22-x86_64-unknown-linux-gnu/lib/rustlib/x86_64-unknown-linux-gnu/bin:/opt/rustwide/cargo-home/bin:/usr/local/sbin:/usr/local/bin:/usr/sbin:/usr/bin:/sbin:/bin" VSLANG="1033" "cc" "-m64" "/tmp/rustcjSAXZO/symbols.o" "/tmp/rustdoctestknTNGY/rust_out.rust_out.1380c8ea7c88b8e2-cgu.0.rcgu.o" "/tmp/rustdoctestknTNGY/rust_out.3lr6z6385pynyhem.rcgu.o" "-Wl,--as-needed" "-L" "/opt/rustwide/target/debug/deps" "-L" "/opt/rustwide/target/debug/deps" "-L" "/opt/rustwide/rustup-home/toolchains/beta-2023-12-22-x86_64-unknown-linux-gnu/lib/rustlib/x86_64-unknown-linux-gnu/lib" "-Wl,-Bstatic" "/opt/rustwide/target/debug/deps/libqrcode_rs-0bd7217f9a7e7c11.rlib" "/opt/rustwide/target/debug/deps/libimage-a7eb6d5f26eab533.rlib" "/opt/rustwide/target/debug/deps/libbytemuck-f6efc18f8cd8c7cd.rlib" "/opt/rustwide/target/debug/deps/libpng-de080014fc6a81c6.rlib" "/opt/rustwide/target/debug/deps/libbitflags-85e13ed1e0c6d910.rlib" "/opt/rustwide/target/debug/deps/libexr-9381b59ddcde37fd.rlib" "/opt/rustwide/target/debug/deps/libflume-4633d9f845a9166f.rlib" "/opt/rustwide/target/debug/deps/libspin-d53fd1c55ab86ebb.rlib" "/opt/rustwide/target/debug/deps/liblock_api-7efc9c602b898216.rlib" "/opt/rustwide/target/debug/deps/libpin_project-36027bff1a1fa8dc.rlib" "/opt/rustwide/target/debug/deps/libfutures_sink-cd1869df261041aa.rlib" "/opt/rustwide/target/debug/deps/libfutures_core-2b22e01888a50aa9.rlib" "/opt/rustwide/target/debug/deps/libnanorand-cff3e94d9ef0113d.rlib" "/opt/rustwide/target/debug/deps/libgetrandom-27b44b09122dcf3b.rlib" "/opt/rustwide/target/debug/deps/libthreadpool-841c73ece84b5fc6.rlib" "/opt/rustwide/target/debug/deps/libbit_field-949b896bd5df697e.rlib" "/opt/rustwide/target/debug/deps/liblebe-19c2b1c381eaf7ca.rlib" "/opt/rustwide/target/debug/deps/libhalf-aa9489e74ddd25da.rlib" "/opt/rustwide/target/debug/deps/libsmallvec-5f186dbb2829e135.rlib" "/opt/rustwide/target/debug/deps/libscoped_threadpool-293da0d486a11c11.rlib" "/opt/rustwide/target/debug/deps/libnum_rational-b74ba3d936f605fe.rlib" "/opt/rustwide/target/debug/deps/libnum_integer-0cb731e2cefa1b40.rlib" "/opt/rustwide/target/debug/deps/libgif-cd9b7c1e4d8256a5.rlib" "/opt/rustwide/target/debug/deps/libcolor_quant-da6050448bfc3046.rlib" "/opt/rustwide/target/debug/deps/libbyteorder-0ef92d8cf14cf0b1.rlib" "/opt/rustwide/target/debug/deps/libnum_traits-e8834603c0747d08.rlib" "/opt/rustwide/target/debug/deps/libtiff-39700c0c0141ac0d.rlib" "/opt/rustwide/target/debug/deps/libflate2-b852a7286a504311.rlib" "/opt/rustwide/target/debug/deps/libminiz_oxide-05d161e33aadd62d.rlib" "/opt/rustwide/target/debug/deps/libadler-eba61f23bb3cdb48.rlib" "/opt/rustwide/target/debug/deps/libcrc32fast-dbea8ee6fb11ce73.rlib" "/opt/rustwide/target/debug/deps/libweezl-eabccf4d1be8e8f8.rlib" "/opt/rustwide/target/debug/deps/libjpeg_decoder-23369326854c0dc1.rlib" "/opt/rustwide/target/debug/deps/librayon-eaca3a1c841a3a2a.rlib" "/opt/rustwide/target/debug/deps/librayon_core-40640d9286b1148c.rlib" "/opt/rustwide/target/debug/deps/libnum_cpus-8b5d307720098e84.rlib" "/opt/rustwide/target/debug/deps/liblibc-5555e67cb7eb0cab.rlib" "/opt/rustwide/target/debug/deps/libcrossbeam_deque-3e3bab77d1e8e4d4.rlib" "/opt/rustwide/target/debug/deps/libcrossbeam_epoch-f49c7d5b974c1ee8.rlib" "/opt/rustwide/target/debug/deps/libmemoffset-df5843969cc9c3a9.rlib" "/opt/rustwide/target/debug/deps/libscopeguard-31f1b56a39f2a372.rlib" "/opt/rustwide/target/debug/deps/libcrossbeam_channel-af5c4434930c1f3e.rlib" "/opt/rustwide/target/debug/deps/libcrossbeam_utils-c1681066a3f92e0d.rlib" "/opt/rustwide/target/debug/deps/libcfg_if-e7002d307f97bc56.rlib" "/opt/rustwide/target/debug/deps/libeither-b6731ec32f184594.rlib" "/opt/rustwide/rustup-home/toolchains/beta-2023-12-22-x86_64-unknown-linux-gnu/lib/rustlib/x86_64-unknown-linux-gnu/lib/libstd-0672489a78b613de.rlib" "/opt/rustwide/rustup-home/toolchains/beta-2023-12-22-x86_64-unknown-linux-gnu/lib/rustlib/x86_64-unknown-linux-gnu/lib/libpanic_unwind-7eb3ffc34a49f675.rlib" "/opt/rustwide/rustup-home/toolchains/beta-2023-12-22-x86_64-unknown-linux-gnu/lib/rustlib/x86_64-unknown-linux-gnu/lib/libobject-6478a9daa4bee8e2.rlib" "/opt/rustwide/rustup-home/toolchains/beta-2023-12-22-x86_64-unknown-linux-gnu/lib/rustlib/x86_64-unknown-linux-gnu/lib/libmemchr-0c75d871a5c3923d.rlib" "/opt/rustwide/rustup-home/toolchains/beta-2023-12-22-x86_64-unknown-linux-gnu/lib/rustlib/x86_64-unknown-linux-gnu/lib/libaddr2line-d163ef63ad37bb71.rlib" "/opt/rustwide/rustup-home/toolchains/beta-2023-12-22-x86_64-unknown-linux-gnu/lib/rustlib/x86_64-unknown-linux-gnu/lib/libgimli-8a3fd810a85b9f4c.rlib" "/opt/rustwide/rustup-home/toolchains/beta-2023-12-22-x86_64-unknown-linux-gnu/lib/rustlib/x86_64-unknown-linux-gnu/lib/librustc_demangle-462a2cde8c5dfc10.rlib" "/opt/rustwide/rustup-home/toolchains/beta-2023-12-22-x86_64-unknown-linux-gnu/lib/rustlib/x86_64-unknown-linux-gnu/lib/libstd_detect-cb06ac9f54713f71.rlib" "/opt/rustwide/rustup-home/toolchains/beta-2023-12-22-x86_64-unknown-linux-gnu/lib/rustlib/x86_64-unknown-linux-gnu/lib/libhashbrown-f20bfd1f8e59b393.rlib" "/opt/rustwide/rustup-home/toolchains/beta-2023-12-22-x86_64-unknown-linux-gnu/lib/rustlib/x86_64-unknown-linux-gnu/lib/librustc_std_workspace_alloc-1ef460949b49da4b.rlib" "/opt/rustwide/rustup-home/toolchains/beta-2023-12-22-x86_64-unknown-linux-gnu/lib/rustlib/x86_64-unknown-linux-gnu/lib/libminiz_oxide-2cb0c0ffe4f87514.rlib" "/opt/rustwide/rustup-home/toolchains/beta-2023-12-22-x86_64-unknown-linux-gnu/lib/rustlib/x86_64-unknown-linux-gnu/lib/libadler-58d841eb322a11a2.rlib" "/opt/rustwide/rustup-home/toolchains/beta-2023-12-22-x86_64-unknown-linux-gnu/lib/rustlib/x86_64-unknown-linux-gnu/lib/libunwind-aa2ae0b0a9d11533.rlib" "/opt/rustwide/rustup-home/toolchains/beta-2023-12-22-x86_64-unknown-linux-gnu/lib/rustlib/x86_64-unknown-linux-gnu/lib/libcfg_if-23874e15830ed336.rlib" "/opt/rustwide/rustup-home/toolchains/beta-2023-12-22-x86_64-unknown-linux-gnu/lib/rustlib/x86_64-unknown-linux-gnu/lib/liblibc-e47cddc003bce885.rlib" "/opt/rustwide/rustup-home/toolchains/beta-2023-12-22-x86_64-unknown-linux-gnu/lib/rustlib/x86_64-unknown-linux-gnu/lib/liballoc-c22b13b48a8f128e.rlib" "/opt/rustwide/rustup-home/toolchains/beta-2023-12-22-x86_64-unknown-linux-gnu/lib/rustlib/x86_64-unknown-linux-gnu/lib/librustc_std_workspace_core-e46bc3da6d7c462f.rlib" "/opt/rustwide/rustup-home/toolchains/beta-2023-12-22-x86_64-unknown-linux-gnu/lib/rustlib/x86_64-unknown-linux-gnu/lib/libcore-8d1ac131d3cb2645.rlib" "/opt/rustwide/rustup-home/toolchains/beta-2023-12-22-x86_64-unknown-linux-gnu/lib/rustlib/x86_64-unknown-linux-gnu/lib/libcompiler_builtins-a1b43df8c6899c1f.rlib" "-Wl,-Bdynamic" "-lgcc_s" "-lutil" "-lrt" "-lpthread" "-lm" "-ldl" "-lc" "-Wl,--eh-frame-hdr" "-Wl,-z,noexecstack" "-L" "/opt/rustwide/rustup-home/toolchains/beta-2023-12-22-x86_64-unknown-linux-gnu/lib/rustlib/x86_64-unknown-linux-gnu/lib" "-o" "/tmp/rustdoctestknTNGY/rust_out" "-Wl,--gc-sections" "-pie" "-Wl,-z,relro,-z,now" "-nodefaultlibs"
[INFO] [stdout]   = note: collect2: fatal error: ld terminated with signal 9 [Killed]
[INFO] [stdout]           compilation terminated.
[INFO] [stdout]           
[INFO] [stdout] 
[INFO] [stdout] error: aborting due to 1 previous error
[INFO] [stdout] 
[INFO] [stdout] Couldn't compile the test.
[INFO] [stdout] ---- src/bits.rs - bits::Bits::push_eci_designator (line 227) stdout ----
[INFO] [stdout] error: linking with `cc` failed: exit status: 1
[INFO] [stdout]   |
[INFO] [stdout]   = note: LC_ALL="C" PATH="/opt/rustwide/rustup-home/toolchains/beta-2023-12-22-x86_64-unknown-linux-gnu/lib/rustlib/x86_64-unknown-linux-gnu/bin:/opt/rustwide/cargo-home/bin:/usr/local/sbin:/usr/local/bin:/usr/sbin:/usr/bin:/sbin:/bin" VSLANG="1033" "cc" "-m64" "/tmp/rustce7r2Dx/symbols.o" "/tmp/rustdoctestfHyoMF/rust_out.rust_out.1380c8ea7c88b8e2-cgu.0.rcgu.o" "/tmp/rustdoctestfHyoMF/rust_out.3lr6z6385pynyhem.rcgu.o" "-Wl,--as-needed" "-L" "/opt/rustwide/target/debug/deps" "-L" "/opt/rustwide/target/debug/deps" "-L" "/opt/rustwide/rustup-home/toolchains/beta-2023-12-22-x86_64-unknown-linux-gnu/lib/rustlib/x86_64-unknown-linux-gnu/lib" "-Wl,-Bstatic" "/opt/rustwide/target/debug/deps/libqrcode_rs-0bd7217f9a7e7c11.rlib" "/opt/rustwide/target/debug/deps/libimage-a7eb6d5f26eab533.rlib" "/opt/rustwide/target/debug/deps/libbytemuck-f6efc18f8cd8c7cd.rlib" "/opt/rustwide/target/debug/deps/libpng-de080014fc6a81c6.rlib" "/opt/rustwide/target/debug/deps/libbitflags-85e13ed1e0c6d910.rlib" "/opt/rustwide/target/debug/deps/libexr-9381b59ddcde37fd.rlib" "/opt/rustwide/target/debug/deps/libflume-4633d9f845a9166f.rlib" "/opt/rustwide/target/debug/deps/libspin-d53fd1c55ab86ebb.rlib" "/opt/rustwide/target/debug/deps/liblock_api-7efc9c602b898216.rlib" "/opt/rustwide/target/debug/deps/libpin_project-36027bff1a1fa8dc.rlib" "/opt/rustwide/target/debug/deps/libfutures_sink-cd1869df261041aa.rlib" "/opt/rustwide/target/debug/deps/libfutures_core-2b22e01888a50aa9.rlib" "/opt/rustwide/target/debug/deps/libnanorand-cff3e94d9ef0113d.rlib" "/opt/rustwide/target/debug/deps/libgetrandom-27b44b09122dcf3b.rlib" "/opt/rustwide/target/debug/deps/libthreadpool-841c73ece84b5fc6.rlib" "/opt/rustwide/target/debug/deps/libbit_field-949b896bd5df697e.rlib" "/opt/rustwide/target/debug/deps/liblebe-19c2b1c381eaf7ca.rlib" "/opt/rustwide/target/debug/deps/libhalf-aa9489e74ddd25da.rlib" "/opt/rustwide/target/debug/deps/libsmallvec-5f186dbb2829e135.rlib" "/opt/rustwide/target/debug/deps/libscoped_threadpool-293da0d486a11c11.rlib" "/opt/rustwide/target/debug/deps/libnum_rational-b74ba3d936f605fe.rlib" "/opt/rustwide/target/debug/deps/libnum_integer-0cb731e2cefa1b40.rlib" "/opt/rustwide/target/debug/deps/libgif-cd9b7c1e4d8256a5.rlib" "/opt/rustwide/target/debug/deps/libcolor_quant-da6050448bfc3046.rlib" "/opt/rustwide/target/debug/deps/libbyteorder-0ef92d8cf14cf0b1.rlib" "/opt/rustwide/target/debug/deps/libnum_traits-e8834603c0747d08.rlib" "/opt/rustwide/target/debug/deps/libtiff-39700c0c0141ac0d.rlib" "/opt/rustwide/target/debug/deps/libflate2-b852a7286a504311.rlib" "/opt/rustwide/target/debug/deps/libminiz_oxide-05d161e33aadd62d.rlib" "/opt/rustwide/target/debug/deps/libadler-eba61f23bb3cdb48.rlib" "/opt/rustwide/target/debug/deps/libcrc32fast-dbea8ee6fb11ce73.rlib" "/opt/rustwide/target/debug/deps/libweezl-eabccf4d1be8e8f8.rlib" "/opt/rustwide/target/debug/deps/libjpeg_decoder-23369326854c0dc1.rlib" "/opt/rustwide/target/debug/deps/librayon-eaca3a1c841a3a2a.rlib" "/opt/rustwide/target/debug/deps/librayon_core-40640d9286b1148c.rlib" "/opt/rustwide/target/debug/deps/libnum_cpus-8b5d307720098e84.rlib" "/opt/rustwide/target/debug/deps/liblibc-5555e67cb7eb0cab.rlib" "/opt/rustwide/target/debug/deps/libcrossbeam_deque-3e3bab77d1e8e4d4.rlib" "/opt/rustwide/target/debug/deps/libcrossbeam_epoch-f49c7d5b974c1ee8.rlib" "/opt/rustwide/target/debug/deps/libmemoffset-df5843969cc9c3a9.rlib" "/opt/rustwide/target/debug/deps/libscopeguard-31f1b56a39f2a372.rlib" "/opt/rustwide/target/debug/deps/libcrossbeam_channel-af5c4434930c1f3e.rlib" "/opt/rustwide/target/debug/deps/libcrossbeam_utils-c1681066a3f92e0d.rlib" "/opt/rustwide/target/debug/deps/libcfg_if-e7002d307f97bc56.rlib" "/opt/rustwide/target/debug/deps/libeither-b6731ec32f184594.rlib" "/opt/rustwide/rustup-home/toolchains/beta-2023-12-22-x86_64-unknown-linux-gnu/lib/rustlib/x86_64-unknown-linux-gnu/lib/libstd-0672489a78b613de.rlib" "/opt/rustwide/rustup-home/toolchains/beta-2023-12-22-x86_64-unknown-linux-gnu/lib/rustlib/x86_64-unknown-linux-gnu/lib/libpanic_unwind-7eb3ffc34a49f675.rlib" "/opt/rustwide/rustup-home/toolchains/beta-2023-12-22-x86_64-unknown-linux-gnu/lib/rustlib/x86_64-unknown-linux-gnu/lib/libobject-6478a9daa4bee8e2.rlib" "/opt/rustwide/rustup-home/toolchains/beta-2023-12-22-x86_64-unknown-linux-gnu/lib/rustlib/x86_64-unknown-linux-gnu/lib/libmemchr-0c75d871a5c3923d.rlib" "/opt/rustwide/rustup-home/toolchains/beta-2023-12-22-x86_64-unknown-linux-gnu/lib/rustlib/x86_64-unknown-linux-gnu/lib/libaddr2line-d163ef63ad37bb71.rlib" "/opt/rustwide/rustup-home/toolchains/beta-2023-12-22-x86_64-unknown-linux-gnu/lib/rustlib/x86_64-unknown-linux-gnu/lib/libgimli-8a3fd810a85b9f4c.rlib" "/opt/rustwide/rustup-home/toolchains/beta-2023-12-22-x86_64-unknown-linux-gnu/lib/rustlib/x86_64-unknown-linux-gnu/lib/librustc_demangle-462a2cde8c5dfc10.rlib" "/opt/rustwide/rustup-home/toolchains/beta-2023-12-22-x86_64-unknown-linux-gnu/lib/rustlib/x86_64-unknown-linux-gnu/lib/libstd_detect-cb06ac9f54713f71.rlib" "/opt/rustwide/rustup-home/toolchains/beta-2023-12-22-x86_64-unknown-linux-gnu/lib/rustlib/x86_64-unknown-linux-gnu/lib/libhashbrown-f20bfd1f8e59b393.rlib" "/opt/rustwide/rustup-home/toolchains/beta-2023-12-22-x86_64-unknown-linux-gnu/lib/rustlib/x86_64-unknown-linux-gnu/lib/librustc_std_workspace_alloc-1ef460949b49da4b.rlib" "/opt/rustwide/rustup-home/toolchains/beta-2023-12-22-x86_64-unknown-linux-gnu/lib/rustlib/x86_64-unknown-linux-gnu/lib/libminiz_oxide-2cb0c0ffe4f87514.rlib" "/opt/rustwide/rustup-home/toolchains/beta-2023-12-22-x86_64-unknown-linux-gnu/lib/rustlib/x86_64-unknown-linux-gnu/lib/libadler-58d841eb322a11a2.rlib" "/opt/rustwide/rustup-home/toolchains/beta-2023-12-22-x86_64-unknown-linux-gnu/lib/rustlib/x86_64-unknown-linux-gnu/lib/libunwind-aa2ae0b0a9d11533.rlib" "/opt/rustwide/rustup-home/toolchains/beta-2023-12-22-x86_64-unknown-linux-gnu/lib/rustlib/x86_64-unknown-linux-gnu/lib/libcfg_if-23874e15830ed336.rlib" "/opt/rustwide/rustup-home/toolchains/beta-2023-12-22-x86_64-unknown-linux-gnu/lib/rustlib/x86_64-unknown-linux-gnu/lib/liblibc-e47cddc003bce885.rlib" "/opt/rustwide/rustup-home/toolchains/beta-2023-12-22-x86_64-unknown-linux-gnu/lib/rustlib/x86_64-unknown-linux-gnu/lib/liballoc-c22b13b48a8f128e.rlib" "/opt/rustwide/rustup-home/toolchains/beta-2023-12-22-x86_64-unknown-linux-gnu/lib/rustlib/x86_64-unknown-linux-gnu/lib/librustc_std_workspace_core-e46bc3da6d7c462f.rlib" "/opt/rustwide/rustup-home/toolchains/beta-2023-12-22-x86_64-unknown-linux-gnu/lib/rustlib/x86_64-unknown-linux-gnu/lib/libcore-8d1ac131d3cb2645.rlib" "/opt/rustwide/rustup-home/toolchains/beta-2023-12-22-x86_64-unknown-linux-gnu/lib/rustlib/x86_64-unknown-linux-gnu/lib/libcompiler_builtins-a1b43df8c6899c1f.rlib" "-Wl,-Bdynamic" "-lgcc_s" "-lutil" "-lrt" "-lpthread" "-lm" "-ldl" "-lc" "-Wl,--eh-frame-hdr" "-Wl,-z,noexecstack" "-L" "/opt/rustwide/rustup-home/toolchains/beta-2023-12-22-x86_64-unknown-linux-gnu/lib/rustlib/x86_64-unknown-linux-gnu/lib" "-o" "/tmp/rustdoctestfHyoMF/rust_out" "-Wl,--gc-sections" "-pie" "-Wl,-z,relro,-z,now" "-nodefaultlibs"
[INFO] [stdout]   = note: collect2: fatal error: ld terminated with signal 9 [Killed]
[INFO] [stdout]           compilation terminated.
[INFO] [stdout]           
[INFO] [stdout] 
[INFO] [stdout] error: aborting due to 1 previous error
[INFO] [stdout] 
[INFO] [stdout] Couldn't compile the test.
[INFO] [stdout] ---- src/lib.rs - QrCode::with_error_correction_level (line 85) stdout ----
[INFO] [stdout] error: linking with `cc` failed: exit status: 1
[INFO] [stdout]   |
[INFO] [stdout]   = note: LC_ALL="C" PATH="/opt/rustwide/rustup-home/toolchains/beta-2023-12-22-x86_64-unknown-linux-gnu/lib/rustlib/x86_64-unknown-linux-gnu/bin:/opt/rustwide/cargo-home/bin:/usr/local/sbin:/usr/local/bin:/usr/sbin:/usr/bin:/sbin:/bin" VSLANG="1033" "cc" "-m64" "/tmp/rustcVCpUpF/symbols.o" "/tmp/rustdoctest1U2320/rust_out.rust_out.1380c8ea7c88b8e2-cgu.0.rcgu.o" "/tmp/rustdoctest1U2320/rust_out.3lr6z6385pynyhem.rcgu.o" "-Wl,--as-needed" "-L" "/opt/rustwide/target/debug/deps" "-L" "/opt/rustwide/target/debug/deps" "-L" "/opt/rustwide/rustup-home/toolchains/beta-2023-12-22-x86_64-unknown-linux-gnu/lib/rustlib/x86_64-unknown-linux-gnu/lib" "-Wl,-Bstatic" "/opt/rustwide/target/debug/deps/libqrcode_rs-0bd7217f9a7e7c11.rlib" "/opt/rustwide/target/debug/deps/libimage-a7eb6d5f26eab533.rlib" "/opt/rustwide/target/debug/deps/libbytemuck-f6efc18f8cd8c7cd.rlib" "/opt/rustwide/target/debug/deps/libpng-de080014fc6a81c6.rlib" "/opt/rustwide/target/debug/deps/libbitflags-85e13ed1e0c6d910.rlib" "/opt/rustwide/target/debug/deps/libexr-9381b59ddcde37fd.rlib" "/opt/rustwide/target/debug/deps/libflume-4633d9f845a9166f.rlib" "/opt/rustwide/target/debug/deps/libspin-d53fd1c55ab86ebb.rlib" "/opt/rustwide/target/debug/deps/liblock_api-7efc9c602b898216.rlib" "/opt/rustwide/target/debug/deps/libpin_project-36027bff1a1fa8dc.rlib" "/opt/rustwide/target/debug/deps/libfutures_sink-cd1869df261041aa.rlib" "/opt/rustwide/target/debug/deps/libfutures_core-2b22e01888a50aa9.rlib" "/opt/rustwide/target/debug/deps/libnanorand-cff3e94d9ef0113d.rlib" "/opt/rustwide/target/debug/deps/libgetrandom-27b44b09122dcf3b.rlib" "/opt/rustwide/target/debug/deps/libthreadpool-841c73ece84b5fc6.rlib" "/opt/rustwide/target/debug/deps/libbit_field-949b896bd5df697e.rlib" "/opt/rustwide/target/debug/deps/liblebe-19c2b1c381eaf7ca.rlib" "/opt/rustwide/target/debug/deps/libhalf-aa9489e74ddd25da.rlib" "/opt/rustwide/target/debug/deps/libsmallvec-5f186dbb2829e135.rlib" "/opt/rustwide/target/debug/deps/libscoped_threadpool-293da0d486a11c11.rlib" "/opt/rustwide/target/debug/deps/libnum_rational-b74ba3d936f605fe.rlib" "/opt/rustwide/target/debug/deps/libnum_integer-0cb731e2cefa1b40.rlib" "/opt/rustwide/target/debug/deps/libgif-cd9b7c1e4d8256a5.rlib" "/opt/rustwide/target/debug/deps/libcolor_quant-da6050448bfc3046.rlib" "/opt/rustwide/target/debug/deps/libbyteorder-0ef92d8cf14cf0b1.rlib" "/opt/rustwide/target/debug/deps/libnum_traits-e8834603c0747d08.rlib" "/opt/rustwide/target/debug/deps/libtiff-39700c0c0141ac0d.rlib" "/opt/rustwide/target/debug/deps/libflate2-b852a7286a504311.rlib" "/opt/rustwide/target/debug/deps/libminiz_oxide-05d161e33aadd62d.rlib" "/opt/rustwide/target/debug/deps/libadler-eba61f23bb3cdb48.rlib" "/opt/rustwide/target/debug/deps/libcrc32fast-dbea8ee6fb11ce73.rlib" "/opt/rustwide/target/debug/deps/libweezl-eabccf4d1be8e8f8.rlib" "/opt/rustwide/target/debug/deps/libjpeg_decoder-23369326854c0dc1.rlib" "/opt/rustwide/target/debug/deps/librayon-eaca3a1c841a3a2a.rlib" "/opt/rustwide/target/debug/deps/librayon_core-40640d9286b1148c.rlib" "/opt/rustwide/target/debug/deps/libnum_cpus-8b5d307720098e84.rlib" "/opt/rustwide/target/debug/deps/liblibc-5555e67cb7eb0cab.rlib" "/opt/rustwide/target/debug/deps/libcrossbeam_deque-3e3bab77d1e8e4d4.rlib" "/opt/rustwide/target/debug/deps/libcrossbeam_epoch-f49c7d5b974c1ee8.rlib" "/opt/rustwide/target/debug/deps/libmemoffset-df5843969cc9c3a9.rlib" "/opt/rustwide/target/debug/deps/libscopeguard-31f1b56a39f2a372.rlib" "/opt/rustwide/target/debug/deps/libcrossbeam_channel-af5c4434930c1f3e.rlib" "/opt/rustwide/target/debug/deps/libcrossbeam_utils-c1681066a3f92e0d.rlib" "/opt/rustwide/target/debug/deps/libcfg_if-e7002d307f97bc56.rlib" "/opt/rustwide/target/debug/deps/libeither-b6731ec32f184594.rlib" "/opt/rustwide/rustup-home/toolchains/beta-2023-12-22-x86_64-unknown-linux-gnu/lib/rustlib/x86_64-unknown-linux-gnu/lib/libstd-0672489a78b613de.rlib" "/opt/rustwide/rustup-home/toolchains/beta-2023-12-22-x86_64-unknown-linux-gnu/lib/rustlib/x86_64-unknown-linux-gnu/lib/libpanic_unwind-7eb3ffc34a49f675.rlib" "/opt/rustwide/rustup-home/toolchains/beta-2023-12-22-x86_64-unknown-linux-gnu/lib/rustlib/x86_64-unknown-linux-gnu/lib/libobject-6478a9daa4bee8e2.rlib" "/opt/rustwide/rustup-home/toolchains/beta-2023-12-22-x86_64-unknown-linux-gnu/lib/rustlib/x86_64-unknown-linux-gnu/lib/libmemchr-0c75d871a5c3923d.rlib" "/opt/rustwide/rustup-home/toolchains/beta-2023-12-22-x86_64-unknown-linux-gnu/lib/rustlib/x86_64-unknown-linux-gnu/lib/libaddr2line-d163ef63ad37bb71.rlib" "/opt/rustwide/rustup-home/toolchains/beta-2023-12-22-x86_64-unknown-linux-gnu/lib/rustlib/x86_64-unknown-linux-gnu/lib/libgimli-8a3fd810a85b9f4c.rlib" "/opt/rustwide/rustup-home/toolchains/beta-2023-12-22-x86_64-unknown-linux-gnu/lib/rustlib/x86_64-unknown-linux-gnu/lib/librustc_demangle-462a2cde8c5dfc10.rlib" "/opt/rustwide/rustup-home/toolchains/beta-2023-12-22-x86_64-unknown-linux-gnu/lib/rustlib/x86_64-unknown-linux-gnu/lib/libstd_detect-cb06ac9f54713f71.rlib" "/opt/rustwide/rustup-home/toolchains/beta-2023-12-22-x86_64-unknown-linux-gnu/lib/rustlib/x86_64-unknown-linux-gnu/lib/libhashbrown-f20bfd1f8e59b393.rlib" "/opt/rustwide/rustup-home/toolchains/beta-2023-12-22-x86_64-unknown-linux-gnu/lib/rustlib/x86_64-unknown-linux-gnu/lib/librustc_std_workspace_alloc-1ef460949b49da4b.rlib" "/opt/rustwide/rustup-home/toolchains/beta-2023-12-22-x86_64-unknown-linux-gnu/lib/rustlib/x86_64-unknown-linux-gnu/lib/libminiz_oxide-2cb0c0ffe4f87514.rlib" "/opt/rustwide/rustup-home/toolchains/beta-2023-12-22-x86_64-unknown-linux-gnu/lib/rustlib/x86_64-unknown-linux-gnu/lib/libadler-58d841eb322a11a2.rlib" "/opt/rustwide/rustup-home/toolchains/beta-2023-12-22-x86_64-unknown-linux-gnu/lib/rustlib/x86_64-unknown-linux-gnu/lib/libunwind-aa2ae0b0a9d11533.rlib" "/opt/rustwide/rustup-home/toolchains/beta-2023-12-22-x86_64-unknown-linux-gnu/lib/rustlib/x86_64-unknown-linux-gnu/lib/libcfg_if-23874e15830ed336.rlib" "/opt/rustwide/rustup-home/toolchains/beta-2023-12-22-x86_64-unknown-linux-gnu/lib/rustlib/x86_64-unknown-linux-gnu/lib/liblibc-e47cddc003bce885.rlib" "/opt/rustwide/rustup-home/toolchains/beta-2023-12-22-x86_64-unknown-linux-gnu/lib/rustlib/x86_64-unknown-linux-gnu/lib/liballoc-c22b13b48a8f128e.rlib" "/opt/rustwide/rustup-home/toolchains/beta-2023-12-22-x86_64-unknown-linux-gnu/lib/rustlib/x86_64-unknown-linux-gnu/lib/librustc_std_workspace_core-e46bc3da6d7c462f.rlib" "/opt/rustwide/rustup-home/toolchains/beta-2023-12-22-x86_64-unknown-linux-gnu/lib/rustlib/x86_64-unknown-linux-gnu/lib/libcore-8d1ac131d3cb2645.rlib" "/opt/rustwide/rustup-home/toolchains/beta-2023-12-22-x86_64-unknown-linux-gnu/lib/rustlib/x86_64-unknown-linux-gnu/lib/libcompiler_builtins-a1b43df8c6899c1f.rlib" "-Wl,-Bdynamic" "-lgcc_s" "-lutil" "-lrt" "-lpthread" "-lm" "-ldl" "-lc" "-Wl,--eh-frame-hdr" "-Wl,-z,noexecstack" "-L" "/opt/rustwide/rustup-home/toolchains/beta-2023-12-22-x86_64-unknown-linux-gnu/lib/rustlib/x86_64-unknown-linux-gnu/lib" "-o" "/tmp/rustdoctest1U2320/rust_out" "-Wl,--gc-sections" "-pie" "-Wl,-z,relro,-z,now" "-nodefaultlibs"
[INFO] [stdout]   = note: collect2: fatal error: ld terminated with signal 9 [Killed]
[INFO] [stdout]           compilation terminated.
[INFO] [stdout]           
[INFO] [stdout] 
[INFO] [stdout] error: aborting due to 1 previous error
[INFO] [stdout] 
[INFO] [stdout] Couldn't compile the test.
[INFO] [stdout] ---- src/lib.rs - QrCode::with_bits (line 134) stdout ----
[INFO] [stdout] error: linking with `cc` failed: exit status: 1
[INFO] [stdout]   |
[INFO] [stdout]   = note: LC_ALL="C" PATH="/opt/rustwide/rustup-home/toolchains/beta-2023-12-22-x86_64-unknown-linux-gnu/lib/rustlib/x86_64-unknown-linux-gnu/bin:/opt/rustwide/cargo-home/bin:/usr/local/sbin:/usr/local/bin:/usr/sbin:/usr/bin:/sbin:/bin" VSLANG="1033" "cc" "-m64" "/tmp/rustctVRbRa/symbols.o" "/tmp/rustdoctestiBdqXN/rust_out.rust_out.1380c8ea7c88b8e2-cgu.0.rcgu.o" "/tmp/rustdoctestiBdqXN/rust_out.3lr6z6385pynyhem.rcgu.o" "-Wl,--as-needed" "-L" "/opt/rustwide/target/debug/deps" "-L" "/opt/rustwide/target/debug/deps" "-L" "/opt/rustwide/rustup-home/toolchains/beta-2023-12-22-x86_64-unknown-linux-gnu/lib/rustlib/x86_64-unknown-linux-gnu/lib" "-Wl,-Bstatic" "/opt/rustwide/target/debug/deps/libqrcode_rs-0bd7217f9a7e7c11.rlib" "/opt/rustwide/target/debug/deps/libimage-a7eb6d5f26eab533.rlib" "/opt/rustwide/target/debug/deps/libbytemuck-f6efc18f8cd8c7cd.rlib" "/opt/rustwide/target/debug/deps/libpng-de080014fc6a81c6.rlib" "/opt/rustwide/target/debug/deps/libbitflags-85e13ed1e0c6d910.rlib" "/opt/rustwide/target/debug/deps/libexr-9381b59ddcde37fd.rlib" "/opt/rustwide/target/debug/deps/libflume-4633d9f845a9166f.rlib" "/opt/rustwide/target/debug/deps/libspin-d53fd1c55ab86ebb.rlib" "/opt/rustwide/target/debug/deps/liblock_api-7efc9c602b898216.rlib" "/opt/rustwide/target/debug/deps/libpin_project-36027bff1a1fa8dc.rlib" "/opt/rustwide/target/debug/deps/libfutures_sink-cd1869df261041aa.rlib" "/opt/rustwide/target/debug/deps/libfutures_core-2b22e01888a50aa9.rlib" "/opt/rustwide/target/debug/deps/libnanorand-cff3e94d9ef0113d.rlib" "/opt/rustwide/target/debug/deps/libgetrandom-27b44b09122dcf3b.rlib" "/opt/rustwide/target/debug/deps/libthreadpool-841c73ece84b5fc6.rlib" "/opt/rustwide/target/debug/deps/libbit_field-949b896bd5df697e.rlib" "/opt/rustwide/target/debug/deps/liblebe-19c2b1c381eaf7ca.rlib" "/opt/rustwide/target/debug/deps/libhalf-aa9489e74ddd25da.rlib" "/opt/rustwide/target/debug/deps/libsmallvec-5f186dbb2829e135.rlib" "/opt/rustwide/target/debug/deps/libscoped_threadpool-293da0d486a11c11.rlib" "/opt/rustwide/target/debug/deps/libnum_rational-b74ba3d936f605fe.rlib" "/opt/rustwide/target/debug/deps/libnum_integer-0cb731e2cefa1b40.rlib" "/opt/rustwide/target/debug/deps/libgif-cd9b7c1e4d8256a5.rlib" "/opt/rustwide/target/debug/deps/libcolor_quant-da6050448bfc3046.rlib" "/opt/rustwide/target/debug/deps/libbyteorder-0ef92d8cf14cf0b1.rlib" "/opt/rustwide/target/debug/deps/libnum_traits-e8834603c0747d08.rlib" "/opt/rustwide/target/debug/deps/libtiff-39700c0c0141ac0d.rlib" "/opt/rustwide/target/debug/deps/libflate2-b852a7286a504311.rlib" "/opt/rustwide/target/debug/deps/libminiz_oxide-05d161e33aadd62d.rlib" "/opt/rustwide/target/debug/deps/libadler-eba61f23bb3cdb48.rlib" "/opt/rustwide/target/debug/deps/libcrc32fast-dbea8ee6fb11ce73.rlib" "/opt/rustwide/target/debug/deps/libweezl-eabccf4d1be8e8f8.rlib" "/opt/rustwide/target/debug/deps/libjpeg_decoder-23369326854c0dc1.rlib" "/opt/rustwide/target/debug/deps/librayon-eaca3a1c841a3a2a.rlib" "/opt/rustwide/target/debug/deps/librayon_core-40640d9286b1148c.rlib" "/opt/rustwide/target/debug/deps/libnum_cpus-8b5d307720098e84.rlib" "/opt/rustwide/target/debug/deps/liblibc-5555e67cb7eb0cab.rlib" "/opt/rustwide/target/debug/deps/libcrossbeam_deque-3e3bab77d1e8e4d4.rlib" "/opt/rustwide/target/debug/deps/libcrossbeam_epoch-f49c7d5b974c1ee8.rlib" "/opt/rustwide/target/debug/deps/libmemoffset-df5843969cc9c3a9.rlib" "/opt/rustwide/target/debug/deps/libscopeguard-31f1b56a39f2a372.rlib" "/opt/rustwide/target/debug/deps/libcrossbeam_channel-af5c4434930c1f3e.rlib" "/opt/rustwide/target/debug/deps/libcrossbeam_utils-c1681066a3f92e0d.rlib" "/opt/rustwide/target/debug/deps/libcfg_if-e7002d307f97bc56.rlib" "/opt/rustwide/target/debug/deps/libeither-b6731ec32f184594.rlib" "/opt/rustwide/rustup-home/toolchains/beta-2023-12-22-x86_64-unknown-linux-gnu/lib/rustlib/x86_64-unknown-linux-gnu/lib/libstd-0672489a78b613de.rlib" "/opt/rustwide/rustup-home/toolchains/beta-2023-12-22-x86_64-unknown-linux-gnu/lib/rustlib/x86_64-unknown-linux-gnu/lib/libpanic_unwind-7eb3ffc34a49f675.rlib" "/opt/rustwide/rustup-home/toolchains/beta-2023-12-22-x86_64-unknown-linux-gnu/lib/rustlib/x86_64-unknown-linux-gnu/lib/libobject-6478a9daa4bee8e2.rlib" "/opt/rustwide/rustup-home/toolchains/beta-2023-12-22-x86_64-unknown-linux-gnu/lib/rustlib/x86_64-unknown-linux-gnu/lib/libmemchr-0c75d871a5c3923d.rlib" "/opt/rustwide/rustup-home/toolchains/beta-2023-12-22-x86_64-unknown-linux-gnu/lib/rustlib/x86_64-unknown-linux-gnu/lib/libaddr2line-d163ef63ad37bb71.rlib" "/opt/rustwide/rustup-home/toolchains/beta-2023-12-22-x86_64-unknown-linux-gnu/lib/rustlib/x86_64-unknown-linux-gnu/lib/libgimli-8a3fd810a85b9f4c.rlib" "/opt/rustwide/rustup-home/toolchains/beta-2023-12-22-x86_64-unknown-linux-gnu/lib/rustlib/x86_64-unknown-linux-gnu/lib/librustc_demangle-462a2cde8c5dfc10.rlib" "/opt/rustwide/rustup-home/toolchains/beta-2023-12-22-x86_64-unknown-linux-gnu/lib/rustlib/x86_64-unknown-linux-gnu/lib/libstd_detect-cb06ac9f54713f71.rlib" "/opt/rustwide/rustup-home/toolchains/beta-2023-12-22-x86_64-unknown-linux-gnu/lib/rustlib/x86_64-unknown-linux-gnu/lib/libhashbrown-f20bfd1f8e59b393.rlib" "/opt/rustwide/rustup-home/toolchains/beta-2023-12-22-x86_64-unknown-linux-gnu/lib/rustlib/x86_64-unknown-linux-gnu/lib/librustc_std_workspace_alloc-1ef460949b49da4b.rlib" "/opt/rustwide/rustup-home/toolchains/beta-2023-12-22-x86_64-unknown-linux-gnu/lib/rustlib/x86_64-unknown-linux-gnu/lib/libminiz_oxide-2cb0c0ffe4f87514.rlib" "/opt/rustwide/rustup-home/toolchains/beta-2023-12-22-x86_64-unknown-linux-gnu/lib/rustlib/x86_64-unknown-linux-gnu/lib/libadler-58d841eb322a11a2.rlib" "/opt/rustwide/rustup-home/toolchains/beta-2023-12-22-x86_64-unknown-linux-gnu/lib/rustlib/x86_64-unknown-linux-gnu/lib/libunwind-aa2ae0b0a9d11533.rlib" "/opt/rustwide/rustup-home/toolchains/beta-2023-12-22-x86_64-unknown-linux-gnu/lib/rustlib/x86_64-unknown-linux-gnu/lib/libcfg_if-23874e15830ed336.rlib" "/opt/rustwide/rustup-home/toolchains/beta-2023-12-22-x86_64-unknown-linux-gnu/lib/rustlib/x86_64-unknown-linux-gnu/lib/liblibc-e47cddc003bce885.rlib" "/opt/rustwide/rustup-home/toolchains/beta-2023-12-22-x86_64-unknown-linux-gnu/lib/rustlib/x86_64-unknown-linux-gnu/lib/liballoc-c22b13b48a8f128e.rlib" "/opt/rustwide/rustup-home/toolchains/beta-2023-12-22-x86_64-unknown-linux-gnu/lib/rustlib/x86_64-unknown-linux-gnu/lib/librustc_std_workspace_core-e46bc3da6d7c462f.rlib" "/opt/rustwide/rustup-home/toolchains/beta-2023-12-22-x86_64-unknown-linux-gnu/lib/rustlib/x86_64-unknown-linux-gnu/lib/libcore-8d1ac131d3cb2645.rlib" "/opt/rustwide/rustup-home/toolchains/beta-2023-12-22-x86_64-unknown-linux-gnu/lib/rustlib/x86_64-unknown-linux-gnu/lib/libcompiler_builtins-a1b43df8c6899c1f.rlib" "-Wl,-Bdynamic" "-lgcc_s" "-lutil" "-lrt" "-lpthread" "-lm" "-ldl" "-lc" "-Wl,--eh-frame-hdr" "-Wl,-z,noexecstack" "-L" "/opt/rustwide/rustup-home/toolchains/beta-2023-12-22-x86_64-unknown-linux-gnu/lib/rustlib/x86_64-unknown-linux-gnu/lib" "-o" "/tmp/rustdoctestiBdqXN/rust_out" "-Wl,--gc-sections" "-pie" "-Wl,-z,relro,-z,now" "-nodefaultlibs"
[INFO] [stdout]   = note: collect2: fatal error: ld terminated with signal 9 [Killed]
[INFO] [stdout]           compilation terminated.
[INFO] [stdout]           
[INFO] [stdout] 
[INFO] [stdout] error: aborting due to 1 previous error
[INFO] [stdout] 
[INFO] [stdout] Couldn't compile the test.
[INFO] [stdout] ---- src/canvas.rs - canvas (line 3) stdout ----
[INFO] [stdout] warning: use of deprecated method `qrcode_rs::canvas::Canvas::to_bools`: use `into_colors()` instead
[INFO] [stdout]   --> src/canvas.rs:12:15
[INFO] [stdout]    |
[INFO] [stdout] 12 | let bools = c.to_bools();
[INFO] [stdout]    |               ^^^^^^^^
[INFO] [stdout]    |
[INFO] [stdout]    = note: `#[warn(deprecated)]` on by default
[INFO] [stdout] 
[INFO] [stdout] error: linking with `cc` failed: exit status: 1
[INFO] [stdout]   |
[INFO] [stdout]   = note: LC_ALL="C" PATH="/opt/rustwide/rustup-home/toolchains/beta-2023-12-22-x86_64-unknown-linux-gnu/lib/rustlib/x86_64-unknown-linux-gnu/bin:/opt/rustwide/cargo-home/bin:/usr/local/sbin:/usr/local/bin:/usr/sbin:/usr/bin:/sbin:/bin" VSLANG="1033" "cc" "-m64" "/tmp/rustcLNTThx/symbols.o" "/tmp/rustdoctestt0FaGy/rust_out.rust_out.1380c8ea7c88b8e2-cgu.0.rcgu.o" "/tmp/rustdoctestt0FaGy/rust_out.3lr6z6385pynyhem.rcgu.o" "-Wl,--as-needed" "-L" "/opt/rustwide/target/debug/deps" "-L" "/opt/rustwide/target/debug/deps" "-L" "/opt/rustwide/rustup-home/toolchains/beta-2023-12-22-x86_64-unknown-linux-gnu/lib/rustlib/x86_64-unknown-linux-gnu/lib" "-Wl,-Bstatic" "/opt/rustwide/target/debug/deps/libqrcode_rs-0bd7217f9a7e7c11.rlib" "/opt/rustwide/target/debug/deps/libimage-a7eb6d5f26eab533.rlib" "/opt/rustwide/target/debug/deps/libbytemuck-f6efc18f8cd8c7cd.rlib" "/opt/rustwide/target/debug/deps/libpng-de080014fc6a81c6.rlib" "/opt/rustwide/target/debug/deps/libbitflags-85e13ed1e0c6d910.rlib" "/opt/rustwide/target/debug/deps/libexr-9381b59ddcde37fd.rlib" "/opt/rustwide/target/debug/deps/libflume-4633d9f845a9166f.rlib" "/opt/rustwide/target/debug/deps/libspin-d53fd1c55ab86ebb.rlib" "/opt/rustwide/target/debug/deps/liblock_api-7efc9c602b898216.rlib" "/opt/rustwide/target/debug/deps/libpin_project-36027bff1a1fa8dc.rlib" "/opt/rustwide/target/debug/deps/libfutures_sink-cd1869df261041aa.rlib" "/opt/rustwide/target/debug/deps/libfutures_core-2b22e01888a50aa9.rlib" "/opt/rustwide/target/debug/deps/libnanorand-cff3e94d9ef0113d.rlib" "/opt/rustwide/target/debug/deps/libgetrandom-27b44b09122dcf3b.rlib" "/opt/rustwide/target/debug/deps/libthreadpool-841c73ece84b5fc6.rlib" "/opt/rustwide/target/debug/deps/libbit_field-949b896bd5df697e.rlib" "/opt/rustwide/target/debug/deps/liblebe-19c2b1c381eaf7ca.rlib" "/opt/rustwide/target/debug/deps/libhalf-aa9489e74ddd25da.rlib" "/opt/rustwide/target/debug/deps/libsmallvec-5f186dbb2829e135.rlib" "/opt/rustwide/target/debug/deps/libscoped_threadpool-293da0d486a11c11.rlib" "/opt/rustwide/target/debug/deps/libnum_rational-b74ba3d936f605fe.rlib" "/opt/rustwide/target/debug/deps/libnum_integer-0cb731e2cefa1b40.rlib" "/opt/rustwide/target/debug/deps/libgif-cd9b7c1e4d8256a5.rlib" "/opt/rustwide/target/debug/deps/libcolor_quant-da6050448bfc3046.rlib" "/opt/rustwide/target/debug/deps/libbyteorder-0ef92d8cf14cf0b1.rlib" "/opt/rustwide/target/debug/deps/libnum_traits-e8834603c0747d08.rlib" "/opt/rustwide/target/debug/deps/libtiff-39700c0c0141ac0d.rlib" "/opt/rustwide/target/debug/deps/libflate2-b852a7286a504311.rlib" "/opt/rustwide/target/debug/deps/libminiz_oxide-05d161e33aadd62d.rlib" "/opt/rustwide/target/debug/deps/libadler-eba61f23bb3cdb48.rlib" "/opt/rustwide/target/debug/deps/libcrc32fast-dbea8ee6fb11ce73.rlib" "/opt/rustwide/target/debug/deps/libweezl-eabccf4d1be8e8f8.rlib" "/opt/rustwide/target/debug/deps/libjpeg_decoder-23369326854c0dc1.rlib" "/opt/rustwide/target/debug/deps/librayon-eaca3a1c841a3a2a.rlib" "/opt/rustwide/target/debug/deps/librayon_core-40640d9286b1148c.rlib" "/opt/rustwide/target/debug/deps/libnum_cpus-8b5d307720098e84.rlib" "/opt/rustwide/target/debug/deps/liblibc-5555e67cb7eb0cab.rlib" "/opt/rustwide/target/debug/deps/libcrossbeam_deque-3e3bab77d1e8e4d4.rlib" "/opt/rustwide/target/debug/deps/libcrossbeam_epoch-f49c7d5b974c1ee8.rlib" "/opt/rustwide/target/debug/deps/libmemoffset-df5843969cc9c3a9.rlib" "/opt/rustwide/target/debug/deps/libscopeguard-31f1b56a39f2a372.rlib" "/opt/rustwide/target/debug/deps/libcrossbeam_channel-af5c4434930c1f3e.rlib" "/opt/rustwide/target/debug/deps/libcrossbeam_utils-c1681066a3f92e0d.rlib" "/opt/rustwide/target/debug/deps/libcfg_if-e7002d307f97bc56.rlib" "/opt/rustwide/target/debug/deps/libeither-b6731ec32f184594.rlib" "/opt/rustwide/rustup-home/toolchains/beta-2023-12-22-x86_64-unknown-linux-gnu/lib/rustlib/x86_64-unknown-linux-gnu/lib/libstd-0672489a78b613de.rlib" "/opt/rustwide/rustup-home/toolchains/beta-2023-12-22-x86_64-unknown-linux-gnu/lib/rustlib/x86_64-unknown-linux-gnu/lib/libpanic_unwind-7eb3ffc34a49f675.rlib" "/opt/rustwide/rustup-home/toolchains/beta-2023-12-22-x86_64-unknown-linux-gnu/lib/rustlib/x86_64-unknown-linux-gnu/lib/libobject-6478a9daa4bee8e2.rlib" "/opt/rustwide/rustup-home/toolchains/beta-2023-12-22-x86_64-unknown-linux-gnu/lib/rustlib/x86_64-unknown-linux-gnu/lib/libmemchr-0c75d871a5c3923d.rlib" "/opt/rustwide/rustup-home/toolchains/beta-2023-12-22-x86_64-unknown-linux-gnu/lib/rustlib/x86_64-unknown-linux-gnu/lib/libaddr2line-d163ef63ad37bb71.rlib" "/opt/rustwide/rustup-home/toolchains/beta-2023-12-22-x86_64-unknown-linux-gnu/lib/rustlib/x86_64-unknown-linux-gnu/lib/libgimli-8a3fd810a85b9f4c.rlib" "/opt/rustwide/rustup-home/toolchains/beta-2023-12-22-x86_64-unknown-linux-gnu/lib/rustlib/x86_64-unknown-linux-gnu/lib/librustc_demangle-462a2cde8c5dfc10.rlib" "/opt/rustwide/rustup-home/toolchains/beta-2023-12-22-x86_64-unknown-linux-gnu/lib/rustlib/x86_64-unknown-linux-gnu/lib/libstd_detect-cb06ac9f54713f71.rlib" "/opt/rustwide/rustup-home/toolchains/beta-2023-12-22-x86_64-unknown-linux-gnu/lib/rustlib/x86_64-unknown-linux-gnu/lib/libhashbrown-f20bfd1f8e59b393.rlib" "/opt/rustwide/rustup-home/toolchains/beta-2023-12-22-x86_64-unknown-linux-gnu/lib/rustlib/x86_64-unknown-linux-gnu/lib/librustc_std_workspace_alloc-1ef460949b49da4b.rlib" "/opt/rustwide/rustup-home/toolchains/beta-2023-12-22-x86_64-unknown-linux-gnu/lib/rustlib/x86_64-unknown-linux-gnu/lib/libminiz_oxide-2cb0c0ffe4f87514.rlib" "/opt/rustwide/rustup-home/toolchains/beta-2023-12-22-x86_64-unknown-linux-gnu/lib/rustlib/x86_64-unknown-linux-gnu/lib/libadler-58d841eb322a11a2.rlib" "/opt/rustwide/rustup-home/toolchains/beta-2023-12-22-x86_64-unknown-linux-gnu/lib/rustlib/x86_64-unknown-linux-gnu/lib/libunwind-aa2ae0b0a9d11533.rlib" "/opt/rustwide/rustup-home/toolchains/beta-2023-12-22-x86_64-unknown-linux-gnu/lib/rustlib/x86_64-unknown-linux-gnu/lib/libcfg_if-23874e15830ed336.rlib" "/opt/rustwide/rustup-home/toolchains/beta-2023-12-22-x86_64-unknown-linux-gnu/lib/rustlib/x86_64-unknown-linux-gnu/lib/liblibc-e47cddc003bce885.rlib" "/opt/rustwide/rustup-home/toolchains/beta-2023-12-22-x86_64-unknown-linux-gnu/lib/rustlib/x86_64-unknown-linux-gnu/lib/liballoc-c22b13b48a8f128e.rlib" "/opt/rustwide/rustup-home/toolchains/beta-2023-12-22-x86_64-unknown-linux-gnu/lib/rustlib/x86_64-unknown-linux-gnu/lib/librustc_std_workspace_core-e46bc3da6d7c462f.rlib" "/opt/rustwide/rustup-home/toolchains/beta-2023-12-22-x86_64-unknown-linux-gnu/lib/rustlib/x86_64-unknown-linux-gnu/lib/libcore-8d1ac131d3cb2645.rlib" "/opt/rustwide/rustup-home/toolchains/beta-2023-12-22-x86_64-unknown-linux-gnu/lib/rustlib/x86_64-unknown-linux-gnu/lib/libcompiler_builtins-a1b43df8c6899c1f.rlib" "-Wl,-Bdynamic" "-lgcc_s" "-lutil" "-lrt" "-lpthread" "-lm" "-ldl" "-lc" "-Wl,--eh-frame-hdr" "-Wl,-z,noexecstack" "-L" "/opt/rustwide/rustup-home/toolchains/beta-2023-12-22-x86_64-unknown-linux-gnu/lib/rustlib/x86_64-unknown-linux-gnu/lib" "-o" "/tmp/rustdoctestt0FaGy/rust_out" "-Wl,--gc-sections" "-pie" "-Wl,-z,relro,-z,now" "-nodefaultlibs"
[INFO] [stdout]   = note: collect2: fatal error: ld terminated with signal 9 [Killed]
[INFO] [stdout]           compilation terminated.
[INFO] [stdout]           
[INFO] [stdout] 
[INFO] [stdout] error: aborting due to 1 previous error; 1 warning emitted
[INFO] [stdout] 
[INFO] [stdout] Couldn't compile the test.
[INFO] [stdout] ---- src/render/svg.rs - render::svg (line 5) stdout ----
[INFO] [stdout] error: linking with `cc` failed: exit status: 1
[INFO] [stdout]   |
[INFO] [stdout]   = note: LC_ALL="C" PATH="/opt/rustwide/rustup-home/toolchains/beta-2023-12-22-x86_64-unknown-linux-gnu/lib/rustlib/x86_64-unknown-linux-gnu/bin:/opt/rustwide/cargo-home/bin:/usr/local/sbin:/usr/local/bin:/usr/sbin:/usr/bin:/sbin:/bin" VSLANG="1033" "cc" "-m64" "/tmp/rustc83aFnm/symbols.o" "/tmp/rustdoctestj6GUHz/rust_out.rust_out.1380c8ea7c88b8e2-cgu.0.rcgu.o" "/tmp/rustdoctestj6GUHz/rust_out.3lr6z6385pynyhem.rcgu.o" "-Wl,--as-needed" "-L" "/opt/rustwide/target/debug/deps" "-L" "/opt/rustwide/target/debug/deps" "-L" "/opt/rustwide/rustup-home/toolchains/beta-2023-12-22-x86_64-unknown-linux-gnu/lib/rustlib/x86_64-unknown-linux-gnu/lib" "-Wl,-Bstatic" "/opt/rustwide/target/debug/deps/libqrcode_rs-0bd7217f9a7e7c11.rlib" "/opt/rustwide/target/debug/deps/libimage-a7eb6d5f26eab533.rlib" "/opt/rustwide/target/debug/deps/libbytemuck-f6efc18f8cd8c7cd.rlib" "/opt/rustwide/target/debug/deps/libpng-de080014fc6a81c6.rlib" "/opt/rustwide/target/debug/deps/libbitflags-85e13ed1e0c6d910.rlib" "/opt/rustwide/target/debug/deps/libexr-9381b59ddcde37fd.rlib" "/opt/rustwide/target/debug/deps/libflume-4633d9f845a9166f.rlib" "/opt/rustwide/target/debug/deps/libspin-d53fd1c55ab86ebb.rlib" "/opt/rustwide/target/debug/deps/liblock_api-7efc9c602b898216.rlib" "/opt/rustwide/target/debug/deps/libpin_project-36027bff1a1fa8dc.rlib" "/opt/rustwide/target/debug/deps/libfutures_sink-cd1869df261041aa.rlib" "/opt/rustwide/target/debug/deps/libfutures_core-2b22e01888a50aa9.rlib" "/opt/rustwide/target/debug/deps/libnanorand-cff3e94d9ef0113d.rlib" "/opt/rustwide/target/debug/deps/libgetrandom-27b44b09122dcf3b.rlib" "/opt/rustwide/target/debug/deps/libthreadpool-841c73ece84b5fc6.rlib" "/opt/rustwide/target/debug/deps/libbit_field-949b896bd5df697e.rlib" "/opt/rustwide/target/debug/deps/liblebe-19c2b1c381eaf7ca.rlib" "/opt/rustwide/target/debug/deps/libhalf-aa9489e74ddd25da.rlib" "/opt/rustwide/target/debug/deps/libsmallvec-5f186dbb2829e135.rlib" "/opt/rustwide/target/debug/deps/libscoped_threadpool-293da0d486a11c11.rlib" "/opt/rustwide/target/debug/deps/libnum_rational-b74ba3d936f605fe.rlib" "/opt/rustwide/target/debug/deps/libnum_integer-0cb731e2cefa1b40.rlib" "/opt/rustwide/target/debug/deps/libgif-cd9b7c1e4d8256a5.rlib" "/opt/rustwide/target/debug/deps/libcolor_quant-da6050448bfc3046.rlib" "/opt/rustwide/target/debug/deps/libbyteorder-0ef92d8cf14cf0b1.rlib" "/opt/rustwide/target/debug/deps/libnum_traits-e8834603c0747d08.rlib" "/opt/rustwide/target/debug/deps/libtiff-39700c0c0141ac0d.rlib" "/opt/rustwide/target/debug/deps/libflate2-b852a7286a504311.rlib" "/opt/rustwide/target/debug/deps/libminiz_oxide-05d161e33aadd62d.rlib" "/opt/rustwide/target/debug/deps/libadler-eba61f23bb3cdb48.rlib" "/opt/rustwide/target/debug/deps/libcrc32fast-dbea8ee6fb11ce73.rlib" "/opt/rustwide/target/debug/deps/libweezl-eabccf4d1be8e8f8.rlib" "/opt/rustwide/target/debug/deps/libjpeg_decoder-23369326854c0dc1.rlib" "/opt/rustwide/target/debug/deps/librayon-eaca3a1c841a3a2a.rlib" "/opt/rustwide/target/debug/deps/librayon_core-40640d9286b1148c.rlib" "/opt/rustwide/target/debug/deps/libnum_cpus-8b5d307720098e84.rlib" "/opt/rustwide/target/debug/deps/liblibc-5555e67cb7eb0cab.rlib" "/opt/rustwide/target/debug/deps/libcrossbeam_deque-3e3bab77d1e8e4d4.rlib" "/opt/rustwide/target/debug/deps/libcrossbeam_epoch-f49c7d5b974c1ee8.rlib" "/opt/rustwide/target/debug/deps/libmemoffset-df5843969cc9c3a9.rlib" "/opt/rustwide/target/debug/deps/libscopeguard-31f1b56a39f2a372.rlib" "/opt/rustwide/target/debug/deps/libcrossbeam_channel-af5c4434930c1f3e.rlib" "/opt/rustwide/target/debug/deps/libcrossbeam_utils-c1681066a3f92e0d.rlib" "/opt/rustwide/target/debug/deps/libcfg_if-e7002d307f97bc56.rlib" "/opt/rustwide/target/debug/deps/libeither-b6731ec32f184594.rlib" "/opt/rustwide/rustup-home/toolchains/beta-2023-12-22-x86_64-unknown-linux-gnu/lib/rustlib/x86_64-unknown-linux-gnu/lib/libstd-0672489a78b613de.rlib" "/opt/rustwide/rustup-home/toolchains/beta-2023-12-22-x86_64-unknown-linux-gnu/lib/rustlib/x86_64-unknown-linux-gnu/lib/libpanic_unwind-7eb3ffc34a49f675.rlib" "/opt/rustwide/rustup-home/toolchains/beta-2023-12-22-x86_64-unknown-linux-gnu/lib/rustlib/x86_64-unknown-linux-gnu/lib/libobject-6478a9daa4bee8e2.rlib" "/opt/rustwide/rustup-home/toolchains/beta-2023-12-22-x86_64-unknown-linux-gnu/lib/rustlib/x86_64-unknown-linux-gnu/lib/libmemchr-0c75d871a5c3923d.rlib" "/opt/rustwide/rustup-home/toolchains/beta-2023-12-22-x86_64-unknown-linux-gnu/lib/rustlib/x86_64-unknown-linux-gnu/lib/libaddr2line-d163ef63ad37bb71.rlib" "/opt/rustwide/rustup-home/toolchains/beta-2023-12-22-x86_64-unknown-linux-gnu/lib/rustlib/x86_64-unknown-linux-gnu/lib/libgimli-8a3fd810a85b9f4c.rlib" "/opt/rustwide/rustup-home/toolchains/beta-2023-12-22-x86_64-unknown-linux-gnu/lib/rustlib/x86_64-unknown-linux-gnu/lib/librustc_demangle-462a2cde8c5dfc10.rlib" "/opt/rustwide/rustup-home/toolchains/beta-2023-12-22-x86_64-unknown-linux-gnu/lib/rustlib/x86_64-unknown-linux-gnu/lib/libstd_detect-cb06ac9f54713f71.rlib" "/opt/rustwide/rustup-home/toolchains/beta-2023-12-22-x86_64-unknown-linux-gnu/lib/rustlib/x86_64-unknown-linux-gnu/lib/libhashbrown-f20bfd1f8e59b393.rlib" "/opt/rustwide/rustup-home/toolchains/beta-2023-12-22-x86_64-unknown-linux-gnu/lib/rustlib/x86_64-unknown-linux-gnu/lib/librustc_std_workspace_alloc-1ef460949b49da4b.rlib" "/opt/rustwide/rustup-home/toolchains/beta-2023-12-22-x86_64-unknown-linux-gnu/lib/rustlib/x86_64-unknown-linux-gnu/lib/libminiz_oxide-2cb0c0ffe4f87514.rlib" "/opt/rustwide/rustup-home/toolchains/beta-2023-12-22-x86_64-unknown-linux-gnu/lib/rustlib/x86_64-unknown-linux-gnu/lib/libadler-58d841eb322a11a2.rlib" "/opt/rustwide/rustup-home/toolchains/beta-2023-12-22-x86_64-unknown-linux-gnu/lib/rustlib/x86_64-unknown-linux-gnu/lib/libunwind-aa2ae0b0a9d11533.rlib" "/opt/rustwide/rustup-home/toolchains/beta-2023-12-22-x86_64-unknown-linux-gnu/lib/rustlib/x86_64-unknown-linux-gnu/lib/libcfg_if-23874e15830ed336.rlib" "/opt/rustwide/rustup-home/toolchains/beta-2023-12-22-x86_64-unknown-linux-gnu/lib/rustlib/x86_64-unknown-linux-gnu/lib/liblibc-e47cddc003bce885.rlib" "/opt/rustwide/rustup-home/toolchains/beta-2023-12-22-x86_64-unknown-linux-gnu/lib/rustlib/x86_64-unknown-linux-gnu/lib/liballoc-c22b13b48a8f128e.rlib" "/opt/rustwide/rustup-home/toolchains/beta-2023-12-22-x86_64-unknown-linux-gnu/lib/rustlib/x86_64-unknown-linux-gnu/lib/librustc_std_workspace_core-e46bc3da6d7c462f.rlib" "/opt/rustwide/rustup-home/toolchains/beta-2023-12-22-x86_64-unknown-linux-gnu/lib/rustlib/x86_64-unknown-linux-gnu/lib/libcore-8d1ac131d3cb2645.rlib" "/opt/rustwide/rustup-home/toolchains/beta-2023-12-22-x86_64-unknown-linux-gnu/lib/rustlib/x86_64-unknown-linux-gnu/lib/libcompiler_builtins-a1b43df8c6899c1f.rlib" "-Wl,-Bdynamic" "-lgcc_s" "-lutil" "-lrt" "-lpthread" "-lm" "-ldl" "-lc" "-Wl,--eh-frame-hdr" "-Wl,-z,noexecstack" "-L" "/opt/rustwide/rustup-home/toolchains/beta-2023-12-22-x86_64-unknown-linux-gnu/lib/rustlib/x86_64-unknown-linux-gnu/lib" "-o" "/tmp/rustdoctestj6GUHz/rust_out" "-Wl,--gc-sections" "-pie" "-Wl,-z,relro,-z,now" "-nodefaultlibs"
[INFO] [stdout]   = note: collect2: fatal error: ld terminated with signal 9 [Killed]
[INFO] [stdout]           compilation terminated.
[INFO] [stdout]           
[INFO] [stdout] 
[INFO] [stdout] error: aborting due to 1 previous error
[INFO] [stdout] 
[INFO] [stdout] Couldn't compile the test.
[INFO] [stdout] ---- src/lib.rs - (line 5) stdout ----
[INFO] [stdout] error: linking with `cc` failed: exit status: 1
[INFO] [stdout]   |
[INFO] [stdout]   = note: LC_ALL="C" PATH="/opt/rustwide/rustup-home/toolchains/beta-2023-12-22-x86_64-unknown-linux-gnu/lib/rustlib/x86_64-unknown-linux-gnu/bin:/opt/rustwide/cargo-home/bin:/usr/local/sbin:/usr/local/bin:/usr/sbin:/usr/bin:/sbin:/bin" VSLANG="1033" "cc" "-m64" "/tmp/rustcca3pnO/symbols.o" "/tmp/rustdoctestJaqSD0/rust_out.rust_out.1380c8ea7c88b8e2-cgu.0.rcgu.o" "/tmp/rustdoctestJaqSD0/rust_out.3lr6z6385pynyhem.rcgu.o" "-Wl,--as-needed" "-L" "/opt/rustwide/target/debug/deps" "-L" "/opt/rustwide/target/debug/deps" "-L" "/opt/rustwide/rustup-home/toolchains/beta-2023-12-22-x86_64-unknown-linux-gnu/lib/rustlib/x86_64-unknown-linux-gnu/lib" "-Wl,-Bstatic" "/opt/rustwide/target/debug/deps/libqrcode_rs-0bd7217f9a7e7c11.rlib" "/opt/rustwide/target/debug/deps/libimage-a7eb6d5f26eab533.rlib" "/opt/rustwide/target/debug/deps/libbytemuck-f6efc18f8cd8c7cd.rlib" "/opt/rustwide/target/debug/deps/libpng-de080014fc6a81c6.rlib" "/opt/rustwide/target/debug/deps/libbitflags-85e13ed1e0c6d910.rlib" "/opt/rustwide/target/debug/deps/libexr-9381b59ddcde37fd.rlib" "/opt/rustwide/target/debug/deps/libflume-4633d9f845a9166f.rlib" "/opt/rustwide/target/debug/deps/libspin-d53fd1c55ab86ebb.rlib" "/opt/rustwide/target/debug/deps/liblock_api-7efc9c602b898216.rlib" "/opt/rustwide/target/debug/deps/libpin_project-36027bff1a1fa8dc.rlib" "/opt/rustwide/target/debug/deps/libfutures_sink-cd1869df261041aa.rlib" "/opt/rustwide/target/debug/deps/libfutures_core-2b22e01888a50aa9.rlib" "/opt/rustwide/target/debug/deps/libnanorand-cff3e94d9ef0113d.rlib" "/opt/rustwide/target/debug/deps/libgetrandom-27b44b09122dcf3b.rlib" "/opt/rustwide/target/debug/deps/libthreadpool-841c73ece84b5fc6.rlib" "/opt/rustwide/target/debug/deps/libbit_field-949b896bd5df697e.rlib" "/opt/rustwide/target/debug/deps/liblebe-19c2b1c381eaf7ca.rlib" "/opt/rustwide/target/debug/deps/libhalf-aa9489e74ddd25da.rlib" "/opt/rustwide/target/debug/deps/libsmallvec-5f186dbb2829e135.rlib" "/opt/rustwide/target/debug/deps/libscoped_threadpool-293da0d486a11c11.rlib" "/opt/rustwide/target/debug/deps/libnum_rational-b74ba3d936f605fe.rlib" "/opt/rustwide/target/debug/deps/libnum_integer-0cb731e2cefa1b40.rlib" "/opt/rustwide/target/debug/deps/libgif-cd9b7c1e4d8256a5.rlib" "/opt/rustwide/target/debug/deps/libcolor_quant-da6050448bfc3046.rlib" "/opt/rustwide/target/debug/deps/libbyteorder-0ef92d8cf14cf0b1.rlib" "/opt/rustwide/target/debug/deps/libnum_traits-e8834603c0747d08.rlib" "/opt/rustwide/target/debug/deps/libtiff-39700c0c0141ac0d.rlib" "/opt/rustwide/target/debug/deps/libflate2-b852a7286a504311.rlib" "/opt/rustwide/target/debug/deps/libminiz_oxide-05d161e33aadd62d.rlib" "/opt/rustwide/target/debug/deps/libadler-eba61f23bb3cdb48.rlib" "/opt/rustwide/target/debug/deps/libcrc32fast-dbea8ee6fb11ce73.rlib" "/opt/rustwide/target/debug/deps/libweezl-eabccf4d1be8e8f8.rlib" "/opt/rustwide/target/debug/deps/libjpeg_decoder-23369326854c0dc1.rlib" "/opt/rustwide/target/debug/deps/librayon-eaca3a1c841a3a2a.rlib" "/opt/rustwide/target/debug/deps/librayon_core-40640d9286b1148c.rlib" "/opt/rustwide/target/debug/deps/libnum_cpus-8b5d307720098e84.rlib" "/opt/rustwide/target/debug/deps/liblibc-5555e67cb7eb0cab.rlib" "/opt/rustwide/target/debug/deps/libcrossbeam_deque-3e3bab77d1e8e4d4.rlib" "/opt/rustwide/target/debug/deps/libcrossbeam_epoch-f49c7d5b974c1ee8.rlib" "/opt/rustwide/target/debug/deps/libmemoffset-df5843969cc9c3a9.rlib" "/opt/rustwide/target/debug/deps/libscopeguard-31f1b56a39f2a372.rlib" "/opt/rustwide/target/debug/deps/libcrossbeam_channel-af5c4434930c1f3e.rlib" "/opt/rustwide/target/debug/deps/libcrossbeam_utils-c1681066a3f92e0d.rlib" "/opt/rustwide/target/debug/deps/libcfg_if-e7002d307f97bc56.rlib" "/opt/rustwide/target/debug/deps/libeither-b6731ec32f184594.rlib" "/opt/rustwide/rustup-home/toolchains/beta-2023-12-22-x86_64-unknown-linux-gnu/lib/rustlib/x86_64-unknown-linux-gnu/lib/libstd-0672489a78b613de.rlib" "/opt/rustwide/rustup-home/toolchains/beta-2023-12-22-x86_64-unknown-linux-gnu/lib/rustlib/x86_64-unknown-linux-gnu/lib/libpanic_unwind-7eb3ffc34a49f675.rlib" "/opt/rustwide/rustup-home/toolchains/beta-2023-12-22-x86_64-unknown-linux-gnu/lib/rustlib/x86_64-unknown-linux-gnu/lib/libobject-6478a9daa4bee8e2.rlib" "/opt/rustwide/rustup-home/toolchains/beta-2023-12-22-x86_64-unknown-linux-gnu/lib/rustlib/x86_64-unknown-linux-gnu/lib/libmemchr-0c75d871a5c3923d.rlib" "/opt/rustwide/rustup-home/toolchains/beta-2023-12-22-x86_64-unknown-linux-gnu/lib/rustlib/x86_64-unknown-linux-gnu/lib/libaddr2line-d163ef63ad37bb71.rlib" "/opt/rustwide/rustup-home/toolchains/beta-2023-12-22-x86_64-unknown-linux-gnu/lib/rustlib/x86_64-unknown-linux-gnu/lib/libgimli-8a3fd810a85b9f4c.rlib" "/opt/rustwide/rustup-home/toolchains/beta-2023-12-22-x86_64-unknown-linux-gnu/lib/rustlib/x86_64-unknown-linux-gnu/lib/librustc_demangle-462a2cde8c5dfc10.rlib" "/opt/rustwide/rustup-home/toolchains/beta-2023-12-22-x86_64-unknown-linux-gnu/lib/rustlib/x86_64-unknown-linux-gnu/lib/libstd_detect-cb06ac9f54713f71.rlib" "/opt/rustwide/rustup-home/toolchains/beta-2023-12-22-x86_64-unknown-linux-gnu/lib/rustlib/x86_64-unknown-linux-gnu/lib/libhashbrown-f20bfd1f8e59b393.rlib" "/opt/rustwide/rustup-home/toolchains/beta-2023-12-22-x86_64-unknown-linux-gnu/lib/rustlib/x86_64-unknown-linux-gnu/lib/librustc_std_workspace_alloc-1ef460949b49da4b.rlib" "/opt/rustwide/rustup-home/toolchains/beta-2023-12-22-x86_64-unknown-linux-gnu/lib/rustlib/x86_64-unknown-linux-gnu/lib/libminiz_oxide-2cb0c0ffe4f87514.rlib" "/opt/rustwide/rustup-home/toolchains/beta-2023-12-22-x86_64-unknown-linux-gnu/lib/rustlib/x86_64-unknown-linux-gnu/lib/libadler-58d841eb322a11a2.rlib" "/opt/rustwide/rustup-home/toolchains/beta-2023-12-22-x86_64-unknown-linux-gnu/lib/rustlib/x86_64-unknown-linux-gnu/lib/libunwind-aa2ae0b0a9d11533.rlib" "/opt/rustwide/rustup-home/toolchains/beta-2023-12-22-x86_64-unknown-linux-gnu/lib/rustlib/x86_64-unknown-linux-gnu/lib/libcfg_if-23874e15830ed336.rlib" "/opt/rustwide/rustup-home/toolchains/beta-2023-12-22-x86_64-unknown-linux-gnu/lib/rustlib/x86_64-unknown-linux-gnu/lib/liblibc-e47cddc003bce885.rlib" "/opt/rustwide/rustup-home/toolchains/beta-2023-12-22-x86_64-unknown-linux-gnu/lib/rustlib/x86_64-unknown-linux-gnu/lib/liballoc-c22b13b48a8f128e.rlib" "/opt/rustwide/rustup-home/toolchains/beta-2023-12-22-x86_64-unknown-linux-gnu/lib/rustlib/x86_64-unknown-linux-gnu/lib/librustc_std_workspace_core-e46bc3da6d7c462f.rlib" "/opt/rustwide/rustup-home/toolchains/beta-2023-12-22-x86_64-unknown-linux-gnu/lib/rustlib/x86_64-unknown-linux-gnu/lib/libcore-8d1ac131d3cb2645.rlib" "/opt/rustwide/rustup-home/toolchains/beta-2023-12-22-x86_64-unknown-linux-gnu/lib/rustlib/x86_64-unknown-linux-gnu/lib/libcompiler_builtins-a1b43df8c6899c1f.rlib" "-Wl,-Bdynamic" "-lgcc_s" "-lutil" "-lrt" "-lpthread" "-lm" "-ldl" "-lc" "-Wl,--eh-frame-hdr" "-Wl,-z,noexecstack" "-L" "/opt/rustwide/rustup-home/toolchains/beta-2023-12-22-x86_64-unknown-linux-gnu/lib/rustlib/x86_64-unknown-linux-gnu/lib" "-o" "/tmp/rustdoctestJaqSD0/rust_out" "-Wl,--gc-sections" "-pie" "-Wl,-z,relro,-z,now" "-nodefaultlibs"
[INFO] [stdout]   = note: collect2: fatal error: ld terminated with signal 9 [Killed]
[INFO] [stdout]           compilation terminated.
[INFO] [stdout]           
[INFO] [stdout] 
[INFO] [stdout] error: aborting due to 1 previous error
[INFO] [stdout] 
[INFO] [stdout] Couldn't compile the test.
[INFO] [stdout] ---- src/bits.rs - bits::Bits::push_fnc1_second_position (line 614) stdout ----
[INFO] [stdout] error: linking with `cc` failed: exit status: 1
[INFO] [stdout]   |
[INFO] [stdout]   = note: LC_ALL="C" PATH="/opt/rustwide/rustup-home/toolchains/beta-2023-12-22-x86_64-unknown-linux-gnu/lib/rustlib/x86_64-unknown-linux-gnu/bin:/opt/rustwide/cargo-home/bin:/usr/local/sbin:/usr/local/bin:/usr/sbin:/usr/bin:/sbin:/bin" VSLANG="1033" "cc" "-m64" "/tmp/rustcjOHEgG/symbols.o" "/tmp/rustdoctestVfH08W/rust_out.rust_out.1380c8ea7c88b8e2-cgu.0.rcgu.o" "/tmp/rustdoctestVfH08W/rust_out.3lr6z6385pynyhem.rcgu.o" "-Wl,--as-needed" "-L" "/opt/rustwide/target/debug/deps" "-L" "/opt/rustwide/target/debug/deps" "-L" "/opt/rustwide/rustup-home/toolchains/beta-2023-12-22-x86_64-unknown-linux-gnu/lib/rustlib/x86_64-unknown-linux-gnu/lib" "-Wl,-Bstatic" "/opt/rustwide/target/debug/deps/libqrcode_rs-0bd7217f9a7e7c11.rlib" "/opt/rustwide/target/debug/deps/libimage-a7eb6d5f26eab533.rlib" "/opt/rustwide/target/debug/deps/libbytemuck-f6efc18f8cd8c7cd.rlib" "/opt/rustwide/target/debug/deps/libpng-de080014fc6a81c6.rlib" "/opt/rustwide/target/debug/deps/libbitflags-85e13ed1e0c6d910.rlib" "/opt/rustwide/target/debug/deps/libexr-9381b59ddcde37fd.rlib" "/opt/rustwide/target/debug/deps/libflume-4633d9f845a9166f.rlib" "/opt/rustwide/target/debug/deps/libspin-d53fd1c55ab86ebb.rlib" "/opt/rustwide/target/debug/deps/liblock_api-7efc9c602b898216.rlib" "/opt/rustwide/target/debug/deps/libpin_project-36027bff1a1fa8dc.rlib" "/opt/rustwide/target/debug/deps/libfutures_sink-cd1869df261041aa.rlib" "/opt/rustwide/target/debug/deps/libfutures_core-2b22e01888a50aa9.rlib" "/opt/rustwide/target/debug/deps/libnanorand-cff3e94d9ef0113d.rlib" "/opt/rustwide/target/debug/deps/libgetrandom-27b44b09122dcf3b.rlib" "/opt/rustwide/target/debug/deps/libthreadpool-841c73ece84b5fc6.rlib" "/opt/rustwide/target/debug/deps/libbit_field-949b896bd5df697e.rlib" "/opt/rustwide/target/debug/deps/liblebe-19c2b1c381eaf7ca.rlib" "/opt/rustwide/target/debug/deps/libhalf-aa9489e74ddd25da.rlib" "/opt/rustwide/target/debug/deps/libsmallvec-5f186dbb2829e135.rlib" "/opt/rustwide/target/debug/deps/libscoped_threadpool-293da0d486a11c11.rlib" "/opt/rustwide/target/debug/deps/libnum_rational-b74ba3d936f605fe.rlib" "/opt/rustwide/target/debug/deps/libnum_integer-0cb731e2cefa1b40.rlib" "/opt/rustwide/target/debug/deps/libgif-cd9b7c1e4d8256a5.rlib" "/opt/rustwide/target/debug/deps/libcolor_quant-da6050448bfc3046.rlib" "/opt/rustwide/target/debug/deps/libbyteorder-0ef92d8cf14cf0b1.rlib" "/opt/rustwide/target/debug/deps/libnum_traits-e8834603c0747d08.rlib" "/opt/rustwide/target/debug/deps/libtiff-39700c0c0141ac0d.rlib" "/opt/rustwide/target/debug/deps/libflate2-b852a7286a504311.rlib" "/opt/rustwide/target/debug/deps/libminiz_oxide-05d161e33aadd62d.rlib" "/opt/rustwide/target/debug/deps/libadler-eba61f23bb3cdb48.rlib" "/opt/rustwide/target/debug/deps/libcrc32fast-dbea8ee6fb11ce73.rlib" "/opt/rustwide/target/debug/deps/libweezl-eabccf4d1be8e8f8.rlib" "/opt/rustwide/target/debug/deps/libjpeg_decoder-23369326854c0dc1.rlib" "/opt/rustwide/target/debug/deps/librayon-eaca3a1c841a3a2a.rlib" "/opt/rustwide/target/debug/deps/librayon_core-40640d9286b1148c.rlib" "/opt/rustwide/target/debug/deps/libnum_cpus-8b5d307720098e84.rlib" "/opt/rustwide/target/debug/deps/liblibc-5555e67cb7eb0cab.rlib" "/opt/rustwide/target/debug/deps/libcrossbeam_deque-3e3bab77d1e8e4d4.rlib" "/opt/rustwide/target/debug/deps/libcrossbeam_epoch-f49c7d5b974c1ee8.rlib" "/opt/rustwide/target/debug/deps/libmemoffset-df5843969cc9c3a9.rlib" "/opt/rustwide/target/debug/deps/libscopeguard-31f1b56a39f2a372.rlib" "/opt/rustwide/target/debug/deps/libcrossbeam_channel-af5c4434930c1f3e.rlib" "/opt/rustwide/target/debug/deps/libcrossbeam_utils-c1681066a3f92e0d.rlib" "/opt/rustwide/target/debug/deps/libcfg_if-e7002d307f97bc56.rlib" "/opt/rustwide/target/debug/deps/libeither-b6731ec32f184594.rlib" "/opt/rustwide/rustup-home/toolchains/beta-2023-12-22-x86_64-unknown-linux-gnu/lib/rustlib/x86_64-unknown-linux-gnu/lib/libstd-0672489a78b613de.rlib" "/opt/rustwide/rustup-home/toolchains/beta-2023-12-22-x86_64-unknown-linux-gnu/lib/rustlib/x86_64-unknown-linux-gnu/lib/libpanic_unwind-7eb3ffc34a49f675.rlib" "/opt/rustwide/rustup-home/toolchains/beta-2023-12-22-x86_64-unknown-linux-gnu/lib/rustlib/x86_64-unknown-linux-gnu/lib/libobject-6478a9daa4bee8e2.rlib" "/opt/rustwide/rustup-home/toolchains/beta-2023-12-22-x86_64-unknown-linux-gnu/lib/rustlib/x86_64-unknown-linux-gnu/lib/libmemchr-0c75d871a5c3923d.rlib" "/opt/rustwide/rustup-home/toolchains/beta-2023-12-22-x86_64-unknown-linux-gnu/lib/rustlib/x86_64-unknown-linux-gnu/lib/libaddr2line-d163ef63ad37bb71.rlib" "/opt/rustwide/rustup-home/toolchains/beta-2023-12-22-x86_64-unknown-linux-gnu/lib/rustlib/x86_64-unknown-linux-gnu/lib/libgimli-8a3fd810a85b9f4c.rlib" "/opt/rustwide/rustup-home/toolchains/beta-2023-12-22-x86_64-unknown-linux-gnu/lib/rustlib/x86_64-unknown-linux-gnu/lib/librustc_demangle-462a2cde8c5dfc10.rlib" "/opt/rustwide/rustup-home/toolchains/beta-2023-12-22-x86_64-unknown-linux-gnu/lib/rustlib/x86_64-unknown-linux-gnu/lib/libstd_detect-cb06ac9f54713f71.rlib" "/opt/rustwide/rustup-home/toolchains/beta-2023-12-22-x86_64-unknown-linux-gnu/lib/rustlib/x86_64-unknown-linux-gnu/lib/libhashbrown-f20bfd1f8e59b393.rlib" "/opt/rustwide/rustup-home/toolchains/beta-2023-12-22-x86_64-unknown-linux-gnu/lib/rustlib/x86_64-unknown-linux-gnu/lib/librustc_std_workspace_alloc-1ef460949b49da4b.rlib" "/opt/rustwide/rustup-home/toolchains/beta-2023-12-22-x86_64-unknown-linux-gnu/lib/rustlib/x86_64-unknown-linux-gnu/lib/libminiz_oxide-2cb0c0ffe4f87514.rlib" "/opt/rustwide/rustup-home/toolchains/beta-2023-12-22-x86_64-unknown-linux-gnu/lib/rustlib/x86_64-unknown-linux-gnu/lib/libadler-58d841eb322a11a2.rlib" "/opt/rustwide/rustup-home/toolchains/beta-2023-12-22-x86_64-unknown-linux-gnu/lib/rustlib/x86_64-unknown-linux-gnu/lib/libunwind-aa2ae0b0a9d11533.rlib" "/opt/rustwide/rustup-home/toolchains/beta-2023-12-22-x86_64-unknown-linux-gnu/lib/rustlib/x86_64-unknown-linux-gnu/lib/libcfg_if-23874e15830ed336.rlib" "/opt/rustwide/rustup-home/toolchains/beta-2023-12-22-x86_64-unknown-linux-gnu/lib/rustlib/x86_64-unknown-linux-gnu/lib/liblibc-e47cddc003bce885.rlib" "/opt/rustwide/rustup-home/toolchains/beta-2023-12-22-x86_64-unknown-linux-gnu/lib/rustlib/x86_64-unknown-linux-gnu/lib/liballoc-c22b13b48a8f128e.rlib" "/opt/rustwide/rustup-home/toolchains/beta-2023-12-22-x86_64-unknown-linux-gnu/lib/rustlib/x86_64-unknown-linux-gnu/lib/librustc_std_workspace_core-e46bc3da6d7c462f.rlib" "/opt/rustwide/rustup-home/toolchains/beta-2023-12-22-x86_64-unknown-linux-gnu/lib/rustlib/x86_64-unknown-linux-gnu/lib/libcore-8d1ac131d3cb2645.rlib" "/opt/rustwide/rustup-home/toolchains/beta-2023-12-22-x86_64-unknown-linux-gnu/lib/rustlib/x86_64-unknown-linux-gnu/lib/libcompiler_builtins-a1b43df8c6899c1f.rlib" "-Wl,-Bdynamic" "-lgcc_s" "-lutil" "-lrt" "-lpthread" "-lm" "-ldl" "-lc" "-Wl,--eh-frame-hdr" "-Wl,-z,noexecstack" "-L" "/opt/rustwide/rustup-home/toolchains/beta-2023-12-22-x86_64-unknown-linux-gnu/lib/rustlib/x86_64-unknown-linux-gnu/lib" "-o" "/tmp/rustdoctestVfH08W/rust_out" "-Wl,--gc-sections" "-pie" "-Wl,-z,relro,-z,now" "-nodefaultlibs"
[INFO] [stdout]   = note: collect2: fatal error: ld terminated with signal 9 [Killed]
[INFO] [stdout]           compilation terminated.
[INFO] [stdout]           
[INFO] [stdout] 
[INFO] [stdout] error: aborting due to 1 previous error
[INFO] [stdout] 
[INFO] [stdout] Couldn't compile the test.
[INFO] [stdout] ---- src/lib.rs - QrCode::with_version (line 107) stdout ----
[INFO] [stdout] error: linking with `cc` failed: exit status: 1
[INFO] [stdout]   |
[INFO] [stdout]   = note: LC_ALL="C" PATH="/opt/rustwide/rustup-home/toolchains/beta-2023-12-22-x86_64-unknown-linux-gnu/lib/rustlib/x86_64-unknown-linux-gnu/bin:/opt/rustwide/cargo-home/bin:/usr/local/sbin:/usr/local/bin:/usr/sbin:/usr/bin:/sbin:/bin" VSLANG="1033" "cc" "-m64" "/tmp/rustcB9xYGr/symbols.o" "/tmp/rustdoctesttPFJ3Q/rust_out.rust_out.1380c8ea7c88b8e2-cgu.0.rcgu.o" "/tmp/rustdoctesttPFJ3Q/rust_out.3lr6z6385pynyhem.rcgu.o" "-Wl,--as-needed" "-L" "/opt/rustwide/target/debug/deps" "-L" "/opt/rustwide/target/debug/deps" "-L" "/opt/rustwide/rustup-home/toolchains/beta-2023-12-22-x86_64-unknown-linux-gnu/lib/rustlib/x86_64-unknown-linux-gnu/lib" "-Wl,-Bstatic" "/opt/rustwide/target/debug/deps/libqrcode_rs-0bd7217f9a7e7c11.rlib" "/opt/rustwide/target/debug/deps/libimage-a7eb6d5f26eab533.rlib" "/opt/rustwide/target/debug/deps/libbytemuck-f6efc18f8cd8c7cd.rlib" "/opt/rustwide/target/debug/deps/libpng-de080014fc6a81c6.rlib" "/opt/rustwide/target/debug/deps/libbitflags-85e13ed1e0c6d910.rlib" "/opt/rustwide/target/debug/deps/libexr-9381b59ddcde37fd.rlib" "/opt/rustwide/target/debug/deps/libflume-4633d9f845a9166f.rlib" "/opt/rustwide/target/debug/deps/libspin-d53fd1c55ab86ebb.rlib" "/opt/rustwide/target/debug/deps/liblock_api-7efc9c602b898216.rlib" "/opt/rustwide/target/debug/deps/libpin_project-36027bff1a1fa8dc.rlib" "/opt/rustwide/target/debug/deps/libfutures_sink-cd1869df261041aa.rlib" "/opt/rustwide/target/debug/deps/libfutures_core-2b22e01888a50aa9.rlib" "/opt/rustwide/target/debug/deps/libnanorand-cff3e94d9ef0113d.rlib" "/opt/rustwide/target/debug/deps/libgetrandom-27b44b09122dcf3b.rlib" "/opt/rustwide/target/debug/deps/libthreadpool-841c73ece84b5fc6.rlib" "/opt/rustwide/target/debug/deps/libbit_field-949b896bd5df697e.rlib" "/opt/rustwide/target/debug/deps/liblebe-19c2b1c381eaf7ca.rlib" "/opt/rustwide/target/debug/deps/libhalf-aa9489e74ddd25da.rlib" "/opt/rustwide/target/debug/deps/libsmallvec-5f186dbb2829e135.rlib" "/opt/rustwide/target/debug/deps/libscoped_threadpool-293da0d486a11c11.rlib" "/opt/rustwide/target/debug/deps/libnum_rational-b74ba3d936f605fe.rlib" "/opt/rustwide/target/debug/deps/libnum_integer-0cb731e2cefa1b40.rlib" "/opt/rustwide/target/debug/deps/libgif-cd9b7c1e4d8256a5.rlib" "/opt/rustwide/target/debug/deps/libcolor_quant-da6050448bfc3046.rlib" "/opt/rustwide/target/debug/deps/libbyteorder-0ef92d8cf14cf0b1.rlib" "/opt/rustwide/target/debug/deps/libnum_traits-e8834603c0747d08.rlib" "/opt/rustwide/target/debug/deps/libtiff-39700c0c0141ac0d.rlib" "/opt/rustwide/target/debug/deps/libflate2-b852a7286a504311.rlib" "/opt/rustwide/target/debug/deps/libminiz_oxide-05d161e33aadd62d.rlib" "/opt/rustwide/target/debug/deps/libadler-eba61f23bb3cdb48.rlib" "/opt/rustwide/target/debug/deps/libcrc32fast-dbea8ee6fb11ce73.rlib" "/opt/rustwide/target/debug/deps/libweezl-eabccf4d1be8e8f8.rlib" "/opt/rustwide/target/debug/deps/libjpeg_decoder-23369326854c0dc1.rlib" "/opt/rustwide/target/debug/deps/librayon-eaca3a1c841a3a2a.rlib" "/opt/rustwide/target/debug/deps/librayon_core-40640d9286b1148c.rlib" "/opt/rustwide/target/debug/deps/libnum_cpus-8b5d307720098e84.rlib" "/opt/rustwide/target/debug/deps/liblibc-5555e67cb7eb0cab.rlib" "/opt/rustwide/target/debug/deps/libcrossbeam_deque-3e3bab77d1e8e4d4.rlib" "/opt/rustwide/target/debug/deps/libcrossbeam_epoch-f49c7d5b974c1ee8.rlib" "/opt/rustwide/target/debug/deps/libmemoffset-df5843969cc9c3a9.rlib" "/opt/rustwide/target/debug/deps/libscopeguard-31f1b56a39f2a372.rlib" "/opt/rustwide/target/debug/deps/libcrossbeam_channel-af5c4434930c1f3e.rlib" "/opt/rustwide/target/debug/deps/libcrossbeam_utils-c1681066a3f92e0d.rlib" "/opt/rustwide/target/debug/deps/libcfg_if-e7002d307f97bc56.rlib" "/opt/rustwide/target/debug/deps/libeither-b6731ec32f184594.rlib" "/opt/rustwide/rustup-home/toolchains/beta-2023-12-22-x86_64-unknown-linux-gnu/lib/rustlib/x86_64-unknown-linux-gnu/lib/libstd-0672489a78b613de.rlib" "/opt/rustwide/rustup-home/toolchains/beta-2023-12-22-x86_64-unknown-linux-gnu/lib/rustlib/x86_64-unknown-linux-gnu/lib/libpanic_unwind-7eb3ffc34a49f675.rlib" "/opt/rustwide/rustup-home/toolchains/beta-2023-12-22-x86_64-unknown-linux-gnu/lib/rustlib/x86_64-unknown-linux-gnu/lib/libobject-6478a9daa4bee8e2.rlib" "/opt/rustwide/rustup-home/toolchains/beta-2023-12-22-x86_64-unknown-linux-gnu/lib/rustlib/x86_64-unknown-linux-gnu/lib/libmemchr-0c75d871a5c3923d.rlib" "/opt/rustwide/rustup-home/toolchains/beta-2023-12-22-x86_64-unknown-linux-gnu/lib/rustlib/x86_64-unknown-linux-gnu/lib/libaddr2line-d163ef63ad37bb71.rlib" "/opt/rustwide/rustup-home/toolchains/beta-2023-12-22-x86_64-unknown-linux-gnu/lib/rustlib/x86_64-unknown-linux-gnu/lib/libgimli-8a3fd810a85b9f4c.rlib" "/opt/rustwide/rustup-home/toolchains/beta-2023-12-22-x86_64-unknown-linux-gnu/lib/rustlib/x86_64-unknown-linux-gnu/lib/librustc_demangle-462a2cde8c5dfc10.rlib" "/opt/rustwide/rustup-home/toolchains/beta-2023-12-22-x86_64-unknown-linux-gnu/lib/rustlib/x86_64-unknown-linux-gnu/lib/libstd_detect-cb06ac9f54713f71.rlib" "/opt/rustwide/rustup-home/toolchains/beta-2023-12-22-x86_64-unknown-linux-gnu/lib/rustlib/x86_64-unknown-linux-gnu/lib/libhashbrown-f20bfd1f8e59b393.rlib" "/opt/rustwide/rustup-home/toolchains/beta-2023-12-22-x86_64-unknown-linux-gnu/lib/rustlib/x86_64-unknown-linux-gnu/lib/librustc_std_workspace_alloc-1ef460949b49da4b.rlib" "/opt/rustwide/rustup-home/toolchains/beta-2023-12-22-x86_64-unknown-linux-gnu/lib/rustlib/x86_64-unknown-linux-gnu/lib/libminiz_oxide-2cb0c0ffe4f87514.rlib" "/opt/rustwide/rustup-home/toolchains/beta-2023-12-22-x86_64-unknown-linux-gnu/lib/rustlib/x86_64-unknown-linux-gnu/lib/libadler-58d841eb322a11a2.rlib" "/opt/rustwide/rustup-home/toolchains/beta-2023-12-22-x86_64-unknown-linux-gnu/lib/rustlib/x86_64-unknown-linux-gnu/lib/libunwind-aa2ae0b0a9d11533.rlib" "/opt/rustwide/rustup-home/toolchains/beta-2023-12-22-x86_64-unknown-linux-gnu/lib/rustlib/x86_64-unknown-linux-gnu/lib/libcfg_if-23874e15830ed336.rlib" "/opt/rustwide/rustup-home/toolchains/beta-2023-12-22-x86_64-unknown-linux-gnu/lib/rustlib/x86_64-unknown-linux-gnu/lib/liblibc-e47cddc003bce885.rlib" "/opt/rustwide/rustup-home/toolchains/beta-2023-12-22-x86_64-unknown-linux-gnu/lib/rustlib/x86_64-unknown-linux-gnu/lib/liballoc-c22b13b48a8f128e.rlib" "/opt/rustwide/rustup-home/toolchains/beta-2023-12-22-x86_64-unknown-linux-gnu/lib/rustlib/x86_64-unknown-linux-gnu/lib/librustc_std_workspace_core-e46bc3da6d7c462f.rlib" "/opt/rustwide/rustup-home/toolchains/beta-2023-12-22-x86_64-unknown-linux-gnu/lib/rustlib/x86_64-unknown-linux-gnu/lib/libcore-8d1ac131d3cb2645.rlib" "/opt/rustwide/rustup-home/toolchains/beta-2023-12-22-x86_64-unknown-linux-gnu/lib/rustlib/x86_64-unknown-linux-gnu/lib/libcompiler_builtins-a1b43df8c6899c1f.rlib" "-Wl,-Bdynamic" "-lgcc_s" "-lutil" "-lrt" "-lpthread" "-lm" "-ldl" "-lc" "-Wl,--eh-frame-hdr" "-Wl,-z,noexecstack" "-L" "/opt/rustwide/rustup-home/toolchains/beta-2023-12-22-x86_64-unknown-linux-gnu/lib/rustlib/x86_64-unknown-linux-gnu/lib" "-o" "/tmp/rustdoctesttPFJ3Q/rust_out" "-Wl,--gc-sections" "-pie" "-Wl,-z,relro,-z,now" "-nodefaultlibs"
[INFO] [stdout]   = note: collect2: fatal error: ld terminated with signal 9 [Killed]
[INFO] [stdout]           compilation terminated.
[INFO] [stdout]           
[INFO] [stdout] 
[INFO] [stdout] error: aborting due to 1 previous error
[INFO] [stdout] 
[INFO] [stdout] Couldn't compile the test.
[INFO] [stdout] 
[INFO] [stdout] failures:
[INFO] [stdout]     src/bits.rs - bits::Bits::push_eci_designator (line 227)
[INFO] [stdout]     src/bits.rs - bits::Bits::push_fnc1_first_position (line 590)
[INFO] [stdout]     src/bits.rs - bits::Bits::push_fnc1_second_position (line 614)
[INFO] [stdout]     src/canvas.rs - canvas (line 3)
[INFO] [stdout]     src/lib.rs - (line 5)
[INFO] [stdout]     src/lib.rs - QrCode::with_bits (line 134)
[INFO] [stdout]     src/lib.rs - QrCode::with_error_correction_level (line 85)
[INFO] [stdout]     src/lib.rs - QrCode::with_version (line 107)
[INFO] [stdout]     src/render/svg.rs - render::svg (line 5)
[INFO] [stdout] 
[INFO] [stdout] test result: FAILED. 9 passed; 9 failed; 2 ignored; 0 measured; 0 filtered out; finished in 4.25s
[INFO] [stdout] 
[INFO] [stderr] error: doctest failed, to rerun pass `--doc`
[INFO] running `Command { std: "docker" "inspect" "273a2c09493c3309178ebc5194216abef77b5ed1d30c2655a0f45737a78693cc", kill_on_drop: false }`
[INFO] running `Command { std: "docker" "rm" "-f" "273a2c09493c3309178ebc5194216abef77b5ed1d30c2655a0f45737a78693cc", kill_on_drop: false }`
[INFO] [stdout] 273a2c09493c3309178ebc5194216abef77b5ed1d30c2655a0f45737a78693cc
