[INFO] fetching crate qiniu-objects-manager 0.2.3...
[INFO] testing qiniu-objects-manager-0.2.3 against 1.75.0 for beta-1.76-1
[INFO] extracting crate qiniu-objects-manager 0.2.3 into /workspace/builds/worker-0-tc1/source
[INFO] validating manifest of crates.io crate qiniu-objects-manager 0.2.3 on toolchain 1.75.0
[INFO] running `Command { std: CARGO_HOME="/workspace/cargo-home" RUSTUP_HOME="/workspace/rustup-home" "/workspace/cargo-home/bin/cargo" "+1.75.0" "metadata" "--manifest-path" "Cargo.toml" "--no-deps", kill_on_drop: false }`
[INFO] started tweaking crates.io crate qiniu-objects-manager 0.2.3
[INFO] finished tweaking crates.io crate qiniu-objects-manager 0.2.3
[INFO] tweaked toml for crates.io crate qiniu-objects-manager 0.2.3 written to /workspace/builds/worker-0-tc1/source/Cargo.toml
[INFO] running `Command { std: CARGO_HOME="/workspace/cargo-home" RUSTUP_HOME="/workspace/rustup-home" "/workspace/cargo-home/bin/cargo" "+1.75.0" "generate-lockfile" "--manifest-path" "Cargo.toml", kill_on_drop: false }`
[INFO] [stderr]     Updating crates.io index
[INFO] running `Command { std: CARGO_HOME="/workspace/cargo-home" RUSTUP_HOME="/workspace/rustup-home" "/workspace/cargo-home/bin/cargo" "+1.75.0" "fetch" "--manifest-path" "Cargo.toml", kill_on_drop: false }`
[INFO] [stderr]  Downloading crates ...
[INFO] [stderr]   Downloaded qiniu-ureq v0.2.4
[INFO] [stderr]   Downloaded assert-impl v0.1.3
[INFO] [stderr]   Downloaded c-types v3.0.1
[INFO] [stderr]   Downloaded qiniu-utils v0.2.4
[INFO] [stderr]   Downloaded smallstr v0.3.0
[INFO] [stderr]   Downloaded qiniu-apis v0.2.4
[INFO] [stderr]   Downloaded duplicate v0.2.9
[INFO] [stderr]   Downloaded qiniu-http v0.2.4
[INFO] [stderr]   Downloaded c-ares-resolver v7.6.0
[INFO] [stderr]   Downloaded jni-sys v0.4.0
[INFO] [stderr]   Downloaded qiniu-reqwest v0.2.4
[INFO] [stderr]   Downloaded async-std-resolver v0.22.0
[INFO] [stderr]   Downloaded c-ares v7.8.0
[INFO] [stderr]   Downloaded qiniu-upload-token v0.2.4
[INFO] [stderr]   Downloaded qiniu-http-client v0.2.4
[INFO] [stderr]   Downloaded async-once-cell v0.3.1
[INFO] [stderr]   Downloaded c-ares-sys v7.0.0
[INFO] [stderr]   Downloaded fs4 v0.6.6
[INFO] [stderr]   Downloaded qiniu-credential v0.2.4
[INFO] [stderr]   Downloaded qiniu-isahc v0.2.4
[INFO] [stderr]   Downloaded jni-sys-macros v0.1.0
[INFO] running `Command { std: "docker" "create" "-v" "/var/lib/crater-agent-workspace/builds/worker-0-tc1/target:/opt/rustwide/target:rw,Z" "-v" "/var/lib/crater-agent-workspace/builds/worker-0-tc1/source:/opt/rustwide/workdir:ro,Z" "-v" "/var/lib/crater-agent-workspace/cargo-home:/opt/rustwide/cargo-home:ro,Z" "-v" "/var/lib/crater-agent-workspace/rustup-home:/opt/rustwide/rustup-home:ro,Z" "-e" "SOURCE_DIR=/opt/rustwide/workdir" "-e" "CARGO_TARGET_DIR=/opt/rustwide/target" "-e" "CARGO_HOME=/opt/rustwide/cargo-home" "-e" "RUSTUP_HOME=/opt/rustwide/rustup-home" "-w" "/opt/rustwide/workdir" "-m" "1610612736" "--user" "0:0" "--network" "none" "ghcr.io/rust-lang/crates-build-env/linux@sha256:2788e3201cd34a07e3172128adcd8b3090168a8e3bcc40d7c032b9dda1df7d1c" "/opt/rustwide/cargo-home/bin/cargo" "+1.75.0" "metadata" "--no-deps" "--format-version=1", kill_on_drop: false }`
[INFO] [stdout] 4bf205907d44489b7a6cbb2158eb71f2c7f1a1bc0999f66a5ce6093511543d59
[INFO] running `Command { std: "docker" "start" "-a" "4bf205907d44489b7a6cbb2158eb71f2c7f1a1bc0999f66a5ce6093511543d59", kill_on_drop: false }`
[INFO] running `Command { std: "docker" "inspect" "4bf205907d44489b7a6cbb2158eb71f2c7f1a1bc0999f66a5ce6093511543d59", kill_on_drop: false }`
[INFO] running `Command { std: "docker" "rm" "-f" "4bf205907d44489b7a6cbb2158eb71f2c7f1a1bc0999f66a5ce6093511543d59", kill_on_drop: false }`
[INFO] [stdout] 4bf205907d44489b7a6cbb2158eb71f2c7f1a1bc0999f66a5ce6093511543d59
[INFO] running `Command { std: "docker" "create" "-v" "/var/lib/crater-agent-workspace/builds/worker-0-tc1/target:/opt/rustwide/target:rw,Z" "-v" "/var/lib/crater-agent-workspace/builds/worker-0-tc1/source:/opt/rustwide/workdir:ro,Z" "-v" "/var/lib/crater-agent-workspace/cargo-home:/opt/rustwide/cargo-home:ro,Z" "-v" "/var/lib/crater-agent-workspace/rustup-home:/opt/rustwide/rustup-home:ro,Z" "-e" "SOURCE_DIR=/opt/rustwide/workdir" "-e" "CARGO_TARGET_DIR=/opt/rustwide/target" "-e" "CARGO_INCREMENTAL=0" "-e" "RUST_BACKTRACE=full" "-e" "RUSTFLAGS=--cap-lints=warn" "-e" "RUSTDOCFLAGS=--cap-lints=warn" "-e" "CARGO_HOME=/opt/rustwide/cargo-home" "-e" "RUSTUP_HOME=/opt/rustwide/rustup-home" "-w" "/opt/rustwide/workdir" "-m" "1610612736" "--user" "0:0" "--network" "none" "ghcr.io/rust-lang/crates-build-env/linux@sha256:2788e3201cd34a07e3172128adcd8b3090168a8e3bcc40d7c032b9dda1df7d1c" "/opt/rustwide/cargo-home/bin/cargo" "+1.75.0" "build" "--frozen" "--message-format=json", kill_on_drop: false }`
[INFO] [stdout] 447ff4dd59a3168b914a9f84b1b694e196beaa5352b48d55380d23bc67bce764
[INFO] running `Command { std: "docker" "start" "-a" "447ff4dd59a3168b914a9f84b1b694e196beaa5352b48d55380d23bc67bce764", kill_on_drop: false }`
[INFO] [stderr]    Compiling syn v1.0.109
[INFO] [stderr]    Compiling generic-array v0.14.7
[INFO] [stderr]    Compiling typenum v1.17.0
[INFO] [stderr]    Compiling proc-macro-error-attr v1.0.4
[INFO] [stderr]    Compiling proc-macro-error v1.0.4
[INFO] [stderr]    Compiling serde v1.0.194
[INFO] [stderr]    Compiling cc v1.0.83
[INFO] [stderr]    Compiling syn v2.0.48
[INFO] [stderr]    Compiling smallvec v1.11.2
[INFO] [stderr]    Compiling semver v1.0.21
[INFO] [stderr]    Compiling getrandom v0.2.11
[INFO] [stderr]    Compiling itoa v1.0.10
[INFO] [stderr]    Compiling once_cell v1.19.0
[INFO] [stderr]    Compiling untrusted v0.9.0
[INFO] [stderr]    Compiling percent-encoding v2.3.1
[INFO] [stderr]    Compiling tinyvec_macros v0.1.1
[INFO] [stderr]    Compiling spin v0.9.8
[INFO] [stderr]    Compiling form_urlencoded v1.2.1
[INFO] [stderr]    Compiling tinyvec v1.6.0
[INFO] [stderr]    Compiling smallstr v0.3.0
[INFO] [stderr]    Compiling num-traits v0.2.17
[INFO] [stderr]    Compiling unicase v2.7.0
[INFO] [stderr]    Compiling bytes v1.5.0
[INFO] [stderr]    Compiling getrandom v0.1.16
[INFO] [stderr]    Compiling digest v0.9.0
[INFO] [stderr]    Compiling ring v0.17.7
[INFO] [stderr]    Compiling anyhow v1.0.79
[INFO] [stderr]    Compiling base64 v0.13.1
[INFO] [stderr]    Compiling crc32fast v1.3.2
[INFO] [stderr]    Compiling http v0.2.11
[INFO] [stderr]    Compiling unicode-normalization v0.1.22
[INFO] [stderr]    Compiling block-buffer v0.9.0
[INFO] [stderr]    Compiling rustc_version v0.4.0
[INFO] [stderr]    Compiling adler v1.0.2
[INFO] [stderr]    Compiling value-bag v1.4.3
[INFO] [stderr]    Compiling rustls v0.21.10
[INFO] [stderr]    Compiling opaque-debug v0.3.0
[INFO] [stderr]    Compiling crossbeam-utils v0.8.18
[INFO] [stderr]    Compiling subtle v2.4.1
[INFO] [stderr]    Compiling assert-impl v0.1.3
[INFO] [stderr]    Compiling unicode-bidi v0.3.14
[INFO] [stderr]    Compiling crypto-mac v0.11.1
[INFO] [stderr]    Compiling qiniu-http v0.2.4
[INFO] [stderr]    Compiling log v0.4.20
[INFO] [stderr]    Compiling miniz_oxide v0.7.1
[INFO] [stderr]    Compiling idna v0.5.0
[INFO] [stderr]    Compiling num-integer v0.1.45
[INFO] [stderr]    Compiling dyn-clone v1.0.16
[INFO] [stderr]    Compiling memchr v2.7.1
[INFO] [stderr]    Compiling mime v0.3.17
[INFO] [stderr]    Compiling rustix v0.38.28
[INFO] [stderr]    Compiling cpufeatures v0.2.12
[INFO] [stderr]    Compiling serde_json v1.0.111
[INFO] [stderr]    Compiling sha-1 v0.9.8
[INFO] [stderr]    Compiling thiserror v1.0.56
[INFO] [stderr]    Compiling parking_lot_core v0.9.9
[INFO] [stderr]    Compiling rand_core v0.5.1
[INFO] [stderr]    Compiling mime_guess v2.0.4
[INFO] [stderr]    Compiling flate2 v1.0.28
[INFO] [stderr]    Compiling url v2.5.0
[INFO] [stderr]    Compiling aho-corasick v1.1.2
[INFO] [stderr]    Compiling hmac v0.11.0
[INFO] [stderr]    Compiling num-rational v0.3.2
[INFO] [stderr]    Compiling linux-raw-sys v0.4.12
[INFO] [stderr]    Compiling regex-syntax v0.8.2
[INFO] [stderr]    Compiling serde_derive v1.0.194
[INFO] [stderr]    Compiling thiserror-impl v1.0.56
[INFO] [stderr]    Compiling ryu v1.0.16
[INFO] [stderr]    Compiling ppv-lite86 v0.2.17
[INFO] [stderr]    Compiling base64 v0.21.5
[INFO] [stderr]    Compiling webpki-roots v0.25.3
[INFO] [stderr]    Compiling auto_impl v1.1.0
[INFO] [stderr]    Compiling dyn-clonable-impl v0.9.0
[INFO] [stderr]    Compiling duplicate v0.2.9
[INFO] [stderr]    Compiling rustls-webpki v0.101.7
[INFO] [stderr]    Compiling sct v0.7.1
[INFO] [stderr]    Compiling dyn-clonable v0.9.0
[INFO] [stderr]    Compiling regex-automata v0.4.3
[INFO] [stderr]    Compiling rand_chacha v0.2.2
[INFO] [stderr]    Compiling dirs-sys v0.3.7
[INFO] [stderr]    Compiling socket2 v0.4.10
[INFO] [stderr]    Compiling indexmap v1.9.3
[INFO] [stderr]    Compiling hashbrown v0.14.3
[INFO] [stderr]    Compiling iana-time-zone v0.1.59
[INFO] [stderr]    Compiling chrono v0.4.31
[INFO] [stderr]    Compiling dns-lookup v1.0.8
[INFO] [stderr]    Compiling dirs v3.0.2
[INFO] [stderr]    Compiling dashmap v5.5.3
[INFO] [stderr]    Compiling regex v1.10.2
[INFO] [stderr]    Compiling ureq v2.9.1
[INFO] [stderr]    Compiling fs4 v0.6.6
[INFO] [stderr]    Compiling rand v0.7.3
[INFO] [stderr]    Compiling crossbeam-queue v0.3.10
[INFO] [stderr]    Compiling crossbeam-channel v0.5.10
[INFO] [stderr]    Compiling md-5 v0.9.1
[INFO] [stderr]    Compiling maybe-owned v0.3.4
[INFO] [stderr]    Compiling ipnet v2.9.0
[INFO] [stderr]    Compiling hashbrown v0.12.3
[INFO] [stderr]    Compiling tap v1.0.1
[INFO] [stderr]    Compiling smart-default v0.6.0
[INFO] [stderr]    Compiling qiniu-utils v0.2.4
[INFO] [stderr]    Compiling qiniu-credential v0.2.4
[INFO] [stderr]    Compiling qiniu-ureq v0.2.4
[INFO] [stderr]    Compiling qiniu-upload-token v0.2.4
[INFO] [stderr]    Compiling qiniu-http-client v0.2.4
[INFO] [stderr]    Compiling qiniu-apis v0.2.4
[INFO] [stderr]    Compiling qiniu-objects-manager v0.2.3 (/opt/rustwide/workdir)
[INFO] [stderr]     Finished dev [unoptimized + debuginfo] target(s) in 29.37s
[INFO] running `Command { std: "docker" "inspect" "447ff4dd59a3168b914a9f84b1b694e196beaa5352b48d55380d23bc67bce764", kill_on_drop: false }`
[INFO] running `Command { std: "docker" "rm" "-f" "447ff4dd59a3168b914a9f84b1b694e196beaa5352b48d55380d23bc67bce764", kill_on_drop: false }`
[INFO] [stdout] 447ff4dd59a3168b914a9f84b1b694e196beaa5352b48d55380d23bc67bce764
[INFO] running `Command { std: "docker" "create" "-v" "/var/lib/crater-agent-workspace/builds/worker-0-tc1/target:/opt/rustwide/target:rw,Z" "-v" "/var/lib/crater-agent-workspace/builds/worker-0-tc1/source:/opt/rustwide/workdir:ro,Z" "-v" "/var/lib/crater-agent-workspace/cargo-home:/opt/rustwide/cargo-home:ro,Z" "-v" "/var/lib/crater-agent-workspace/rustup-home:/opt/rustwide/rustup-home:ro,Z" "-e" "SOURCE_DIR=/opt/rustwide/workdir" "-e" "CARGO_TARGET_DIR=/opt/rustwide/target" "-e" "CARGO_INCREMENTAL=0" "-e" "RUST_BACKTRACE=full" "-e" "RUSTFLAGS=--cap-lints=warn" "-e" "RUSTDOCFLAGS=--cap-lints=warn" "-e" "CARGO_HOME=/opt/rustwide/cargo-home" "-e" "RUSTUP_HOME=/opt/rustwide/rustup-home" "-w" "/opt/rustwide/workdir" "-m" "1610612736" "--user" "0:0" "--network" "none" "ghcr.io/rust-lang/crates-build-env/linux@sha256:2788e3201cd34a07e3172128adcd8b3090168a8e3bcc40d7c032b9dda1df7d1c" "/opt/rustwide/cargo-home/bin/cargo" "+1.75.0" "test" "--frozen" "--no-run" "--message-format=json", kill_on_drop: false }`
[INFO] [stdout] 2c6141f892020a5aa67f45e034dc2437909d25b836339c9f641413b79a68cc93
[INFO] running `Command { std: "docker" "start" "-a" "2c6141f892020a5aa67f45e034dc2437909d25b836339c9f641413b79a68cc93", kill_on_drop: false }`
[INFO] [stderr]    Compiling parking v2.2.0
[INFO] [stderr]    Compiling concurrent-queue v2.4.0
[INFO] [stderr]    Compiling futures-core v0.3.30
[INFO] [stderr]    Compiling futures-io v0.3.30
[INFO] [stderr]    Compiling fastrand v2.0.1
[INFO] [stderr]    Compiling tracing-core v0.1.32
[INFO] [stderr]    Compiling io-lifetimes v1.0.11
[INFO] [stderr]    Compiling polling v2.8.0
[INFO] [stderr]    Compiling event-listener v2.5.3
[INFO] [stderr]    Compiling event-listener v4.0.2
[INFO] [stderr]    Compiling async-task v4.7.0
[INFO] [stderr]    Compiling rustix v0.37.27
[INFO] [stderr]    Compiling futures-lite v2.1.0
[INFO] [stderr]    Compiling atomic-waker v1.1.2
[INFO] [stderr]    Compiling tracing v0.1.40
[INFO] [stderr]    Compiling piper v0.2.1
[INFO] [stderr]    Compiling event-listener-strategy v0.4.0
[INFO] [stderr]    Compiling polling v3.3.1
[INFO] [stderr]    Compiling async-lock v3.2.0
[INFO] [stderr]    Compiling async-channel v2.1.1
[INFO] [stderr]    Compiling async-io v1.13.0
[INFO] [stderr]    Compiling linux-raw-sys v0.3.8
[INFO] [stderr]    Compiling waker-fn v1.1.1
[INFO] [stderr]    Compiling fastrand v1.9.0
[INFO] [stderr]    Compiling bitflags v1.3.2
[INFO] [stderr]    Compiling async-lock v2.8.0
[INFO] [stderr]    Compiling futures-lite v1.13.0
[INFO] [stderr]    Compiling async-channel v1.9.0
[INFO] [stderr]    Compiling async-attributes v1.1.2
[INFO] [stderr]    Compiling atty v0.2.14
[INFO] [stderr]    Compiling kv-log-macro v1.0.7
[INFO] [stderr]    Compiling termcolor v1.4.0
[INFO] [stderr]    Compiling humantime v2.1.0
[INFO] [stderr]    Compiling env_logger v0.9.3
[INFO] [stderr]    Compiling async-io v2.2.2
[INFO] [stderr]    Compiling blocking v1.5.1
[INFO] [stderr]    Compiling async-executor v1.8.0
[INFO] [stderr]    Compiling async-global-executor v2.4.1
[INFO] [stderr]    Compiling async-std v1.12.0
[INFO] [stderr]    Compiling qiniu-objects-manager v0.2.3 (/opt/rustwide/workdir)
[INFO] [stderr]     Finished test [unoptimized + debuginfo] target(s) in 13.20s
[INFO] running `Command { std: "docker" "inspect" "2c6141f892020a5aa67f45e034dc2437909d25b836339c9f641413b79a68cc93", kill_on_drop: false }`
[INFO] running `Command { std: "docker" "rm" "-f" "2c6141f892020a5aa67f45e034dc2437909d25b836339c9f641413b79a68cc93", kill_on_drop: false }`
[INFO] [stdout] 2c6141f892020a5aa67f45e034dc2437909d25b836339c9f641413b79a68cc93
[INFO] running `Command { std: "docker" "create" "-v" "/var/lib/crater-agent-workspace/builds/worker-0-tc1/target:/opt/rustwide/target:rw,Z" "-v" "/var/lib/crater-agent-workspace/builds/worker-0-tc1/source:/opt/rustwide/workdir:ro,Z" "-v" "/var/lib/crater-agent-workspace/cargo-home:/opt/rustwide/cargo-home:ro,Z" "-v" "/var/lib/crater-agent-workspace/rustup-home:/opt/rustwide/rustup-home:ro,Z" "-e" "SOURCE_DIR=/opt/rustwide/workdir" "-e" "CARGO_TARGET_DIR=/opt/rustwide/target" "-e" "CARGO_INCREMENTAL=0" "-e" "RUST_BACKTRACE=full" "-e" "RUSTFLAGS=--cap-lints=warn" "-e" "RUSTDOCFLAGS=--cap-lints=warn" "-e" "CARGO_HOME=/opt/rustwide/cargo-home" "-e" "RUSTUP_HOME=/opt/rustwide/rustup-home" "-w" "/opt/rustwide/workdir" "-m" "1610612736" "--user" "0:0" "--network" "none" "ghcr.io/rust-lang/crates-build-env/linux@sha256:2788e3201cd34a07e3172128adcd8b3090168a8e3bcc40d7c032b9dda1df7d1c" "/opt/rustwide/cargo-home/bin/cargo" "+1.75.0" "test" "--frozen", kill_on_drop: false }`
[INFO] [stdout] e07c4f43dbceff22f246e2e97793ffa98b29c2015291b169c5200c8a475c95f8
[INFO] running `Command { std: "docker" "start" "-a" "e07c4f43dbceff22f246e2e97793ffa98b29c2015291b169c5200c8a475c95f8", kill_on_drop: false }`
[INFO] [stderr]     Finished test [unoptimized + debuginfo] target(s) in 0.22s
[INFO] [stderr]      Running unittests src/lib.rs (/opt/rustwide/target/debug/deps/qiniu_objects_manager-89f80da90a29d20c)
[INFO] [stdout] 
[INFO] [stdout] running 9 tests
[INFO] [stdout] test list::tests::test_sync_list_v2_with_error ... ok
[INFO] [stdout] test list::tests::test_sync_list_v1_with_prefix_and_limitation ... ok
[INFO] [stdout] test list::tests::test_sync_list_v2_with_non_results ... ok
[INFO] [stdout] test batch_operations::tests::test_sync_batch_ops ... ok
[INFO] [stdout] test list::tests::test_sync_list_v1_with_error ... ok
[INFO] [stdout] test list::tests::test_sync_list_v1_with_cancellation ... ok
[INFO] [stdout] test list::tests::test_sync_list_v2_with_cancellation ... ok
[INFO] [stdout] test list::tests::test_sync_list_v2 ... ok
[INFO] [stdout] test list::tests::test_sync_list_v1 ... ok
[INFO] [stdout] 
[INFO] [stdout] test result: ok. 9 passed; 0 failed; 0 ignored; 0 measured; 0 filtered out; finished in 0.04s
[INFO] [stdout] 
[INFO] [stderr]    Doc-tests qiniu-objects-manager
[INFO] [stdout] 
[INFO] [stdout] running 27 tests
[INFO] [stdout] test src/bucket.rs - bucket::Bucket::list (line 75) ... FAILED
[INFO] [stdout] test src/bucket.rs - bucket::Bucket::delete_object (line 263) ... FAILED
[INFO] [stdout] test src/bucket.rs - bucket::Bucket::batch_ops (line 481) ... FAILED
[INFO] [stdout] test src/bucket.rs - bucket::Bucket::copy_object_to (line 181) ... FAILED
[INFO] [stdout] test src/bucket.rs - bucket::Bucket::list (line 96) ... FAILED
[INFO] [stdout] test src/bucket.rs - bucket::Bucket::modify_object_metadata (line 394) ... FAILED
[INFO] [stdout] test src/bucket.rs - bucket::Bucket::modify_object_life_cycle (line 434) ... FAILED
[INFO] [stdout] test src/bucket.rs - bucket::Bucket::copy_object_to (line 166) ... ok
[INFO] [stdout] test src/bucket.rs - bucket::Bucket::modify_object_status (line 375) ... FAILED
[INFO] [stdout] test src/bucket.rs - bucket::Bucket::delete_object (line 248) ... ok
[INFO] [stdout] test src/bucket.rs - bucket::Bucket::modify_object_life_cycle (line 419) ... ok
[INFO] [stdout] test src/bucket.rs - bucket::Bucket::restore_archived_object (line 299) ... FAILED
[INFO] [stdout] test src/bucket.rs - bucket::Bucket::move_object_to (line 222) ... FAILED
[INFO] [stdout] test src/bucket.rs - bucket::Bucket::batch_ops (line 455) ... ok
[INFO] [stdout] test src/bucket.rs - bucket::Bucket::modify_object_status (line 360) ... ok
[INFO] [stdout] test src/bucket.rs - bucket::Bucket::stat_object (line 141) ... FAILED
[INFO] [stdout] test src/bucket.rs - bucket::Bucket::restore_archived_object (line 284) ... ok
[INFO] [stdout] test src/bucket.rs - bucket::Bucket::set_object_type (line 339) ... FAILED
[INFO] [stdout] test src/bucket.rs - bucket::Bucket::move_object_to (line 207) ... ok
[INFO] [stdout] test src/lib.rs - (line 138) ... FAILED
[INFO] [stdout] test src/lib.rs - (line 186) ... FAILED
[INFO] [stdout] test src/lib.rs - (line 91) ... FAILED
[INFO] [stdout] test src/bucket.rs - bucket::Bucket::set_object_type (line 324) ... ok
[INFO] [stdout] test src/bucket.rs - bucket::Bucket::stat_object (line 122) ... ok
[INFO] [stdout] test src/lib.rs - (line 112) ... ok
[INFO] [stdout] test src/lib.rs - (line 72) ... ok
[INFO] [stdout] test src/lib.rs - (line 166) ... ok
[INFO] [stdout] 
[INFO] [stdout] failures:
[INFO] [stdout] 
[INFO] [stdout] ---- src/bucket.rs - bucket::Bucket::list (line 75) stdout ----
[INFO] [stdout] error[E0433]: failed to resolve: use of undeclared crate or module `futures`
[INFO] [stdout]  --> src/bucket.rs:78:5
[INFO] [stdout]   |
[INFO] [stdout] 6 | use futures::stream::TryStreamExt;
[INFO] [stdout]   |     ^^^^^^^ use of undeclared crate or module `futures`
[INFO] [stdout] 
[INFO] [stdout] error: aborting due to previous error
[INFO] [stdout] 
[INFO] [stdout] For more information about this error, try `rustc --explain E0433`.
[INFO] [stdout] Couldn't compile the test.
[INFO] [stdout] ---- src/bucket.rs - bucket::Bucket::delete_object (line 263) stdout ----
[INFO] [stdout] error[E0599]: no method named `async_call` found for struct `DeleteObjectBuilder` in the current scope
[INFO] [stdout]   --> src/bucket.rs:272:34
[INFO] [stdout]    |
[INFO] [stdout] 12 | bucket.delete_object("test-key").async_call().await?;
[INFO] [stdout]    |                                  ^^^^^^^^^^ method not found in `DeleteObjectBuilder<'_>`
[INFO] [stdout] 
[INFO] [stdout] error: aborting due to previous error
[INFO] [stdout] 
[INFO] [stdout] For more information about this error, try `rustc --explain E0599`.
[INFO] [stdout] Couldn't compile the test.
[INFO] [stdout] ---- src/bucket.rs - bucket::Bucket::batch_ops (line 481) stdout ----
[INFO] [stdout] error[E0433]: failed to resolve: use of undeclared crate or module `futures`
[INFO] [stdout]  --> src/bucket.rs:484:5
[INFO] [stdout]   |
[INFO] [stdout] 6 | use futures::stream::TryStreamExt;
[INFO] [stdout]   |     ^^^^^^^ use of undeclared crate or module `futures`
[INFO] [stdout] 
[INFO] [stdout] error[E0599]: no method named `async_call` found for struct `BatchOperations` in the current scope
[INFO] [stdout]   --> src/bucket.rs:496:22
[INFO] [stdout]    |
[INFO] [stdout] 18 | let mut stream = ops.async_call();
[INFO] [stdout]    |                      ^^^^^^^^^^ method not found in `BatchOperations<'_>`
[INFO] [stdout] 
[INFO] [stdout] error: aborting due to 2 previous errors
[INFO] [stdout] 
[INFO] [stdout] Some errors have detailed explanations: E0433, E0599.
[INFO] [stdout] For more information about an error, try `rustc --explain E0433`.
[INFO] [stdout] Couldn't compile the test.
[INFO] [stdout] ---- src/bucket.rs - bucket::Bucket::copy_object_to (line 181) stdout ----
[INFO] [stdout] error[E0599]: no method named `async_call` found for struct `CopyObjectBuilder` in the current scope
[INFO] [stdout]   --> src/bucket.rs:190:64
[INFO] [stdout]    |
[INFO] [stdout] 12 | bucket.copy_object_to("test-key", "test-bucket-2", "test-key").async_call().await?;
[INFO] [stdout]    |                                                                ^^^^^^^^^^ method not found in `CopyObjectBuilder<'_>`
[INFO] [stdout] 
[INFO] [stdout] error: aborting due to previous error
[INFO] [stdout] 
[INFO] [stdout] For more information about this error, try `rustc --explain E0599`.
[INFO] [stdout] Couldn't compile the test.
[INFO] [stdout] ---- src/bucket.rs - bucket::Bucket::list (line 96) stdout ----
[INFO] [stdout] error[E0433]: failed to resolve: use of undeclared crate or module `futures`
[INFO] [stdout]  --> src/bucket.rs:99:5
[INFO] [stdout]   |
[INFO] [stdout] 6 | use futures::stream::TryStreamExt;
[INFO] [stdout]   |     ^^^^^^^ use of undeclared crate or module `futures`
[INFO] [stdout] 
[INFO] [stdout] error[E0599]: no method named `stream` found for struct `ListBuilder` in the current scope
[INFO] [stdout]   --> src/bucket.rs:105:32
[INFO] [stdout]    |
[INFO] [stdout] 12 | let mut stream = bucket.list().stream();
[INFO] [stdout]    |                                ^^^^^^ method not found in `ListBuilder<'_>`
[INFO] [stdout] 
[INFO] [stdout] error: aborting due to 2 previous errors
[INFO] [stdout] 
[INFO] [stdout] Some errors have detailed explanations: E0433, E0599.
[INFO] [stdout] For more information about an error, try `rustc --explain E0433`.
[INFO] [stdout] Couldn't compile the test.
[INFO] [stdout] ---- src/bucket.rs - bucket::Bucket::modify_object_metadata (line 394) stdout ----
[INFO] [stdout] error[E0599]: no method named `async_call` found for struct `ModifyObjectMetadataBuilder` in the current scope
[INFO] [stdout]   --> src/bucket.rs:403:61
[INFO] [stdout]    |
[INFO] [stdout] 12 | bucket.modify_object_metadata("test-key", APPLICATION_JSON).async_call().await?;
[INFO] [stdout]    |                                                             ^^^^^^^^^^ method not found in `ModifyObjectMetadataBuilder<'_>`
[INFO] [stdout] 
[INFO] [stdout] error: aborting due to previous error
[INFO] [stdout] 
[INFO] [stdout] For more information about this error, try `rustc --explain E0599`.
[INFO] [stdout] Couldn't compile the test.
[INFO] [stdout] ---- src/bucket.rs - bucket::Bucket::modify_object_life_cycle (line 434) stdout ----
[INFO] [stdout] error[E0599]: no method named `async_call` found for mutable reference `&mut ModifyObjectLifeCycleBuilder<'_>` in the current scope
[INFO] [stdout]   --> src/bucket.rs:443:82
[INFO] [stdout]    |
[INFO] [stdout] 12 | bucket.modify_object_life_cycle("test-key").delete_after_days(AfterDays::new(5)).async_call().await?;
[INFO] [stdout]    |                                                                                  ^^^^^^^^^^ method not found in `&mut ModifyObjectLifeCycleBuilder<'_>`
[INFO] [stdout] 
[INFO] [stdout] error: aborting due to previous error
[INFO] [stdout] 
[INFO] [stdout] For more information about this error, try `rustc --explain E0599`.
[INFO] [stdout] Couldn't compile the test.
[INFO] [stdout] ---- src/bucket.rs - bucket::Bucket::modify_object_status (line 375) stdout ----
[INFO] [stdout] error[E0599]: no method named `async_call` found for struct `ModifyObjectStatusBuilder` in the current scope
[INFO] [stdout]   --> src/bucket.rs:384:47
[INFO] [stdout]    |
[INFO] [stdout] 12 | bucket.modify_object_status("test-key", true).async_call().await?;
[INFO] [stdout]    |                                               ^^^^^^^^^^ method not found in `ModifyObjectStatusBuilder<'_>`
[INFO] [stdout] 
[INFO] [stdout] error: aborting due to previous error
[INFO] [stdout] 
[INFO] [stdout] For more information about this error, try `rustc --explain E0599`.
[INFO] [stdout] Couldn't compile the test.
[INFO] [stdout] ---- src/bucket.rs - bucket::Bucket::restore_archived_object (line 299) stdout ----
[INFO] [stdout] error[E0599]: no method named `async_call` found for struct `UnfreezeObjectBuilder` in the current scope
[INFO] [stdout]   --> src/bucket.rs:308:47
[INFO] [stdout]    |
[INFO] [stdout] 12 | bucket.restore_archived_object("test-key", 1).async_call().await?;
[INFO] [stdout]    |                                               ^^^^^^^^^^ method not found in `UnfreezeObjectBuilder<'_>`
[INFO] [stdout] 
[INFO] [stdout] error: aborting due to previous error
[INFO] [stdout] 
[INFO] [stdout] For more information about this error, try `rustc --explain E0599`.
[INFO] [stdout] Couldn't compile the test.
[INFO] [stdout] ---- src/bucket.rs - bucket::Bucket::move_object_to (line 222) stdout ----
[INFO] [stdout] error[E0599]: no method named `async_call` found for struct `MoveObjectBuilder` in the current scope
[INFO] [stdout]   --> src/bucket.rs:231:64
[INFO] [stdout]    |
[INFO] [stdout] 12 | bucket.move_object_to("test-key", "test-bucket-2", "test-key").async_call().await?;
[INFO] [stdout]    |                                                                ^^^^^^^^^^ method not found in `MoveObjectBuilder<'_>`
[INFO] [stdout] 
[INFO] [stdout] error: aborting due to previous error
[INFO] [stdout] 
[INFO] [stdout] For more information about this error, try `rustc --explain E0599`.
[INFO] [stdout] Couldn't compile the test.
[INFO] [stdout] ---- src/bucket.rs - bucket::Bucket::stat_object (line 141) stdout ----
[INFO] [stdout] error[E0599]: no method named `async_call` found for struct `StatObjectBuilder` in the current scope
[INFO] [stdout]   --> src/bucket.rs:150:47
[INFO] [stdout]    |
[INFO] [stdout] 12 | let response = bucket.stat_object("test-key").async_call().await?;
[INFO] [stdout]    |                                               ^^^^^^^^^^ method not found in `StatObjectBuilder<'_>`
[INFO] [stdout] 
[INFO] [stdout] error: aborting due to previous error
[INFO] [stdout] 
[INFO] [stdout] For more information about this error, try `rustc --explain E0599`.
[INFO] [stdout] Couldn't compile the test.
[INFO] [stdout] ---- src/bucket.rs - bucket::Bucket::set_object_type (line 339) stdout ----
[INFO] [stdout] error[E0599]: no method named `async_call` found for struct `SetObjectTypeBuilder` in the current scope
[INFO] [stdout]   --> src/bucket.rs:348:55
[INFO] [stdout]    |
[INFO] [stdout] 12 | bucket.set_object_type("test-key", FileType::Archive).async_call().await?;
[INFO] [stdout]    |                                                       ^^^^^^^^^^ method not found in `SetObjectTypeBuilder<'_>`
[INFO] [stdout] 
[INFO] [stdout] error: aborting due to previous error
[INFO] [stdout] 
[INFO] [stdout] For more information about this error, try `rustc --explain E0599`.
[INFO] [stdout] Couldn't compile the test.
[INFO] [stdout] ---- src/lib.rs - (line 138) stdout ----
[INFO] [stdout] error[E0433]: failed to resolve: use of undeclared crate or module `futures`
[INFO] [stdout]  --> src/lib.rs:141:5
[INFO] [stdout]   |
[INFO] [stdout] 6 | use futures::stream::TryStreamExt;
[INFO] [stdout]   |     ^^^^^^^ use of undeclared crate or module `futures`
[INFO] [stdout] 
[INFO] [stdout] error[E0599]: no method named `async_call` found for struct `BatchOperations` in the current scope
[INFO] [stdout]   --> src/lib.rs:153:22
[INFO] [stdout]    |
[INFO] [stdout] 18 | let mut stream = ops.async_call();
[INFO] [stdout]    |                      ^^^^^^^^^^ method not found in `BatchOperations<'_>`
[INFO] [stdout] 
[INFO] [stdout] error: aborting due to 2 previous errors
[INFO] [stdout] 
[INFO] [stdout] Some errors have detailed explanations: E0433, E0599.
[INFO] [stdout] For more information about an error, try `rustc --explain E0433`.
[INFO] [stdout] Couldn't compile the test.
[INFO] [stdout] ---- src/lib.rs - (line 186) stdout ----
[INFO] [stdout] error[E0433]: failed to resolve: use of undeclared crate or module `futures`
[INFO] [stdout]  --> src/lib.rs:189:5
[INFO] [stdout]   |
[INFO] [stdout] 6 | use futures::stream::TryStreamExt;
[INFO] [stdout]   |     ^^^^^^^ use of undeclared crate or module `futures`
[INFO] [stdout] 
[INFO] [stdout] error[E0599]: no method named `stream` found for struct `ListBuilder` in the current scope
[INFO] [stdout]   --> src/lib.rs:195:32
[INFO] [stdout]    |
[INFO] [stdout] 12 | let mut stream = bucket.list().stream();
[INFO] [stdout]    |                                ^^^^^^ method not found in `ListBuilder<'_>`
[INFO] [stdout] 
[INFO] [stdout] error: aborting due to 2 previous errors
[INFO] [stdout] 
[INFO] [stdout] Some errors have detailed explanations: E0433, E0599.
[INFO] [stdout] For more information about an error, try `rustc --explain E0433`.
[INFO] [stdout] Couldn't compile the test.
[INFO] [stdout] ---- src/lib.rs - (line 91) stdout ----
[INFO] [stdout] error[E0599]: no method named `async_call` found for struct `StatObjectBuilder` in the current scope
[INFO] [stdout]   --> src/lib.rs:100:47
[INFO] [stdout]    |
[INFO] [stdout] 12 | let response = bucket.stat_object("test-key").async_call().await?;
[INFO] [stdout]    |                                               ^^^^^^^^^^ method not found in `StatObjectBuilder<'_>`
[INFO] [stdout] 
[INFO] [stdout] error: aborting due to previous error
[INFO] [stdout] 
[INFO] [stdout] For more information about this error, try `rustc --explain E0599`.
[INFO] [stdout] Couldn't compile the test.
[INFO] [stdout] 
[INFO] [stdout] failures:
[INFO] [stdout]     src/bucket.rs - bucket::Bucket::batch_ops (line 481)
[INFO] [stdout]     src/bucket.rs - bucket::Bucket::copy_object_to (line 181)
[INFO] [stdout]     src/bucket.rs - bucket::Bucket::delete_object (line 263)
[INFO] [stdout]     src/bucket.rs - bucket::Bucket::list (line 75)
[INFO] [stdout]     src/bucket.rs - bucket::Bucket::list (line 96)
[INFO] [stdout]     src/bucket.rs - bucket::Bucket::modify_object_life_cycle (line 434)
[INFO] [stdout]     src/bucket.rs - bucket::Bucket::modify_object_metadata (line 394)
[INFO] [stdout]     src/bucket.rs - bucket::Bucket::modify_object_status (line 375)
[INFO] [stdout]     src/bucket.rs - bucket::Bucket::move_object_to (line 222)
[INFO] [stdout]     src/bucket.rs - bucket::Bucket::restore_archived_object (line 299)
[INFO] [stdout]     src/bucket.rs - bucket::Bucket::set_object_type (line 339)
[INFO] [stdout]     src/bucket.rs - bucket::Bucket::stat_object (line 141)
[INFO] [stdout]     src/lib.rs - (line 138)
[INFO] [stdout]     src/lib.rs - (line 186)
[INFO] [stdout]     src/lib.rs - (line 91)
[INFO] [stdout] 
[INFO] [stdout] test result: FAILED. 12 passed; 15 failed; 0 ignored; 0 measured; 0 filtered out; finished in 1.55s
[INFO] [stdout] 
[INFO] [stderr] error: doctest failed, to rerun pass `--doc`
[INFO] running `Command { std: "docker" "inspect" "e07c4f43dbceff22f246e2e97793ffa98b29c2015291b169c5200c8a475c95f8", kill_on_drop: false }`
[INFO] running `Command { std: "docker" "rm" "-f" "e07c4f43dbceff22f246e2e97793ffa98b29c2015291b169c5200c8a475c95f8", kill_on_drop: false }`
[INFO] [stdout] e07c4f43dbceff22f246e2e97793ffa98b29c2015291b169c5200c8a475c95f8
