[INFO] fetching crate pyo3-async-macros 0.3.1...
[INFO] testing pyo3-async-macros-0.3.1 against 1.75.0 for beta-1.76-1
[INFO] extracting crate pyo3-async-macros 0.3.1 into /workspace/builds/worker-4-tc1/source
[INFO] validating manifest of crates.io crate pyo3-async-macros 0.3.1 on toolchain 1.75.0
[INFO] running `Command { std: CARGO_HOME="/workspace/cargo-home" RUSTUP_HOME="/workspace/rustup-home" "/workspace/cargo-home/bin/cargo" "+1.75.0" "metadata" "--manifest-path" "Cargo.toml" "--no-deps", kill_on_drop: false }`
[INFO] started tweaking crates.io crate pyo3-async-macros 0.3.1
[INFO] finished tweaking crates.io crate pyo3-async-macros 0.3.1
[INFO] tweaked toml for crates.io crate pyo3-async-macros 0.3.1 written to /workspace/builds/worker-4-tc1/source/Cargo.toml
[INFO] running `Command { std: CARGO_HOME="/workspace/cargo-home" RUSTUP_HOME="/workspace/rustup-home" "/workspace/cargo-home/bin/cargo" "+1.75.0" "generate-lockfile" "--manifest-path" "Cargo.toml", kill_on_drop: false }`
[INFO] [stderr]     Updating crates.io index
[INFO] running `Command { std: CARGO_HOME="/workspace/cargo-home" RUSTUP_HOME="/workspace/rustup-home" "/workspace/cargo-home/bin/cargo" "+1.75.0" "fetch" "--manifest-path" "Cargo.toml", kill_on_drop: false }`
[INFO] running `Command { std: "docker" "create" "-v" "/var/lib/crater-agent-workspace/builds/worker-4-tc1/target:/opt/rustwide/target:rw,Z" "-v" "/var/lib/crater-agent-workspace/builds/worker-4-tc1/source:/opt/rustwide/workdir:ro,Z" "-v" "/var/lib/crater-agent-workspace/cargo-home:/opt/rustwide/cargo-home:ro,Z" "-v" "/var/lib/crater-agent-workspace/rustup-home:/opt/rustwide/rustup-home:ro,Z" "-e" "SOURCE_DIR=/opt/rustwide/workdir" "-e" "CARGO_TARGET_DIR=/opt/rustwide/target" "-e" "CARGO_HOME=/opt/rustwide/cargo-home" "-e" "RUSTUP_HOME=/opt/rustwide/rustup-home" "-w" "/opt/rustwide/workdir" "-m" "1610612736" "--user" "0:0" "--network" "none" "ghcr.io/rust-lang/crates-build-env/linux@sha256:2788e3201cd34a07e3172128adcd8b3090168a8e3bcc40d7c032b9dda1df7d1c" "/opt/rustwide/cargo-home/bin/cargo" "+1.75.0" "metadata" "--no-deps" "--format-version=1", kill_on_drop: false }`
[INFO] [stdout] de90e518c4fbc3bcae54c70ac8b61f71a92adc56f1ef7cfe3cc6479a0873c428
[INFO] running `Command { std: "docker" "start" "-a" "de90e518c4fbc3bcae54c70ac8b61f71a92adc56f1ef7cfe3cc6479a0873c428", kill_on_drop: false }`
[INFO] running `Command { std: "docker" "inspect" "de90e518c4fbc3bcae54c70ac8b61f71a92adc56f1ef7cfe3cc6479a0873c428", kill_on_drop: false }`
[INFO] running `Command { std: "docker" "rm" "-f" "de90e518c4fbc3bcae54c70ac8b61f71a92adc56f1ef7cfe3cc6479a0873c428", kill_on_drop: false }`
[INFO] [stdout] de90e518c4fbc3bcae54c70ac8b61f71a92adc56f1ef7cfe3cc6479a0873c428
[INFO] running `Command { std: "docker" "create" "-v" "/var/lib/crater-agent-workspace/builds/worker-4-tc1/target:/opt/rustwide/target:rw,Z" "-v" "/var/lib/crater-agent-workspace/builds/worker-4-tc1/source:/opt/rustwide/workdir:ro,Z" "-v" "/var/lib/crater-agent-workspace/cargo-home:/opt/rustwide/cargo-home:ro,Z" "-v" "/var/lib/crater-agent-workspace/rustup-home:/opt/rustwide/rustup-home:ro,Z" "-e" "SOURCE_DIR=/opt/rustwide/workdir" "-e" "CARGO_TARGET_DIR=/opt/rustwide/target" "-e" "CARGO_INCREMENTAL=0" "-e" "RUST_BACKTRACE=full" "-e" "RUSTFLAGS=--cap-lints=warn" "-e" "RUSTDOCFLAGS=--cap-lints=warn" "-e" "CARGO_HOME=/opt/rustwide/cargo-home" "-e" "RUSTUP_HOME=/opt/rustwide/rustup-home" "-w" "/opt/rustwide/workdir" "-m" "1610612736" "--user" "0:0" "--network" "none" "ghcr.io/rust-lang/crates-build-env/linux@sha256:2788e3201cd34a07e3172128adcd8b3090168a8e3bcc40d7c032b9dda1df7d1c" "/opt/rustwide/cargo-home/bin/cargo" "+1.75.0" "build" "--frozen" "--message-format=json", kill_on_drop: false }`
[INFO] [stdout] 78d5916b9e0d8fe6908c20bb10be40ac3728900dc57430317f689daada4a5e9c
[INFO] running `Command { std: "docker" "start" "-a" "78d5916b9e0d8fe6908c20bb10be40ac3728900dc57430317f689daada4a5e9c", kill_on_drop: false }`
[INFO] [stderr]    Compiling proc-macro2 v1.0.75
[INFO] [stderr]    Compiling quote v1.0.35
[INFO] [stderr]    Compiling syn v2.0.48
[INFO] [stderr]    Compiling pyo3-async-macros v0.3.1 (/opt/rustwide/workdir)
[INFO] [stderr]     Finished dev [unoptimized + debuginfo] target(s) in 4.38s
[INFO] running `Command { std: "docker" "inspect" "78d5916b9e0d8fe6908c20bb10be40ac3728900dc57430317f689daada4a5e9c", kill_on_drop: false }`
[INFO] running `Command { std: "docker" "rm" "-f" "78d5916b9e0d8fe6908c20bb10be40ac3728900dc57430317f689daada4a5e9c", kill_on_drop: false }`
[INFO] [stdout] 78d5916b9e0d8fe6908c20bb10be40ac3728900dc57430317f689daada4a5e9c
[INFO] running `Command { std: "docker" "create" "-v" "/var/lib/crater-agent-workspace/builds/worker-4-tc1/target:/opt/rustwide/target:rw,Z" "-v" "/var/lib/crater-agent-workspace/builds/worker-4-tc1/source:/opt/rustwide/workdir:ro,Z" "-v" "/var/lib/crater-agent-workspace/cargo-home:/opt/rustwide/cargo-home:ro,Z" "-v" "/var/lib/crater-agent-workspace/rustup-home:/opt/rustwide/rustup-home:ro,Z" "-e" "SOURCE_DIR=/opt/rustwide/workdir" "-e" "CARGO_TARGET_DIR=/opt/rustwide/target" "-e" "CARGO_INCREMENTAL=0" "-e" "RUST_BACKTRACE=full" "-e" "RUSTFLAGS=--cap-lints=warn" "-e" "RUSTDOCFLAGS=--cap-lints=warn" "-e" "CARGO_HOME=/opt/rustwide/cargo-home" "-e" "RUSTUP_HOME=/opt/rustwide/rustup-home" "-w" "/opt/rustwide/workdir" "-m" "1610612736" "--user" "0:0" "--network" "none" "ghcr.io/rust-lang/crates-build-env/linux@sha256:2788e3201cd34a07e3172128adcd8b3090168a8e3bcc40d7c032b9dda1df7d1c" "/opt/rustwide/cargo-home/bin/cargo" "+1.75.0" "test" "--frozen" "--no-run" "--message-format=json", kill_on_drop: false }`
[INFO] [stdout] 4cb0a005046c7091ded91a4f1d414e2e49966d188a9df3536c954173f6811db3
[INFO] running `Command { std: "docker" "start" "-a" "4cb0a005046c7091ded91a4f1d414e2e49966d188a9df3536c954173f6811db3", kill_on_drop: false }`
[INFO] [stderr]    Compiling target-lexicon v0.12.13
[INFO] [stderr]    Compiling once_cell v1.19.0
[INFO] [stderr]    Compiling scopeguard v1.2.0
[INFO] [stderr]    Compiling cfg-if v1.0.0
[INFO] [stderr]    Compiling smallvec v1.11.2
[INFO] [stderr]    Compiling unindent v0.1.11
[INFO] [stderr]    Compiling indoc v1.0.9
[INFO] [stderr]    Compiling libc v0.2.151
[INFO] [stderr]    Compiling parking_lot_core v0.9.9
[INFO] [stderr]    Compiling lock_api v0.4.11
[INFO] [stderr]    Compiling memoffset v0.9.0
[INFO] [stderr]    Compiling syn v1.0.109
[INFO] [stderr]    Compiling pyo3-async-macros v0.3.1 (/opt/rustwide/workdir)
[INFO] [stderr]    Compiling pyo3-build-config v0.19.2
[INFO] [stderr]    Compiling parking_lot v0.12.1
[INFO] [stderr]    Compiling pyo3-ffi v0.19.2
[INFO] [stderr]    Compiling pyo3 v0.19.2
[INFO] [stderr]    Compiling pyo3-macros-backend v0.19.2
[INFO] [stderr]    Compiling pyo3-macros v0.19.2
[INFO] [stderr]     Finished test [unoptimized + debuginfo] target(s) in 6.44s
[INFO] running `Command { std: "docker" "inspect" "4cb0a005046c7091ded91a4f1d414e2e49966d188a9df3536c954173f6811db3", kill_on_drop: false }`
[INFO] running `Command { std: "docker" "rm" "-f" "4cb0a005046c7091ded91a4f1d414e2e49966d188a9df3536c954173f6811db3", kill_on_drop: false }`
[INFO] [stdout] 4cb0a005046c7091ded91a4f1d414e2e49966d188a9df3536c954173f6811db3
[INFO] running `Command { std: "docker" "create" "-v" "/var/lib/crater-agent-workspace/builds/worker-4-tc1/target:/opt/rustwide/target:rw,Z" "-v" "/var/lib/crater-agent-workspace/builds/worker-4-tc1/source:/opt/rustwide/workdir:ro,Z" "-v" "/var/lib/crater-agent-workspace/cargo-home:/opt/rustwide/cargo-home:ro,Z" "-v" "/var/lib/crater-agent-workspace/rustup-home:/opt/rustwide/rustup-home:ro,Z" "-e" "SOURCE_DIR=/opt/rustwide/workdir" "-e" "CARGO_TARGET_DIR=/opt/rustwide/target" "-e" "CARGO_INCREMENTAL=0" "-e" "RUST_BACKTRACE=full" "-e" "RUSTFLAGS=--cap-lints=warn" "-e" "RUSTDOCFLAGS=--cap-lints=warn" "-e" "CARGO_HOME=/opt/rustwide/cargo-home" "-e" "RUSTUP_HOME=/opt/rustwide/rustup-home" "-w" "/opt/rustwide/workdir" "-m" "1610612736" "--user" "0:0" "--network" "none" "ghcr.io/rust-lang/crates-build-env/linux@sha256:2788e3201cd34a07e3172128adcd8b3090168a8e3bcc40d7c032b9dda1df7d1c" "/opt/rustwide/cargo-home/bin/cargo" "+1.75.0" "test" "--frozen", kill_on_drop: false }`
[INFO] [stdout] a17bcd459c5995be170600fc659054b110d607f5954c6d325af5aefcb984593d
[INFO] running `Command { std: "docker" "start" "-a" "a17bcd459c5995be170600fc659054b110d607f5954c6d325af5aefcb984593d", kill_on_drop: false }`
[INFO] [stderr]     Finished test [unoptimized + debuginfo] target(s) in 0.02s
[INFO] [stderr]      Running unittests src/lib.rs (/opt/rustwide/target/debug/deps/pyo3_async_macros-abe3f8249b270e40)
[INFO] [stdout] 
[INFO] [stdout] running 0 tests
[INFO] [stdout] 
[INFO] [stdout] test result: ok. 0 passed; 0 failed; 0 ignored; 0 measured; 0 filtered out; finished in 0.00s
[INFO] [stdout] 
[INFO] [stderr]    Doc-tests pyo3-async-macros
[INFO] [stdout] 
[INFO] [stdout] running 4 tests
[INFO] [stdout] test src/lib.rs - pyfunction (line 102) ... FAILED
[INFO] [stdout] test src/lib.rs - pymethods (line 160) ... FAILED
[INFO] [stdout] test src/lib.rs - pyfunction (line 109) ... FAILED
[INFO] [stdout] test src/lib.rs - pymethods (line 182) ... FAILED
[INFO] [stdout] 
[INFO] [stdout] failures:
[INFO] [stdout] 
[INFO] [stdout] ---- src/lib.rs - pyfunction (line 102) stdout ----
[INFO] [stdout] error[E0433]: failed to resolve: use of undeclared crate or module `pyo3_async`
[INFO] [stdout]  --> src/lib.rs:103:3
[INFO] [stdout]   |
[INFO] [stdout] 3 | #[pyo3_async::pyfunction(allow_threads)]
[INFO] [stdout]   |   ^^^^^^^^^^ use of undeclared crate or module `pyo3_async`
[INFO] [stdout] 
[INFO] [stdout] error: aborting due to previous error
[INFO] [stdout] 
[INFO] [stdout] For more information about this error, try `rustc --explain E0433`.
[INFO] [stdout] Couldn't compile the test.
[INFO] [stdout] ---- src/lib.rs - pymethods (line 160) stdout ----
[INFO] [stdout] error[E0433]: failed to resolve: use of undeclared crate or module `pyo3_async`
[INFO] [stdout]  --> src/lib.rs:164:3
[INFO] [stdout]   |
[INFO] [stdout] 6 | #[pyo3_async::pymethods(trio)]
[INFO] [stdout]   |   ^^^^^^^^^^ use of undeclared crate or module `pyo3_async`
[INFO] [stdout] 
[INFO] [stdout] error: aborting due to previous error
[INFO] [stdout] 
[INFO] [stdout] For more information about this error, try `rustc --explain E0433`.
[INFO] [stdout] Couldn't compile the test.
[INFO] [stdout] ---- src/lib.rs - pyfunction (line 109) stdout ----
[INFO] [stdout] error[E0433]: failed to resolve: could not find `pyo3_async` in the list of imported crates
[INFO] [stdout]  --> src/lib.rs:115:36
[INFO] [stdout]   |
[INFO] [stdout] 8 | pub fn async_print(s: String) -> ::pyo3_async::asyncio::Coroutine {
[INFO] [stdout]   |                                    ^^^^^^^^^^ could not find `pyo3_async` in the list of imported crates
[INFO] [stdout] 
[INFO] [stdout] error[E0433]: failed to resolve: could not find `pyo3_async` in the list of imported crates
[INFO] [stdout]  --> src/lib.rs:116:53
[INFO] [stdout]   |
[INFO] [stdout] 9 |     ::pyo3_async::asyncio::Coroutine::from_future(::pyo3_async::AllowThreads(
[INFO] [stdout]   |                                                     ^^^^^^^^^^ could not find `pyo3_async` in the list of imported crates
[INFO] [stdout] 
[INFO] [stdout] error[E0433]: failed to resolve: could not find `pyo3_async` in the list of imported crates
[INFO] [stdout]  --> src/lib.rs:116:7
[INFO] [stdout]   |
[INFO] [stdout] 9 |     ::pyo3_async::asyncio::Coroutine::from_future(::pyo3_async::AllowThreads(
[INFO] [stdout]   |       ^^^^^^^^^^ could not find `pyo3_async` in the list of imported crates
[INFO] [stdout]   |
[INFO] [stdout] help: consider importing one of these items
[INFO] [stdout]   |
[INFO] [stdout] 2 + use core::ops::Coroutine;
[INFO] [stdout]   |
[INFO] [stdout] 2 + use std::ops::Coroutine;
[INFO] [stdout]   |
[INFO] [stdout] help: if you import `Coroutine`, refer to it directly
[INFO] [stdout]   |
[INFO] [stdout] 9 -     ::pyo3_async::asyncio::Coroutine::from_future(::pyo3_async::AllowThreads(
[INFO] [stdout] 9 +     Coroutine::from_future(::pyo3_async::AllowThreads(
[INFO] [stdout]   |
[INFO] [stdout] 
[INFO] [stdout] error: aborting due to 3 previous errors
[INFO] [stdout] 
[INFO] [stdout] For more information about this error, try `rustc --explain E0433`.
[INFO] [stdout] Couldn't compile the test.
[INFO] [stdout] ---- src/lib.rs - pymethods (line 182) stdout ----
[INFO] [stdout] error[E0433]: failed to resolve: could not find `pyo3_async` in the list of imported crates
[INFO] [stdout]   --> src/lib.rs:194:53
[INFO] [stdout]    |
[INFO] [stdout] 14 |     fn async_incr_async(self_: pyo3::Py<Self>) -> ::pyo3_async::trio::Coroutine {
[INFO] [stdout]    |                                                     ^^^^^^^^^^ could not find `pyo3_async` in the list of imported crates
[INFO] [stdout] 
[INFO] [stdout] error[E0433]: failed to resolve: could not find `pyo3_async` in the list of imported crates
[INFO] [stdout]   --> src/lib.rs:195:11
[INFO] [stdout]    |
[INFO] [stdout] 15 |         ::pyo3_async::trio::Coroutine::from_future(Counter::incr_async(self_))
[INFO] [stdout]    |           ^^^^^^^^^^ could not find `pyo3_async` in the list of imported crates
[INFO] [stdout]    |
[INFO] [stdout] help: consider importing one of these items
[INFO] [stdout]    |
[INFO] [stdout] 2  + use core::ops::Coroutine;
[INFO] [stdout]    |
[INFO] [stdout] 2  + use std::ops::Coroutine;
[INFO] [stdout]    |
[INFO] [stdout] help: if you import `Coroutine`, refer to it directly
[INFO] [stdout]    |
[INFO] [stdout] 15 -         ::pyo3_async::trio::Coroutine::from_future(Counter::incr_async(self_))
[INFO] [stdout] 15 +         Coroutine::from_future(Counter::incr_async(self_))
[INFO] [stdout]    |
[INFO] [stdout] 
[INFO] [stdout] error: aborting due to 2 previous errors
[INFO] [stdout] 
[INFO] [stdout] For more information about this error, try `rustc --explain E0433`.
[INFO] [stdout] Couldn't compile the test.
[INFO] [stdout] 
[INFO] [stdout] failures:
[INFO] [stdout]     src/lib.rs - pyfunction (line 102)
[INFO] [stdout]     src/lib.rs - pyfunction (line 109)
[INFO] [stdout]     src/lib.rs - pymethods (line 160)
[INFO] [stdout]     src/lib.rs - pymethods (line 182)
[INFO] [stdout] 
[INFO] [stdout] test result: FAILED. 0 passed; 4 failed; 0 ignored; 0 measured; 0 filtered out; finished in 0.07s
[INFO] [stdout] 
[INFO] [stderr] error: doctest failed, to rerun pass `--doc`
[INFO] running `Command { std: "docker" "inspect" "a17bcd459c5995be170600fc659054b110d607f5954c6d325af5aefcb984593d", kill_on_drop: false }`
[INFO] running `Command { std: "docker" "rm" "-f" "a17bcd459c5995be170600fc659054b110d607f5954c6d325af5aefcb984593d", kill_on_drop: false }`
[INFO] [stdout] a17bcd459c5995be170600fc659054b110d607f5954c6d325af5aefcb984593d
