[INFO] fetching crate pxp-parser 0.0.0-b4...
[INFO] testing pxp-parser-0.0.0-b4 against 1.75.0 for beta-1.76-1
[INFO] extracting crate pxp-parser 0.0.0-b4 into /workspace/builds/worker-2-tc1/source
[INFO] validating manifest of crates.io crate pxp-parser 0.0.0-b4 on toolchain 1.75.0
[INFO] running `Command { std: CARGO_HOME="/workspace/cargo-home" RUSTUP_HOME="/workspace/rustup-home" "/workspace/cargo-home/bin/cargo" "+1.75.0" "metadata" "--manifest-path" "Cargo.toml" "--no-deps", kill_on_drop: false }`
[INFO] started tweaking crates.io crate pxp-parser 0.0.0-b4
[INFO] finished tweaking crates.io crate pxp-parser 0.0.0-b4
[INFO] tweaked toml for crates.io crate pxp-parser 0.0.0-b4 written to /workspace/builds/worker-2-tc1/source/Cargo.toml
[INFO] crate crates.io crate pxp-parser 0.0.0-b4 already has a lockfile, it will not be regenerated
[INFO] running `Command { std: CARGO_HOME="/workspace/cargo-home" RUSTUP_HOME="/workspace/rustup-home" "/workspace/cargo-home/bin/cargo" "+1.75.0" "fetch" "--manifest-path" "Cargo.toml", kill_on_drop: false }`
[INFO] running `Command { std: "docker" "create" "-v" "/var/lib/crater-agent-workspace/builds/worker-2-tc1/target:/opt/rustwide/target:rw,Z" "-v" "/var/lib/crater-agent-workspace/builds/worker-2-tc1/source:/opt/rustwide/workdir:ro,Z" "-v" "/var/lib/crater-agent-workspace/cargo-home:/opt/rustwide/cargo-home:ro,Z" "-v" "/var/lib/crater-agent-workspace/rustup-home:/opt/rustwide/rustup-home:ro,Z" "-e" "SOURCE_DIR=/opt/rustwide/workdir" "-e" "CARGO_TARGET_DIR=/opt/rustwide/target" "-e" "CARGO_HOME=/opt/rustwide/cargo-home" "-e" "RUSTUP_HOME=/opt/rustwide/rustup-home" "-w" "/opt/rustwide/workdir" "-m" "1610612736" "--user" "0:0" "--network" "none" "ghcr.io/rust-lang/crates-build-env/linux@sha256:2788e3201cd34a07e3172128adcd8b3090168a8e3bcc40d7c032b9dda1df7d1c" "/opt/rustwide/cargo-home/bin/cargo" "+1.75.0" "metadata" "--no-deps" "--format-version=1", kill_on_drop: false }`
[INFO] [stdout] c4a9b4271820b8662537f9c3936ef291a227daf9c1375d52584a3f1431b6d5a6
[INFO] running `Command { std: "docker" "start" "-a" "c4a9b4271820b8662537f9c3936ef291a227daf9c1375d52584a3f1431b6d5a6", kill_on_drop: false }`
[INFO] running `Command { std: "docker" "inspect" "c4a9b4271820b8662537f9c3936ef291a227daf9c1375d52584a3f1431b6d5a6", kill_on_drop: false }`
[INFO] running `Command { std: "docker" "rm" "-f" "c4a9b4271820b8662537f9c3936ef291a227daf9c1375d52584a3f1431b6d5a6", kill_on_drop: false }`
[INFO] [stdout] c4a9b4271820b8662537f9c3936ef291a227daf9c1375d52584a3f1431b6d5a6
[INFO] running `Command { std: "docker" "create" "-v" "/var/lib/crater-agent-workspace/builds/worker-2-tc1/target:/opt/rustwide/target:rw,Z" "-v" "/var/lib/crater-agent-workspace/builds/worker-2-tc1/source:/opt/rustwide/workdir:ro,Z" "-v" "/var/lib/crater-agent-workspace/cargo-home:/opt/rustwide/cargo-home:ro,Z" "-v" "/var/lib/crater-agent-workspace/rustup-home:/opt/rustwide/rustup-home:ro,Z" "-e" "SOURCE_DIR=/opt/rustwide/workdir" "-e" "CARGO_TARGET_DIR=/opt/rustwide/target" "-e" "CARGO_INCREMENTAL=0" "-e" "RUST_BACKTRACE=full" "-e" "RUSTFLAGS=--cap-lints=warn" "-e" "RUSTDOCFLAGS=--cap-lints=warn" "-e" "CARGO_HOME=/opt/rustwide/cargo-home" "-e" "RUSTUP_HOME=/opt/rustwide/rustup-home" "-w" "/opt/rustwide/workdir" "-m" "1610612736" "--user" "0:0" "--network" "none" "ghcr.io/rust-lang/crates-build-env/linux@sha256:2788e3201cd34a07e3172128adcd8b3090168a8e3bcc40d7c032b9dda1df7d1c" "/opt/rustwide/cargo-home/bin/cargo" "+1.75.0" "build" "--frozen" "--message-format=json", kill_on_drop: false }`
[INFO] [stdout] 4d05ffd1861f326d1da38c87d7bac47d6564fd2675d9ede88e024ae42cec55c3
[INFO] running `Command { std: "docker" "start" "-a" "4d05ffd1861f326d1da38c87d7bac47d6564fd2675d9ede88e024ae42cec55c3", kill_on_drop: false }`
[INFO] [stderr]    Compiling proc-macro2 v1.0.56
[INFO] [stderr]    Compiling quote v1.0.27
[INFO] [stderr]    Compiling unicode-ident v1.0.8
[INFO] [stderr]    Compiling libc v0.2.144
[INFO] [stderr]    Compiling io-lifetimes v1.0.10
[INFO] [stderr]    Compiling rustix v0.37.19
[INFO] [stderr]    Compiling syn v1.0.109
[INFO] [stderr]    Compiling linux-raw-sys v0.3.7
[INFO] [stderr]    Compiling serde_derive v1.0.162
[INFO] [stderr]    Compiling serde v1.0.162
[INFO] [stderr]    Compiling anstyle v1.0.0
[INFO] [stderr]    Compiling anstyle-parse v0.2.0
[INFO] [stderr]    Compiling clap_lex v0.4.1
[INFO] [stderr]    Compiling schemars v0.8.12
[INFO] [stderr]    Compiling once_cell v1.17.1
[INFO] [stderr]    Compiling yansi v0.5.1
[INFO] [stderr]    Compiling ariadne v0.1.5
[INFO] [stderr]    Compiling syn v2.0.15
[INFO] [stderr]    Compiling serde_derive_internals v0.26.0
[INFO] [stderr]    Compiling is-terminal v0.4.7
[INFO] [stderr]    Compiling anstream v0.3.2
[INFO] [stderr]    Compiling clap_builder v4.2.7
[INFO] [stderr]    Compiling schemars_derive v0.8.12
[INFO] [stderr]    Compiling clap_derive v4.2.0
[INFO] [stderr]    Compiling clap v4.2.7
[INFO] [stderr]    Compiling serde_json v1.0.96
[INFO] [stderr]    Compiling pxp-parser v0.0.0-b4 (/opt/rustwide/workdir)
[INFO] [stdout] warning: unused import: `super::ast::operators::RangeOperationExpression`
[INFO] [stdout]   --> src/parser/expressions.rs:64:5
[INFO] [stdout]    |
[INFO] [stdout] 64 | use super::ast::operators::RangeOperationExpression;
[INFO] [stdout]    |     ^^^^^^^^^^^^^^^^^^^^^^^^^^^^^^^^^^^^^^^^^^^^^^^
[INFO] [stdout]    |
[INFO] [stdout]    = note: `#[warn(unused_imports)]` on by default
[INFO] [stdout] 
[INFO] [stdout] 
[INFO] [stdout] warning: unused variable: `state`
[INFO] [stdout]     --> src/parser/expressions.rs:1575:15
[INFO] [stdout]      |
[INFO] [stdout] 1575 | fn is_postfix(state: &State, t: &TokenKind) -> bool {
[INFO] [stdout]      |               ^^^^^ help: if this is intentional, prefix it with an underscore: `_state`
[INFO] [stdout]      |
[INFO] [stdout]      = note: `#[warn(unused_variables)]` on by default
[INFO] [stdout] 
[INFO] [stdout] 
[INFO] [stdout] warning: 2 warnings emitted
[INFO] [stdout] 
[INFO] [stdout] 
[INFO] [stderr]     Finished dev [unoptimized + debuginfo] target(s) in 22.82s
[INFO] running `Command { std: "docker" "inspect" "4d05ffd1861f326d1da38c87d7bac47d6564fd2675d9ede88e024ae42cec55c3", kill_on_drop: false }`
[INFO] running `Command { std: "docker" "rm" "-f" "4d05ffd1861f326d1da38c87d7bac47d6564fd2675d9ede88e024ae42cec55c3", kill_on_drop: false }`
[INFO] [stdout] 4d05ffd1861f326d1da38c87d7bac47d6564fd2675d9ede88e024ae42cec55c3
[INFO] running `Command { std: "docker" "create" "-v" "/var/lib/crater-agent-workspace/builds/worker-2-tc1/target:/opt/rustwide/target:rw,Z" "-v" "/var/lib/crater-agent-workspace/builds/worker-2-tc1/source:/opt/rustwide/workdir:ro,Z" "-v" "/var/lib/crater-agent-workspace/cargo-home:/opt/rustwide/cargo-home:ro,Z" "-v" "/var/lib/crater-agent-workspace/rustup-home:/opt/rustwide/rustup-home:ro,Z" "-e" "SOURCE_DIR=/opt/rustwide/workdir" "-e" "CARGO_TARGET_DIR=/opt/rustwide/target" "-e" "CARGO_INCREMENTAL=0" "-e" "RUST_BACKTRACE=full" "-e" "RUSTFLAGS=--cap-lints=warn" "-e" "RUSTDOCFLAGS=--cap-lints=warn" "-e" "CARGO_HOME=/opt/rustwide/cargo-home" "-e" "RUSTUP_HOME=/opt/rustwide/rustup-home" "-w" "/opt/rustwide/workdir" "-m" "1610612736" "--user" "0:0" "--network" "none" "ghcr.io/rust-lang/crates-build-env/linux@sha256:2788e3201cd34a07e3172128adcd8b3090168a8e3bcc40d7c032b9dda1df7d1c" "/opt/rustwide/cargo-home/bin/cargo" "+1.75.0" "test" "--frozen" "--no-run" "--message-format=json", kill_on_drop: false }`
[INFO] [stdout] f69bdf679fb99f6044c1b20cea1bbe7470eff3f9525d34c8fee9658743eb7ceb
[INFO] running `Command { std: "docker" "start" "-a" "f69bdf679fb99f6044c1b20cea1bbe7470eff3f9525d34c8fee9658743eb7ceb", kill_on_drop: false }`
[INFO] [stderr]    Compiling diff v0.1.13
[INFO] [stdout] warning: unused import: `super::ast::operators::RangeOperationExpression`
[INFO] [stdout]   --> src/parser/expressions.rs:64:5
[INFO] [stdout]    |
[INFO] [stdout] 64 | use super::ast::operators::RangeOperationExpression;
[INFO] [stdout]    |     ^^^^^^^^^^^^^^^^^^^^^^^^^^^^^^^^^^^^^^^^^^^^^^^
[INFO] [stdout]    |
[INFO] [stdout]    = note: `#[warn(unused_imports)]` on by default
[INFO] [stdout] 
[INFO] [stdout] 
[INFO] [stdout] warning: unused variable: `state`
[INFO] [stdout]     --> src/parser/expressions.rs:1575:15
[INFO] [stdout]      |
[INFO] [stdout] 1575 | fn is_postfix(state: &State, t: &TokenKind) -> bool {
[INFO] [stdout]      |               ^^^^^ help: if this is intentional, prefix it with an underscore: `_state`
[INFO] [stdout]      |
[INFO] [stdout]      = note: `#[warn(unused_variables)]` on by default
[INFO] [stdout] 
[INFO] [stdout] 
[INFO] [stdout] warning: 2 warnings emitted
[INFO] [stdout] 
[INFO] [stdout] 
[INFO] [stderr]    Compiling pretty_assertions v1.3.0
[INFO] [stderr]    Compiling pxp-parser v0.0.0-b4 (/opt/rustwide/workdir)
[INFO] [stdout] warning: unused import: `super::ast::operators::RangeOperationExpression`
[INFO] [stdout]   --> src/parser/expressions.rs:64:5
[INFO] [stdout]    |
[INFO] [stdout] 64 | use super::ast::operators::RangeOperationExpression;
[INFO] [stdout]    |     ^^^^^^^^^^^^^^^^^^^^^^^^^^^^^^^^^^^^^^^^^^^^^^^
[INFO] [stdout]    |
[INFO] [stdout]    = note: `#[warn(unused_imports)]` on by default
[INFO] [stdout] 
[INFO] [stdout] 
[INFO] [stdout] warning: unused variable: `state`
[INFO] [stdout]     --> src/parser/expressions.rs:1575:15
[INFO] [stdout]      |
[INFO] [stdout] 1575 | fn is_postfix(state: &State, t: &TokenKind) -> bool {
[INFO] [stdout]      |               ^^^^^ help: if this is intentional, prefix it with an underscore: `_state`
[INFO] [stdout]      |
[INFO] [stdout]      = note: `#[warn(unused_variables)]` on by default
[INFO] [stdout] 
[INFO] [stdout] 
[INFO] [stdout] warning: 2 warnings emitted
[INFO] [stdout] 
[INFO] [stdout] 
[INFO] [stderr]     Finished test [unoptimized + debuginfo] target(s) in 8.63s
[INFO] running `Command { std: "docker" "inspect" "f69bdf679fb99f6044c1b20cea1bbe7470eff3f9525d34c8fee9658743eb7ceb", kill_on_drop: false }`
[INFO] running `Command { std: "docker" "rm" "-f" "f69bdf679fb99f6044c1b20cea1bbe7470eff3f9525d34c8fee9658743eb7ceb", kill_on_drop: false }`
[INFO] [stdout] f69bdf679fb99f6044c1b20cea1bbe7470eff3f9525d34c8fee9658743eb7ceb
[INFO] running `Command { std: "docker" "create" "-v" "/var/lib/crater-agent-workspace/builds/worker-2-tc1/target:/opt/rustwide/target:rw,Z" "-v" "/var/lib/crater-agent-workspace/builds/worker-2-tc1/source:/opt/rustwide/workdir:ro,Z" "-v" "/var/lib/crater-agent-workspace/cargo-home:/opt/rustwide/cargo-home:ro,Z" "-v" "/var/lib/crater-agent-workspace/rustup-home:/opt/rustwide/rustup-home:ro,Z" "-e" "SOURCE_DIR=/opt/rustwide/workdir" "-e" "CARGO_TARGET_DIR=/opt/rustwide/target" "-e" "CARGO_INCREMENTAL=0" "-e" "RUST_BACKTRACE=full" "-e" "RUSTFLAGS=--cap-lints=warn" "-e" "RUSTDOCFLAGS=--cap-lints=warn" "-e" "CARGO_HOME=/opt/rustwide/cargo-home" "-e" "RUSTUP_HOME=/opt/rustwide/rustup-home" "-w" "/opt/rustwide/workdir" "-m" "1610612736" "--user" "0:0" "--network" "none" "ghcr.io/rust-lang/crates-build-env/linux@sha256:2788e3201cd34a07e3172128adcd8b3090168a8e3bcc40d7c032b9dda1df7d1c" "/opt/rustwide/cargo-home/bin/cargo" "+1.75.0" "test" "--frozen", kill_on_drop: false }`
[INFO] [stdout] 3dbffb1e9a6f3c102d7a4bf0c2269d52d29537efae5189e01f65256effa0d973
[INFO] running `Command { std: "docker" "start" "-a" "3dbffb1e9a6f3c102d7a4bf0c2269d52d29537efae5189e01f65256effa0d973", kill_on_drop: false }`
[INFO] [stderr] warning: unused import: `super::ast::operators::RangeOperationExpression`
[INFO] [stderr]   --> src/parser/expressions.rs:64:5
[INFO] [stderr]    |
[INFO] [stderr] 64 | use super::ast::operators::RangeOperationExpression;
[INFO] [stderr]    |     ^^^^^^^^^^^^^^^^^^^^^^^^^^^^^^^^^^^^^^^^^^^^^^^
[INFO] [stderr]    |
[INFO] [stderr]    = note: `#[warn(unused_imports)]` on by default
[INFO] [stderr] 
[INFO] [stderr] warning: unused variable: `state`
[INFO] [stderr]     --> src/parser/expressions.rs:1575:15
[INFO] [stderr]      |
[INFO] [stderr] 1575 | fn is_postfix(state: &State, t: &TokenKind) -> bool {
[INFO] [stderr]      |               ^^^^^ help: if this is intentional, prefix it with an underscore: `_state`
[INFO] [stderr]      |
[INFO] [stderr]      = note: `#[warn(unused_variables)]` on by default
[INFO] [stderr] 
[INFO] [stderr] warning: `pxp-parser` (lib) generated 2 warnings (run `cargo fix --lib -p pxp-parser` to apply 2 suggestions)
[INFO] [stderr] warning: `pxp-parser` (lib test) generated 2 warnings (2 duplicates)
[INFO] [stderr]     Finished test [unoptimized + debuginfo] target(s) in 0.03s
[INFO] [stderr]      Running unittests src/lib.rs (/opt/rustwide/target/debug/deps/pxp_parser-9f6b9e26703a8848)
[INFO] [stdout] 
[INFO] [stdout] running 1 test
[INFO] [stdout] test lexer::byte_string::tests::test_byte_string_debug ... ok
[INFO] [stdout] 
[INFO] [stdout] test result: ok. 1 passed; 0 failed; 0 ignored; 0 measured; 0 filtered out; finished in 0.00s
[INFO] [stdout] 
[INFO] [stderr]      Running unittests src/main.rs (/opt/rustwide/target/debug/deps/pxp_parser-2295f8fb703706ce)
[INFO] [stdout] 
[INFO] [stdout] running 0 tests
[INFO] [stdout] 
[INFO] [stdout] test result: ok. 0 passed; 0 failed; 0 ignored; 0 measured; 0 filtered out; finished in 0.00s
[INFO] [stdout] 
[INFO] [stderr]      Running unittests bin/schema.rs (/opt/rustwide/target/debug/deps/pxp_parser_schema-9b8a51c9b002ae95)
[INFO] [stdout] 
[INFO] [stdout] running 0 tests
[INFO] [stdout] 
[INFO] [stdout] test result: ok. 0 passed; 0 failed; 0 ignored; 0 measured; 0 filtered out; finished in 0.00s
[INFO] [stdout] 
[INFO] [stderr]      Running unittests bin/snapshot.rs (/opt/rustwide/target/debug/deps/pxp_parser_snapshot-f7b9edf7dabf0a18)
[INFO] [stdout] 
[INFO] [stdout] running 0 tests
[INFO] [stdout] 
[INFO] [stdout] test result: ok. 0 passed; 0 failed; 0 ignored; 0 measured; 0 filtered out; finished in 0.00s
[INFO] [stdout] 
[INFO] [stderr]      Running tests/test.rs (/opt/rustwide/target/debug/deps/test-1e18886a87a0bdf0)
[INFO] [stdout] 
[INFO] [stdout] running 1 test
[INFO] [stdout] test test_fixtures ... FAILED
[INFO] [stdout] 
[INFO] [stdout] failures:
[INFO] [stdout] 
[INFO] [stdout] ---- test_fixtures stdout ----
[INFO] [stdout] thread 'test_fixtures' panicked at tests/test.rs:102:9:
[INFO] [stdout] assertion failed: `(left == right)`: ast mismatch for fixture `/opt/rustwide/workdir/tests/fixtures/multiline-match-arm`
[INFO] [stdout] 
[INFO] [stdout] [1mDiff[0m [31m< left[0m / [32mright >[0m :
[INFO] [stdout]  [
[INFO] [stdout]      FullOpeningTag(
[INFO] [stdout]          FullOpeningTagStatement {
[INFO] [stdout]              span: Span {
[INFO] [stdout]                  line: 1,
[INFO] [stdout]                  column: 1,
[INFO] [stdout]                  position: 0,
[INFO] [stdout]              },
[INFO] [stdout]          },
[INFO] [stdout]      ),
[INFO] [stdout]      Expression(
[INFO] [stdout]          ExpressionStatement {
[INFO] [stdout]              expression: Match(
[INFO] [stdout]                  MatchExpression {
[INFO] [stdout]                      keyword: Span {
[INFO] [stdout]                          line: 3,
[INFO] [stdout]                          column: 1,
[INFO] [stdout]                          position: 7,
[INFO] [stdout]                      },
[INFO] [stdout]                      left_parenthesis: Span {
[INFO] [stdout]                          line: 3,
[INFO] [stdout]                          column: 7,
[INFO] [stdout]                          position: 13,
[INFO] [stdout]                      },
[INFO] [stdout]                      condition: Variable(
[INFO] [stdout]                          SimpleVariable(
[INFO] [stdout]                              SimpleVariable {
[INFO] [stdout]                                  span: Span {
[INFO] [stdout]                                      line: 3,
[INFO] [stdout]                                      column: 8,
[INFO] [stdout]                                      position: 14,
[INFO] [stdout]                                  },
[INFO] [stdout]                                  name: "$foo",
[INFO] [stdout]                              },
[INFO] [stdout]                          ),
[INFO] [stdout]                      ),
[INFO] [stdout]                      right_parenthesis: Span {
[INFO] [stdout]                          line: 3,
[INFO] [stdout]                          column: 12,
[INFO] [stdout]                          position: 18,
[INFO] [stdout]                      },
[INFO] [stdout]                      left_brace: Span {
[INFO] [stdout]                          line: 3,
[INFO] [stdout]                          column: 14,
[INFO] [stdout]                          position: 20,
[INFO] [stdout]                      },
[INFO] [stdout]                      default: None,
[INFO] [stdout]                      arms: [
[INFO] [stdout]                          MatchArm {
[INFO] [stdout]                              conditions: [
[INFO] [stdout]                                  Literal(
[INFO] [stdout]                                      String(
[INFO] [stdout]                                          LiteralString {
[INFO] [stdout] [31m<                                            value: "[0m[1;48;5;52;31m"[0m[31mfoo[0m[1;48;5;52;31m"[0m[31m",[0m
[INFO] [stdout] [32m>                                            value: "foo",[0m
[INFO] [stdout]                                              span: Span {
[INFO] [stdout]                                                  line: 4,
[INFO] [stdout]                                                  column: 5,
[INFO] [stdout]                                                  position: 26,
[INFO] [stdout]                                              },
[INFO] [stdout] [32m>                                            kind: DoubleQuoted,[0m
[INFO] [stdout]                                          },
[INFO] [stdout]                                      ),
[INFO] [stdout]                                  ),
[INFO] [stdout]                              ],
[INFO] [stdout]                              arrow: Span {
[INFO] [stdout]                                  line: 4,
[INFO] [stdout]                                  column: 11,
[INFO] [stdout]                                  position: 32,
[INFO] [stdout]                              },
[INFO] [stdout]                              body: Block {
[INFO] [stdout]                                  left_brace: Span {
[INFO] [stdout]                                      line: 4,
[INFO] [stdout]                                      column: 14,
[INFO] [stdout]                                      position: 35,
[INFO] [stdout]                                  },
[INFO] [stdout]                                  statements: [
[INFO] [stdout]                                      Return(
[INFO] [stdout]                                          ReturnStatement {
[INFO] [stdout]                                              return: Span {
[INFO] [stdout]                                                  line: 5,
[INFO] [stdout]                                                  column: 9,
[INFO] [stdout]                                                  position: 45,
[INFO] [stdout]                                              },
[INFO] [stdout]                                              value: Some(
[INFO] [stdout]                                                  Literal(
[INFO] [stdout]                                                      String(
[INFO] [stdout]                                                          LiteralString {
[INFO] [stdout] [31m<                                                            value: "[0m[1;48;5;52;31m"[0m[31mbar[0m[1;48;5;52;31m"[0m[31m",[0m
[INFO] [stdout] [32m>                                                            value: "bar",[0m
[INFO] [stdout]                                                              span: Span {
[INFO] [stdout]                                                                  line: 5,
[INFO] [stdout]                                                                  column: 16,
[INFO] [stdout]                                                                  position: 52,
[INFO] [stdout]                                                              },
[INFO] [stdout] [32m>                                                            kind: DoubleQuoted,[0m
[INFO] [stdout]                                                          },
[INFO] [stdout]                                                      ),
[INFO] [stdout]                                                  ),
[INFO] [stdout]                                              ),
[INFO] [stdout]                                              ending: Semicolon(
[INFO] [stdout]                                                  Span {
[INFO] [stdout]                                                      line: 5,
[INFO] [stdout]                                                      column: 21,
[INFO] [stdout]                                                      position: 57,
[INFO] [stdout]                                                  },
[INFO] [stdout]                                              ),
[INFO] [stdout]                                          },
[INFO] [stdout]                                      ),
[INFO] [stdout]                                  ],
[INFO] [stdout]                                  right_brace: Span {
[INFO] [stdout]                                      line: 6,
[INFO] [stdout]                                      column: 5,
[INFO] [stdout]                                      position: 63,
[INFO] [stdout]                                  },
[INFO] [stdout]                              },
[INFO] [stdout]                          },
[INFO] [stdout]                      ],
[INFO] [stdout]                      right_brace: Span {
[INFO] [stdout]                          line: 7,
[INFO] [stdout]                          column: 1,
[INFO] [stdout]                          position: 66,
[INFO] [stdout]                      },
[INFO] [stdout]                  },
[INFO] [stdout]              ),
[INFO] [stdout]              ending: Semicolon(
[INFO] [stdout]                  Span {
[INFO] [stdout]                      line: 7,
[INFO] [stdout]                      column: 2,
[INFO] [stdout]                      position: 67,
[INFO] [stdout]                  },
[INFO] [stdout]              ),
[INFO] [stdout]          },
[INFO] [stdout]      ),
[INFO] [stdout]  ]
[INFO] [stdout] 
[INFO] [stdout] 
[INFO] [stdout] stack backtrace:
[INFO] [stdout]    0:     0x565049707f3c - std::backtrace_rs::backtrace::libunwind::trace::ha637c64ce894333a
[INFO] [stdout]                                at /rustc/82e1608dfa6e0b5569232559e3d385fea5a93112/library/std/src/../../backtrace/src/backtrace/libunwind.rs:104:5
[INFO] [stdout]    1:     0x565049707f3c - std::backtrace_rs::backtrace::trace_unsynchronized::h47f62dea28e0c88d
[INFO] [stdout]                                at /rustc/82e1608dfa6e0b5569232559e3d385fea5a93112/library/std/src/../../backtrace/src/backtrace/mod.rs:66:5
[INFO] [stdout]    2:     0x565049707f3c - std::sys_common::backtrace::_print_fmt::h9eef0abe20ede486
[INFO] [stdout]                                at /rustc/82e1608dfa6e0b5569232559e3d385fea5a93112/library/std/src/sys_common/backtrace.rs:67:5
[INFO] [stdout]    3:     0x565049707f3c - <std::sys_common::backtrace::_print::DisplayBacktrace as core::fmt::Display>::fmt::hed7f999df88cc644
[INFO] [stdout]                                at /rustc/82e1608dfa6e0b5569232559e3d385fea5a93112/library/std/src/sys_common/backtrace.rs:44:22
[INFO] [stdout]    4:     0x565049732a60 - core::fmt::rt::Argument::fmt::h1539a9308b8d058d
[INFO] [stdout]                                at /rustc/82e1608dfa6e0b5569232559e3d385fea5a93112/library/core/src/fmt/rt.rs:142:9
[INFO] [stdout]    5:     0x565049732a60 - core::fmt::write::h3a39390d8560d9c9
[INFO] [stdout]                                at /rustc/82e1608dfa6e0b5569232559e3d385fea5a93112/library/core/src/fmt/mod.rs:1120:17
[INFO] [stdout]    6:     0x56504970531f - std::io::Write::write_fmt::h040b369f3a0f9cbc
[INFO] [stdout]                                at /rustc/82e1608dfa6e0b5569232559e3d385fea5a93112/library/std/src/io/mod.rs:1762:15
[INFO] [stdout]    7:     0x565049707d24 - std::sys_common::backtrace::_print::h894006fb5c6f3d45
[INFO] [stdout]                                at /rustc/82e1608dfa6e0b5569232559e3d385fea5a93112/library/std/src/sys_common/backtrace.rs:47:5
[INFO] [stdout]    8:     0x565049707d24 - std::sys_common::backtrace::print::h23a2d212c6fff936
[INFO] [stdout]                                at /rustc/82e1608dfa6e0b5569232559e3d385fea5a93112/library/std/src/sys_common/backtrace.rs:34:9
[INFO] [stdout]    9:     0x5650497099e7 - std::panicking::default_hook::{{closure}}::h8a1d2ee00185001a
[INFO] [stdout]   10:     0x5650497096d3 - std::panicking::default_hook::h6038f2eba384e475
[INFO] [stdout]                                at /rustc/82e1608dfa6e0b5569232559e3d385fea5a93112/library/std/src/panicking.rs:289:9
[INFO] [stdout]   11:     0x5650496bf9f7 - <alloc::boxed::Box<F,A> as core::ops::function::Fn<Args>>::call::h0ad024c9bdc6d768
[INFO] [stdout]                                at /rustc/82e1608dfa6e0b5569232559e3d385fea5a93112/library/alloc/src/boxed.rs:2021:9
[INFO] [stdout]   12:     0x5650496bf9f7 - test::test_main::{{closure}}::h7500b54257359db6
[INFO] [stdout]                                at /rustc/82e1608dfa6e0b5569232559e3d385fea5a93112/library/test/src/lib.rs:138:21
[INFO] [stdout]   13:     0x565049709ff8 - <alloc::boxed::Box<F,A> as core::ops::function::Fn<Args>>::call::h1f8f335eaa9cfaee
[INFO] [stdout]                                at /rustc/82e1608dfa6e0b5569232559e3d385fea5a93112/library/alloc/src/boxed.rs:2021:9
[INFO] [stdout]   14:     0x565049709ff8 - std::panicking::rust_panic_with_hook::h2b5517d590cab22e
[INFO] [stdout]                                at /rustc/82e1608dfa6e0b5569232559e3d385fea5a93112/library/std/src/panicking.rs:783:13
[INFO] [stdout]   15:     0x565049709d4e - std::panicking::begin_panic_handler::{{closure}}::h233112c06e0ef43e
[INFO] [stdout]                                at /rustc/82e1608dfa6e0b5569232559e3d385fea5a93112/library/std/src/panicking.rs:657:13
[INFO] [stdout]   16:     0x565049708406 - std::sys_common::backtrace::__rust_end_short_backtrace::h6e893f24d7ebbff8
[INFO] [stdout]                                at /rustc/82e1608dfa6e0b5569232559e3d385fea5a93112/library/std/src/sys_common/backtrace.rs:170:18
[INFO] [stdout]   17:     0x565049709ab2 - rust_begin_unwind
[INFO] [stdout]                                at /rustc/82e1608dfa6e0b5569232559e3d385fea5a93112/library/std/src/panicking.rs:645:5
[INFO] [stdout]   18:     0x56504952de05 - core::panicking::panic_fmt::hbf0e066aabfa482c
[INFO] [stdout]                                at /rustc/82e1608dfa6e0b5569232559e3d385fea5a93112/library/core/src/panicking.rs:72:14
[INFO] [stdout]   19:     0x5650495568ec - test::run_test::hdcece7fcb546c08a
[INFO] [stdout]                                at /opt/rustwide/workdir/tests/test.rs:102:9
[INFO] [stdout]   20:     0x565049557272 - test::test_fixtures::ha7b1b2316c7dc6d2
[INFO] [stdout]                                at /opt/rustwide/workdir/tests/test.rs:90:9
[INFO] [stdout]   21:     0x565049556e77 - test::test_fixtures::{{closure}}::h07dad958b9d29232
[INFO] [stdout]                                at /opt/rustwide/workdir/tests/test.rs:73:23
[INFO] [stdout]   22:     0x56504953ac66 - core::ops::function::FnOnce::call_once::ha7dd038f38305da6
[INFO] [stdout]                                at /rustc/82e1608dfa6e0b5569232559e3d385fea5a93112/library/core/src/ops/function.rs:250:5
[INFO] [stdout]   23:     0x5650496c504f - core::ops::function::FnOnce::call_once::h2b5d431d5046312d
[INFO] [stdout]                                at /rustc/82e1608dfa6e0b5569232559e3d385fea5a93112/library/core/src/ops/function.rs:250:5
[INFO] [stdout]   24:     0x5650496c504f - test::__rust_begin_short_backtrace::h7714669af176e207
[INFO] [stdout]                                at /rustc/82e1608dfa6e0b5569232559e3d385fea5a93112/library/test/src/lib.rs:628:18
[INFO] [stdout]   25:     0x5650496c4065 - test::run_test_in_process::{{closure}}::h85218797dcbcec12
[INFO] [stdout]                                at /rustc/82e1608dfa6e0b5569232559e3d385fea5a93112/library/test/src/lib.rs:651:60
[INFO] [stdout]   26:     0x5650496c4065 - <core::panic::unwind_safe::AssertUnwindSafe<F> as core::ops::function::FnOnce<()>>::call_once::h76c106ea31c14d7b
[INFO] [stdout]                                at /rustc/82e1608dfa6e0b5569232559e3d385fea5a93112/library/core/src/panic/unwind_safe.rs:272:9
[INFO] [stdout]   27:     0x5650496c4065 - std::panicking::try::do_call::h3bd5d0f6620ee946
[INFO] [stdout]                                at /rustc/82e1608dfa6e0b5569232559e3d385fea5a93112/library/std/src/panicking.rs:552:40
[INFO] [stdout]   28:     0x5650496c4065 - std::panicking::try::h232e535e4744fe31
[INFO] [stdout]                                at /rustc/82e1608dfa6e0b5569232559e3d385fea5a93112/library/std/src/panicking.rs:516:19
[INFO] [stdout]   29:     0x5650496c4065 - std::panic::catch_unwind::h3ce3bd6ca8dbac68
[INFO] [stdout]                                at /rustc/82e1608dfa6e0b5569232559e3d385fea5a93112/library/std/src/panic.rs:142:14
[INFO] [stdout]   30:     0x5650496c4065 - test::run_test_in_process::hc97b257c9621286a
[INFO] [stdout]                                at /rustc/82e1608dfa6e0b5569232559e3d385fea5a93112/library/test/src/lib.rs:651:27
[INFO] [stdout]   31:     0x5650496c4065 - test::run_test::{{closure}}::h2aa798823a438d38
[INFO] [stdout]                                at /rustc/82e1608dfa6e0b5569232559e3d385fea5a93112/library/test/src/lib.rs:574:43
[INFO] [stdout]   32:     0x56504968c326 - test::run_test::{{closure}}::h87d231c78fb59832
[INFO] [stdout]                                at /rustc/82e1608dfa6e0b5569232559e3d385fea5a93112/library/test/src/lib.rs:602:41
[INFO] [stdout]   33:     0x56504968c326 - std::sys_common::backtrace::__rust_begin_short_backtrace::he6df152596625789
[INFO] [stdout]                                at /rustc/82e1608dfa6e0b5569232559e3d385fea5a93112/library/std/src/sys_common/backtrace.rs:154:18
[INFO] [stdout]   34:     0x5650496913d7 - std::thread::Builder::spawn_unchecked_::{{closure}}::{{closure}}::ha94be15d1e0acf36
[INFO] [stdout]                                at /rustc/82e1608dfa6e0b5569232559e3d385fea5a93112/library/std/src/thread/mod.rs:529:17
[INFO] [stdout]   35:     0x5650496913d7 - <core::panic::unwind_safe::AssertUnwindSafe<F> as core::ops::function::FnOnce<()>>::call_once::h9dc6bd6372f16606
[INFO] [stdout]                                at /rustc/82e1608dfa6e0b5569232559e3d385fea5a93112/library/core/src/panic/unwind_safe.rs:272:9
[INFO] [stdout]   36:     0x5650496913d7 - std::panicking::try::do_call::h9057517f80303cd4
[INFO] [stdout]                                at /rustc/82e1608dfa6e0b5569232559e3d385fea5a93112/library/std/src/panicking.rs:552:40
[INFO] [stdout]   37:     0x5650496913d7 - std::panicking::try::he3a30b11ee45340c
[INFO] [stdout]                                at /rustc/82e1608dfa6e0b5569232559e3d385fea5a93112/library/std/src/panicking.rs:516:19
[INFO] [stdout]   38:     0x5650496913d7 - std::panic::catch_unwind::h410458cfd3528b8b
[INFO] [stdout]                                at /rustc/82e1608dfa6e0b5569232559e3d385fea5a93112/library/std/src/panic.rs:142:14
[INFO] [stdout]   39:     0x5650496913d7 - std::thread::Builder::spawn_unchecked_::{{closure}}::h72ac3bdb567b737b
[INFO] [stdout]                                at /rustc/82e1608dfa6e0b5569232559e3d385fea5a93112/library/std/src/thread/mod.rs:528:30
[INFO] [stdout]   40:     0x5650496913d7 - core::ops::function::FnOnce::call_once{{vtable.shim}}::h38f34da3654a8344
[INFO] [stdout]                                at /rustc/82e1608dfa6e0b5569232559e3d385fea5a93112/library/core/src/ops/function.rs:250:5
[INFO] [stdout]   41:     0x56504970ef15 - <alloc::boxed::Box<F,A> as core::ops::function::FnOnce<Args>>::call_once::hc7eafaff61e32df9
[INFO] [stdout]                                at /rustc/82e1608dfa6e0b5569232559e3d385fea5a93112/library/alloc/src/boxed.rs:2007:9
[INFO] [stdout]   42:     0x56504970ef15 - <alloc::boxed::Box<F,A> as core::ops::function::FnOnce<Args>>::call_once::h6ba4a5de48dd2304
[INFO] [stdout]                                at /rustc/82e1608dfa6e0b5569232559e3d385fea5a93112/library/alloc/src/boxed.rs:2007:9
[INFO] [stdout]   43:     0x56504970ef15 - std::sys::unix::thread::Thread::new::thread_start::he469335aef763e45
[INFO] [stdout]                                at /rustc/82e1608dfa6e0b5569232559e3d385fea5a93112/library/std/src/sys/unix/thread.rs:108:17
[INFO] [stdout]   44:     0x7f4baebf7ac3 - <unknown>
[INFO] [stdout]   45:     0x7f4baec88bf4 - __clone
[INFO] [stdout]   46:                0x0 - <unknown>
[INFO] [stdout] 
[INFO] [stdout] 
[INFO] [stdout] failures:
[INFO] [stdout]     test_fixtures
[INFO] [stdout] 
[INFO] [stdout] test result: FAILED. 0 passed; 1 failed; 0 ignored; 0 measured; 0 filtered out; finished in 0.12s
[INFO] [stdout] 
[INFO] [stderr] error: test failed, to rerun pass `--test test`
[INFO] running `Command { std: "docker" "inspect" "3dbffb1e9a6f3c102d7a4bf0c2269d52d29537efae5189e01f65256effa0d973", kill_on_drop: false }`
[INFO] running `Command { std: "docker" "rm" "-f" "3dbffb1e9a6f3c102d7a4bf0c2269d52d29537efae5189e01f65256effa0d973", kill_on_drop: false }`
[INFO] [stdout] 3dbffb1e9a6f3c102d7a4bf0c2269d52d29537efae5189e01f65256effa0d973
