[INFO] fetching crate proxy-header 0.1.0...
[INFO] testing proxy-header-0.1.0 against 1.75.0 for beta-1.76-1
[INFO] extracting crate proxy-header 0.1.0 into /workspace/builds/worker-6-tc1/source
[INFO] validating manifest of crates.io crate proxy-header 0.1.0 on toolchain 1.75.0
[INFO] running `Command { std: CARGO_HOME="/workspace/cargo-home" RUSTUP_HOME="/workspace/rustup-home" "/workspace/cargo-home/bin/cargo" "+1.75.0" "metadata" "--manifest-path" "Cargo.toml" "--no-deps", kill_on_drop: false }`
[INFO] started tweaking crates.io crate proxy-header 0.1.0
[INFO] finished tweaking crates.io crate proxy-header 0.1.0
[INFO] tweaked toml for crates.io crate proxy-header 0.1.0 written to /workspace/builds/worker-6-tc1/source/Cargo.toml
[INFO] running `Command { std: CARGO_HOME="/workspace/cargo-home" RUSTUP_HOME="/workspace/rustup-home" "/workspace/cargo-home/bin/cargo" "+1.75.0" "generate-lockfile" "--manifest-path" "Cargo.toml", kill_on_drop: false }`
[INFO] [stderr]     Updating crates.io index
[INFO] running `Command { std: CARGO_HOME="/workspace/cargo-home" RUSTUP_HOME="/workspace/rustup-home" "/workspace/cargo-home/bin/cargo" "+1.75.0" "fetch" "--manifest-path" "Cargo.toml", kill_on_drop: false }`
[INFO] running `Command { std: "docker" "create" "-v" "/var/lib/crater-agent-workspace/builds/worker-6-tc1/target:/opt/rustwide/target:rw,Z" "-v" "/var/lib/crater-agent-workspace/builds/worker-6-tc1/source:/opt/rustwide/workdir:ro,Z" "-v" "/var/lib/crater-agent-workspace/cargo-home:/opt/rustwide/cargo-home:ro,Z" "-v" "/var/lib/crater-agent-workspace/rustup-home:/opt/rustwide/rustup-home:ro,Z" "-e" "SOURCE_DIR=/opt/rustwide/workdir" "-e" "CARGO_TARGET_DIR=/opt/rustwide/target" "-e" "CARGO_HOME=/opt/rustwide/cargo-home" "-e" "RUSTUP_HOME=/opt/rustwide/rustup-home" "-w" "/opt/rustwide/workdir" "-m" "1610612736" "--user" "0:0" "--network" "none" "ghcr.io/rust-lang/crates-build-env/linux@sha256:2788e3201cd34a07e3172128adcd8b3090168a8e3bcc40d7c032b9dda1df7d1c" "/opt/rustwide/cargo-home/bin/cargo" "+1.75.0" "metadata" "--no-deps" "--format-version=1", kill_on_drop: false }`
[INFO] [stdout] 57ba98e04019ca510614f50f138f3d2c6d20c2ea879ba6b5eee82fcfe3e37af1
[INFO] running `Command { std: "docker" "start" "-a" "57ba98e04019ca510614f50f138f3d2c6d20c2ea879ba6b5eee82fcfe3e37af1", kill_on_drop: false }`
[INFO] running `Command { std: "docker" "inspect" "57ba98e04019ca510614f50f138f3d2c6d20c2ea879ba6b5eee82fcfe3e37af1", kill_on_drop: false }`
[INFO] running `Command { std: "docker" "rm" "-f" "57ba98e04019ca510614f50f138f3d2c6d20c2ea879ba6b5eee82fcfe3e37af1", kill_on_drop: false }`
[INFO] [stdout] 57ba98e04019ca510614f50f138f3d2c6d20c2ea879ba6b5eee82fcfe3e37af1
[INFO] running `Command { std: "docker" "create" "-v" "/var/lib/crater-agent-workspace/builds/worker-6-tc1/target:/opt/rustwide/target:rw,Z" "-v" "/var/lib/crater-agent-workspace/builds/worker-6-tc1/source:/opt/rustwide/workdir:ro,Z" "-v" "/var/lib/crater-agent-workspace/cargo-home:/opt/rustwide/cargo-home:ro,Z" "-v" "/var/lib/crater-agent-workspace/rustup-home:/opt/rustwide/rustup-home:ro,Z" "-e" "SOURCE_DIR=/opt/rustwide/workdir" "-e" "CARGO_TARGET_DIR=/opt/rustwide/target" "-e" "CARGO_INCREMENTAL=0" "-e" "RUST_BACKTRACE=full" "-e" "RUSTFLAGS=--cap-lints=warn" "-e" "RUSTDOCFLAGS=--cap-lints=warn" "-e" "CARGO_HOME=/opt/rustwide/cargo-home" "-e" "RUSTUP_HOME=/opt/rustwide/rustup-home" "-w" "/opt/rustwide/workdir" "-m" "1610612736" "--user" "0:0" "--network" "none" "ghcr.io/rust-lang/crates-build-env/linux@sha256:2788e3201cd34a07e3172128adcd8b3090168a8e3bcc40d7c032b9dda1df7d1c" "/opt/rustwide/cargo-home/bin/cargo" "+1.75.0" "build" "--frozen" "--message-format=json", kill_on_drop: false }`
[INFO] [stdout] bc064bf15dbab9136151e3fc411b751eb239cf793f8644fe3224fc27de39ad16
[INFO] running `Command { std: "docker" "start" "-a" "bc064bf15dbab9136151e3fc411b751eb239cf793f8644fe3224fc27de39ad16", kill_on_drop: false }`
[INFO] [stderr]    Compiling proxy-header v0.1.0 (/opt/rustwide/workdir)
[INFO] [stderr]     Finished dev [unoptimized + debuginfo] target(s) in 0.25s
[INFO] running `Command { std: "docker" "inspect" "bc064bf15dbab9136151e3fc411b751eb239cf793f8644fe3224fc27de39ad16", kill_on_drop: false }`
[INFO] running `Command { std: "docker" "rm" "-f" "bc064bf15dbab9136151e3fc411b751eb239cf793f8644fe3224fc27de39ad16", kill_on_drop: false }`
[INFO] [stdout] bc064bf15dbab9136151e3fc411b751eb239cf793f8644fe3224fc27de39ad16
[INFO] running `Command { std: "docker" "create" "-v" "/var/lib/crater-agent-workspace/builds/worker-6-tc1/target:/opt/rustwide/target:rw,Z" "-v" "/var/lib/crater-agent-workspace/builds/worker-6-tc1/source:/opt/rustwide/workdir:ro,Z" "-v" "/var/lib/crater-agent-workspace/cargo-home:/opt/rustwide/cargo-home:ro,Z" "-v" "/var/lib/crater-agent-workspace/rustup-home:/opt/rustwide/rustup-home:ro,Z" "-e" "SOURCE_DIR=/opt/rustwide/workdir" "-e" "CARGO_TARGET_DIR=/opt/rustwide/target" "-e" "CARGO_INCREMENTAL=0" "-e" "RUST_BACKTRACE=full" "-e" "RUSTFLAGS=--cap-lints=warn" "-e" "RUSTDOCFLAGS=--cap-lints=warn" "-e" "CARGO_HOME=/opt/rustwide/cargo-home" "-e" "RUSTUP_HOME=/opt/rustwide/rustup-home" "-w" "/opt/rustwide/workdir" "-m" "1610612736" "--user" "0:0" "--network" "none" "ghcr.io/rust-lang/crates-build-env/linux@sha256:2788e3201cd34a07e3172128adcd8b3090168a8e3bcc40d7c032b9dda1df7d1c" "/opt/rustwide/cargo-home/bin/cargo" "+1.75.0" "test" "--frozen" "--no-run" "--message-format=json", kill_on_drop: false }`
[INFO] [stdout] 6c161cf71edf104070ac022317d56f6e11761a624b85f8ca413610f31d379e59
[INFO] running `Command { std: "docker" "start" "-a" "6c161cf71edf104070ac022317d56f6e11761a624b85f8ca413610f31d379e59", kill_on_drop: false }`
[INFO] [stderr]    Compiling num-traits v0.2.17
[INFO] [stderr]    Compiling indexmap v1.9.3
[INFO] [stderr]    Compiling serde_json v1.0.111
[INFO] [stderr]    Compiling either v1.9.0
[INFO] [stderr]    Compiling serde_derive v1.0.194
[INFO] [stderr]    Compiling regex-syntax v0.8.2
[INFO] [stderr]    Compiling half v1.8.2
[INFO] [stderr]    Compiling os_str_bytes v6.6.1
[INFO] [stderr]    Compiling ciborium-io v0.2.1
[INFO] [stderr]    Compiling plotters-backend v0.3.5
[INFO] [stderr]    Compiling clap_lex v0.2.4
[INFO] [stderr]    Compiling ciborium-ll v0.2.1
[INFO] [stderr]    Compiling itertools v0.10.5
[INFO] [stderr]    Compiling plotters-svg v0.3.5
[INFO] [stderr]    Compiling cast v0.3.0
[INFO] [stderr]    Compiling textwrap v0.16.0
[INFO] [stderr]    Compiling same-file v1.0.6
[INFO] [stderr]    Compiling rayon v1.8.0
[INFO] [stderr]    Compiling walkdir v2.4.0
[INFO] [stderr]    Compiling parking_lot v0.12.1
[INFO] [stderr]    Compiling regex-automata v0.4.3
[INFO] [stderr]    Compiling clap v3.2.25
[INFO] [stderr]    Compiling tokio-macros v2.2.0
[INFO] [stderr]    Compiling plotters v0.3.5
[INFO] [stderr]    Compiling criterion-plot v0.5.0
[INFO] [stderr]    Compiling atty v0.2.14
[INFO] [stderr]    Compiling oorandom v11.1.3
[INFO] [stderr]    Compiling anes v0.1.6
[INFO] [stderr]    Compiling tokio v1.35.1
[INFO] [stderr]    Compiling regex v1.10.2
[INFO] [stderr]    Compiling serde v1.0.194
[INFO] [stderr]    Compiling ciborium v0.2.1
[INFO] [stderr]    Compiling tinytemplate v1.2.1
[INFO] [stderr]    Compiling criterion v0.4.0
[INFO] [stderr]    Compiling proxy-header v0.1.0 (/opt/rustwide/workdir)
[INFO] [stderr]     Finished test [unoptimized + debuginfo] target(s) in 16.63s
[INFO] running `Command { std: "docker" "inspect" "6c161cf71edf104070ac022317d56f6e11761a624b85f8ca413610f31d379e59", kill_on_drop: false }`
[INFO] running `Command { std: "docker" "rm" "-f" "6c161cf71edf104070ac022317d56f6e11761a624b85f8ca413610f31d379e59", kill_on_drop: false }`
[INFO] [stdout] 6c161cf71edf104070ac022317d56f6e11761a624b85f8ca413610f31d379e59
[INFO] running `Command { std: "docker" "create" "-v" "/var/lib/crater-agent-workspace/builds/worker-6-tc1/target:/opt/rustwide/target:rw,Z" "-v" "/var/lib/crater-agent-workspace/builds/worker-6-tc1/source:/opt/rustwide/workdir:ro,Z" "-v" "/var/lib/crater-agent-workspace/cargo-home:/opt/rustwide/cargo-home:ro,Z" "-v" "/var/lib/crater-agent-workspace/rustup-home:/opt/rustwide/rustup-home:ro,Z" "-e" "SOURCE_DIR=/opt/rustwide/workdir" "-e" "CARGO_TARGET_DIR=/opt/rustwide/target" "-e" "CARGO_INCREMENTAL=0" "-e" "RUST_BACKTRACE=full" "-e" "RUSTFLAGS=--cap-lints=warn" "-e" "RUSTDOCFLAGS=--cap-lints=warn" "-e" "CARGO_HOME=/opt/rustwide/cargo-home" "-e" "RUSTUP_HOME=/opt/rustwide/rustup-home" "-w" "/opt/rustwide/workdir" "-m" "1610612736" "--user" "0:0" "--network" "none" "ghcr.io/rust-lang/crates-build-env/linux@sha256:2788e3201cd34a07e3172128adcd8b3090168a8e3bcc40d7c032b9dda1df7d1c" "/opt/rustwide/cargo-home/bin/cargo" "+1.75.0" "test" "--frozen", kill_on_drop: false }`
[INFO] [stdout] bf233647aca223aebdc10237ad192ee3eb2827ea2a72a59f8b42a875fcbdd558
[INFO] running `Command { std: "docker" "start" "-a" "bf233647aca223aebdc10237ad192ee3eb2827ea2a72a59f8b42a875fcbdd558", kill_on_drop: false }`
[INFO] [stderr]     Finished test [unoptimized + debuginfo] target(s) in 0.07s
[INFO] [stderr]      Running unittests src/lib.rs (/opt/rustwide/target/debug/deps/proxy_header-df7d0d9497b3ae8a)
[INFO] [stdout] 
[INFO] [stdout] running 17 tests
[INFO] [stdout] test io::tests::test_sync ... ok
[INFO] [stdout] test tests::test_parse_proxy_header_v1 ... ok
[INFO] [stdout] test tests::test_parse_proxy_header_v1_unterminated ... ok
[INFO] [stdout] test tests::test_parse_proxy_header_with_tlvs ... ok
[INFO] [stdout] test tests::test_parse_proxy_header_too_short ... ok
[INFO] [stdout] test tests::test_parse_proxy_header_v2 ... ok
[INFO] [stdout] test v1::tests::test_buffer_too_short ... ok
[INFO] [stdout] test v1::tests::test_encode_ipv4 ... ok
[INFO] [stdout] test v1::tests::test_encode_local ... ok
[INFO] [stdout] test v1::tests::test_tlvs ... ok
[INFO] [stdout] test v2::tests::test_encode_ipv4 ... ok
[INFO] [stdout] test v1::tests::test_family_mismatch ... ok
[INFO] [stdout] test v2::tests::test_encode_ipv6 ... ok
[INFO] [stdout] test v1::tests::test_encode_ipv6 ... ok
[INFO] [stdout] test v2::tests::test_tlvs ... ok
[INFO] [stdout] test v2::tests::test_encode_local ... ok
[INFO] [stdout] test v2::tests::test_family_mismatch ... ok
[INFO] [stdout] 
[INFO] [stdout] test result: ok. 17 passed; 0 failed; 0 ignored; 0 measured; 0 filtered out; finished in 0.01s
[INFO] [stdout] 
[INFO] [stderr]    Doc-tests proxy-header
[INFO] [stdout] 
[INFO] [stdout] running 5 tests
[INFO] [stdout] test src/io.rs - io (line 14) - compile ... FAILED
[INFO] [stdout] test src/lib.rs - (line 76) ... ok
[INFO] [stdout] test src/lib.rs - (line 47) ... ok
[INFO] [stdout] test src/lib.rs - ProxyHeader<'a>::with_tlvs (line 561) ... ok
[INFO] [stdout] test src/lib.rs - (line 20) ... ok
[INFO] [stdout] 
[INFO] [stdout] failures:
[INFO] [stdout] 
[INFO] [stdout] ---- src/io.rs - io (line 14) stdout ----
[INFO] [stdout] error[E0599]: no function or associated item named `create_from_tokio` found for struct `ProxiedStream` in the current scope
[INFO] [stdout]    --> src/io.rs:27:41
[INFO] [stdout]     |
[INFO] [stdout] 15  |         let mut socket = ProxiedStream::create_from_tokio(socket, Default::default())
[INFO] [stdout]     |                                         ^^^^^^^^^^^^^^^^^
[INFO] [stdout]     |                                         |
[INFO] [stdout]     |                                         function or associated item not found in `ProxiedStream<_>`
[INFO] [stdout]     |                                         help: there is an associated function with a similar name: `create_from_std`
[INFO] [stdout]     |
[INFO] [stdout] note: if you're trying to build a new `ProxiedStream<_>` consider using one of the following associated functions:
[INFO] [stdout]       ProxiedStream::<IO>::unproxied
[INFO] [stdout]       ProxiedStream::<IO>::create_from_std
[INFO] [stdout]    --> /opt/rustwide/workdir/src/io.rs:95:5
[INFO] [stdout]     |
[INFO] [stdout] 95  |     pub fn unproxied(io: IO) -> Self {
[INFO] [stdout]     |     ^^^^^^^^^^^^^^^^^^^^^^^^^^^^^^^^
[INFO] [stdout] ...
[INFO] [stdout] 195 |     pub fn create_from_std(mut io: IO, config: ParseConfig) -> io::Result<Self> {
[INFO] [stdout]     |     ^^^^^^^^^^^^^^^^^^^^^^^^^^^^^^^^^^^^^^^^^^^^^^^^^^^^^^^^^^^^^^^^^^^^^^^^^^^
[INFO] [stdout] 
[INFO] [stdout] error: aborting due to previous error
[INFO] [stdout] 
[INFO] [stdout] For more information about this error, try `rustc --explain E0599`.
[INFO] [stdout] Couldn't compile the test.
[INFO] [stdout] 
[INFO] [stdout] failures:
[INFO] [stdout]     src/io.rs - io (line 14)
[INFO] [stdout] 
[INFO] [stdout] test result: FAILED. 4 passed; 1 failed; 0 ignored; 0 measured; 0 filtered out; finished in 0.31s
[INFO] [stdout] 
[INFO] [stderr] error: doctest failed, to rerun pass `--doc`
[INFO] running `Command { std: "docker" "inspect" "bf233647aca223aebdc10237ad192ee3eb2827ea2a72a59f8b42a875fcbdd558", kill_on_drop: false }`
[INFO] running `Command { std: "docker" "rm" "-f" "bf233647aca223aebdc10237ad192ee3eb2827ea2a72a59f8b42a875fcbdd558", kill_on_drop: false }`
[INFO] [stdout] bf233647aca223aebdc10237ad192ee3eb2827ea2a72a59f8b42a875fcbdd558
[INFO] testing proxy-header-0.1.0 against beta-2023-12-22 for beta-1.76-1
[INFO] extracting crate proxy-header 0.1.0 into /workspace/builds/worker-6-tc2/source
[INFO] validating manifest of crates.io crate proxy-header 0.1.0 on toolchain beta-2023-12-22
[INFO] running `Command { std: CARGO_HOME="/workspace/cargo-home" RUSTUP_HOME="/workspace/rustup-home" "/workspace/cargo-home/bin/cargo" "+beta-2023-12-22" "metadata" "--manifest-path" "Cargo.toml" "--no-deps", kill_on_drop: false }`
[INFO] started tweaking crates.io crate proxy-header 0.1.0
[INFO] finished tweaking crates.io crate proxy-header 0.1.0
[INFO] tweaked toml for crates.io crate proxy-header 0.1.0 written to /workspace/builds/worker-6-tc2/source/Cargo.toml
[INFO] running `Command { std: CARGO_HOME="/workspace/cargo-home" RUSTUP_HOME="/workspace/rustup-home" "/workspace/cargo-home/bin/cargo" "+beta-2023-12-22" "generate-lockfile" "--manifest-path" "Cargo.toml", kill_on_drop: false }`
[INFO] [stderr]     Updating crates.io index
[INFO] running `Command { std: CARGO_HOME="/workspace/cargo-home" RUSTUP_HOME="/workspace/rustup-home" "/workspace/cargo-home/bin/cargo" "+beta-2023-12-22" "fetch" "--manifest-path" "Cargo.toml", kill_on_drop: false }`
[INFO] running `Command { std: "docker" "create" "-v" "/var/lib/crater-agent-workspace/builds/worker-6-tc2/target:/opt/rustwide/target:rw,Z" "-v" "/var/lib/crater-agent-workspace/builds/worker-6-tc2/source:/opt/rustwide/workdir:ro,Z" "-v" "/var/lib/crater-agent-workspace/cargo-home:/opt/rustwide/cargo-home:ro,Z" "-v" "/var/lib/crater-agent-workspace/rustup-home:/opt/rustwide/rustup-home:ro,Z" "-e" "SOURCE_DIR=/opt/rustwide/workdir" "-e" "CARGO_TARGET_DIR=/opt/rustwide/target" "-e" "CARGO_HOME=/opt/rustwide/cargo-home" "-e" "RUSTUP_HOME=/opt/rustwide/rustup-home" "-w" "/opt/rustwide/workdir" "-m" "1610612736" "--user" "0:0" "--network" "none" "ghcr.io/rust-lang/crates-build-env/linux@sha256:2788e3201cd34a07e3172128adcd8b3090168a8e3bcc40d7c032b9dda1df7d1c" "/opt/rustwide/cargo-home/bin/cargo" "+beta-2023-12-22" "metadata" "--no-deps" "--format-version=1", kill_on_drop: false }`
[INFO] [stdout] e0d7e49837c028f1034e686365008905fed33a0c80022e4c3f48603737604e31
[INFO] running `Command { std: "docker" "start" "-a" "e0d7e49837c028f1034e686365008905fed33a0c80022e4c3f48603737604e31", kill_on_drop: false }`
[INFO] running `Command { std: "docker" "inspect" "e0d7e49837c028f1034e686365008905fed33a0c80022e4c3f48603737604e31", kill_on_drop: false }`
[INFO] running `Command { std: "docker" "rm" "-f" "e0d7e49837c028f1034e686365008905fed33a0c80022e4c3f48603737604e31", kill_on_drop: false }`
[INFO] [stdout] e0d7e49837c028f1034e686365008905fed33a0c80022e4c3f48603737604e31
[INFO] running `Command { std: "docker" "create" "-v" "/var/lib/crater-agent-workspace/builds/worker-6-tc2/target:/opt/rustwide/target:rw,Z" "-v" "/var/lib/crater-agent-workspace/builds/worker-6-tc2/source:/opt/rustwide/workdir:ro,Z" "-v" "/var/lib/crater-agent-workspace/cargo-home:/opt/rustwide/cargo-home:ro,Z" "-v" "/var/lib/crater-agent-workspace/rustup-home:/opt/rustwide/rustup-home:ro,Z" "-e" "SOURCE_DIR=/opt/rustwide/workdir" "-e" "CARGO_TARGET_DIR=/opt/rustwide/target" "-e" "CARGO_INCREMENTAL=0" "-e" "RUST_BACKTRACE=full" "-e" "RUSTFLAGS=--cap-lints=warn" "-e" "RUSTDOCFLAGS=--cap-lints=warn" "-e" "CARGO_HOME=/opt/rustwide/cargo-home" "-e" "RUSTUP_HOME=/opt/rustwide/rustup-home" "-w" "/opt/rustwide/workdir" "-m" "1610612736" "--user" "0:0" "--network" "none" "ghcr.io/rust-lang/crates-build-env/linux@sha256:2788e3201cd34a07e3172128adcd8b3090168a8e3bcc40d7c032b9dda1df7d1c" "/opt/rustwide/cargo-home/bin/cargo" "+beta-2023-12-22" "build" "--frozen" "--message-format=json", kill_on_drop: false }`
[INFO] [stdout] 76f827bcaca00717aab7dfd9c624d081336c700dd005da29200857fe6cd8ba9e
[INFO] running `Command { std: "docker" "start" "-a" "76f827bcaca00717aab7dfd9c624d081336c700dd005da29200857fe6cd8ba9e", kill_on_drop: false }`
[INFO] [stderr]    Compiling proxy-header v0.1.0 (/opt/rustwide/workdir)
[INFO] [stderr]     Finished dev [unoptimized + debuginfo] target(s) in 0.27s
[INFO] running `Command { std: "docker" "inspect" "76f827bcaca00717aab7dfd9c624d081336c700dd005da29200857fe6cd8ba9e", kill_on_drop: false }`
[INFO] running `Command { std: "docker" "rm" "-f" "76f827bcaca00717aab7dfd9c624d081336c700dd005da29200857fe6cd8ba9e", kill_on_drop: false }`
[INFO] [stdout] 76f827bcaca00717aab7dfd9c624d081336c700dd005da29200857fe6cd8ba9e
[INFO] running `Command { std: "docker" "create" "-v" "/var/lib/crater-agent-workspace/builds/worker-6-tc2/target:/opt/rustwide/target:rw,Z" "-v" "/var/lib/crater-agent-workspace/builds/worker-6-tc2/source:/opt/rustwide/workdir:ro,Z" "-v" "/var/lib/crater-agent-workspace/cargo-home:/opt/rustwide/cargo-home:ro,Z" "-v" "/var/lib/crater-agent-workspace/rustup-home:/opt/rustwide/rustup-home:ro,Z" "-e" "SOURCE_DIR=/opt/rustwide/workdir" "-e" "CARGO_TARGET_DIR=/opt/rustwide/target" "-e" "CARGO_INCREMENTAL=0" "-e" "RUST_BACKTRACE=full" "-e" "RUSTFLAGS=--cap-lints=warn" "-e" "RUSTDOCFLAGS=--cap-lints=warn" "-e" "CARGO_HOME=/opt/rustwide/cargo-home" "-e" "RUSTUP_HOME=/opt/rustwide/rustup-home" "-w" "/opt/rustwide/workdir" "-m" "1610612736" "--user" "0:0" "--network" "none" "ghcr.io/rust-lang/crates-build-env/linux@sha256:2788e3201cd34a07e3172128adcd8b3090168a8e3bcc40d7c032b9dda1df7d1c" "/opt/rustwide/cargo-home/bin/cargo" "+beta-2023-12-22" "test" "--frozen" "--no-run" "--message-format=json", kill_on_drop: false }`
[INFO] [stdout] 764c8eaa5cee57643045b290aaa754abd1984e9ffbe9296eabd58e7e092aca0e
[INFO] running `Command { std: "docker" "start" "-a" "764c8eaa5cee57643045b290aaa754abd1984e9ffbe9296eabd58e7e092aca0e", kill_on_drop: false }`
[INFO] [stderr]    Compiling num-traits v0.2.17
[INFO] [stderr]    Compiling indexmap v1.9.3
[INFO] [stderr]    Compiling serde_json v1.0.111
[INFO] [stderr]    Compiling either v1.9.0
[INFO] [stderr]    Compiling half v1.8.2
[INFO] [stderr]    Compiling serde_derive v1.0.194
[INFO] [stderr]    Compiling os_str_bytes v6.6.1
[INFO] [stderr]    Compiling ciborium-io v0.2.1
[INFO] [stderr]    Compiling plotters-backend v0.3.5
[INFO] [stderr]    Compiling regex-syntax v0.8.2
[INFO] [stderr]    Compiling plotters-svg v0.3.5
[INFO] [stderr]    Compiling clap_lex v0.2.4
[INFO] [stderr]    Compiling ciborium-ll v0.2.1
[INFO] [stderr]    Compiling itertools v0.10.5
[INFO] [stderr]    Compiling textwrap v0.16.0
[INFO] [stderr]    Compiling same-file v1.0.6
[INFO] [stderr]    Compiling cast v0.3.0
[INFO] [stderr]    Compiling walkdir v2.4.0
[INFO] [stderr]    Compiling clap v3.2.25
[INFO] [stderr]    Compiling rayon v1.8.0
[INFO] [stderr]    Compiling parking_lot v0.12.1
[INFO] [stderr]    Compiling tokio-macros v2.2.0
[INFO] [stderr]    Compiling regex-automata v0.4.3
[INFO] [stderr]    Compiling plotters v0.3.5
[INFO] [stderr]    Compiling criterion-plot v0.5.0
[INFO] [stderr]    Compiling atty v0.2.14
[INFO] [stderr]    Compiling oorandom v11.1.3
[INFO] [stderr]    Compiling anes v0.1.6
[INFO] [stderr]    Compiling tokio v1.35.1
[INFO] [stderr]    Compiling regex v1.10.2
[INFO] [stderr]    Compiling serde v1.0.194
[INFO] [stderr]    Compiling ciborium v0.2.1
[INFO] [stderr]    Compiling tinytemplate v1.2.1
[INFO] [stderr]    Compiling criterion v0.4.0
[INFO] [stderr]    Compiling proxy-header v0.1.0 (/opt/rustwide/workdir)
[INFO] [stderr]     Finished test [unoptimized + debuginfo] target(s) in 16.06s
[INFO] running `Command { std: "docker" "inspect" "764c8eaa5cee57643045b290aaa754abd1984e9ffbe9296eabd58e7e092aca0e", kill_on_drop: false }`
[INFO] running `Command { std: "docker" "rm" "-f" "764c8eaa5cee57643045b290aaa754abd1984e9ffbe9296eabd58e7e092aca0e", kill_on_drop: false }`
[INFO] [stdout] 764c8eaa5cee57643045b290aaa754abd1984e9ffbe9296eabd58e7e092aca0e
[INFO] running `Command { std: "docker" "create" "-v" "/var/lib/crater-agent-workspace/builds/worker-6-tc2/target:/opt/rustwide/target:rw,Z" "-v" "/var/lib/crater-agent-workspace/builds/worker-6-tc2/source:/opt/rustwide/workdir:ro,Z" "-v" "/var/lib/crater-agent-workspace/cargo-home:/opt/rustwide/cargo-home:ro,Z" "-v" "/var/lib/crater-agent-workspace/rustup-home:/opt/rustwide/rustup-home:ro,Z" "-e" "SOURCE_DIR=/opt/rustwide/workdir" "-e" "CARGO_TARGET_DIR=/opt/rustwide/target" "-e" "CARGO_INCREMENTAL=0" "-e" "RUST_BACKTRACE=full" "-e" "RUSTFLAGS=--cap-lints=warn" "-e" "RUSTDOCFLAGS=--cap-lints=warn" "-e" "CARGO_HOME=/opt/rustwide/cargo-home" "-e" "RUSTUP_HOME=/opt/rustwide/rustup-home" "-w" "/opt/rustwide/workdir" "-m" "1610612736" "--user" "0:0" "--network" "none" "ghcr.io/rust-lang/crates-build-env/linux@sha256:2788e3201cd34a07e3172128adcd8b3090168a8e3bcc40d7c032b9dda1df7d1c" "/opt/rustwide/cargo-home/bin/cargo" "+beta-2023-12-22" "test" "--frozen", kill_on_drop: false }`
[INFO] [stdout] 597cf3143e8fbc58c28f5e23c25e1c466b1a14cb84baff25532737cdfcd4e547
[INFO] running `Command { std: "docker" "start" "-a" "597cf3143e8fbc58c28f5e23c25e1c466b1a14cb84baff25532737cdfcd4e547", kill_on_drop: false }`
[INFO] [stderr]     Finished test [unoptimized + debuginfo] target(s) in 0.06s
[INFO] [stderr]      Running unittests src/lib.rs (/opt/rustwide/target/debug/deps/proxy_header-9e8e94394f2277c6)
[INFO] [stdout] 
[INFO] [stdout] running 17 tests
[INFO] [stdout] test io::tests::test_sync ... ok
[INFO] [stdout] test tests::test_parse_proxy_header_too_short ... ok
[INFO] [stdout] test tests::test_parse_proxy_header_v1 ... ok
[INFO] [stdout] test tests::test_parse_proxy_header_v1_unterminated ... ok
[INFO] [stdout] test tests::test_parse_proxy_header_v2 ... ok
[INFO] [stdout] test tests::test_parse_proxy_header_with_tlvs ... ok
[INFO] [stdout] test v1::tests::test_buffer_too_short ... ok
[INFO] [stdout] test v1::tests::test_encode_ipv4 ... ok
[INFO] [stdout] test v1::tests::test_encode_ipv6 ... ok
[INFO] [stdout] test v1::tests::test_encode_local ... ok
[INFO] [stdout] test v1::tests::test_family_mismatch ... ok
[INFO] [stdout] test v1::tests::test_tlvs ... ok
[INFO] [stdout] test v2::tests::test_encode_local ... ok
[INFO] [stdout] test v2::tests::test_family_mismatch ... ok
[INFO] [stdout] test v2::tests::test_tlvs ... ok
[INFO] [stdout] test v2::tests::test_encode_ipv4 ... ok
[INFO] [stdout] test v2::tests::test_encode_ipv6 ... ok
[INFO] [stdout] 
[INFO] [stdout] test result: ok. 17 passed; 0 failed; 0 ignored; 0 measured; 0 filtered out; finished in 0.00s
[INFO] [stdout] 
[INFO] [stderr]    Doc-tests proxy-header
[INFO] [stdout] 
[INFO] [stdout] running 5 tests
[INFO] [stdout] test src/io.rs - io (line 14) - compile ... FAILED
[INFO] [stdout] test src/lib.rs - (line 20) ... ok
[INFO] [stdout] test src/lib.rs - (line 76) ... ok
[INFO] [stdout] test src/lib.rs - ProxyHeader<'a>::with_tlvs (line 561) ... ok
[INFO] [stdout] test src/lib.rs - (line 47) ... ok
[INFO] [stdout] 
[INFO] [stdout] failures:
[INFO] [stdout] 
[INFO] [stdout] ---- src/io.rs - io (line 14) stdout ----
[INFO] [stdout] error[E0599]: no function or associated item named `create_from_tokio` found for struct `ProxiedStream` in the current scope
[INFO] [stdout]    --> src/io.rs:27:41
[INFO] [stdout]     |
[INFO] [stdout] 15  |         let mut socket = ProxiedStream::create_from_tokio(socket, Default::default())
[INFO] [stdout]     |                                         ^^^^^^^^^^^^^^^^^
[INFO] [stdout]     |                                         |
[INFO] [stdout]     |                                         function or associated item not found in `ProxiedStream<_>`
[INFO] [stdout]     |                                         help: there is an associated function with a similar name: `create_from_std`
[INFO] [stdout]     |
[INFO] [stdout] note: if you're trying to build a new `ProxiedStream<_>` consider using one of the following associated functions:
[INFO] [stdout]       ProxiedStream::<IO>::unproxied
[INFO] [stdout]       ProxiedStream::<IO>::create_from_std
[INFO] [stdout]    --> /opt/rustwide/workdir/src/io.rs:95:5
[INFO] [stdout]     |
[INFO] [stdout] 95  |     pub fn unproxied(io: IO) -> Self {
[INFO] [stdout]     |     ^^^^^^^^^^^^^^^^^^^^^^^^^^^^^^^^
[INFO] [stdout] ...
[INFO] [stdout] 195 |     pub fn create_from_std(mut io: IO, config: ParseConfig) -> io::Result<Self> {
[INFO] [stdout]     |     ^^^^^^^^^^^^^^^^^^^^^^^^^^^^^^^^^^^^^^^^^^^^^^^^^^^^^^^^^^^^^^^^^^^^^^^^^^^
[INFO] [stdout] 
[INFO] [stdout] error: aborting due to 1 previous error
[INFO] [stdout] 
[INFO] [stdout] For more information about this error, try `rustc --explain E0599`.
[INFO] [stdout] Couldn't compile the test.
[INFO] [stdout] 
[INFO] [stdout] failures:
[INFO] [stdout]     src/io.rs - io (line 14)
[INFO] [stdout] 
[INFO] [stdout] test result: FAILED. 4 passed; 1 failed; 0 ignored; 0 measured; 0 filtered out; finished in 0.20s
[INFO] [stdout] 
[INFO] [stderr] error: doctest failed, to rerun pass `--doc`
[INFO] running `Command { std: "docker" "inspect" "597cf3143e8fbc58c28f5e23c25e1c466b1a14cb84baff25532737cdfcd4e547", kill_on_drop: false }`
[INFO] running `Command { std: "docker" "rm" "-f" "597cf3143e8fbc58c28f5e23c25e1c466b1a14cb84baff25532737cdfcd4e547", kill_on_drop: false }`
[INFO] [stdout] 597cf3143e8fbc58c28f5e23c25e1c466b1a14cb84baff25532737cdfcd4e547
