[INFO] fetching crate proxit 1.0.1...
[INFO] testing proxit-1.0.1 against 1.75.0 for beta-1.76-1
[INFO] extracting crate proxit 1.0.1 into /workspace/builds/worker-0-tc1/source
[INFO] validating manifest of crates.io crate proxit 1.0.1 on toolchain 1.75.0
[INFO] running `Command { std: CARGO_HOME="/workspace/cargo-home" RUSTUP_HOME="/workspace/rustup-home" "/workspace/cargo-home/bin/cargo" "+1.75.0" "metadata" "--manifest-path" "Cargo.toml" "--no-deps", kill_on_drop: false }`
[INFO] started tweaking crates.io crate proxit 1.0.1
[INFO] finished tweaking crates.io crate proxit 1.0.1
[INFO] tweaked toml for crates.io crate proxit 1.0.1 written to /workspace/builds/worker-0-tc1/source/Cargo.toml
[INFO] running `Command { std: CARGO_HOME="/workspace/cargo-home" RUSTUP_HOME="/workspace/rustup-home" "/workspace/cargo-home/bin/cargo" "+1.75.0" "generate-lockfile" "--manifest-path" "Cargo.toml", kill_on_drop: false }`
[INFO] running `Command { std: CARGO_HOME="/workspace/cargo-home" RUSTUP_HOME="/workspace/rustup-home" "/workspace/cargo-home/bin/cargo" "+1.75.0" "fetch" "--manifest-path" "Cargo.toml", kill_on_drop: false }`
[INFO] running `Command { std: "docker" "create" "-v" "/var/lib/crater-agent-workspace/builds/worker-0-tc1/target:/opt/rustwide/target:rw,Z" "-v" "/var/lib/crater-agent-workspace/builds/worker-0-tc1/source:/opt/rustwide/workdir:ro,Z" "-v" "/var/lib/crater-agent-workspace/cargo-home:/opt/rustwide/cargo-home:ro,Z" "-v" "/var/lib/crater-agent-workspace/rustup-home:/opt/rustwide/rustup-home:ro,Z" "-e" "SOURCE_DIR=/opt/rustwide/workdir" "-e" "CARGO_TARGET_DIR=/opt/rustwide/target" "-e" "CARGO_HOME=/opt/rustwide/cargo-home" "-e" "RUSTUP_HOME=/opt/rustwide/rustup-home" "-w" "/opt/rustwide/workdir" "-m" "1610612736" "--user" "0:0" "--network" "none" "ghcr.io/rust-lang/crates-build-env/linux@sha256:2788e3201cd34a07e3172128adcd8b3090168a8e3bcc40d7c032b9dda1df7d1c" "/opt/rustwide/cargo-home/bin/cargo" "+1.75.0" "metadata" "--no-deps" "--format-version=1", kill_on_drop: false }`
[INFO] [stdout] 78fee55ccbf2cbecccfbe77677c49cbeb1d148b077d61663f08ddb2a4ee39960
[INFO] running `Command { std: "docker" "start" "-a" "78fee55ccbf2cbecccfbe77677c49cbeb1d148b077d61663f08ddb2a4ee39960", kill_on_drop: false }`
[INFO] running `Command { std: "docker" "inspect" "78fee55ccbf2cbecccfbe77677c49cbeb1d148b077d61663f08ddb2a4ee39960", kill_on_drop: false }`
[INFO] running `Command { std: "docker" "rm" "-f" "78fee55ccbf2cbecccfbe77677c49cbeb1d148b077d61663f08ddb2a4ee39960", kill_on_drop: false }`
[INFO] [stdout] 78fee55ccbf2cbecccfbe77677c49cbeb1d148b077d61663f08ddb2a4ee39960
[INFO] running `Command { std: "docker" "create" "-v" "/var/lib/crater-agent-workspace/builds/worker-0-tc1/target:/opt/rustwide/target:rw,Z" "-v" "/var/lib/crater-agent-workspace/builds/worker-0-tc1/source:/opt/rustwide/workdir:ro,Z" "-v" "/var/lib/crater-agent-workspace/cargo-home:/opt/rustwide/cargo-home:ro,Z" "-v" "/var/lib/crater-agent-workspace/rustup-home:/opt/rustwide/rustup-home:ro,Z" "-e" "SOURCE_DIR=/opt/rustwide/workdir" "-e" "CARGO_TARGET_DIR=/opt/rustwide/target" "-e" "CARGO_INCREMENTAL=0" "-e" "RUST_BACKTRACE=full" "-e" "RUSTFLAGS=--cap-lints=warn" "-e" "RUSTDOCFLAGS=--cap-lints=warn" "-e" "CARGO_HOME=/opt/rustwide/cargo-home" "-e" "RUSTUP_HOME=/opt/rustwide/rustup-home" "-w" "/opt/rustwide/workdir" "-m" "1610612736" "--user" "0:0" "--network" "none" "ghcr.io/rust-lang/crates-build-env/linux@sha256:2788e3201cd34a07e3172128adcd8b3090168a8e3bcc40d7c032b9dda1df7d1c" "/opt/rustwide/cargo-home/bin/cargo" "+1.75.0" "build" "--frozen" "--message-format=json", kill_on_drop: false }`
[INFO] [stdout] 816b80daf342895783c0fb98fafb7791346efd2448677d41cfd99ccd3d9f7c1f
[INFO] running `Command { std: "docker" "start" "-a" "816b80daf342895783c0fb98fafb7791346efd2448677d41cfd99ccd3d9f7c1f", kill_on_drop: false }`
[INFO] [stderr]    Compiling proxit v1.0.1 (/opt/rustwide/workdir)
[INFO] [stderr]     Finished dev [unoptimized + debuginfo] target(s) in 0.05s
[INFO] running `Command { std: "docker" "inspect" "816b80daf342895783c0fb98fafb7791346efd2448677d41cfd99ccd3d9f7c1f", kill_on_drop: false }`
[INFO] running `Command { std: "docker" "rm" "-f" "816b80daf342895783c0fb98fafb7791346efd2448677d41cfd99ccd3d9f7c1f", kill_on_drop: false }`
[INFO] [stdout] 816b80daf342895783c0fb98fafb7791346efd2448677d41cfd99ccd3d9f7c1f
[INFO] running `Command { std: "docker" "create" "-v" "/var/lib/crater-agent-workspace/builds/worker-0-tc1/target:/opt/rustwide/target:rw,Z" "-v" "/var/lib/crater-agent-workspace/builds/worker-0-tc1/source:/opt/rustwide/workdir:ro,Z" "-v" "/var/lib/crater-agent-workspace/cargo-home:/opt/rustwide/cargo-home:ro,Z" "-v" "/var/lib/crater-agent-workspace/rustup-home:/opt/rustwide/rustup-home:ro,Z" "-e" "SOURCE_DIR=/opt/rustwide/workdir" "-e" "CARGO_TARGET_DIR=/opt/rustwide/target" "-e" "CARGO_INCREMENTAL=0" "-e" "RUST_BACKTRACE=full" "-e" "RUSTFLAGS=--cap-lints=warn" "-e" "RUSTDOCFLAGS=--cap-lints=warn" "-e" "CARGO_HOME=/opt/rustwide/cargo-home" "-e" "RUSTUP_HOME=/opt/rustwide/rustup-home" "-w" "/opt/rustwide/workdir" "-m" "1610612736" "--user" "0:0" "--network" "none" "ghcr.io/rust-lang/crates-build-env/linux@sha256:2788e3201cd34a07e3172128adcd8b3090168a8e3bcc40d7c032b9dda1df7d1c" "/opt/rustwide/cargo-home/bin/cargo" "+1.75.0" "test" "--frozen" "--no-run" "--message-format=json", kill_on_drop: false }`
[INFO] [stdout] af503cd4e7b64f3768c969e3a6d61c5c12e733033aeb3b9294e71b1b3a914a98
[INFO] running `Command { std: "docker" "start" "-a" "af503cd4e7b64f3768c969e3a6d61c5c12e733033aeb3b9294e71b1b3a914a98", kill_on_drop: false }`
[INFO] [stderr]    Compiling proxit v1.0.1 (/opt/rustwide/workdir)
[INFO] [stderr]     Finished test [unoptimized + debuginfo] target(s) in 0.29s
[INFO] running `Command { std: "docker" "inspect" "af503cd4e7b64f3768c969e3a6d61c5c12e733033aeb3b9294e71b1b3a914a98", kill_on_drop: false }`
[INFO] running `Command { std: "docker" "rm" "-f" "af503cd4e7b64f3768c969e3a6d61c5c12e733033aeb3b9294e71b1b3a914a98", kill_on_drop: false }`
[INFO] [stdout] af503cd4e7b64f3768c969e3a6d61c5c12e733033aeb3b9294e71b1b3a914a98
[INFO] running `Command { std: "docker" "create" "-v" "/var/lib/crater-agent-workspace/builds/worker-0-tc1/target:/opt/rustwide/target:rw,Z" "-v" "/var/lib/crater-agent-workspace/builds/worker-0-tc1/source:/opt/rustwide/workdir:ro,Z" "-v" "/var/lib/crater-agent-workspace/cargo-home:/opt/rustwide/cargo-home:ro,Z" "-v" "/var/lib/crater-agent-workspace/rustup-home:/opt/rustwide/rustup-home:ro,Z" "-e" "SOURCE_DIR=/opt/rustwide/workdir" "-e" "CARGO_TARGET_DIR=/opt/rustwide/target" "-e" "CARGO_INCREMENTAL=0" "-e" "RUST_BACKTRACE=full" "-e" "RUSTFLAGS=--cap-lints=warn" "-e" "RUSTDOCFLAGS=--cap-lints=warn" "-e" "CARGO_HOME=/opt/rustwide/cargo-home" "-e" "RUSTUP_HOME=/opt/rustwide/rustup-home" "-w" "/opt/rustwide/workdir" "-m" "1610612736" "--user" "0:0" "--network" "none" "ghcr.io/rust-lang/crates-build-env/linux@sha256:2788e3201cd34a07e3172128adcd8b3090168a8e3bcc40d7c032b9dda1df7d1c" "/opt/rustwide/cargo-home/bin/cargo" "+1.75.0" "test" "--frozen", kill_on_drop: false }`
[INFO] [stdout] a9db34dda1d0b9375bc64fcd25ba36eac8dd9c2fb364db380816bc746d5fc999
[INFO] running `Command { std: "docker" "start" "-a" "a9db34dda1d0b9375bc64fcd25ba36eac8dd9c2fb364db380816bc746d5fc999", kill_on_drop: false }`
[INFO] [stderr]     Finished test [unoptimized + debuginfo] target(s) in 0.00s
[INFO] [stderr]      Running unittests src/lib.rs (/opt/rustwide/target/debug/deps/proxit-aa6c313bee2f4594)
[INFO] [stdout] 
[INFO] [stdout] running 0 tests
[INFO] [stdout] 
[INFO] [stdout] test result: ok. 0 passed; 0 failed; 0 ignored; 0 measured; 0 filtered out; finished in 0.00s
[INFO] [stdout] 
[INFO] [stderr]    Doc-tests proxit
[INFO] [stdout] 
[INFO] [stdout] running 1 test
[INFO] [stdout] test src/lib.rs - MainResult (line 19) ... FAILED
[INFO] [stdout] 
[INFO] [stdout] failures:
[INFO] [stdout] 
[INFO] [stdout] ---- src/lib.rs - MainResult (line 19) stdout ----
[INFO] [stdout] error[E0412]: cannot find type `Error` in this scope
[INFO] [stdout]  --> src/lib.rs:23:29
[INFO] [stdout]   |
[INFO] [stdout] 6 | fn main() -> MainResult<(), Error> {
[INFO] [stdout]   |                             ^^^^^ not found in this scope
[INFO] [stdout]   |
[INFO] [stdout] help: consider importing one of these items
[INFO] [stdout]   |
[INFO] [stdout] 4 + use core::error::Error;
[INFO] [stdout]   |
[INFO] [stdout] 4 + use core::fmt::Error;
[INFO] [stdout]   |
[INFO] [stdout] 4 + use std::error::Error;
[INFO] [stdout]   |
[INFO] [stdout] 4 + use std::fmt::Error;
[INFO] [stdout]   |
[INFO] [stdout]     and 1 other candidate
[INFO] [stdout] 
[INFO] [stdout] error[E0412]: cannot find type `Error` in this scope
[INFO] [stdout]   --> src/lib.rs:27:25
[INFO] [stdout]    |
[INFO] [stdout] 10 | fn work() -> Result<(), Error> {
[INFO] [stdout]    |                         ^^^^^ not found in this scope
[INFO] [stdout]    |
[INFO] [stdout] help: consider importing one of these items
[INFO] [stdout]    |
[INFO] [stdout] 4  + use core::error::Error;
[INFO] [stdout]    |
[INFO] [stdout] 4  + use core::fmt::Error;
[INFO] [stdout]    |
[INFO] [stdout] 4  + use std::error::Error;
[INFO] [stdout]    |
[INFO] [stdout] 4  + use std::fmt::Error;
[INFO] [stdout]    |
[INFO] [stdout]      and 1 other candidate
[INFO] [stdout] 
[INFO] [stdout] error: aborting due to 2 previous errors
[INFO] [stdout] 
[INFO] [stdout] For more information about this error, try `rustc --explain E0412`.
[INFO] [stdout] Couldn't compile the test.
[INFO] [stdout] 
[INFO] [stdout] failures:
[INFO] [stdout]     src/lib.rs - MainResult (line 19)
[INFO] [stdout] 
[INFO] [stdout] test result: FAILED. 0 passed; 1 failed; 0 ignored; 0 measured; 0 filtered out; finished in 0.06s
[INFO] [stdout] 
[INFO] [stderr] error: doctest failed, to rerun pass `--doc`
[INFO] running `Command { std: "docker" "inspect" "a9db34dda1d0b9375bc64fcd25ba36eac8dd9c2fb364db380816bc746d5fc999", kill_on_drop: false }`
[INFO] running `Command { std: "docker" "rm" "-f" "a9db34dda1d0b9375bc64fcd25ba36eac8dd9c2fb364db380816bc746d5fc999", kill_on_drop: false }`
[INFO] [stdout] a9db34dda1d0b9375bc64fcd25ba36eac8dd9c2fb364db380816bc746d5fc999
[INFO] testing proxit-1.0.1 against beta-2023-12-22 for beta-1.76-1
[INFO] extracting crate proxit 1.0.1 into /workspace/builds/worker-0-tc2/source
[INFO] validating manifest of crates.io crate proxit 1.0.1 on toolchain beta-2023-12-22
[INFO] running `Command { std: CARGO_HOME="/workspace/cargo-home" RUSTUP_HOME="/workspace/rustup-home" "/workspace/cargo-home/bin/cargo" "+beta-2023-12-22" "metadata" "--manifest-path" "Cargo.toml" "--no-deps", kill_on_drop: false }`
[INFO] started tweaking crates.io crate proxit 1.0.1
[INFO] finished tweaking crates.io crate proxit 1.0.1
[INFO] tweaked toml for crates.io crate proxit 1.0.1 written to /workspace/builds/worker-0-tc2/source/Cargo.toml
[INFO] running `Command { std: CARGO_HOME="/workspace/cargo-home" RUSTUP_HOME="/workspace/rustup-home" "/workspace/cargo-home/bin/cargo" "+beta-2023-12-22" "generate-lockfile" "--manifest-path" "Cargo.toml", kill_on_drop: false }`
[INFO] running `Command { std: CARGO_HOME="/workspace/cargo-home" RUSTUP_HOME="/workspace/rustup-home" "/workspace/cargo-home/bin/cargo" "+beta-2023-12-22" "fetch" "--manifest-path" "Cargo.toml", kill_on_drop: false }`
[INFO] running `Command { std: "docker" "create" "-v" "/var/lib/crater-agent-workspace/builds/worker-0-tc2/target:/opt/rustwide/target:rw,Z" "-v" "/var/lib/crater-agent-workspace/builds/worker-0-tc2/source:/opt/rustwide/workdir:ro,Z" "-v" "/var/lib/crater-agent-workspace/cargo-home:/opt/rustwide/cargo-home:ro,Z" "-v" "/var/lib/crater-agent-workspace/rustup-home:/opt/rustwide/rustup-home:ro,Z" "-e" "SOURCE_DIR=/opt/rustwide/workdir" "-e" "CARGO_TARGET_DIR=/opt/rustwide/target" "-e" "CARGO_HOME=/opt/rustwide/cargo-home" "-e" "RUSTUP_HOME=/opt/rustwide/rustup-home" "-w" "/opt/rustwide/workdir" "-m" "1610612736" "--user" "0:0" "--network" "none" "ghcr.io/rust-lang/crates-build-env/linux@sha256:2788e3201cd34a07e3172128adcd8b3090168a8e3bcc40d7c032b9dda1df7d1c" "/opt/rustwide/cargo-home/bin/cargo" "+beta-2023-12-22" "metadata" "--no-deps" "--format-version=1", kill_on_drop: false }`
[INFO] [stdout] 6c4fd5decb9965dc592fbf6d4277f5051ee47a065b5f80ba6c0dd3b817c4ae48
[INFO] running `Command { std: "docker" "start" "-a" "6c4fd5decb9965dc592fbf6d4277f5051ee47a065b5f80ba6c0dd3b817c4ae48", kill_on_drop: false }`
[INFO] running `Command { std: "docker" "inspect" "6c4fd5decb9965dc592fbf6d4277f5051ee47a065b5f80ba6c0dd3b817c4ae48", kill_on_drop: false }`
[INFO] running `Command { std: "docker" "rm" "-f" "6c4fd5decb9965dc592fbf6d4277f5051ee47a065b5f80ba6c0dd3b817c4ae48", kill_on_drop: false }`
[INFO] [stdout] 6c4fd5decb9965dc592fbf6d4277f5051ee47a065b5f80ba6c0dd3b817c4ae48
[INFO] running `Command { std: "docker" "create" "-v" "/var/lib/crater-agent-workspace/builds/worker-0-tc2/target:/opt/rustwide/target:rw,Z" "-v" "/var/lib/crater-agent-workspace/builds/worker-0-tc2/source:/opt/rustwide/workdir:ro,Z" "-v" "/var/lib/crater-agent-workspace/cargo-home:/opt/rustwide/cargo-home:ro,Z" "-v" "/var/lib/crater-agent-workspace/rustup-home:/opt/rustwide/rustup-home:ro,Z" "-e" "SOURCE_DIR=/opt/rustwide/workdir" "-e" "CARGO_TARGET_DIR=/opt/rustwide/target" "-e" "CARGO_INCREMENTAL=0" "-e" "RUST_BACKTRACE=full" "-e" "RUSTFLAGS=--cap-lints=warn" "-e" "RUSTDOCFLAGS=--cap-lints=warn" "-e" "CARGO_HOME=/opt/rustwide/cargo-home" "-e" "RUSTUP_HOME=/opt/rustwide/rustup-home" "-w" "/opt/rustwide/workdir" "-m" "1610612736" "--user" "0:0" "--network" "none" "ghcr.io/rust-lang/crates-build-env/linux@sha256:2788e3201cd34a07e3172128adcd8b3090168a8e3bcc40d7c032b9dda1df7d1c" "/opt/rustwide/cargo-home/bin/cargo" "+beta-2023-12-22" "build" "--frozen" "--message-format=json", kill_on_drop: false }`
[INFO] [stdout] 2cd2cb944a99c7352c691e9ed416e4528726e6d7a97888c124b6c319d03ccaec
[INFO] running `Command { std: "docker" "start" "-a" "2cd2cb944a99c7352c691e9ed416e4528726e6d7a97888c124b6c319d03ccaec", kill_on_drop: false }`
[INFO] [stderr]    Compiling proxit v1.0.1 (/opt/rustwide/workdir)
[INFO] [stderr]     Finished dev [unoptimized + debuginfo] target(s) in 0.04s
[INFO] running `Command { std: "docker" "inspect" "2cd2cb944a99c7352c691e9ed416e4528726e6d7a97888c124b6c319d03ccaec", kill_on_drop: false }`
[INFO] running `Command { std: "docker" "rm" "-f" "2cd2cb944a99c7352c691e9ed416e4528726e6d7a97888c124b6c319d03ccaec", kill_on_drop: false }`
[INFO] [stdout] 2cd2cb944a99c7352c691e9ed416e4528726e6d7a97888c124b6c319d03ccaec
[INFO] running `Command { std: "docker" "create" "-v" "/var/lib/crater-agent-workspace/builds/worker-0-tc2/target:/opt/rustwide/target:rw,Z" "-v" "/var/lib/crater-agent-workspace/builds/worker-0-tc2/source:/opt/rustwide/workdir:ro,Z" "-v" "/var/lib/crater-agent-workspace/cargo-home:/opt/rustwide/cargo-home:ro,Z" "-v" "/var/lib/crater-agent-workspace/rustup-home:/opt/rustwide/rustup-home:ro,Z" "-e" "SOURCE_DIR=/opt/rustwide/workdir" "-e" "CARGO_TARGET_DIR=/opt/rustwide/target" "-e" "CARGO_INCREMENTAL=0" "-e" "RUST_BACKTRACE=full" "-e" "RUSTFLAGS=--cap-lints=warn" "-e" "RUSTDOCFLAGS=--cap-lints=warn" "-e" "CARGO_HOME=/opt/rustwide/cargo-home" "-e" "RUSTUP_HOME=/opt/rustwide/rustup-home" "-w" "/opt/rustwide/workdir" "-m" "1610612736" "--user" "0:0" "--network" "none" "ghcr.io/rust-lang/crates-build-env/linux@sha256:2788e3201cd34a07e3172128adcd8b3090168a8e3bcc40d7c032b9dda1df7d1c" "/opt/rustwide/cargo-home/bin/cargo" "+beta-2023-12-22" "test" "--frozen" "--no-run" "--message-format=json", kill_on_drop: false }`
[INFO] [stdout] d4c25a5d80d8eaec48e582ec44ef53d3c019e9fc175c47b5d7983c1411351f6e
[INFO] running `Command { std: "docker" "start" "-a" "d4c25a5d80d8eaec48e582ec44ef53d3c019e9fc175c47b5d7983c1411351f6e", kill_on_drop: false }`
[INFO] [stderr]    Compiling proxit v1.0.1 (/opt/rustwide/workdir)
[INFO] [stderr]     Finished test [unoptimized + debuginfo] target(s) in 0.19s
[INFO] running `Command { std: "docker" "inspect" "d4c25a5d80d8eaec48e582ec44ef53d3c019e9fc175c47b5d7983c1411351f6e", kill_on_drop: false }`
[INFO] running `Command { std: "docker" "rm" "-f" "d4c25a5d80d8eaec48e582ec44ef53d3c019e9fc175c47b5d7983c1411351f6e", kill_on_drop: false }`
[INFO] [stdout] d4c25a5d80d8eaec48e582ec44ef53d3c019e9fc175c47b5d7983c1411351f6e
[INFO] running `Command { std: "docker" "create" "-v" "/var/lib/crater-agent-workspace/builds/worker-0-tc2/target:/opt/rustwide/target:rw,Z" "-v" "/var/lib/crater-agent-workspace/builds/worker-0-tc2/source:/opt/rustwide/workdir:ro,Z" "-v" "/var/lib/crater-agent-workspace/cargo-home:/opt/rustwide/cargo-home:ro,Z" "-v" "/var/lib/crater-agent-workspace/rustup-home:/opt/rustwide/rustup-home:ro,Z" "-e" "SOURCE_DIR=/opt/rustwide/workdir" "-e" "CARGO_TARGET_DIR=/opt/rustwide/target" "-e" "CARGO_INCREMENTAL=0" "-e" "RUST_BACKTRACE=full" "-e" "RUSTFLAGS=--cap-lints=warn" "-e" "RUSTDOCFLAGS=--cap-lints=warn" "-e" "CARGO_HOME=/opt/rustwide/cargo-home" "-e" "RUSTUP_HOME=/opt/rustwide/rustup-home" "-w" "/opt/rustwide/workdir" "-m" "1610612736" "--user" "0:0" "--network" "none" "ghcr.io/rust-lang/crates-build-env/linux@sha256:2788e3201cd34a07e3172128adcd8b3090168a8e3bcc40d7c032b9dda1df7d1c" "/opt/rustwide/cargo-home/bin/cargo" "+beta-2023-12-22" "test" "--frozen", kill_on_drop: false }`
[INFO] [stdout] b9bfa3d6003e54099c436bfd3568ede7cea9aec6d49220d3501a446cdd9e0241
[INFO] running `Command { std: "docker" "start" "-a" "b9bfa3d6003e54099c436bfd3568ede7cea9aec6d49220d3501a446cdd9e0241", kill_on_drop: false }`
[INFO] [stderr]     Finished test [unoptimized + debuginfo] target(s) in 0.00s
[INFO] [stderr]      Running unittests src/lib.rs (/opt/rustwide/target/debug/deps/proxit-18ad5f43f5bba7ee)
[INFO] [stdout] 
[INFO] [stdout] running 0 tests
[INFO] [stdout] 
[INFO] [stdout] test result: ok. 0 passed; 0 failed; 0 ignored; 0 measured; 0 filtered out; finished in 0.00s
[INFO] [stdout] 
[INFO] [stderr]    Doc-tests proxit
[INFO] [stdout] 
[INFO] [stdout] running 1 test
[INFO] [stdout] test src/lib.rs - MainResult (line 19) ... FAILED
[INFO] [stdout] 
[INFO] [stdout] failures:
[INFO] [stdout] 
[INFO] [stdout] ---- src/lib.rs - MainResult (line 19) stdout ----
[INFO] [stdout] error[E0412]: cannot find type `Error` in this scope
[INFO] [stdout]  --> src/lib.rs:23:29
[INFO] [stdout]   |
[INFO] [stdout] 6 | fn main() -> MainResult<(), Error> {
[INFO] [stdout]   |                             ^^^^^ not found in this scope
[INFO] [stdout]   |
[INFO] [stdout] help: consider importing one of these items
[INFO] [stdout]   |
[INFO] [stdout] 4 + use core::error::Error;
[INFO] [stdout]   |
[INFO] [stdout] 4 + use core::fmt::Error;
[INFO] [stdout]   |
[INFO] [stdout] 4 + use std::error::Error;
[INFO] [stdout]   |
[INFO] [stdout] 4 + use std::fmt::Error;
[INFO] [stdout]   |
[INFO] [stdout]     and 1 other candidate
[INFO] [stdout] 
[INFO] [stdout] error[E0412]: cannot find type `Error` in this scope
[INFO] [stdout]   --> src/lib.rs:27:25
[INFO] [stdout]    |
[INFO] [stdout] 10 | fn work() -> Result<(), Error> {
[INFO] [stdout]    |                         ^^^^^ not found in this scope
[INFO] [stdout]    |
[INFO] [stdout] help: consider importing one of these items
[INFO] [stdout]    |
[INFO] [stdout] 4  + use core::error::Error;
[INFO] [stdout]    |
[INFO] [stdout] 4  + use core::fmt::Error;
[INFO] [stdout]    |
[INFO] [stdout] 4  + use std::error::Error;
[INFO] [stdout]    |
[INFO] [stdout] 4  + use std::fmt::Error;
[INFO] [stdout]    |
[INFO] [stdout]      and 1 other candidate
[INFO] [stdout] 
[INFO] [stdout] error: aborting due to 2 previous errors
[INFO] [stdout] 
[INFO] [stdout] For more information about this error, try `rustc --explain E0412`.
[INFO] [stdout] Couldn't compile the test.
[INFO] [stdout] 
[INFO] [stdout] failures:
[INFO] [stdout]     src/lib.rs - MainResult (line 19)
[INFO] [stdout] 
[INFO] [stdout] test result: FAILED. 0 passed; 1 failed; 0 ignored; 0 measured; 0 filtered out; finished in 0.05s
[INFO] [stdout] 
[INFO] [stderr] error: doctest failed, to rerun pass `--doc`
[INFO] running `Command { std: "docker" "inspect" "b9bfa3d6003e54099c436bfd3568ede7cea9aec6d49220d3501a446cdd9e0241", kill_on_drop: false }`
[INFO] running `Command { std: "docker" "rm" "-f" "b9bfa3d6003e54099c436bfd3568ede7cea9aec6d49220d3501a446cdd9e0241", kill_on_drop: false }`
[INFO] [stdout] b9bfa3d6003e54099c436bfd3568ede7cea9aec6d49220d3501a446cdd9e0241
