[INFO] fetching crate proq 0.1.0...
[INFO] testing proq-0.1.0 against 1.75.0 for beta-1.76-1
[INFO] extracting crate proq 0.1.0 into /workspace/builds/worker-7-tc1/source
[INFO] validating manifest of crates.io crate proq 0.1.0 on toolchain 1.75.0
[INFO] running `Command { std: CARGO_HOME="/workspace/cargo-home" RUSTUP_HOME="/workspace/rustup-home" "/workspace/cargo-home/bin/cargo" "+1.75.0" "metadata" "--manifest-path" "Cargo.toml" "--no-deps", kill_on_drop: false }`
[INFO] started tweaking crates.io crate proq 0.1.0
[INFO] finished tweaking crates.io crate proq 0.1.0
[INFO] tweaked toml for crates.io crate proq 0.1.0 written to /workspace/builds/worker-7-tc1/source/Cargo.toml
[INFO] running `Command { std: CARGO_HOME="/workspace/cargo-home" RUSTUP_HOME="/workspace/rustup-home" "/workspace/cargo-home/bin/cargo" "+1.75.0" "generate-lockfile" "--manifest-path" "Cargo.toml", kill_on_drop: false }`
[INFO] [stderr]     Updating crates.io index
[INFO] running `Command { std: CARGO_HOME="/workspace/cargo-home" RUSTUP_HOME="/workspace/rustup-home" "/workspace/cargo-home/bin/cargo" "+1.75.0" "fetch" "--manifest-path" "Cargo.toml", kill_on_drop: false }`
[INFO] [stderr]  Downloading crates ...
[INFO] [stderr]   Downloaded url_serde v0.2.0
[INFO] running `Command { std: "docker" "create" "-v" "/var/lib/crater-agent-workspace/builds/worker-7-tc1/target:/opt/rustwide/target:rw,Z" "-v" "/var/lib/crater-agent-workspace/builds/worker-7-tc1/source:/opt/rustwide/workdir:ro,Z" "-v" "/var/lib/crater-agent-workspace/cargo-home:/opt/rustwide/cargo-home:ro,Z" "-v" "/var/lib/crater-agent-workspace/rustup-home:/opt/rustwide/rustup-home:ro,Z" "-e" "SOURCE_DIR=/opt/rustwide/workdir" "-e" "CARGO_TARGET_DIR=/opt/rustwide/target" "-e" "CARGO_HOME=/opt/rustwide/cargo-home" "-e" "RUSTUP_HOME=/opt/rustwide/rustup-home" "-w" "/opt/rustwide/workdir" "-m" "1610612736" "--user" "0:0" "--network" "none" "ghcr.io/rust-lang/crates-build-env/linux@sha256:2788e3201cd34a07e3172128adcd8b3090168a8e3bcc40d7c032b9dda1df7d1c" "/opt/rustwide/cargo-home/bin/cargo" "+1.75.0" "metadata" "--no-deps" "--format-version=1", kill_on_drop: false }`
[INFO] [stdout] 948f380b8d6dfb1b94fb7befe0544b7972c0c8b610d89ac67dfe8649896e0709
[INFO] running `Command { std: "docker" "start" "-a" "948f380b8d6dfb1b94fb7befe0544b7972c0c8b610d89ac67dfe8649896e0709", kill_on_drop: false }`
[INFO] running `Command { std: "docker" "inspect" "948f380b8d6dfb1b94fb7befe0544b7972c0c8b610d89ac67dfe8649896e0709", kill_on_drop: false }`
[INFO] running `Command { std: "docker" "rm" "-f" "948f380b8d6dfb1b94fb7befe0544b7972c0c8b610d89ac67dfe8649896e0709", kill_on_drop: false }`
[INFO] [stdout] 948f380b8d6dfb1b94fb7befe0544b7972c0c8b610d89ac67dfe8649896e0709
[INFO] running `Command { std: "docker" "create" "-v" "/var/lib/crater-agent-workspace/builds/worker-7-tc1/target:/opt/rustwide/target:rw,Z" "-v" "/var/lib/crater-agent-workspace/builds/worker-7-tc1/source:/opt/rustwide/workdir:ro,Z" "-v" "/var/lib/crater-agent-workspace/cargo-home:/opt/rustwide/cargo-home:ro,Z" "-v" "/var/lib/crater-agent-workspace/rustup-home:/opt/rustwide/rustup-home:ro,Z" "-e" "SOURCE_DIR=/opt/rustwide/workdir" "-e" "CARGO_TARGET_DIR=/opt/rustwide/target" "-e" "CARGO_INCREMENTAL=0" "-e" "RUST_BACKTRACE=full" "-e" "RUSTFLAGS=--cap-lints=warn" "-e" "RUSTDOCFLAGS=--cap-lints=warn" "-e" "CARGO_HOME=/opt/rustwide/cargo-home" "-e" "RUSTUP_HOME=/opt/rustwide/rustup-home" "-w" "/opt/rustwide/workdir" "-m" "1610612736" "--user" "0:0" "--network" "none" "ghcr.io/rust-lang/crates-build-env/linux@sha256:2788e3201cd34a07e3172128adcd8b3090168a8e3bcc40d7c032b9dda1df7d1c" "/opt/rustwide/cargo-home/bin/cargo" "+1.75.0" "build" "--frozen" "--message-format=json", kill_on_drop: false }`
[INFO] [stdout] 678070256b086051ef096014f13e86a67b8cce8fa0e6f391998c1b8107d1686a
[INFO] running `Command { std: "docker" "start" "-a" "678070256b086051ef096014f13e86a67b8cce8fa0e6f391998c1b8107d1686a", kill_on_drop: false }`
[INFO] [stderr]    Compiling pkg-config v0.3.28
[INFO] [stderr]    Compiling vcpkg v0.2.15
[INFO] [stderr]    Compiling tinyvec_macros v0.1.1
[INFO] [stderr]    Compiling byteorder v1.5.0
[INFO] [stderr]    Compiling futures-sink-preview v0.3.0-alpha.19
[INFO] [stderr]    Compiling cc v1.0.83
[INFO] [stderr]    Compiling iovec v0.1.4
[INFO] [stderr]    Compiling version_check v0.9.4
[INFO] [stderr]    Compiling tinyvec v1.6.0
[INFO] [stderr]    Compiling value-bag v1.4.3
[INFO] [stderr]    Compiling futures-core-preview v0.3.0-alpha.19
[INFO] [stderr]    Compiling bytes v0.4.12
[INFO] [stderr]    Compiling unicode-bidi v0.3.14
[INFO] [stderr]    Compiling unicase v2.7.0
[INFO] [stderr]    Compiling log v0.4.20
[INFO] [stderr]    Compiling futures-channel-preview v0.3.0-alpha.19
[INFO] [stderr]    Compiling syn v2.0.48
[INFO] [stderr]    Compiling serde v1.0.194
[INFO] [stderr]    Compiling futures v0.1.31
[INFO] [stderr]    Compiling futures-io-preview v0.3.0-alpha.19
[INFO] [stderr]    Compiling syn v1.0.109
[INFO] [stderr]    Compiling unicode-normalization v0.1.22
[INFO] [stderr]    Compiling curl v0.4.44
[INFO] [stderr]    Compiling itoa v0.4.8
[INFO] [stderr]    Compiling percent-encoding v2.3.1
[INFO] [stderr]    Compiling cfg-if v0.1.10
[INFO] [stderr]    Compiling mime_guess v2.0.4
[INFO] [stderr]    Compiling libz-sys v1.1.12
[INFO] [stderr]    Compiling openssl-sys v0.9.98
[INFO] [stderr]    Compiling libnghttp2-sys v0.1.9+1.58.0
[INFO] [stderr]    Compiling curl-sys v0.4.70+curl-8.5.0
[INFO] [stderr]    Compiling idna v0.5.0
[INFO] [stderr]    Compiling form_urlencoded v1.2.1
[INFO] [stderr]    Compiling crossbeam-utils v0.6.6
[INFO] [stderr]    Compiling backtrace v0.3.69
[INFO] [stderr]    Compiling tokio-io v0.1.13
[INFO] [stderr]    Compiling socket2 v0.4.10
[INFO] [stderr]    Compiling num_cpus v1.16.0
[INFO] [stderr]    Compiling futures-util-preview v0.3.0-alpha.19
[INFO] [stderr]    Compiling matches v0.1.10
[INFO] [stderr]    Compiling gimli v0.28.1
[INFO] [stderr]    Compiling adler v1.0.2
[INFO] [stderr]    Compiling unicode-xid v0.2.4
[INFO] [stderr]    Compiling openssl-probe v0.1.5
[INFO] [stderr]    Compiling failure_derive v0.1.8
[INFO] [stderr]    Compiling isahc v0.7.6
[INFO] [stderr]    Compiling fnv v1.0.7
[INFO] [stderr]    Compiling http v0.1.21
[INFO] [stderr]    Compiling miniz_oxide v0.7.1
[INFO] [stderr]    Compiling idna v0.1.5
[INFO] [stderr]    Compiling synstructure v0.12.6
[INFO] [stderr]    Compiling futures-executor-preview v0.3.0-alpha.19
[INFO] [stderr]    Compiling crossbeam-channel v0.3.9
[INFO] [stderr]    Compiling url v2.5.0
[INFO] [stderr]    Compiling sluice v0.4.2
[INFO] [stderr]    Compiling object v0.32.2
[INFO] [stderr]    Compiling percent-encoding v1.0.1
[INFO] [stderr]    Compiling mime v0.3.17
[INFO] [stderr]    Compiling dtoa v0.4.8
[INFO] [stderr]    Compiling rustc-demangle v0.1.23
[INFO] [stderr]    Compiling addr2line v0.21.0
[INFO] [stderr]    Compiling url v1.7.2
[INFO] [stderr]    Compiling futures-preview v0.3.0-alpha.19
[INFO] [stderr]    Compiling serde_derive v1.0.194
[INFO] [stderr]    Compiling failure v0.1.8
[INFO] [stderr]    Compiling serde_urlencoded v0.6.1
[INFO] [stderr]    Compiling serde_json v1.0.111
[INFO] [stderr]    Compiling url_serde v0.2.0
[INFO] [stderr]    Compiling surf v1.0.3
[INFO] [stderr]    Compiling proq v0.1.0 (/opt/rustwide/workdir)
[INFO] [stdout] warning: unnecessary trailing semicolon
[INFO] [stdout]    --> src/result_types.rs:351:10
[INFO] [stdout]     |
[INFO] [stdout] 351 |         };
[INFO] [stdout]     |          ^ help: remove this semicolon
[INFO] [stdout]     |
[INFO] [stdout]     = note: `#[warn(redundant_semicolons)]` on by default
[INFO] [stdout] 
[INFO] [stdout] 
[INFO] [stdout] warning: 1 warning emitted
[INFO] [stdout] 
[INFO] [stdout] 
[INFO] [stderr]     Finished dev [unoptimized + debuginfo] target(s) in 25.10s
[INFO] running `Command { std: "docker" "inspect" "678070256b086051ef096014f13e86a67b8cce8fa0e6f391998c1b8107d1686a", kill_on_drop: false }`
[INFO] running `Command { std: "docker" "rm" "-f" "678070256b086051ef096014f13e86a67b8cce8fa0e6f391998c1b8107d1686a", kill_on_drop: false }`
[INFO] [stdout] 678070256b086051ef096014f13e86a67b8cce8fa0e6f391998c1b8107d1686a
[INFO] running `Command { std: "docker" "create" "-v" "/var/lib/crater-agent-workspace/builds/worker-7-tc1/target:/opt/rustwide/target:rw,Z" "-v" "/var/lib/crater-agent-workspace/builds/worker-7-tc1/source:/opt/rustwide/workdir:ro,Z" "-v" "/var/lib/crater-agent-workspace/cargo-home:/opt/rustwide/cargo-home:ro,Z" "-v" "/var/lib/crater-agent-workspace/rustup-home:/opt/rustwide/rustup-home:ro,Z" "-e" "SOURCE_DIR=/opt/rustwide/workdir" "-e" "CARGO_TARGET_DIR=/opt/rustwide/target" "-e" "CARGO_INCREMENTAL=0" "-e" "RUST_BACKTRACE=full" "-e" "RUSTFLAGS=--cap-lints=warn" "-e" "RUSTDOCFLAGS=--cap-lints=warn" "-e" "CARGO_HOME=/opt/rustwide/cargo-home" "-e" "RUSTUP_HOME=/opt/rustwide/rustup-home" "-w" "/opt/rustwide/workdir" "-m" "1610612736" "--user" "0:0" "--network" "none" "ghcr.io/rust-lang/crates-build-env/linux@sha256:2788e3201cd34a07e3172128adcd8b3090168a8e3bcc40d7c032b9dda1df7d1c" "/opt/rustwide/cargo-home/bin/cargo" "+1.75.0" "test" "--frozen" "--no-run" "--message-format=json", kill_on_drop: false }`
[INFO] [stdout] 962260dba31a93e985c252a2f0ec1f16f28b92671b0abedf98deeaf8be65dda8
[INFO] running `Command { std: "docker" "start" "-a" "962260dba31a93e985c252a2f0ec1f16f28b92671b0abedf98deeaf8be65dda8", kill_on_drop: false }`
[INFO] [stderr]    Compiling futures-macro v0.3.30
[INFO] [stdout] warning: unnecessary trailing semicolon
[INFO] [stdout]    --> src/result_types.rs:351:10
[INFO] [stdout]     |
[INFO] [stdout] 351 |         };
[INFO] [stdout]     |          ^ help: remove this semicolon
[INFO] [stdout]     |
[INFO] [stdout]     = note: `#[warn(redundant_semicolons)]` on by default
[INFO] [stdout] 
[INFO] [stdout] 
[INFO] [stdout] warning: 1 warning emitted
[INFO] [stdout] 
[INFO] [stdout] 
[INFO] [stderr]    Compiling futures-util v0.3.30
[INFO] [stderr]    Compiling futures-executor v0.3.30
[INFO] [stderr]    Compiling futures v0.3.30
[INFO] [stderr]    Compiling proq v0.1.0 (/opt/rustwide/workdir)
[INFO] [stdout] warning: unnecessary trailing semicolon
[INFO] [stdout]    --> src/result_types.rs:351:10
[INFO] [stdout]     |
[INFO] [stdout] 351 |         };
[INFO] [stdout]     |          ^ help: remove this semicolon
[INFO] [stdout]     |
[INFO] [stdout]     = note: `#[warn(redundant_semicolons)]` on by default
[INFO] [stdout] 
[INFO] [stdout] 
[INFO] [stdout] warning: 1 warning emitted
[INFO] [stdout] 
[INFO] [stdout] 
[INFO] [stderr]     Finished test [unoptimized + debuginfo] target(s) in 4.24s
[INFO] running `Command { std: "docker" "inspect" "962260dba31a93e985c252a2f0ec1f16f28b92671b0abedf98deeaf8be65dda8", kill_on_drop: false }`
[INFO] running `Command { std: "docker" "rm" "-f" "962260dba31a93e985c252a2f0ec1f16f28b92671b0abedf98deeaf8be65dda8", kill_on_drop: false }`
[INFO] [stdout] 962260dba31a93e985c252a2f0ec1f16f28b92671b0abedf98deeaf8be65dda8
[INFO] running `Command { std: "docker" "create" "-v" "/var/lib/crater-agent-workspace/builds/worker-7-tc1/target:/opt/rustwide/target:rw,Z" "-v" "/var/lib/crater-agent-workspace/builds/worker-7-tc1/source:/opt/rustwide/workdir:ro,Z" "-v" "/var/lib/crater-agent-workspace/cargo-home:/opt/rustwide/cargo-home:ro,Z" "-v" "/var/lib/crater-agent-workspace/rustup-home:/opt/rustwide/rustup-home:ro,Z" "-e" "SOURCE_DIR=/opt/rustwide/workdir" "-e" "CARGO_TARGET_DIR=/opt/rustwide/target" "-e" "CARGO_INCREMENTAL=0" "-e" "RUST_BACKTRACE=full" "-e" "RUSTFLAGS=--cap-lints=warn" "-e" "RUSTDOCFLAGS=--cap-lints=warn" "-e" "CARGO_HOME=/opt/rustwide/cargo-home" "-e" "RUSTUP_HOME=/opt/rustwide/rustup-home" "-w" "/opt/rustwide/workdir" "-m" "1610612736" "--user" "0:0" "--network" "none" "ghcr.io/rust-lang/crates-build-env/linux@sha256:2788e3201cd34a07e3172128adcd8b3090168a8e3bcc40d7c032b9dda1df7d1c" "/opt/rustwide/cargo-home/bin/cargo" "+1.75.0" "test" "--frozen", kill_on_drop: false }`
[INFO] [stdout] a24a6080eef276b78726be7618b0d4f8b966fc3a876877639929ce03a548cdb9
[INFO] running `Command { std: "docker" "start" "-a" "a24a6080eef276b78726be7618b0d4f8b966fc3a876877639929ce03a548cdb9", kill_on_drop: false }`
[INFO] [stderr] warning: unnecessary trailing semicolon
[INFO] [stderr]    --> src/result_types.rs:351:10
[INFO] [stderr]     |
[INFO] [stderr] 351 |         };
[INFO] [stderr]     |          ^ help: remove this semicolon
[INFO] [stderr]     |
[INFO] [stderr]     = note: `#[warn(redundant_semicolons)]` on by default
[INFO] [stderr] 
[INFO] [stderr] warning: `proq` (lib) generated 1 warning
[INFO] [stderr] warning: `proq` (lib test) generated 1 warning (1 duplicate)
[INFO] [stderr]     Finished test [unoptimized + debuginfo] target(s) in 0.08s
[INFO] [stderr]      Running unittests src/lib.rs (/opt/rustwide/target/debug/deps/proq-fa68ed2754cf56c5)
[INFO] [stdout] 
[INFO] [stdout] running 0 tests
[INFO] [stdout] 
[INFO] [stdout] test result: ok. 0 passed; 0 failed; 0 ignored; 0 measured; 0 filtered out; finished in 0.00s
[INFO] [stdout] 
[INFO] [stderr]    Doc-tests proq
[INFO] [stderr] warning: unnecessary trailing semicolon
[INFO] [stderr]    --> src/result_types.rs:351:10
[INFO] [stderr]     |
[INFO] [stderr] 351 |         };
[INFO] [stderr]     |          ^ help: remove this semicolon
[INFO] [stderr]     |
[INFO] [stderr]     = note: `#[warn(redundant_semicolons)]` on by default
[INFO] [stderr] 
[INFO] [stderr] warning: 1 warning emitted
[INFO] [stderr] 
[INFO] [stdout] 
[INFO] [stdout] running 16 tests
[INFO] [stdout] test src/api.rs - api::ProqClient::new (line 66) ... ok
[INFO] [stdout] test src/api.rs - api::ProqClient::config (line 530) ... FAILED
[INFO] [stdout] test src/api.rs - api::ProqClient::new_with_proto (line 93) ... ok
[INFO] [stdout] test src/api.rs - api::ProqClient::label_values (line 334) ... ok
[INFO] [stdout] test src/api.rs - api::ProqClient::instant_query (line 158) ... ok
[INFO] [stdout] test src/api.rs - api::ProqClient::alerts (line 478) ... ok
[INFO] [stdout] test src/api.rs - api::ProqClient::label_names (line 304) ... ok
[INFO] [stdout] test src/api.rs - api::ProqClient::flags (line 556) ... ok
[INFO] [stdout] test src/api.rs - api::ProqClient::alert_managers (line 504) ... ok
[INFO] [stdout] test src/api.rs - api::ProqClient::range_query (line 200) ... ok
[INFO] [stdout] test src/lib.rs - (line 9) ... ok
[INFO] [stdout] test src/api.rs - api::ProqClient::targets (line 362) ... ok
[INFO] [stdout] test src/api.rs - api::ProqClient::rules (line 420) ... ok
[INFO] [stdout] test src/api.rs - api::ProqClient::rules_with_type (line 452) ... ok
[INFO] [stdout] test src/api.rs - api::ProqClient::targets_with_state (line 394) ... ok
[INFO] [stdout] test src/api.rs - api::ProqClient::series (line 249) ... ok
[INFO] [stdout] 
[INFO] [stdout] failures:
[INFO] [stdout] 
[INFO] [stdout] ---- src/api.rs - api::ProqClient::config (line 530) stdout ----
[INFO] [stdout] error: linking with `cc` failed: exit status: 1
[INFO] [stdout]   |
[INFO] [stdout]   = note: LC_ALL="C" PATH="/opt/rustwide/rustup-home/toolchains/1.75.0-x86_64-unknown-linux-gnu/lib/rustlib/x86_64-unknown-linux-gnu/bin:/opt/rustwide/cargo-home/bin:/usr/local/sbin:/usr/local/bin:/usr/sbin:/usr/bin:/sbin:/bin" VSLANG="1033" "cc" "-m64" "/tmp/rustc8v83EJ/symbols.o" "/tmp/rustdoctestWWZOXu/rust_out.rust_out.263fb70ac1c95110-cgu.0.rcgu.o" "/tmp/rustdoctestWWZOXu/rust_out.2uel00cfmdh5ufit.rcgu.o" "-Wl,--as-needed" "-L" "/opt/rustwide/target/debug/deps" "-L" "/opt/rustwide/target/debug/deps" "-L" "/opt/rustwide/target/debug/build/libnghttp2-sys-2bfd4e3b4584c8f5/out/i/lib" "-L" "/usr/lib/x86_64-linux-gnu" "-L" "/opt/rustwide/rustup-home/toolchains/1.75.0-x86_64-unknown-linux-gnu/lib/rustlib/x86_64-unknown-linux-gnu/lib" "-Wl,-Bstatic" "/opt/rustwide/target/debug/deps/libfutures-2d5ec821718fa45a.rlib" "/opt/rustwide/target/debug/deps/libfutures_executor-d44968d99c1833dc.rlib" "/opt/rustwide/target/debug/deps/libfutures_util-576921637295d466.rlib" "/opt/rustwide/target/debug/deps/libfutures_io-06ca5b85b7f1c406.rlib" "/opt/rustwide/target/debug/deps/libfutures_channel-53f0ed2f748347d4.rlib" "/opt/rustwide/target/debug/deps/libpin_project_lite-e0757e0deaa2f8a0.rlib" "/opt/rustwide/target/debug/deps/libfutures_sink-50fc48ec23ff5f80.rlib" "/opt/rustwide/target/debug/deps/libfutures_task-c1403167034c79e1.rlib" "/opt/rustwide/target/debug/deps/libfutures_core-408247f29faf1ec8.rlib" "/opt/rustwide/target/debug/deps/libproq-3ae8163c0242c2a1.rlib" "/opt/rustwide/target/debug/deps/liburl_serde-3c826bd1eeafc40a.rlib" "/opt/rustwide/target/debug/deps/libfailure-c8def69c98771fa9.rlib" "/opt/rustwide/target/debug/deps/libbacktrace-4ac32c1aacc5d1a1.rlib" "/opt/rustwide/target/debug/deps/libminiz_oxide-3fde4c3c03045389.rlib" "/opt/rustwide/target/debug/deps/libadler-c8f2240c56a0abca.rlib" "/opt/rustwide/target/debug/deps/libobject-e7796a9e8e532c53.rlib" "/opt/rustwide/target/debug/deps/libaddr2line-2d4126a5dc567f39.rlib" "/opt/rustwide/target/debug/deps/libgimli-7f4f1abc0cbbfdc4.rlib" "/opt/rustwide/target/debug/deps/libcfg_if-61dc7a6799e72b18.rlib" "/opt/rustwide/target/debug/deps/librustc_demangle-7ef8571a19a75907.rlib" "/opt/rustwide/target/debug/deps/libsurf-d16dbab374ce3966.rlib" "/opt/rustwide/target/debug/deps/libmime_guess-b52504f9ddbbfa9c.rlib" "/opt/rustwide/target/debug/deps/libunicase-131885e46c9d146d.rlib" "/opt/rustwide/target/debug/deps/libserde_json-118fee5e21b12310.rlib" "/opt/rustwide/target/debug/deps/libryu-5f304b1b6393964f.rlib" "/opt/rustwide/target/debug/deps/libitoa-5f181af53b99b92c.rlib" "/opt/rustwide/target/debug/deps/libserde_urlencoded-b4b7c3c22cf5b23f.rlib" "/opt/rustwide/target/debug/deps/libdtoa-665aa5830ef0260e.rlib" "/opt/rustwide/target/debug/deps/libisahc-b374f7f6706e33d3.rlib" "/opt/rustwide/target/debug/deps/libsluice-a211f6b091c5e664.rlib" "/opt/rustwide/target/debug/deps/libcurl-788e2017e65da8fc.rlib" "/opt/rustwide/target/debug/deps/libsocket2-a4b1cf5d48b19d86.rlib" "/opt/rustwide/target/debug/deps/libcurl_sys-4bb47415f0fd14c1.rlib" "/opt/rustwide/target/debug/deps/libcrossbeam_channel-038e4bdec6b3c437.rlib" "/opt/rustwide/target/debug/deps/libcrossbeam_utils-bb5deaad850e4899.rlib" "/opt/rustwide/target/debug/deps/libcfg_if-925b73a2e437f0c3.rlib" "/opt/rustwide/target/debug/deps/liblazy_static-591486ebcb9a7ead.rlib" "/opt/rustwide/target/debug/deps/liburl-6415f4a0e2585893.rlib" "/opt/rustwide/target/debug/deps/libidna-f4c6dc12c81bea2a.rlib" "/opt/rustwide/target/debug/deps/libform_urlencoded-ef5eb70334031c86.rlib" "/opt/rustwide/target/debug/deps/libpercent_encoding-fe0d57427b4d92e0.rlib" "/opt/rustwide/target/debug/deps/libmime-7e306270d8ceb372.rlib" "/opt/rustwide/target/debug/deps/libfutures-fc383e451a003f1e.rlib" "/opt/rustwide/target/debug/deps/libfutures_executor-9ff8c04372049914.rlib" "/opt/rustwide/target/debug/deps/libnum_cpus-cb81d41626d198af.rlib" "/opt/rustwide/target/debug/deps/libfutures_util-30dec469dc706122.rlib" "/opt/rustwide/target/debug/deps/libmemchr-94009dd89ebb9d8d.rlib" "/opt/rustwide/target/debug/deps/libtokio_io-d03c31abcc68e1f9.rlib" "/opt/rustwide/target/debug/deps/liblog-7881208b474dd164.rlib" "/opt/rustwide/target/debug/deps/libvalue_bag-962bdcb5d9efe941.rlib" "/opt/rustwide/target/debug/deps/libfutures-8d8915a23f05644b.rlib" "/opt/rustwide/target/debug/deps/libslab-6eb39baadbe9101c.rlib" "/opt/rustwide/target/debug/deps/libfutures_channel-5af90f93424b4b6a.rlib" "/opt/rustwide/target/debug/deps/libfutures_io-f19cdaa11d05ff7d.rlib" "/opt/rustwide/target/debug/deps/libfutures_sink-723123bd91b8d6f8.rlib" "/opt/rustwide/target/debug/deps/libpin_utils-741f7d9d160e4a16.rlib" "/opt/rustwide/target/debug/deps/libfutures_core-49091e3f6ac85247.rlib" "/opt/rustwide/target/debug/deps/libserde-6d80ced2e43a1842.rlib" "/opt/rustwide/target/debug/deps/libhttp-165aa28c24a4a468.rlib" "/opt/rustwide/target/debug/deps/libitoa-88dc5e7d606068cc.rlib" "/opt/rustwide/target/debug/deps/libfnv-18bf5144d055e772.rlib" "/opt/rustwide/target/debug/deps/libbytes-3b004aae6a00b702.rlib" "/opt/rustwide/target/debug/deps/libiovec-daf395f292dc3363.rlib" "/opt/rustwide/target/debug/deps/liblibc-f01c1240f7c859d0.rlib" "/opt/rustwide/target/debug/deps/libbyteorder-e9468b374a0c0c11.rlib" "/opt/rustwide/target/debug/deps/libchrono-697a4be3634de71c.rlib" "/opt/rustwide/target/debug/deps/libnum_traits-fbf3e4065138c85e.rlib" "/opt/rustwide/target/debug/deps/libiana_time_zone-528d9768cce5eb89.rlib" "/opt/rustwide/target/debug/deps/liburl-5eb6abafa299dfb6.rlib" "/opt/rustwide/target/debug/deps/libpercent_encoding-139f6dad4c5bd392.rlib" "/opt/rustwide/target/debug/deps/libidna-1c39b7924ead49eb.rlib" "/opt/rustwide/target/debug/deps/libunicode_normalization-e1c1be84a555e587.rlib" "/opt/rustwide/target/debug/deps/libtinyvec-cf6c9f6b792a5507.rlib" "/opt/rustwide/target/debug/deps/libtinyvec_macros-b1cb7f53f58c9f87.rlib" "/opt/rustwide/target/debug/deps/libunicode_bidi-9e36a2b0928c1d80.rlib" "/opt/rustwide/target/debug/deps/libmatches-5e4cb3d4c3233fbd.rlib" "/opt/rustwide/rustup-home/toolchains/1.75.0-x86_64-unknown-linux-gnu/lib/rustlib/x86_64-unknown-linux-gnu/lib/libstd-90f6ddbf82de36ec.rlib" "/opt/rustwide/rustup-home/toolchains/1.75.0-x86_64-unknown-linux-gnu/lib/rustlib/x86_64-unknown-linux-gnu/lib/libpanic_unwind-480c41e9d4e1f677.rlib" "/opt/rustwide/rustup-home/toolchains/1.75.0-x86_64-unknown-linux-gnu/lib/rustlib/x86_64-unknown-linux-gnu/lib/libobject-db744c0ca03eed1d.rlib" "/opt/rustwide/rustup-home/toolchains/1.75.0-x86_64-unknown-linux-gnu/lib/rustlib/x86_64-unknown-linux-gnu/lib/libmemchr-8ba652dc7d4b285a.rlib" "/opt/rustwide/rustup-home/toolchains/1.75.0-x86_64-unknown-linux-gnu/lib/rustlib/x86_64-unknown-linux-gnu/lib/libaddr2line-d5f4520a9ebc0d58.rlib" "/opt/rustwide/rustup-home/toolchains/1.75.0-x86_64-unknown-linux-gnu/lib/rustlib/x86_64-unknown-linux-gnu/lib/libgimli-4ad84de58f0cb463.rlib" "/opt/rustwide/rustup-home/toolchains/1.75.0-x86_64-unknown-linux-gnu/lib/rustlib/x86_64-unknown-linux-gnu/lib/librustc_demangle-0d10aae2e0f38735.rlib" "/opt/rustwide/rustup-home/toolchains/1.75.0-x86_64-unknown-linux-gnu/lib/rustlib/x86_64-unknown-linux-gnu/lib/libstd_detect-0c17cff739e6745b.rlib" "/opt/rustwide/rustup-home/toolchains/1.75.0-x86_64-unknown-linux-gnu/lib/rustlib/x86_64-unknown-linux-gnu/lib/libhashbrown-b29e17139dde1aa8.rlib" "/opt/rustwide/rustup-home/toolchains/1.75.0-x86_64-unknown-linux-gnu/lib/rustlib/x86_64-unknown-linux-gnu/lib/librustc_std_workspace_alloc-1f975299829cc7bd.rlib" "/opt/rustwide/rustup-home/toolchains/1.75.0-x86_64-unknown-linux-gnu/lib/rustlib/x86_64-unknown-linux-gnu/lib/libminiz_oxide-86bae3bc3079f89b.rlib" "/opt/rustwide/rustup-home/toolchains/1.75.0-x86_64-unknown-linux-gnu/lib/rustlib/x86_64-unknown-linux-gnu/lib/libadler-321b82c30dffdf5f.rlib" "/opt/rustwide/rustup-home/toolchains/1.75.0-x86_64-unknown-linux-gnu/lib/rustlib/x86_64-unknown-linux-gnu/lib/libunwind-3dd8a6810a0bdfef.rlib" "/opt/rustwide/rustup-home/toolchains/1.75.0-x86_64-unknown-linux-gnu/lib/rustlib/x86_64-unknown-linux-gnu/lib/libcfg_if-eb39a61c0c879984.rlib" "/opt/rustwide/rustup-home/toolchains/1.75.0-x86_64-unknown-linux-gnu/lib/rustlib/x86_64-unknown-linux-gnu/lib/liblibc-aa769569f91c3548.rlib" "/opt/rustwide/rustup-home/toolchains/1.75.0-x86_64-unknown-linux-gnu/lib/rustlib/x86_64-unknown-linux-gnu/lib/liballoc-510a192a50a983ed.rlib" "/opt/rustwide/rustup-home/toolchains/1.75.0-x86_64-unknown-linux-gnu/lib/rustlib/x86_64-unknown-linux-gnu/lib/librustc_std_workspace_core-0577018320f99037.rlib" "/opt/rustwide/rustup-home/toolchains/1.75.0-x86_64-unknown-linux-gnu/lib/rustlib/x86_64-unknown-linux-gnu/lib/libcore-193cf992125ccd4c.rlib" "/opt/rustwide/rustup-home/toolchains/1.75.0-x86_64-unknown-linux-gnu/lib/rustlib/x86_64-unknown-linux-gnu/lib/libcompiler_builtins-8e138eaf26ebb4a8.rlib" "-Wl,-Bdynamic" "-lcurl" "-lgcc_s" "-lutil" "-lrt" "-lpthread" "-lm" "-ldl" "-lc" "-Wl,--eh-frame-hdr" "-Wl,-z,noexecstack" "-L" "/opt/rustwide/rustup-home/toolchains/1.75.0-x86_64-unknown-linux-gnu/lib/rustlib/x86_64-unknown-linux-gnu/lib" "-o" "/tmp/rustdoctestWWZOXu/rust_out" "-Wl,--gc-sections" "-pie" "-Wl,-z,relro,-z,now" "-nodefaultlibs"
[INFO] [stdout]   = note: collect2: fatal error: ld terminated with signal 9 [Killed]
[INFO] [stdout]           compilation terminated.
[INFO] [stdout]           
[INFO] [stdout] 
[INFO] [stdout] error: aborting due to previous error
[INFO] [stdout] 
[INFO] [stdout] Couldn't compile the test.
[INFO] [stdout] 
[INFO] [stdout] failures:
[INFO] [stdout]     src/api.rs - api::ProqClient::config (line 530)
[INFO] [stdout] 
[INFO] [stdout] test result: FAILED. 15 passed; 1 failed; 0 ignored; 0 measured; 0 filtered out; finished in 15.83s
[INFO] [stdout] 
[INFO] [stderr] error: doctest failed, to rerun pass `--doc`
[INFO] running `Command { std: "docker" "inspect" "a24a6080eef276b78726be7618b0d4f8b966fc3a876877639929ce03a548cdb9", kill_on_drop: false }`
[INFO] running `Command { std: "docker" "rm" "-f" "a24a6080eef276b78726be7618b0d4f8b966fc3a876877639929ce03a548cdb9", kill_on_drop: false }`
[INFO] [stdout] a24a6080eef276b78726be7618b0d4f8b966fc3a876877639929ce03a548cdb9
