[INFO] fetching crate proof-fair 0.1.0...
[INFO] testing proof-fair-0.1.0 against 1.75.0 for beta-1.76-1
[INFO] extracting crate proof-fair 0.1.0 into /workspace/builds/worker-6-tc1/source
[INFO] validating manifest of crates.io crate proof-fair 0.1.0 on toolchain 1.75.0
[INFO] running `Command { std: CARGO_HOME="/workspace/cargo-home" RUSTUP_HOME="/workspace/rustup-home" "/workspace/cargo-home/bin/cargo" "+1.75.0" "metadata" "--manifest-path" "Cargo.toml" "--no-deps", kill_on_drop: false }`
[INFO] started tweaking crates.io crate proof-fair 0.1.0
[INFO] finished tweaking crates.io crate proof-fair 0.1.0
[INFO] tweaked toml for crates.io crate proof-fair 0.1.0 written to /workspace/builds/worker-6-tc1/source/Cargo.toml
[INFO] running `Command { std: CARGO_HOME="/workspace/cargo-home" RUSTUP_HOME="/workspace/rustup-home" "/workspace/cargo-home/bin/cargo" "+1.75.0" "generate-lockfile" "--manifest-path" "Cargo.toml", kill_on_drop: false }`
[INFO] [stderr]     Updating crates.io index
[INFO] running `Command { std: CARGO_HOME="/workspace/cargo-home" RUSTUP_HOME="/workspace/rustup-home" "/workspace/cargo-home/bin/cargo" "+1.75.0" "fetch" "--manifest-path" "Cargo.toml", kill_on_drop: false }`
[INFO] running `Command { std: "docker" "create" "-v" "/var/lib/crater-agent-workspace/builds/worker-6-tc1/target:/opt/rustwide/target:rw,Z" "-v" "/var/lib/crater-agent-workspace/builds/worker-6-tc1/source:/opt/rustwide/workdir:ro,Z" "-v" "/var/lib/crater-agent-workspace/cargo-home:/opt/rustwide/cargo-home:ro,Z" "-v" "/var/lib/crater-agent-workspace/rustup-home:/opt/rustwide/rustup-home:ro,Z" "-e" "SOURCE_DIR=/opt/rustwide/workdir" "-e" "CARGO_TARGET_DIR=/opt/rustwide/target" "-e" "CARGO_HOME=/opt/rustwide/cargo-home" "-e" "RUSTUP_HOME=/opt/rustwide/rustup-home" "-w" "/opt/rustwide/workdir" "-m" "1610612736" "--user" "0:0" "--network" "none" "ghcr.io/rust-lang/crates-build-env/linux@sha256:2788e3201cd34a07e3172128adcd8b3090168a8e3bcc40d7c032b9dda1df7d1c" "/opt/rustwide/cargo-home/bin/cargo" "+1.75.0" "metadata" "--no-deps" "--format-version=1", kill_on_drop: false }`
[INFO] [stdout] 65628120c720349f5b347da19947871547c37bb0f77e42fc5ae8c72d2f13a8c4
[INFO] running `Command { std: "docker" "start" "-a" "65628120c720349f5b347da19947871547c37bb0f77e42fc5ae8c72d2f13a8c4", kill_on_drop: false }`
[INFO] running `Command { std: "docker" "inspect" "65628120c720349f5b347da19947871547c37bb0f77e42fc5ae8c72d2f13a8c4", kill_on_drop: false }`
[INFO] running `Command { std: "docker" "rm" "-f" "65628120c720349f5b347da19947871547c37bb0f77e42fc5ae8c72d2f13a8c4", kill_on_drop: false }`
[INFO] [stdout] 65628120c720349f5b347da19947871547c37bb0f77e42fc5ae8c72d2f13a8c4
[INFO] running `Command { std: "docker" "create" "-v" "/var/lib/crater-agent-workspace/builds/worker-6-tc1/target:/opt/rustwide/target:rw,Z" "-v" "/var/lib/crater-agent-workspace/builds/worker-6-tc1/source:/opt/rustwide/workdir:ro,Z" "-v" "/var/lib/crater-agent-workspace/cargo-home:/opt/rustwide/cargo-home:ro,Z" "-v" "/var/lib/crater-agent-workspace/rustup-home:/opt/rustwide/rustup-home:ro,Z" "-e" "SOURCE_DIR=/opt/rustwide/workdir" "-e" "CARGO_TARGET_DIR=/opt/rustwide/target" "-e" "CARGO_INCREMENTAL=0" "-e" "RUST_BACKTRACE=full" "-e" "RUSTFLAGS=--cap-lints=warn" "-e" "RUSTDOCFLAGS=--cap-lints=warn" "-e" "CARGO_HOME=/opt/rustwide/cargo-home" "-e" "RUSTUP_HOME=/opt/rustwide/rustup-home" "-w" "/opt/rustwide/workdir" "-m" "1610612736" "--user" "0:0" "--network" "none" "ghcr.io/rust-lang/crates-build-env/linux@sha256:2788e3201cd34a07e3172128adcd8b3090168a8e3bcc40d7c032b9dda1df7d1c" "/opt/rustwide/cargo-home/bin/cargo" "+1.75.0" "build" "--frozen" "--message-format=json", kill_on_drop: false }`
[INFO] [stdout] 21ca94b53a55ce36c4d29544c73f3de74b816028bdbb66be2076e25c441d04dd
[INFO] running `Command { std: "docker" "start" "-a" "21ca94b53a55ce36c4d29544c73f3de74b816028bdbb66be2076e25c441d04dd", kill_on_drop: false }`
[INFO] [stderr]    Compiling typenum v1.17.0
[INFO] [stderr]    Compiling generic-array v0.14.7
[INFO] [stderr]    Compiling libc v0.2.151
[INFO] [stderr]    Compiling cfg-if v1.0.0
[INFO] [stderr]    Compiling subtle v2.5.0
[INFO] [stderr]    Compiling ppv-lite86 v0.2.17
[INFO] [stderr]    Compiling cpufeatures v0.2.12
[INFO] [stderr]    Compiling hex-literal v0.4.1
[INFO] [stderr]    Compiling hex v0.4.3
[INFO] [stderr]    Compiling getrandom v0.2.11
[INFO] [stderr]    Compiling rand_core v0.6.4
[INFO] [stderr]    Compiling rand_chacha v0.3.1
[INFO] [stderr]    Compiling rand v0.8.5
[INFO] [stderr]    Compiling block-buffer v0.10.4
[INFO] [stderr]    Compiling crypto-common v0.1.6
[INFO] [stderr]    Compiling digest v0.10.7
[INFO] [stderr]    Compiling hmac v0.12.1
[INFO] [stderr]    Compiling sha2 v0.10.8
[INFO] [stderr]    Compiling proof-fair v0.1.0 (/opt/rustwide/workdir)
[INFO] [stderr]     Finished dev [unoptimized + debuginfo] target(s) in 3.37s
[INFO] running `Command { std: "docker" "inspect" "21ca94b53a55ce36c4d29544c73f3de74b816028bdbb66be2076e25c441d04dd", kill_on_drop: false }`
[INFO] running `Command { std: "docker" "rm" "-f" "21ca94b53a55ce36c4d29544c73f3de74b816028bdbb66be2076e25c441d04dd", kill_on_drop: false }`
[INFO] [stdout] 21ca94b53a55ce36c4d29544c73f3de74b816028bdbb66be2076e25c441d04dd
[INFO] running `Command { std: "docker" "create" "-v" "/var/lib/crater-agent-workspace/builds/worker-6-tc1/target:/opt/rustwide/target:rw,Z" "-v" "/var/lib/crater-agent-workspace/builds/worker-6-tc1/source:/opt/rustwide/workdir:ro,Z" "-v" "/var/lib/crater-agent-workspace/cargo-home:/opt/rustwide/cargo-home:ro,Z" "-v" "/var/lib/crater-agent-workspace/rustup-home:/opt/rustwide/rustup-home:ro,Z" "-e" "SOURCE_DIR=/opt/rustwide/workdir" "-e" "CARGO_TARGET_DIR=/opt/rustwide/target" "-e" "CARGO_INCREMENTAL=0" "-e" "RUST_BACKTRACE=full" "-e" "RUSTFLAGS=--cap-lints=warn" "-e" "RUSTDOCFLAGS=--cap-lints=warn" "-e" "CARGO_HOME=/opt/rustwide/cargo-home" "-e" "RUSTUP_HOME=/opt/rustwide/rustup-home" "-w" "/opt/rustwide/workdir" "-m" "1610612736" "--user" "0:0" "--network" "none" "ghcr.io/rust-lang/crates-build-env/linux@sha256:2788e3201cd34a07e3172128adcd8b3090168a8e3bcc40d7c032b9dda1df7d1c" "/opt/rustwide/cargo-home/bin/cargo" "+1.75.0" "test" "--frozen" "--no-run" "--message-format=json", kill_on_drop: false }`
[INFO] [stdout] 572e47e74625f155e05308363727c8597d916225f7cbe07cbb28f1be468e2f56
[INFO] running `Command { std: "docker" "start" "-a" "572e47e74625f155e05308363727c8597d916225f7cbe07cbb28f1be468e2f56", kill_on_drop: false }`
[INFO] [stderr]    Compiling proof-fair v0.1.0 (/opt/rustwide/workdir)
[INFO] [stderr]     Finished test [unoptimized + debuginfo] target(s) in 0.30s
[INFO] running `Command { std: "docker" "inspect" "572e47e74625f155e05308363727c8597d916225f7cbe07cbb28f1be468e2f56", kill_on_drop: false }`
[INFO] running `Command { std: "docker" "rm" "-f" "572e47e74625f155e05308363727c8597d916225f7cbe07cbb28f1be468e2f56", kill_on_drop: false }`
[INFO] [stdout] 572e47e74625f155e05308363727c8597d916225f7cbe07cbb28f1be468e2f56
[INFO] running `Command { std: "docker" "create" "-v" "/var/lib/crater-agent-workspace/builds/worker-6-tc1/target:/opt/rustwide/target:rw,Z" "-v" "/var/lib/crater-agent-workspace/builds/worker-6-tc1/source:/opt/rustwide/workdir:ro,Z" "-v" "/var/lib/crater-agent-workspace/cargo-home:/opt/rustwide/cargo-home:ro,Z" "-v" "/var/lib/crater-agent-workspace/rustup-home:/opt/rustwide/rustup-home:ro,Z" "-e" "SOURCE_DIR=/opt/rustwide/workdir" "-e" "CARGO_TARGET_DIR=/opt/rustwide/target" "-e" "CARGO_INCREMENTAL=0" "-e" "RUST_BACKTRACE=full" "-e" "RUSTFLAGS=--cap-lints=warn" "-e" "RUSTDOCFLAGS=--cap-lints=warn" "-e" "CARGO_HOME=/opt/rustwide/cargo-home" "-e" "RUSTUP_HOME=/opt/rustwide/rustup-home" "-w" "/opt/rustwide/workdir" "-m" "1610612736" "--user" "0:0" "--network" "none" "ghcr.io/rust-lang/crates-build-env/linux@sha256:2788e3201cd34a07e3172128adcd8b3090168a8e3bcc40d7c032b9dda1df7d1c" "/opt/rustwide/cargo-home/bin/cargo" "+1.75.0" "test" "--frozen", kill_on_drop: false }`
[INFO] [stdout] a6e881f9de8e20aa1d0ea6d92bafd744a1f757da4be8af499c15063e698f5e40
[INFO] running `Command { std: "docker" "start" "-a" "a6e881f9de8e20aa1d0ea6d92bafd744a1f757da4be8af499c15063e698f5e40", kill_on_drop: false }`
[INFO] [stderr]     Finished test [unoptimized + debuginfo] target(s) in 0.01s
[INFO] [stderr]      Running unittests src/lib.rs (/opt/rustwide/target/debug/deps/proof_fair-12bbf7a75a426968)
[INFO] [stdout] 
[INFO] [stdout] running 0 tests
[INFO] [stdout] 
[INFO] [stdout] test result: ok. 0 passed; 0 failed; 0 ignored; 0 measured; 0 filtered out; finished in 0.00s
[INFO] [stdout] 
[INFO] [stderr]      Running tests/proof.rs (/opt/rustwide/target/debug/deps/proof-abe2f05de441a017)
[INFO] [stdout] 
[INFO] [stdout] running 3 tests
[INFO] [stdout] test tests::test_proof_roll ... ok
[INFO] [stdout] test tests::test_proof_calculate ... ok
[INFO] [stdout] test tests::test_proof_new ... ok
[INFO] [stdout] 
[INFO] [stdout] test result: ok. 3 passed; 0 failed; 0 ignored; 0 measured; 0 filtered out; finished in 0.00s
[INFO] [stdout] 
[INFO] [stderr]    Doc-tests proof-fair
[INFO] [stdout] 
[INFO] [stdout] running 6 tests
[INFO] [stdout] test src/lib.rs - Proof::roll (line 111) ... FAILED
[INFO] [stdout] test src/lib.rs - new_seed (line 243) ... FAILED
[INFO] [stdout] test src/lib.rs - Proof (line 19) ... FAILED
[INFO] [stdout] test src/lib.rs - Proof::calculate (line 138) ... FAILED
[INFO] [stdout] test src/lib.rs - Proof::verify (line 201) ... FAILED
[INFO] [stdout] test src/lib.rs - Proof::new (line 51) ... FAILED
[INFO] [stdout] 
[INFO] [stdout] failures:
[INFO] [stdout] 
[INFO] [stdout] ---- src/lib.rs - Proof::roll (line 111) stdout ----
[INFO] [stdout] error[E0432]: unresolved import `hmac_rng`
[INFO] [stdout]  --> src/lib.rs:112:5
[INFO] [stdout]   |
[INFO] [stdout] 3 | use hmac_rng::Proof;
[INFO] [stdout]   |     ^^^^^^^^ use of undeclared crate or module `hmac_rng`
[INFO] [stdout] 
[INFO] [stdout] error: aborting due to previous error
[INFO] [stdout] 
[INFO] [stdout] For more information about this error, try `rustc --explain E0432`.
[INFO] [stdout] Couldn't compile the test.
[INFO] [stdout] ---- src/lib.rs - new_seed (line 243) stdout ----
[INFO] [stdout] error[E0432]: unresolved import `hmac_rng`
[INFO] [stdout]  --> src/lib.rs:244:5
[INFO] [stdout]   |
[INFO] [stdout] 3 | use hmac_rng::new_seed;
[INFO] [stdout]   |     ^^^^^^^^ use of undeclared crate or module `hmac_rng`
[INFO] [stdout] 
[INFO] [stdout] error: aborting due to previous error
[INFO] [stdout] 
[INFO] [stdout] For more information about this error, try `rustc --explain E0432`.
[INFO] [stdout] Couldn't compile the test.
[INFO] [stdout] ---- src/lib.rs - Proof (line 19) stdout ----
[INFO] [stdout] error[E0432]: unresolved import `hmac_rng`
[INFO] [stdout]  --> src/lib.rs:20:5
[INFO] [stdout]   |
[INFO] [stdout] 3 | use hmac_rng::Proof;
[INFO] [stdout]   |     ^^^^^^^^ use of undeclared crate or module `hmac_rng`
[INFO] [stdout] 
[INFO] [stdout] error: aborting due to previous error
[INFO] [stdout] 
[INFO] [stdout] For more information about this error, try `rustc --explain E0432`.
[INFO] [stdout] Couldn't compile the test.
[INFO] [stdout] ---- src/lib.rs - Proof::calculate (line 138) stdout ----
[INFO] [stdout] error[E0432]: unresolved import `hmac_rng`
[INFO] [stdout]  --> src/lib.rs:139:5
[INFO] [stdout]   |
[INFO] [stdout] 3 | use hmac_rng::Proof;
[INFO] [stdout]   |     ^^^^^^^^ use of undeclared crate or module `hmac_rng`
[INFO] [stdout] 
[INFO] [stdout] error: aborting due to previous error
[INFO] [stdout] 
[INFO] [stdout] For more information about this error, try `rustc --explain E0432`.
[INFO] [stdout] Couldn't compile the test.
[INFO] [stdout] ---- src/lib.rs - Proof::verify (line 201) stdout ----
[INFO] [stdout] error[E0432]: unresolved import `hmac_rng`
[INFO] [stdout]  --> src/lib.rs:202:5
[INFO] [stdout]   |
[INFO] [stdout] 3 | use hmac_rng::Proof;
[INFO] [stdout]   |     ^^^^^^^^ use of undeclared crate or module `hmac_rng`
[INFO] [stdout] 
[INFO] [stdout] error: aborting due to previous error
[INFO] [stdout] 
[INFO] [stdout] For more information about this error, try `rustc --explain E0432`.
[INFO] [stdout] Couldn't compile the test.
[INFO] [stdout] ---- src/lib.rs - Proof::new (line 51) stdout ----
[INFO] [stdout] error[E0432]: unresolved import `hmac_rng`
[INFO] [stdout]  --> src/lib.rs:52:5
[INFO] [stdout]   |
[INFO] [stdout] 3 | use hmac_rng::Proof;
[INFO] [stdout]   |     ^^^^^^^^ use of undeclared crate or module `hmac_rng`
[INFO] [stdout] 
[INFO] [stdout] error: aborting due to previous error
[INFO] [stdout] 
[INFO] [stdout] For more information about this error, try `rustc --explain E0432`.
[INFO] [stdout] Couldn't compile the test.
[INFO] [stdout] 
[INFO] [stdout] failures:
[INFO] [stdout]     src/lib.rs - Proof (line 19)
[INFO] [stdout]     src/lib.rs - Proof::calculate (line 138)
[INFO] [stdout]     src/lib.rs - Proof::new (line 51)
[INFO] [stdout]     src/lib.rs - Proof::roll (line 111)
[INFO] [stdout]     src/lib.rs - Proof::verify (line 201)
[INFO] [stdout]     src/lib.rs - new_seed (line 243)
[INFO] [stdout] 
[INFO] [stdout] test result: FAILED. 0 passed; 6 failed; 0 ignored; 0 measured; 0 filtered out; finished in 0.04s
[INFO] [stdout] 
[INFO] [stderr] error: doctest failed, to rerun pass `--doc`
[INFO] running `Command { std: "docker" "inspect" "a6e881f9de8e20aa1d0ea6d92bafd744a1f757da4be8af499c15063e698f5e40", kill_on_drop: false }`
[INFO] running `Command { std: "docker" "rm" "-f" "a6e881f9de8e20aa1d0ea6d92bafd744a1f757da4be8af499c15063e698f5e40", kill_on_drop: false }`
[INFO] [stdout] a6e881f9de8e20aa1d0ea6d92bafd744a1f757da4be8af499c15063e698f5e40
