[INFO] fetching crate project_ares 0.10.0...
[INFO] testing project_ares-0.10.0 against 1.75.0 for beta-1.76-1
[INFO] extracting crate project_ares 0.10.0 into /workspace/builds/worker-1-tc1/source
[INFO] validating manifest of crates.io crate project_ares 0.10.0 on toolchain 1.75.0
[INFO] running `Command { std: CARGO_HOME="/workspace/cargo-home" RUSTUP_HOME="/workspace/rustup-home" "/workspace/cargo-home/bin/cargo" "+1.75.0" "metadata" "--manifest-path" "Cargo.toml" "--no-deps", kill_on_drop: false }`
[INFO] started tweaking crates.io crate project_ares 0.10.0
[INFO] finished tweaking crates.io crate project_ares 0.10.0
[INFO] tweaked toml for crates.io crate project_ares 0.10.0 written to /workspace/builds/worker-1-tc1/source/Cargo.toml
[INFO] crate crates.io crate project_ares 0.10.0 already has a lockfile, it will not be regenerated
[INFO] running `Command { std: CARGO_HOME="/workspace/cargo-home" RUSTUP_HOME="/workspace/rustup-home" "/workspace/cargo-home/bin/cargo" "+1.75.0" "fetch" "--manifest-path" "Cargo.toml", kill_on_drop: false }`
[INFO] [stderr]     Updating crates.io index
[INFO] [stderr]  Downloading crates ...
[INFO] [stderr]   Downloaded lemmeknow v0.7.0
[INFO] [stderr]   Downloaded lazy-regex-proc_macros v2.4.0
[INFO] [stderr]   Downloaded strum_macros v0.24.2
[INFO] [stderr]   Downloaded io-lifetimes v1.0.1
[INFO] [stderr]   Downloaded rustversion v1.0.8
[INFO] [stderr]   Downloaded comfy-table v6.0.0
[INFO] [stderr]   Downloaded syn v2.0.4
[INFO] [stderr]   Downloaded uneval v0.2.4
[INFO] [stderr]   Downloaded supports-color v2.0.0
[INFO] [stderr]   Downloaded include_dir_macros v0.7.2
[INFO] [stderr]   Downloaded guppy-workspace-hack v0.1.0
[INFO] [stderr]   Downloaded nextest-workspace-hack v0.1.0
[INFO] [stderr]   Downloaded plotters-svg v0.3.2
[INFO] [stderr]   Downloaded serde_path_to_error v0.1.10
[INFO] [stderr]   Downloaded dialoguer v0.10.3
[INFO] [stderr]   Downloaded fern v0.6.1
[INFO] [stderr]   Downloaded atomicwrites v0.4.0
[INFO] [stderr]   Downloaded openssl-src v111.25.0+1.1.1t
[INFO] [stderr]   Downloaded base91 v0.1.0
[INFO] [stderr]   Downloaded cargo v0.67.1
[INFO] [stderr]   Downloaded askalono v0.4.6
[INFO] [stderr]   Downloaded toml_datetime v0.5.0
[INFO] [stderr]   Downloaded base65536 v1.0.1
[INFO] [stderr]   Downloaded future-queue v0.3.0
[INFO] [stderr]   Downloaded mukti-metadata v0.1.0
[INFO] [stderr]   Downloaded bytecount v0.3.2
[INFO] [stderr]   Downloaded cfg-expr v0.13.0
[INFO] [stderr]   Downloaded target-spec-miette v0.1.0
[INFO] [stderr]   Downloaded nextest-runner v0.37.0
[INFO] [stderr]   Downloaded rmp v0.8.11
[INFO] [stderr]   Downloaded cargo-util v0.2.2
[INFO] [stderr]   Downloaded crates-io v0.34.0
[INFO] [stderr]   Downloaded git2-curl v0.17.0
[INFO] [stderr]   Downloaded bstr v1.1.0
[INFO] [stderr]   Downloaded opener v0.5.0
[INFO] [stderr]   Downloaded os_info v3.5.1
[INFO] [stderr]   Downloaded toml_edit v0.15.0
[INFO] [stderr]   Downloaded codespan v0.11.1
[INFO] [stderr]   Downloaded cfg-expr v0.12.0
[INFO] [stderr]   Downloaded crates-index v0.18.11
[INFO] [stderr]   Downloaded krates v0.12.6
[INFO] [stderr]   Downloaded rustsec v0.26.4
[INFO] [stderr]   Downloaded spdx v0.10.0
[INFO] [stderr]   Downloaded cargo-deny v0.13.7
[INFO] [stderr]   Downloaded os_pipe v1.1.2
[INFO] [stderr]   Downloaded enable-ansi-support v0.2.1
[INFO] [stderr]   Downloaded async-scoped v0.7.1
[INFO] [stderr]   Downloaded quick-junit v0.3.2
[INFO] [stderr]   Downloaded miette v5.6.0
[INFO] [stderr]   Downloaded target-spec v1.3.1
[INFO] [stderr]   Downloaded win32job v1.0.2
[INFO] [stderr]   Downloaded object v0.30.2
[INFO] [stderr]   Downloaded supports-hyperlinks v2.0.0
[INFO] [stderr]   Downloaded plotters v0.3.2
[INFO] [stderr]   Downloaded cargo-lock v8.0.3
[INFO] [stderr]   Downloaded guppy v0.15.2
[INFO] [stderr]   Downloaded nom-tracable-macros v0.8.0
[INFO] [stderr]   Downloaded nom-tracable v0.8.0
[INFO] [stderr]   Downloaded recursion v0.3.3
[INFO] [stderr]   Downloaded nextest-metadata v0.8.0
[INFO] [stderr]   Downloaded h2 v0.3.17
[INFO] [stderr]   Downloaded unicode-bidi v0.3.9
[INFO] [stderr]   Downloaded debug-ignore v1.0.5
[INFO] [stderr]   Downloaded nested v0.1.1
[INFO] [stderr]   Downloaded nom_locate v1.0.0
[INFO] [stderr]   Downloaded nom_locate v4.1.0
[INFO] [stderr]   Downloaded nextest-filtering v0.3.0
[INFO] [stderr]   Downloaded serde_ignored v0.1.7
[INFO] [stderr]   Downloaded filetime v0.2.19
[INFO] [stderr]   Downloaded target-lexicon v0.12.5
[INFO] [stderr]   Downloaded cargo-nextest v0.9.51
[INFO] [stderr]   Downloaded miette-derive v5.6.0
[INFO] running `Command { std: "docker" "create" "-v" "/var/lib/crater-agent-workspace/builds/worker-1-tc1/target:/opt/rustwide/target:rw,Z" "-v" "/var/lib/crater-agent-workspace/builds/worker-1-tc1/source:/opt/rustwide/workdir:ro,Z" "-v" "/var/lib/crater-agent-workspace/cargo-home:/opt/rustwide/cargo-home:ro,Z" "-v" "/var/lib/crater-agent-workspace/rustup-home:/opt/rustwide/rustup-home:ro,Z" "-e" "SOURCE_DIR=/opt/rustwide/workdir" "-e" "CARGO_TARGET_DIR=/opt/rustwide/target" "-e" "CARGO_HOME=/opt/rustwide/cargo-home" "-e" "RUSTUP_HOME=/opt/rustwide/rustup-home" "-w" "/opt/rustwide/workdir" "-m" "1610612736" "--user" "0:0" "--network" "none" "ghcr.io/rust-lang/crates-build-env/linux@sha256:2788e3201cd34a07e3172128adcd8b3090168a8e3bcc40d7c032b9dda1df7d1c" "/opt/rustwide/cargo-home/bin/cargo" "+1.75.0" "metadata" "--no-deps" "--format-version=1", kill_on_drop: false }`
[INFO] [stdout] 1a875c05a25586172ff6a2dea2ea90f4aae0b92d4e02a37ad7f65bac454a368b
[INFO] running `Command { std: "docker" "start" "-a" "1a875c05a25586172ff6a2dea2ea90f4aae0b92d4e02a37ad7f65bac454a368b", kill_on_drop: false }`
[INFO] running `Command { std: "docker" "inspect" "1a875c05a25586172ff6a2dea2ea90f4aae0b92d4e02a37ad7f65bac454a368b", kill_on_drop: false }`
[INFO] running `Command { std: "docker" "rm" "-f" "1a875c05a25586172ff6a2dea2ea90f4aae0b92d4e02a37ad7f65bac454a368b", kill_on_drop: false }`
[INFO] [stdout] 1a875c05a25586172ff6a2dea2ea90f4aae0b92d4e02a37ad7f65bac454a368b
[INFO] running `Command { std: "docker" "create" "-v" "/var/lib/crater-agent-workspace/builds/worker-1-tc1/target:/opt/rustwide/target:rw,Z" "-v" "/var/lib/crater-agent-workspace/builds/worker-1-tc1/source:/opt/rustwide/workdir:ro,Z" "-v" "/var/lib/crater-agent-workspace/cargo-home:/opt/rustwide/cargo-home:ro,Z" "-v" "/var/lib/crater-agent-workspace/rustup-home:/opt/rustwide/rustup-home:ro,Z" "-e" "SOURCE_DIR=/opt/rustwide/workdir" "-e" "CARGO_TARGET_DIR=/opt/rustwide/target" "-e" "CARGO_INCREMENTAL=0" "-e" "RUST_BACKTRACE=full" "-e" "RUSTFLAGS=--cap-lints=warn" "-e" "RUSTDOCFLAGS=--cap-lints=warn" "-e" "CARGO_HOME=/opt/rustwide/cargo-home" "-e" "RUSTUP_HOME=/opt/rustwide/rustup-home" "-w" "/opt/rustwide/workdir" "-m" "1610612736" "--user" "0:0" "--network" "none" "ghcr.io/rust-lang/crates-build-env/linux@sha256:2788e3201cd34a07e3172128adcd8b3090168a8e3bcc40d7c032b9dda1df7d1c" "/opt/rustwide/cargo-home/bin/cargo" "+1.75.0" "build" "--frozen" "--message-format=json", kill_on_drop: false }`
[INFO] [stdout] 78b9501bef203437a97d684215494f39b8e07c216a420c4f536e89015531798d
[INFO] running `Command { std: "docker" "start" "-a" "78b9501bef203437a97d684215494f39b8e07c216a420c4f536e89015531798d", kill_on_drop: false }`
[INFO] [stderr]    Compiling autocfg v1.1.0
[INFO] [stderr]    Compiling proc-macro2 v1.0.52
[INFO] [stderr]    Compiling quote v1.0.26
[INFO] [stderr]    Compiling unicode-ident v1.0.8
[INFO] [stderr]    Compiling libc v0.2.140
[INFO] [stderr]    Compiling cfg-if v1.0.0
[INFO] [stderr]    Compiling once_cell v1.17.1
[INFO] [stderr]    Compiling memchr v2.5.0
[INFO] [stderr]    Compiling scopeguard v1.1.0
[INFO] [stderr]    Compiling syn v1.0.105
[INFO] [stderr]    Compiling crossbeam-utils v0.8.11
[INFO] [stderr]    Compiling version_check v0.9.4
[INFO] [stderr]    Compiling serde_derive v1.0.158
[INFO] [stderr]    Compiling regex-syntax v0.7.1
[INFO] [stderr]    Compiling log v0.4.17
[INFO] [stderr]    Compiling io-lifetimes v1.0.1
[INFO] [stderr]    Compiling bitflags v1.3.2
[INFO] [stderr]    Compiling serde v1.0.158
[INFO] [stderr]    Compiling rustix v0.36.5
[INFO] [stderr]    Compiling thiserror v1.0.40
[INFO] [stderr]    Compiling signal-hook v0.3.14
[INFO] [stderr]    Compiling num-traits v0.2.15
[INFO] [stderr]    Compiling memoffset v0.6.5
[INFO] [stderr]    Compiling crossbeam-epoch v0.9.10
[INFO] [stderr]    Compiling lock_api v0.4.7
[INFO] [stderr]    Compiling num-integer v0.1.45
[INFO] [stderr]    Compiling proc-macro-error-attr v1.0.4
[INFO] [stderr]    Compiling parking_lot_core v0.9.3
[INFO] [stderr]    Compiling proc-macro-error v1.0.4
[INFO] [stderr]    Compiling bit-vec v0.6.3
[INFO] [stderr]    Compiling serde_json v1.0.94
[INFO] [stderr]    Compiling aho-corasick v1.0.1
[INFO] [stderr]    Compiling linux-raw-sys v0.1.3
[INFO] [stderr]    Compiling heck v0.4.0
[INFO] [stderr]    Compiling rustversion v1.0.8
[INFO] [stderr]    Compiling smallvec v1.10.0
[INFO] [stderr]    Compiling bit-set v0.5.3
[INFO] [stderr]    Compiling crossbeam-channel v0.5.6
[INFO] [stderr]    Compiling num-bigint v0.4.3
[INFO] [stderr]    Compiling crossbeam-deque v0.8.2
[INFO] [stderr]    Compiling itoa v1.0.2
[INFO] [stderr]    Compiling ryu v1.0.10
[INFO] [stderr]    Compiling rayon-core v1.11.0
[INFO] [stderr]    Compiling num-rational v0.4.1
[INFO] [stderr]    Compiling num-iter v0.1.43
[INFO] [stderr]    Compiling crossbeam-queue v0.3.6
[INFO] [stderr]    Compiling os_str_bytes v6.2.0
[INFO] [stderr]    Compiling signal-hook-registry v1.4.0
[INFO] [stderr]    Compiling mio v0.8.4
[INFO] [stderr]    Compiling num_cpus v1.15.0
[INFO] [stderr]    Compiling termcolor v1.1.3
[INFO] [stderr]    Compiling syn v2.0.4
[INFO] [stderr]    Compiling signal-hook-mio v0.2.3
[INFO] [stderr]    Compiling parking_lot v0.12.1
[INFO] [stderr]    Compiling clap_lex v0.3.0
[INFO] [stderr]    Compiling either v1.8.1
[INFO] [stderr]    Compiling bitflags v2.0.2
[INFO] [stderr]    Compiling regex v1.8.1
[INFO] [stderr]    Compiling crossterm v0.23.2
[INFO] [stderr]    Compiling unicode-width v0.1.9
[INFO] [stderr]    Compiling strum v0.24.1
[INFO] [stderr]    Compiling strsim v0.10.0
[INFO] [stderr]    Compiling num-complex v0.4.2
[INFO] [stderr]    Compiling include_dir_macros v0.7.2
[INFO] [stderr]    Compiling humantime v2.1.0
[INFO] [stderr]    Compiling lazy_static v1.4.0
[INFO] [stderr]    Compiling fnv v1.0.7
[INFO] [stderr]    Compiling base65536 v1.0.1
[INFO] [stderr]    Compiling crossbeam v0.8.2
[INFO] [stderr]    Compiling ansi_term v0.12.1
[INFO] [stderr]    Compiling base64 v0.21.0
[INFO] [stderr]    Compiling data-encoding v2.3.3
[INFO] [stderr]    Compiling rayon v1.7.0
[INFO] [stderr]    Compiling is-terminal v0.4.2
[INFO] [stderr]    Compiling urlencoding v2.1.2
[INFO] [stderr]    Compiling base91 v0.1.0
[INFO] [stderr]    Compiling include_dir v0.7.3
[INFO] [stderr]    Compiling fancy-regex v0.10.0
[INFO] [stderr]    Compiling env_logger v0.10.0
[INFO] [stderr]    Compiling bs58 v0.4.0
[INFO] [stderr]    Compiling text_io v0.1.12
[INFO] [stderr]    Compiling num v0.4.0
[INFO] [stderr]    Compiling thiserror-impl v1.0.40
[INFO] [stderr]    Compiling clap_derive v4.1.9
[INFO] [stderr]    Compiling strum_macros v0.24.2
[INFO] [stderr]    Compiling lazy-regex-proc_macros v2.4.0
[INFO] [stderr]    Compiling lazy-regex v2.5.0
[INFO] [stderr]    Compiling comfy-table v6.0.0
[INFO] [stderr]    Compiling clap v4.1.11
[INFO] [stderr]    Compiling uneval v0.2.4
[INFO] [stderr]    Compiling lemmeknow v0.7.0
[INFO] [stderr]    Compiling project_ares v0.10.0 (/opt/rustwide/workdir)
[INFO] [stdout] warning: unused doc comment
[INFO] [stdout]   --> src/checkers/english.rs:20:13
[INFO] [stdout]    |
[INFO] [stdout] 20 |             /// English is the most popular language
[INFO] [stdout]    |             ^^^^^^^^^^^^^^^^^^^^^^^^^^^^^^^^^^^^^^^^
[INFO] [stdout] 21 |             popularity: 1.0,
[INFO] [stdout]    |             --------------- rustdoc does not generate documentation for expression fields
[INFO] [stdout]    |
[INFO] [stdout]    = help: use `//` for a plain comment
[INFO] [stdout]    = note: `#[warn(unused_doc_comments)]` on by default
[INFO] [stdout] 
[INFO] [stdout] 
[INFO] [stdout] warning: 1 warning emitted
[INFO] [stdout] 
[INFO] [stdout] 
[INFO] [stderr]     Finished dev [unoptimized + debuginfo] target(s) in 21.18s
[INFO] running `Command { std: "docker" "inspect" "78b9501bef203437a97d684215494f39b8e07c216a420c4f536e89015531798d", kill_on_drop: false }`
[INFO] running `Command { std: "docker" "rm" "-f" "78b9501bef203437a97d684215494f39b8e07c216a420c4f536e89015531798d", kill_on_drop: false }`
[INFO] [stdout] 78b9501bef203437a97d684215494f39b8e07c216a420c4f536e89015531798d
[INFO] running `Command { std: "docker" "create" "-v" "/var/lib/crater-agent-workspace/builds/worker-1-tc1/target:/opt/rustwide/target:rw,Z" "-v" "/var/lib/crater-agent-workspace/builds/worker-1-tc1/source:/opt/rustwide/workdir:ro,Z" "-v" "/var/lib/crater-agent-workspace/cargo-home:/opt/rustwide/cargo-home:ro,Z" "-v" "/var/lib/crater-agent-workspace/rustup-home:/opt/rustwide/rustup-home:ro,Z" "-e" "SOURCE_DIR=/opt/rustwide/workdir" "-e" "CARGO_TARGET_DIR=/opt/rustwide/target" "-e" "CARGO_INCREMENTAL=0" "-e" "RUST_BACKTRACE=full" "-e" "RUSTFLAGS=--cap-lints=warn" "-e" "RUSTDOCFLAGS=--cap-lints=warn" "-e" "CARGO_HOME=/opt/rustwide/cargo-home" "-e" "RUSTUP_HOME=/opt/rustwide/rustup-home" "-w" "/opt/rustwide/workdir" "-m" "1610612736" "--user" "0:0" "--network" "none" "ghcr.io/rust-lang/crates-build-env/linux@sha256:2788e3201cd34a07e3172128adcd8b3090168a8e3bcc40d7c032b9dda1df7d1c" "/opt/rustwide/cargo-home/bin/cargo" "+1.75.0" "test" "--frozen" "--no-run" "--message-format=json", kill_on_drop: false }`
[INFO] [stdout] 785623cba8328c0fd32f4db6b3af84f3ee5a581ee68abf43a21db86ee0a2a8b6
[INFO] running `Command { std: "docker" "start" "-a" "785623cba8328c0fd32f4db6b3af84f3ee5a581ee68abf43a21db86ee0a2a8b6", kill_on_drop: false }`
[INFO] [stderr]    Compiling unicode-ident v1.0.8
[INFO] [stderr]    Compiling libc v0.2.140
[INFO] [stderr]    Compiling serde v1.0.158
[INFO] [stderr]    Compiling memchr v2.5.0
[INFO] [stderr]    Compiling syn v1.0.105
[INFO] [stderr]    Compiling pkg-config v0.3.26
[INFO] [stderr]    Compiling rustix v0.36.5
[INFO] [stderr]    Compiling num-traits v0.2.15
[INFO] [stderr]    Compiling indexmap v1.9.2
[INFO] [stderr]    Compiling thiserror v1.0.40
[INFO] [stderr]    Compiling serde_json v1.0.94
[INFO] [stderr]    Compiling pin-project-lite v0.2.9
[INFO] [stderr]    Compiling hashbrown v0.12.3
[INFO] [stderr]    Compiling futures-core v0.3.27
[INFO] [stderr]    Compiling slab v0.4.7
[INFO] [stderr]    Compiling proc-macro2 v1.0.52
[INFO] [stderr]    Compiling either v1.8.1
[INFO] [stderr]    Compiling futures-channel v0.3.27
[INFO] [stderr]    Compiling futures-sink v0.3.27
[INFO] [stderr]    Compiling futures-task v0.3.27
[INFO] [stderr]    Compiling tinyvec_macros v0.1.0
[INFO] [stderr]    Compiling futures-util v0.3.27
[INFO] [stderr]    Compiling tinyvec v1.6.0
[INFO] [stderr]    Compiling futures-io v0.3.27
[INFO] [stderr]    Compiling pin-utils v0.1.0
[INFO] [stderr]    Compiling aho-corasick v1.0.1
[INFO] [stderr]    Compiling static_assertions v1.1.0
[INFO] [stderr]    Compiling quote v1.0.26
[INFO] [stderr]    Compiling semver v1.0.17
[INFO] [stderr]    Compiling bytes v1.4.0
[INFO] [stderr]    Compiling percent-encoding v2.2.0
[INFO] [stderr]    Compiling target-lexicon v0.12.5
[INFO] [stderr]    Compiling tokio v1.26.0
[INFO] [stderr]    Compiling syn v2.0.4
[INFO] [stderr]    Compiling form_urlencoded v1.1.0
[INFO] [stderr]    Compiling ahash v0.7.6
[INFO] [stderr]    Compiling unicode-bidi v0.3.9
[INFO] [stderr]    Compiling camino v1.1.4
[INFO] [stderr]    Compiling jobserver v0.1.25
[INFO] [stderr]    Compiling getrandom v0.2.8
[INFO] [stderr]    Compiling socket2 v0.4.7
[INFO] [stderr]    Compiling cc v1.0.77
[INFO] [stderr]    Compiling regex v1.8.1
[INFO] [stderr]    Compiling spin v0.5.2
[INFO] [stderr]    Compiling untrusted v0.7.1
[INFO] [stderr]    Compiling once_cell v1.17.1
[INFO] [stderr]    Compiling atty v0.2.14
[INFO] [stderr]    Compiling adler v1.0.2
[INFO] [stderr]    Compiling tracing-core v0.1.30
[INFO] [stderr]    Compiling openssl-src v111.25.0+1.1.1t
[INFO] [stderr]    Compiling unicode-normalization v0.1.22
[INFO] [stderr]    Compiling num-integer v0.1.45
[INFO] [stderr]    Compiling miniz_oxide v0.6.2
[INFO] [stderr]    Compiling arrayvec v0.5.2
[INFO] [stderr]    Compiling is_ci v1.1.1
[INFO] [stderr]    Compiling guppy-workspace-hack v0.1.0
[INFO] [stderr]    Compiling tracing v0.1.37
[INFO] [stderr]    Compiling idna v0.3.0
[INFO] [stderr]    Compiling rayon v1.7.0
[INFO] [stderr]    Compiling proc-macro-error-attr v1.0.4
[INFO] [stderr]    Compiling http v0.2.9
[INFO] [stderr]    Compiling rustls v0.20.8
[INFO] [stderr]    Compiling is-terminal v0.4.2
[INFO] [stderr]    Compiling target-spec v1.3.1
[INFO] [stderr]    Compiling ring v0.16.20
[INFO] [stderr]    Compiling zstd-sys v2.0.7+zstd.1.5.4
[INFO] [stderr]    Compiling openssl-sys v0.9.83
[INFO] [stderr]    Compiling libz-sys v1.1.8
[INFO] [stderr]    Compiling libssh2-sys v0.2.23
[INFO] [stderr]    Compiling backtrace v0.3.67
[INFO] [stderr]    Compiling gimli v0.27.0
[INFO] [stderr]    Compiling lexical-core v0.7.6
[INFO] [stderr]    Compiling httparse v1.8.0
[INFO] [stderr]    Compiling cfg-expr v0.13.0
[INFO] [stderr]    Compiling supports-color v1.3.1
[INFO] [stderr]    Compiling object v0.30.2
[INFO] [stderr]    Compiling nom v5.1.2
[INFO] [stderr]    Compiling fixedbitset v0.4.2
[INFO] [stderr]    Compiling try-lock v0.2.4
[INFO] [stderr]    Compiling rustc-demangle v0.1.21
[INFO] [stderr]    Compiling nextest-workspace-hack v0.1.0
[INFO] [stderr]    Compiling minimal-lexical v0.2.1
[INFO] [stderr]    Compiling want v0.3.0
[INFO] [stderr]    Compiling nom v7.1.3
[INFO] [stderr]    Compiling petgraph v0.6.2
[INFO] [stderr]    Compiling serde_derive v1.0.158
[INFO] [stderr]    Compiling thiserror-impl v1.0.40
[INFO] [stderr]    Compiling http-body v0.4.5
[INFO] [stderr]    Compiling owo-colors v3.5.0
[INFO] [stderr]    Compiling unicode-linebreak v0.1.4
[INFO] [stderr]    Compiling libgit2-sys v0.14.2+1.5.1
[INFO] [stderr]    Compiling itertools v0.10.5
[INFO] [stderr]    Compiling addr2line v0.19.0
[INFO] [stderr]    Compiling proc-macro-error v1.0.4
[INFO] [stderr]    Compiling tower-service v0.3.2
[INFO] [stderr]    Compiling encoding_rs v0.8.31
[INFO] [stderr]    Compiling fastrand v1.8.0
[INFO] [stderr]    Compiling portable-atomic v0.3.19
[INFO] [stderr]    Compiling smawk v0.3.1
[INFO] [stderr]    Compiling paste v1.0.11
[INFO] [stderr]    Compiling crc32fast v1.3.2
[INFO] [stderr]    Compiling httpdate v1.0.2
[INFO] [stderr]    Compiling tempfile v3.4.0
[INFO] [stderr]    Compiling fancy-regex v0.10.0
[INFO] [stderr]    Compiling supports-hyperlinks v2.0.0
[INFO] [stderr]    Compiling supports-unicode v2.0.0
[INFO] [stderr]    Compiling supports-color v2.0.0
[INFO] [stderr]    Compiling console v0.15.5
[INFO] [stderr]    Compiling terminal_size v0.1.17
[INFO] [stderr]    Compiling smartstring v1.0.1
[INFO] [stderr]    Compiling zstd-safe v5.0.2+zstd.1.5.2
[INFO] [stderr]    Compiling async-trait v0.1.61
[INFO] [stderr]    Compiling zstd-safe v6.0.4+zstd.1.5.4
[INFO] [stderr]    Compiling home v0.5.4
[INFO] [stderr]    Compiling bytecount v0.3.2
[INFO] [stderr]    Compiling bytecount v0.6.3
[INFO] [stderr]    Compiling nom_locate v4.1.0
[INFO] [stderr]    Compiling num-bigint v0.4.3
[INFO] [stderr]    Compiling rustls-pemfile v1.0.2
[INFO] [stderr]    Compiling rand_core v0.6.4
[INFO] [stderr]    Compiling vte_generate_state_changes v0.1.1
[INFO] [stderr]    Compiling webpki v0.22.0
[INFO] [stderr]    Compiling sct v0.7.0
[INFO] [stderr]    Compiling filetime v0.2.19
[INFO] [stderr]    Compiling xattr v0.2.3
[INFO] [stderr]    Compiling time v0.1.45
[INFO] [stderr]    Compiling textwrap v0.15.2
[INFO] [stderr]    Compiling eyre v0.6.8
[INFO] [stderr]    Compiling byteorder v1.4.3
[INFO] [stderr]    Compiling winnow v0.3.6
[INFO] [stderr]    Compiling debug-ignore v1.0.5
[INFO] [stderr]    Compiling nom_locate v1.0.0
[INFO] [stderr]    Compiling webpki-roots v0.22.6
[INFO] [stderr]    Compiling mime v0.3.16
[INFO] [stderr]    Compiling utf8parse v0.2.0
[INFO] [stderr]    Compiling base64 v0.13.1
[INFO] [stderr]    Compiling number_prefix v0.4.0
[INFO] [stderr]    Compiling anyhow v1.0.68
[INFO] [stderr]    Compiling radium v0.7.0
[INFO] [stderr]    Compiling platforms v3.0.2
[INFO] [stderr]    Compiling ipnet v2.7.1
[INFO] [stderr]    Compiling iana-time-zone v0.1.53
[INFO] [stderr]    Compiling nested v0.1.1
[INFO] [stderr]    Compiling ppv-lite86 v0.2.17
[INFO] [stderr]    Compiling openssl-probe v0.1.5
[INFO] [stderr]    Compiling self_update v0.36.0
[INFO] [stderr]    Compiling chrono v0.4.24
[INFO] [stderr]    Compiling indicatif v0.17.3
[INFO] [stderr]    Compiling num-rational v0.4.1
[INFO] [stderr]    Compiling vte v0.10.1
[INFO] [stderr]    Compiling rmp v0.8.11
[INFO] [stderr]    Compiling rand_chacha v0.3.1
[INFO] [stderr]    Compiling futures-macro v0.3.27
[INFO] [stderr]    Compiling tokio-macros v1.8.2
[INFO] [stderr]    Compiling strum_macros v0.24.2
[INFO] [stderr]    Compiling clap_derive v4.1.9
[INFO] [stderr]    Compiling miette-derive v5.6.0
[INFO] [stderr]    Compiling nom-tracable-macros v0.8.0
[INFO] [stderr]    Compiling pin-project-internal v1.0.12
[INFO] [stderr]    Compiling lazy-regex-proc_macros v2.4.0
[INFO] [stderr]    Compiling nom-tracable v0.8.0
[INFO] [stderr]    Compiling tar v0.4.38
[INFO] [stderr]    Compiling flate2 v1.0.25
[INFO] [stderr]    Compiling num-iter v0.1.43
[INFO] [stderr]    Compiling env_logger v0.10.0
[INFO] [stderr]    Compiling uuid v1.3.0
[INFO] [stderr]    Compiling num-complex v0.4.2
[INFO] [stderr]    Compiling miette v5.6.0
[INFO] [stderr]    Compiling quick-xml v0.23.1
[INFO] [stderr]    Compiling quick-xml v0.26.0
[INFO] [stderr]    Compiling strum v0.24.1
[INFO] [stderr]    Compiling comfy-table v6.0.0
[INFO] [stderr]    Compiling include_dir_macros v0.7.2
[INFO] [stderr]    Compiling twox-hash v1.6.3
[INFO] [stderr]    Compiling indenter v0.3.3
[INFO] [stderr]    Compiling plotters-backend v0.3.4
[INFO] [stderr]    Compiling pin-project v1.0.12
[INFO] [stderr]    Compiling half v1.8.2
[INFO] [stderr]    Compiling time-core v0.1.0
[INFO] [stderr]    Compiling regex-syntax v0.6.28
[INFO] [stderr]    Compiling ciborium-io v0.2.0
[INFO] [stderr]    Compiling nextest-runner v0.37.0
[INFO] [stderr]    Compiling rustc-hash v1.1.0
[INFO] [stderr]    Compiling tap v1.0.1
[INFO] [stderr]    Compiling shell-words v1.1.0
[INFO] [stderr]    Compiling ciborium-ll v0.2.0
[INFO] [stderr]    Compiling include_dir v0.7.3
[INFO] [stderr]    Compiling wyz v0.5.1
[INFO] [stderr]    Compiling plotters-svg v0.3.2
[INFO] [stderr]    Compiling quick-junit v0.3.2
[INFO] [stderr]    Compiling time-macros v0.2.6
[INFO] [stderr]    Compiling clap v4.1.11
[INFO] [stderr]    Compiling lazy-regex v2.5.0
[INFO] [stderr]    Compiling num v0.4.0
[INFO] [stderr]    Compiling strip-ansi-escapes v0.1.1
[INFO] [stderr]    Compiling rand v0.8.5
[INFO] [stderr]    Compiling atomicwrites v0.4.0
[INFO] [stderr]    Compiling cfg-expr v0.12.0
[INFO] [stderr]    Compiling codespan-reporting v0.11.1
[INFO] [stderr]    Compiling clap_lex v0.2.4
[INFO] [stderr]    Compiling aho-corasick v0.7.20
[INFO] [stderr]    Compiling nix v0.26.2
[INFO] [stderr]    Compiling shared_child v1.0.0
[INFO] [stderr]    Compiling uneval v0.2.4
[INFO] [stderr]    Compiling tokio-util v0.7.4
[INFO] [stderr]    Compiling tokio-rustls v0.23.4
[INFO] [stderr]    Compiling futures-executor v0.3.27
[INFO] [stderr]    Compiling url v2.3.1
[INFO] [stderr]    Compiling toml v0.5.10
[INFO] [stderr]    Compiling cargo-platform v0.1.2
[INFO] [stderr]    Compiling h2 v0.3.17
[INFO] [stderr]    Compiling pathdiff v0.2.1
[INFO] [stderr]    Compiling futures v0.3.27
[INFO] [stderr]    Compiling toml_datetime v0.6.1
[INFO] [stderr]    Compiling serde_urlencoded v0.7.1
[INFO] [stderr]    Compiling serde_spanned v0.6.1
[INFO] [stderr]    Compiling recursion v0.3.3
[INFO] [stderr]    Compiling toml_edit v0.19.7
[INFO] [stderr]    Compiling hex v0.4.3
[INFO] [stderr]    Compiling smol_str v0.1.24
[INFO] [stderr]    Compiling async-scoped v0.7.1
[INFO] [stderr]    Compiling target-spec-miette v0.1.0
[INFO] [stderr]    Compiling cargo_metadata v0.15.3
[INFO] [stderr]    Compiling nextest-metadata v0.8.0
[INFO] [stderr]    Compiling mukti-metadata v0.1.0
[INFO] [stderr]    Compiling rmp-serde v0.14.4
[INFO] [stderr]    Compiling serde_ignored v0.1.7
[INFO] [stderr]    Compiling cvss v2.0.0
[INFO] [stderr]    Compiling serde_path_to_error v0.1.10
[INFO] [stderr]    Compiling lemmeknow v0.7.0
[INFO] [stderr]    Compiling config v0.13.3
[INFO] [stderr]    Compiling cargo-lock v8.0.3
[INFO] [stderr]    Compiling humantime-serde v1.1.1
[INFO] [stderr]    Compiling future-queue v0.3.0
[INFO] [stderr]    Compiling os_pipe v1.1.2
[INFO] [stderr]    Compiling overload v0.1.1
[INFO] [stderr]    Compiling same-file v1.0.6
[INFO] [stderr]    Compiling zeroize v1.5.7
[INFO] [stderr]    Compiling fs-err v2.9.0
[INFO] [stderr]    Compiling funty v2.0.0
[INFO] [stderr]    Compiling textwrap v0.16.0
[INFO] [stderr]    Compiling indent_write v2.2.0
[INFO] [stderr]    Compiling cast v0.3.0
[INFO] [stderr]    Compiling guppy v0.15.2
[INFO] [stderr]    Compiling criterion-plot v0.5.0
[INFO] [stderr]    Compiling bitvec v1.0.1
[INFO] [stderr]    Compiling toml v0.7.3
[INFO] [stderr]    Compiling clap v3.2.23
[INFO] [stderr]    Compiling rustsec v0.26.4
[INFO] [stderr]    Compiling dialoguer v0.10.3
[INFO] [stderr]    Compiling walkdir v2.3.2
[INFO] [stderr]    Compiling hyper v0.14.23
[INFO] [stderr]    Compiling duct v0.13.6
[INFO] [stderr]    Compiling nu-ansi-term v0.46.0
[INFO] [stderr]    Compiling tinytemplate v1.2.1
[INFO] [stderr]    Compiling time v0.3.17
[INFO] [stderr]    Compiling ciborium v0.2.0
[INFO] [stderr]    Compiling codespan v0.11.1
[INFO] [stderr]    Compiling color-eyre v0.6.2
[INFO] [stderr]    Compiling plotters v0.3.2
[INFO] [stderr]    Compiling nextest-filtering v0.3.0
[INFO] [stderr]    Compiling fern v0.6.1
[INFO] [stderr]    Compiling spdx v0.10.0
[INFO] [stderr]    Compiling oorandom v11.1.3
[INFO] [stderr]    Compiling enable-ansi-support v0.2.1
[INFO] [stderr]    Compiling anes v0.1.6
[INFO] [stderr]    Compiling project_ares v0.10.0 (/opt/rustwide/workdir)
[INFO] [stdout] warning: unused doc comment
[INFO] [stdout]   --> src/checkers/english.rs:20:13
[INFO] [stdout]    |
[INFO] [stdout] 20 |             /// English is the most popular language
[INFO] [stdout]    |             ^^^^^^^^^^^^^^^^^^^^^^^^^^^^^^^^^^^^^^^^
[INFO] [stdout] 21 |             popularity: 1.0,
[INFO] [stdout]    |             --------------- rustdoc does not generate documentation for expression fields
[INFO] [stdout]    |
[INFO] [stdout]    = help: use `//` for a plain comment
[INFO] [stdout]    = note: `#[warn(unused_doc_comments)]` on by default
[INFO] [stdout] 
[INFO] [stdout] 
[INFO] [stderr]    Compiling criterion v0.4.0
[INFO] [stderr]    Compiling hyper-rustls v0.23.2
[INFO] [stderr]    Compiling reqwest v0.11.13
[INFO] [stdout] warning: 1 warning emitted
[INFO] [stdout] 
[INFO] [stdout] 
[INFO] [stderr]    Compiling zstd v0.12.3+zstd.1.5.2
[INFO] [stderr]    Compiling zstd v0.11.2+zstd.1.5.2
[INFO] [stderr]    Compiling askalono v0.4.6
[INFO] [stderr]    Compiling cargo-nextest v0.9.51
[INFO] [stderr]    Compiling git2 v0.15.0
[INFO] [stderr]    Compiling crates-index v0.18.11
[INFO] [stderr]    Compiling krates v0.12.6
[INFO] [stderr]    Compiling cargo-deny v0.13.7
[INFO] [stdout] warning: unused doc comment
[INFO] [stdout]   --> src/checkers/english.rs:20:13
[INFO] [stdout]    |
[INFO] [stdout] 20 |             /// English is the most popular language
[INFO] [stdout]    |             ^^^^^^^^^^^^^^^^^^^^^^^^^^^^^^^^^^^^^^^^
[INFO] [stdout] 21 |             popularity: 1.0,
[INFO] [stdout]    |             --------------- rustdoc does not generate documentation for expression fields
[INFO] [stdout]    |
[INFO] [stdout]    = help: use `//` for a plain comment
[INFO] [stdout]    = note: `#[warn(unused_doc_comments)]` on by default
[INFO] [stdout] 
[INFO] [stdout] 
[INFO] [stdout] warning: 1 warning emitted
[INFO] [stdout] 
[INFO] [stdout] 
[INFO] [stderr]     Finished test [unoptimized + debuginfo] target(s) in 1m 52s
[INFO] [stderr] warning: the following packages contain code that will be rejected by a future version of Rust: nom v5.1.2
[INFO] [stderr] note: to see what the problems were, use the option `--future-incompat-report`, or run `cargo report future-incompatibilities --id 1`
[INFO] running `Command { std: "docker" "inspect" "785623cba8328c0fd32f4db6b3af84f3ee5a581ee68abf43a21db86ee0a2a8b6", kill_on_drop: false }`
[INFO] running `Command { std: "docker" "rm" "-f" "785623cba8328c0fd32f4db6b3af84f3ee5a581ee68abf43a21db86ee0a2a8b6", kill_on_drop: false }`
[INFO] [stdout] 785623cba8328c0fd32f4db6b3af84f3ee5a581ee68abf43a21db86ee0a2a8b6
[INFO] running `Command { std: "docker" "create" "-v" "/var/lib/crater-agent-workspace/builds/worker-1-tc1/target:/opt/rustwide/target:rw,Z" "-v" "/var/lib/crater-agent-workspace/builds/worker-1-tc1/source:/opt/rustwide/workdir:ro,Z" "-v" "/var/lib/crater-agent-workspace/cargo-home:/opt/rustwide/cargo-home:ro,Z" "-v" "/var/lib/crater-agent-workspace/rustup-home:/opt/rustwide/rustup-home:ro,Z" "-e" "SOURCE_DIR=/opt/rustwide/workdir" "-e" "CARGO_TARGET_DIR=/opt/rustwide/target" "-e" "CARGO_INCREMENTAL=0" "-e" "RUST_BACKTRACE=full" "-e" "RUSTFLAGS=--cap-lints=warn" "-e" "RUSTDOCFLAGS=--cap-lints=warn" "-e" "CARGO_HOME=/opt/rustwide/cargo-home" "-e" "RUSTUP_HOME=/opt/rustwide/rustup-home" "-w" "/opt/rustwide/workdir" "-m" "1610612736" "--user" "0:0" "--network" "none" "ghcr.io/rust-lang/crates-build-env/linux@sha256:2788e3201cd34a07e3172128adcd8b3090168a8e3bcc40d7c032b9dda1df7d1c" "/opt/rustwide/cargo-home/bin/cargo" "+1.75.0" "test" "--frozen", kill_on_drop: false }`
[INFO] [stdout] ef8d60185510a856165ded50fe7a8a2b3aad025d83e92ea983aa887cf488be38
[INFO] running `Command { std: "docker" "start" "-a" "ef8d60185510a856165ded50fe7a8a2b3aad025d83e92ea983aa887cf488be38", kill_on_drop: false }`
[INFO] [stderr] warning: unused doc comment
[INFO] [stderr]   --> src/checkers/english.rs:20:13
[INFO] [stderr]    |
[INFO] [stderr] 20 |             /// English is the most popular language
[INFO] [stderr]    |             ^^^^^^^^^^^^^^^^^^^^^^^^^^^^^^^^^^^^^^^^
[INFO] [stderr] 21 |             popularity: 1.0,
[INFO] [stderr]    |             --------------- rustdoc does not generate documentation for expression fields
[INFO] [stderr]    |
[INFO] [stderr]    = help: use `//` for a plain comment
[INFO] [stderr]    = note: `#[warn(unused_doc_comments)]` on by default
[INFO] [stderr] 
[INFO] [stderr] warning: `project_ares` (lib) generated 1 warning
[INFO] [stderr] warning: `project_ares` (lib test) generated 1 warning (1 duplicate)
[INFO] [stderr]     Finished test [unoptimized + debuginfo] target(s) in 0.79s
[INFO] [stderr] warning: the following packages contain code that will be rejected by a future version of Rust: nom v5.1.2
[INFO] [stderr] note: to see what the problems were, use the option `--future-incompat-report`, or run `cargo report future-incompatibilities --id 1`
[INFO] [stderr]      Running unittests src/lib.rs (/opt/rustwide/target/debug/deps/ares-b4efc7266aece857)
[INFO] [stdout] 
[INFO] [stdout] running 145 tests
[INFO] [stdout] test checkers::default_checker::tests::default_checker_works ... ok
[INFO] [stdout] test checkers::english::tests::test_check_normalise_string_works_with_puncuation ... ok
[INFO] [stdout] test decoders::atbash_decoder::tests::atbash_handle_panic_if_empty_string ... ok
[INFO] [stdout] test checkers::english::tests::test_check_normalise_string_works_with_messy_puncuation ... ok
[INFO] [stdout] test decoders::atbash_decoder::tests::atbash_handle_panic_if_emoji ... ok
[INFO] [stdout] test checkers::english::tests::test_check_fail_single_puncuation_char ... ok
[INFO] [stdout] test checkers::english::tests::test_check_normalise_string_works_with_lowercasing ... ok
[INFO] [stdout] test decoders::atbash_decoder::tests::atbash_decode_empty_string ... ok
[INFO] [stdout] test decoders::atbash_decoder::tests::atbash_decode_handles_panics ... ok
[INFO] [stdout] test checkers::tests::test_check_ip_address ... ok
[INFO] [stdout] test decoders::base32_decoder::tests::base32_decodes_tryhackme_base32_successfully ... ignored
[INFO] [stdout] test decoders::base32_decoder::tests::base32_handles_panic_if_emoji ... ok
[INFO] [stdout] test decoders::base32_decoder::tests::base32_handles_panic_if_empty_string ... ok
[INFO] [stdout] test decoders::base32_decoder::tests::base32_handles_panics ... ok
[INFO] [stdout] test decoders::base58_bitcoin_decoder::tests::base58_bitcoin_decode_empty_string ... ok
[INFO] [stdout] test decoders::base58_bitcoin_decoder::tests::base58_bitcoin_decode_handles_panics ... ok
[INFO] [stdout] test decoders::base58_bitcoin_decoder::tests::base58_bitcoin_handle_panic_if_emoji ... ok
[INFO] [stdout] test decoders::base58_bitcoin_decoder::tests::base58_bitcoin_handle_panic_if_empty_string ... ok
[INFO] [stdout] test decoders::base58_bitcoin_decoder::tests::base58_bitcoin_work_if_string_not_base58_bitcoin ... ok
[INFO] [stdout] test decoders::atbash_decoder::tests::test_atbash_capitalization ... ok
[INFO] [stdout] test checkers::english::tests::test_check_basic ... ok
[INFO] [stdout] test decoders::base58_bitcoin_decoder::tests::successful_decoding ... ok
[INFO] [stdout] test checkers::english::tests::test_checker_works_with_puncuation_and_lowercase ... ok
[INFO] [stdout] test checkers::english::tests::test_check_multiple_words2 ... ok
[INFO] [stdout] test checkers::english::tests::test_checker_fails_doesnt_hit_40_percent ... ok
[INFO] [stdout] test checkers::english::tests::test_check_multiple_words ... ok
[INFO] [stdout] test checkers::english::tests::test_check_non_dictionary_word ... ok
[INFO] [stdout] test checkers::english::tests::test_check_basic2 ... ok
[INFO] [stdout] test decoders::base58_flickr_decoder::tests::base58_flickr_decode_empty_string ... ok
[INFO] [stdout] test decoders::atbash_decoder::tests::test_atbash ... ok
[INFO] [stdout] test decoders::base58_monero_decoder::tests::base58_monero_decode_handles_panics ... ok
[INFO] [stdout] test checkers::tests::test_check_goes_to_dictionary ... ok
[INFO] [stdout] test decoders::base32_decoder::tests::base32_decodes_broken_padding_base32_successfully ... ok
[INFO] [stdout] test decoders::base32_decoder::tests::base32_decodes_successfully ... ok
[INFO] [stdout] test decoders::base58_monero_decoder::tests::base58_monero_handle_panic_if_empty_string ... ok
[INFO] [stdout] test decoders::atbash_decoder::tests::test_atbash_non_alphabetic_characters ... ok
[INFO] [stdout] test decoders::atbash_decoder::tests::atbash_work_if_string_not_atbash ... ok
[INFO] [stdout] test decoders::base32_decoder::tests::base32_decodes_no_padding_base32_successfully ... ok
[INFO] [stdout] test decoders::base58_monero_decoder::tests::base58_monero_decode_empty_string ... ok
[INFO] [stdout] test decoders::base58_flickr_decoder::tests::successful_decoding ... ok
[INFO] [stdout] test decoders::base58_monero_decoder::tests::base58_monero_handle_panic_if_emoji ... ok
[INFO] [stdout] test decoders::base58_flickr_decoder::tests::base58_flickr_handle_panic_if_empty_string ... ok
[INFO] [stdout] test decoders::base58_flickr_decoder::tests::base58_flickr_work_if_string_not_base58_flickr ... ok
[INFO] [stdout] test decoders::base58_flickr_decoder::tests::base58_flickr_handle_panic_if_emoji ... ok
[INFO] [stdout] test decoders::base64_decoder::tests::base64_decode_empty_string ... ok
[INFO] [stdout] test decoders::base64_decoder::tests::base64_decode_handles_panics ... ok
[INFO] [stdout] test decoders::base58_monero_decoder::tests::base58_monero_work_if_string_not_base58_monero ... ok
[INFO] [stdout] test decoders::base58_ripple_decoder::tests::base58_ripple_handle_panic_if_emoji ... ok
[INFO] [stdout] test decoders::base58_ripple_decoder::tests::successful_decoding ... ok
[INFO] [stdout] test decoders::base58_ripple_decoder::tests::base58_ripple_handle_panic_if_empty_string ... ok
[INFO] [stdout] test decoders::base58_ripple_decoder::tests::base58_ripple_work_if_string_not_base58_ripple ... ok
[INFO] [stdout] test decoders::base58_ripple_decoder::tests::base58_ripple_decode_handles_panics ... ok
[INFO] [stdout] test decoders::base58_flickr_decoder::tests::base58_flickr_decode_handles_panics ... ok
[INFO] [stdout] test decoders::base64_url_decoder::tests::base64_url_decodes_regular_base64_successfully ... ok
[INFO] [stdout] test decoders::base64_decoder::tests::base64_handle_panic_if_empty_string ... ok
[INFO] [stdout] test decoders::base64_url_decoder::tests::base64_url_handles_regular_base64_with_plus_signs ... ok
[INFO] [stdout] test decoders::base64_url_decoder::tests::base64_url_handles_panic_if_emoji ... ok
[INFO] [stdout] test decoders::base64_url_decoder::tests::base64_url_handles_panic_if_empty_string ... ok
[INFO] [stdout] test decoders::base65536_decoder::tests::base65536_decodes_successfully ... ok
[INFO] [stdout] test decoders::base65536_decoder::tests::base65536_handles_panics ... ok
[INFO] [stdout] test decoders::base64_url_decoder::tests::base64_url_handles_regular_base64_with_slashes ... ok
[INFO] [stdout] test decoders::base58_monero_decoder::tests::successful_decoding ... ok
[INFO] [stdout] test decoders::base64_url_decoder::tests::base64_url_handles_panics ... ok
[INFO] [stdout] test decoders::base58_ripple_decoder::tests::base58_ripple_decode_empty_string ... ok
[INFO] [stdout] test decoders::base64_decoder::tests::base64_handle_panic_if_emoji ... ok
[INFO] [stdout] test decoders::base64_decoder::tests::base64_work_if_string_not_base64 ... ok
[INFO] [stdout] test decoders::base65536_decoder::tests::base65536_handles_panic_if_emoji ... ok
[INFO] [stdout] test decoders::base91_decoder::tests::base91_decode_empty_string ... ok
[INFO] [stdout] test decoders::binary_decoder::tests::binary_bit_7_decodes_successfully ... ok
[INFO] [stdout] test decoders::base91_decoder::tests::base91_handle_panic_if_empty_string ... ok
[INFO] [stdout] test decoders::base65536_decoder::tests::base65536_handles_panic_if_empty_string ... ok
[INFO] [stdout] test decoders::base91_decoder::tests::base91_decode_handles_panics ... ok
[INFO] [stdout] test decoders::base91_decoder::tests::base91_work_if_string_not_base91 ... ok
[INFO] [stdout] test decoders::binary_decoder::tests::binary_bit_15_with_a_lot_of_delimiters_decodes_successfully ... ok
[INFO] [stdout] test decoders::base91_decoder::tests::base91_handle_panic_if_emoji ... ok
[INFO] [stdout] test decoders::base91_decoder::tests::successful_decoding ... ok
[INFO] [stdout] test decoders::base64_decoder::tests::successful_decoding ... ok
[INFO] [stdout] test decoders::binary_decoder::tests::binary_handles_panic_if_emoji ... ok
[INFO] [stdout] test decoders::caesar_decoder::tests::caesar_decode_fails ... ok
[INFO] [stdout] test decoders::citrix_ctx1_decoder::tests::citrix_ctx1_decodes_lowercase_successfully ... ok
[INFO] [stdout] test decoders::binary_decoder::tests::binary_handles_panics ... ok
[INFO] [stdout] test decoders::citrix_ctx1_decoder::tests::citrix_ctx1_decodes_emoji_successfully ... ok
[INFO] [stdout] test decoders::caesar_decoder::tests::empty ... ok
[INFO] [stdout] test decoders::base64_url_decoder::tests::base64_url_decodes_successfully ... ok
[INFO] [stdout] test decoders::citrix_ctx1_decoder::tests::citrix_ctx1_decodes_successfully ... ok
[INFO] [stdout] test decoders::binary_decoder::tests::binary_bit_8_decodes_successfully ... ok
[INFO] [stdout] test decoders::caesar_decoder::tests::caesar_unicode ... ok
[INFO] [stdout] test decoders::binary_decoder::tests::binary_handles_panic_if_empty_string ... ok
[INFO] [stdout] test decoders::citrix_ctx1_decoder::tests::citrix_ctx1_decode_handles_panics ... ok
[INFO] [stdout] test decoders::citrix_ctx1_decoder::tests::citrix_ctx1_handle_panic_if_empty_string ... ok
[INFO] [stdout] test decoders::citrix_ctx1_decoder::tests::citrix_ctx1_handles_length_not_divisible_by_4 ... ok
[INFO] [stdout] test decoders::citrix_ctx1_decoder::tests::citrix_ctx1_handles_substraction_overflow ... ok
[INFO] [stdout] test decoders::caesar_decoder::tests::caesar_decode_empty_string ... ok
[INFO] [stdout] test decoders::caesar_decoder::tests::caesar_rot_13 ... ok
[INFO] [stdout] test decoders::binary_decoder::tests::binary_bit_12_with_delimiters_decodes_successfully ... ok
[INFO] [stdout] test decoders::morse_code::tests::test_morse_code_backslash ... ignored
[INFO] [stdout] test decoders::morse_code::tests::test_morse_code_colon ... ignored
[INFO] [stdout] test decoders::morse_code::tests::test_morse_code_comma ... ignored
[INFO] [stdout] test decoders::morse_code::tests::test_morse_code_line_feed ... ignored
[INFO] [stdout] test decoders::hexadecimal_decoder::tests::hexadecimal_handles_panic_if_empty_string ... ok
[INFO] [stdout] test decoders::hexadecimal_decoder::tests::hexadecimal_with_0x_and_comma_delimiters_decodes_successfully ... ok
[INFO] [stdout] test decoders::hexadecimal_decoder::tests::hexadecimal_with_0x_delimiters_decodes_successfully ... ok
[INFO] [stdout] test decoders::hexadecimal_decoder::tests::hexadecimal_handles_panic_if_emoji ... ok
[INFO] [stdout] test decoders::railfence_decoder::tests::railfence_handles_panic_if_emoji ... ok
[INFO] [stdout] test decoders::railfence_decoder::tests::railfence_handles_panic_if_empty_string ... ok
[INFO] [stdout] test decoders::reverse_decoder::tests::returns_nothing ... ok
[INFO] [stdout] test decoders::hexadecimal_decoder::tests::hexadecimal_handles_panics ... ok
[INFO] [stdout] test decoders::hexadecimal_decoder::tests::uppercase_hexadecimal_decodes_successfully ... ok
[INFO] [stdout] test decoders::hexadecimal_decoder::tests::hexadecimal_with_no_spaces_decodes_successfully ... ok
[INFO] [stdout] test decoders::url_decoder::tests::url_handles_panics ... ok
[INFO] [stdout] test decoders::url_decoder::tests::url_handles_panic_if_empty_string ... ok
[INFO] [stdout] test decoders::url_decoder::tests::url_handles_panic_if_emoji ... ok
[INFO] [stdout] test filtration_system::tests::it_works ... ok
[INFO] [stdout] test decoders::url_decoder::tests::url_decodes_successfully ... ok
[INFO] [stdout] test decoders::hexadecimal_decoder::tests::hexadecimal_with_delimiters_decodes_successfully ... ok
[INFO] [stdout] test decoders::reverse_decoder::tests::returns_success ... ok
[INFO] [stdout] test searchers::bfs::tests::string_size_checker_returns_bad_if_string_cant_be_decoded ... ok
[INFO] [stdout] test decoders::caesar_decoder::tests::successful_decoding ... ok
[INFO] [stdout] test decoders::morse_code::tests::test_morse_code ... ok
[INFO] [stdout] test decoders::caesar_decoder::tests::successful_decoding_longer_text ... ok
[INFO] [stdout] test decoders::hexadecimal_decoder::tests::hexadecimal_with_spaces_decodes_successfully ... ok
[INFO] [stdout] test storage::tests::test_dictionary_does_not_contain_single_letter_words ... ok
[INFO] [stdout] test decoders::morse_code::tests::test_morse_code_new_line ... ok
[INFO] [stdout] test storage::tests::test_dictionary_loads_words_txt_contains_hello ... ok
[INFO] [stdout] test tests::test_early_exit_if_input_is_plaintext ... ok
[INFO] [stdout] test decoders::caesar_decoder::tests::successful_decoding_longer_text_with_puncuation ... ok
[INFO] [stdout] test storage::tests::test_dictionary_loads_words_txt ... ok
[INFO] [stdout] test searchers::tests::perform_decoding_succeeds_empty_string ... ok
[INFO] [stdout] test searchers::bfs::tests::string_size_checker_returns_ok_if_string_can_be_decoded ... ok
[INFO] [stdout] test tests::test_successfully_decode_caesar ... ignored
[INFO] [stdout] test decoders::morse_code::tests::test_morse_code_new_line_with_space ... ok
[INFO] [stdout] test decoders::morse_code::tests::test_morse_code_both_new_line_and_carrage_return ... ok
[INFO] [stdout] test searchers::tests::exit_condition_fails ... ok
[INFO] [stdout] test decoders::morse_code::tests::test_morse_code_carrage_arrage_return_with_space ... ok
[INFO] [stdout] test tests::test_perform_cracking_returns ... ok
[INFO] [stdout] test tests::test_successfully_inputted_plaintext ... ok
[INFO] [stdout] test tests::test_perform_cracking_returns_successful_base64_reverse ... ok
[INFO] [stdout] test decoders::railfence_decoder::tests::railfence_decodes_successfully ... ok
[INFO] [stdout] test searchers::tests::exit_condition_succeeds ... ok
[INFO] [stdout] test tests::test_perform_cracking_returns_failure ... ok
[INFO] [stdout] test searchers::tests::perform_decoding_succeeds ... ok
[INFO] [stdout] test tests::test_perform_cracking_returns_successful ... ok
[INFO] [stdout] test searchers::bfs::tests::non_deterministic_like_behaviour_regression_test ... ok
[INFO] [stdout] test filtration_system::tests::decoders_can_call_dot_run ... ok
[INFO] [stdout] test searchers::bfs::tests::bfs_succeeds ... ok
[INFO] [stdout] 
[INFO] [stdout] test result: ok. 139 passed; 0 failed; 6 ignored; 0 measured; 0 filtered out; finished in 0.95s
[INFO] [stdout] 
[INFO] [stderr]      Running unittests src/main.rs (/opt/rustwide/target/debug/deps/ares-a65e1b1dca3d9b65)
[INFO] [stdout] 
[INFO] [stdout] running 0 tests
[INFO] [stdout] 
[INFO] [stdout] test result: ok. 0 passed; 0 failed; 0 ignored; 0 measured; 0 filtered out; finished in 0.00s
[INFO] [stdout] 
[INFO] [stderr]      Running tests/integration_test.rs (/opt/rustwide/target/debug/deps/integration_test-05bbbc27e59dc2bc)
[INFO] [stdout] 
[INFO] [stdout] running 4 tests
[INFO] [stdout] test test_no_panic_if_empty_string ... ok
[INFO] [stdout] test test_it_works ... ok
[INFO] [stdout] test test_program_parses_files_and_cracks ... FAILED
[INFO] [stdout] test test_program_parses_files_with_new_line_and_cracks ... ok
[INFO] [stdout] 
[INFO] [stdout] failures:
[INFO] [stdout] 
[INFO] [stdout] ---- test_program_parses_files_and_cracks stdout ----
[INFO] [stdout] thread 'test_program_parses_files_and_cracks' panicked at tests/integration_test.rs:32:5:
[INFO] [stdout] assertion failed: result.unwrap().text[0] == "Multiple base64 encodings"
[INFO] [stdout] stack backtrace:
[INFO] [stdout]    0:     0x55f55d4fdcdc - std::backtrace_rs::backtrace::libunwind::trace::ha637c64ce894333a
[INFO] [stdout]                                at /rustc/82e1608dfa6e0b5569232559e3d385fea5a93112/library/std/src/../../backtrace/src/backtrace/libunwind.rs:104:5
[INFO] [stdout]    1:     0x55f55d4fdcdc - std::backtrace_rs::backtrace::trace_unsynchronized::h47f62dea28e0c88d
[INFO] [stdout]                                at /rustc/82e1608dfa6e0b5569232559e3d385fea5a93112/library/std/src/../../backtrace/src/backtrace/mod.rs:66:5
[INFO] [stdout]    2:     0x55f55d4fdcdc - std::sys_common::backtrace::_print_fmt::h9eef0abe20ede486
[INFO] [stdout]                                at /rustc/82e1608dfa6e0b5569232559e3d385fea5a93112/library/std/src/sys_common/backtrace.rs:67:5
[INFO] [stdout]    3:     0x55f55d4fdcdc - <std::sys_common::backtrace::_print::DisplayBacktrace as core::fmt::Display>::fmt::hed7f999df88cc644
[INFO] [stdout]                                at /rustc/82e1608dfa6e0b5569232559e3d385fea5a93112/library/std/src/sys_common/backtrace.rs:44:22
[INFO] [stdout]    4:     0x55f55d528580 - core::fmt::rt::Argument::fmt::h1539a9308b8d058d
[INFO] [stdout]                                at /rustc/82e1608dfa6e0b5569232559e3d385fea5a93112/library/core/src/fmt/rt.rs:142:9
[INFO] [stdout]    5:     0x55f55d528580 - core::fmt::write::h3a39390d8560d9c9
[INFO] [stdout]                                at /rustc/82e1608dfa6e0b5569232559e3d385fea5a93112/library/core/src/fmt/mod.rs:1120:17
[INFO] [stdout]    6:     0x55f55d4fb4bf - std::io::Write::write_fmt::h040b369f3a0f9cbc
[INFO] [stdout]                                at /rustc/82e1608dfa6e0b5569232559e3d385fea5a93112/library/std/src/io/mod.rs:1762:15
[INFO] [stdout]    7:     0x55f55d4fdac4 - std::sys_common::backtrace::_print::h894006fb5c6f3d45
[INFO] [stdout]                                at /rustc/82e1608dfa6e0b5569232559e3d385fea5a93112/library/std/src/sys_common/backtrace.rs:47:5
[INFO] [stdout]    8:     0x55f55d4fdac4 - std::sys_common::backtrace::print::h23a2d212c6fff936
[INFO] [stdout]                                at /rustc/82e1608dfa6e0b5569232559e3d385fea5a93112/library/std/src/sys_common/backtrace.rs:34:9
[INFO] [stdout]    9:     0x55f55d4ff787 - std::panicking::default_hook::{{closure}}::h8a1d2ee00185001a
[INFO] [stdout]   10:     0x55f55d4ff473 - std::panicking::default_hook::h6038f2eba384e475
[INFO] [stdout]                                at /rustc/82e1608dfa6e0b5569232559e3d385fea5a93112/library/std/src/panicking.rs:289:9
[INFO] [stdout]   11:     0x55f55d179947 - <alloc::boxed::Box<F,A> as core::ops::function::Fn<Args>>::call::h0ad024c9bdc6d768
[INFO] [stdout]                                at /rustc/82e1608dfa6e0b5569232559e3d385fea5a93112/library/alloc/src/boxed.rs:2021:9
[INFO] [stdout]   12:     0x55f55d179947 - test::test_main::{{closure}}::h7500b54257359db6
[INFO] [stdout]                                at /rustc/82e1608dfa6e0b5569232559e3d385fea5a93112/library/test/src/lib.rs:138:21
[INFO] [stdout]   13:     0x55f55d4ffd98 - <alloc::boxed::Box<F,A> as core::ops::function::Fn<Args>>::call::h1f8f335eaa9cfaee
[INFO] [stdout]                                at /rustc/82e1608dfa6e0b5569232559e3d385fea5a93112/library/alloc/src/boxed.rs:2021:9
[INFO] [stdout]   14:     0x55f55d4ffd98 - std::panicking::rust_panic_with_hook::h2b5517d590cab22e
[INFO] [stdout]                                at /rustc/82e1608dfa6e0b5569232559e3d385fea5a93112/library/std/src/panicking.rs:783:13
[INFO] [stdout]   15:     0x55f55d4ffab9 - std::panicking::begin_panic_handler::{{closure}}::h233112c06e0ef43e
[INFO] [stdout]                                at /rustc/82e1608dfa6e0b5569232559e3d385fea5a93112/library/std/src/panicking.rs:649:13
[INFO] [stdout]   16:     0x55f55d4fe1a6 - std::sys_common::backtrace::__rust_end_short_backtrace::h6e893f24d7ebbff8
[INFO] [stdout]                                at /rustc/82e1608dfa6e0b5569232559e3d385fea5a93112/library/std/src/sys_common/backtrace.rs:170:18
[INFO] [stdout]   17:     0x55f55d4ff852 - rust_begin_unwind
[INFO] [stdout]                                at /rustc/82e1608dfa6e0b5569232559e3d385fea5a93112/library/std/src/panicking.rs:645:5
[INFO] [stdout]   18:     0x55f55d144515 - core::panicking::panic_fmt::hbf0e066aabfa482c
[INFO] [stdout]                                at /rustc/82e1608dfa6e0b5569232559e3d385fea5a93112/library/core/src/panicking.rs:72:14
[INFO] [stdout]   19:     0x55f55d1445b3 - core::panicking::panic::h195fc2a96298d4c3
[INFO] [stdout]                                at /rustc/82e1608dfa6e0b5569232559e3d385fea5a93112/library/core/src/panicking.rs:127:5
[INFO] [stdout]   20:     0x55f55d145b24 - integration_test::test_program_parses_files_and_cracks::h42daf65d607fcb52
[INFO] [stdout]                                at /opt/rustwide/workdir/tests/integration_test.rs:32:5
[INFO] [stdout]   21:     0x55f55d1457d7 - integration_test::test_program_parses_files_and_cracks::{{closure}}::hd4fcd519c5dad45b
[INFO] [stdout]                                at /opt/rustwide/workdir/tests/integration_test.rs:25:42
[INFO] [stdout]   22:     0x55f55d145166 - core::ops::function::FnOnce::call_once::h86f5f395c114629d
[INFO] [stdout]                                at /rustc/82e1608dfa6e0b5569232559e3d385fea5a93112/library/core/src/ops/function.rs:250:5
[INFO] [stdout]   23:     0x55f55d17ef9f - core::ops::function::FnOnce::call_once::h2b5d431d5046312d
[INFO] [stdout]                                at /rustc/82e1608dfa6e0b5569232559e3d385fea5a93112/library/core/src/ops/function.rs:250:5
[INFO] [stdout]   24:     0x55f55d17ef9f - test::__rust_begin_short_backtrace::h7714669af176e207
[INFO] [stdout]                                at /rustc/82e1608dfa6e0b5569232559e3d385fea5a93112/library/test/src/lib.rs:628:18
[INFO] [stdout]   25:     0x55f55d17dfb5 - test::run_test_in_process::{{closure}}::h85218797dcbcec12
[INFO] [stdout]                                at /rustc/82e1608dfa6e0b5569232559e3d385fea5a93112/library/test/src/lib.rs:651:60
[INFO] [stdout]   26:     0x55f55d17dfb5 - <core::panic::unwind_safe::AssertUnwindSafe<F> as core::ops::function::FnOnce<()>>::call_once::h76c106ea31c14d7b
[INFO] [stdout]                                at /rustc/82e1608dfa6e0b5569232559e3d385fea5a93112/library/core/src/panic/unwind_safe.rs:272:9
[INFO] [stdout]   27:     0x55f55d17dfb5 - std::panicking::try::do_call::h3bd5d0f6620ee946
[INFO] [stdout]                                at /rustc/82e1608dfa6e0b5569232559e3d385fea5a93112/library/std/src/panicking.rs:552:40
[INFO] [stdout]   28:     0x55f55d17dfb5 - std::panicking::try::h232e535e4744fe31
[INFO] [stdout]                                at /rustc/82e1608dfa6e0b5569232559e3d385fea5a93112/library/std/src/panicking.rs:516:19
[INFO] [stdout]   29:     0x55f55d17dfb5 - std::panic::catch_unwind::h3ce3bd6ca8dbac68
[INFO] [stdout]                                at /rustc/82e1608dfa6e0b5569232559e3d385fea5a93112/library/std/src/panic.rs:142:14
[INFO] [stdout]   30:     0x55f55d17dfb5 - test::run_test_in_process::hc97b257c9621286a
[INFO] [stdout]                                at /rustc/82e1608dfa6e0b5569232559e3d385fea5a93112/library/test/src/lib.rs:651:27
[INFO] [stdout]   31:     0x55f55d17dfb5 - test::run_test::{{closure}}::h2aa798823a438d38
[INFO] [stdout]                                at /rustc/82e1608dfa6e0b5569232559e3d385fea5a93112/library/test/src/lib.rs:574:43
[INFO] [stdout]   32:     0x55f55d146276 - test::run_test::{{closure}}::h87d231c78fb59832
[INFO] [stdout]                                at /rustc/82e1608dfa6e0b5569232559e3d385fea5a93112/library/test/src/lib.rs:602:41
[INFO] [stdout]   33:     0x55f55d146276 - std::sys_common::backtrace::__rust_begin_short_backtrace::he6df152596625789
[INFO] [stdout]                                at /rustc/82e1608dfa6e0b5569232559e3d385fea5a93112/library/std/src/sys_common/backtrace.rs:154:18
[INFO] [stdout]   34:     0x55f55d14b327 - std::thread::Builder::spawn_unchecked_::{{closure}}::{{closure}}::ha94be15d1e0acf36
[INFO] [stdout]                                at /rustc/82e1608dfa6e0b5569232559e3d385fea5a93112/library/std/src/thread/mod.rs:529:17
[INFO] [stdout]   35:     0x55f55d14b327 - <core::panic::unwind_safe::AssertUnwindSafe<F> as core::ops::function::FnOnce<()>>::call_once::h9dc6bd6372f16606
[INFO] [stdout]                                at /rustc/82e1608dfa6e0b5569232559e3d385fea5a93112/library/core/src/panic/unwind_safe.rs:272:9
[INFO] [stdout]   36:     0x55f55d14b327 - std::panicking::try::do_call::h9057517f80303cd4
[INFO] [stdout]                                at /rustc/82e1608dfa6e0b5569232559e3d385fea5a93112/library/std/src/panicking.rs:552:40
[INFO] [stdout]   37:     0x55f55d14b327 - std::panicking::try::he3a30b11ee45340c
[INFO] [stdout]                                at /rustc/82e1608dfa6e0b5569232559e3d385fea5a93112/library/std/src/panicking.rs:516:19
[INFO] [stdout]   38:     0x55f55d14b327 - std::panic::catch_unwind::h410458cfd3528b8b
[INFO] [stdout]                                at /rustc/82e1608dfa6e0b5569232559e3d385fea5a93112/library/std/src/panic.rs:142:14
[INFO] [stdout]   39:     0x55f55d14b327 - std::thread::Builder::spawn_unchecked_::{{closure}}::h72ac3bdb567b737b
[INFO] [stdout]                                at /rustc/82e1608dfa6e0b5569232559e3d385fea5a93112/library/std/src/thread/mod.rs:528:30
[INFO] [stdout]   40:     0x55f55d14b327 - core::ops::function::FnOnce::call_once{{vtable.shim}}::h38f34da3654a8344
[INFO] [stdout]                                at /rustc/82e1608dfa6e0b5569232559e3d385fea5a93112/library/core/src/ops/function.rs:250:5
[INFO] [stdout]   41:     0x55f55d504935 - <alloc::boxed::Box<F,A> as core::ops::function::FnOnce<Args>>::call_once::hc7eafaff61e32df9
[INFO] [stdout]                                at /rustc/82e1608dfa6e0b5569232559e3d385fea5a93112/library/alloc/src/boxed.rs:2007:9
[INFO] [stdout]   42:     0x55f55d504935 - <alloc::boxed::Box<F,A> as core::ops::function::FnOnce<Args>>::call_once::h6ba4a5de48dd2304
[INFO] [stdout]                                at /rustc/82e1608dfa6e0b5569232559e3d385fea5a93112/library/alloc/src/boxed.rs:2007:9
[INFO] [stdout]   43:     0x55f55d504935 - std::sys::unix::thread::Thread::new::thread_start::he469335aef763e45
[INFO] [stdout]                                at /rustc/82e1608dfa6e0b5569232559e3d385fea5a93112/library/std/src/sys/unix/thread.rs:108:17
[INFO] [stdout]   44:     0x7f0a0a567ac3 - <unknown>
[INFO] [stdout]   45:     0x7f0a0a5f8bf4 - __clone
[INFO] [stdout]   46:                0x0 - <unknown>
[INFO] [stdout] 
[INFO] [stdout] 
[INFO] [stdout] failures:
[INFO] [stdout]     test_program_parses_files_and_cracks
[INFO] [stdout] 
[INFO] [stdout] test result: FAILED. 3 passed; 1 failed; 0 ignored; 0 measured; 0 filtered out; finished in 10.71s
[INFO] [stdout] 
[INFO] [stderr] error: test failed, to rerun pass `--test integration_test`
[INFO] running `Command { std: "docker" "inspect" "ef8d60185510a856165ded50fe7a8a2b3aad025d83e92ea983aa887cf488be38", kill_on_drop: false }`
[INFO] running `Command { std: "docker" "rm" "-f" "ef8d60185510a856165ded50fe7a8a2b3aad025d83e92ea983aa887cf488be38", kill_on_drop: false }`
[INFO] [stdout] ef8d60185510a856165ded50fe7a8a2b3aad025d83e92ea983aa887cf488be38
