[INFO] fetching crate procspawn 1.0.0...
[INFO] testing procspawn-1.0.0 against 1.75.0 for beta-1.76-1
[INFO] extracting crate procspawn 1.0.0 into /workspace/builds/worker-1-tc1/source
[INFO] validating manifest of crates.io crate procspawn 1.0.0 on toolchain 1.75.0
[INFO] running `Command { std: CARGO_HOME="/workspace/cargo-home" RUSTUP_HOME="/workspace/rustup-home" "/workspace/cargo-home/bin/cargo" "+1.75.0" "metadata" "--manifest-path" "Cargo.toml" "--no-deps", kill_on_drop: false }`
[INFO] started tweaking crates.io crate procspawn 1.0.0
[INFO] removed 0 missing examples
[INFO] removed 0 missing tests
[INFO] finished tweaking crates.io crate procspawn 1.0.0
[INFO] tweaked toml for crates.io crate procspawn 1.0.0 written to /workspace/builds/worker-1-tc1/source/Cargo.toml
[INFO] crate crates.io crate procspawn 1.0.0 already has a lockfile, it will not be regenerated
[INFO] running `Command { std: CARGO_HOME="/workspace/cargo-home" RUSTUP_HOME="/workspace/rustup-home" "/workspace/cargo-home/bin/cargo" "+1.75.0" "fetch" "--manifest-path" "Cargo.toml", kill_on_drop: false }`
[INFO] [stderr]     Updating crates.io index
[INFO] [stderr]  Downloading crates ...
[INFO] [stderr]   Downloaded serde_json v1.0.74
[INFO] [stderr]   Downloaded ipc-channel v0.16.1
[INFO] [stderr]   Downloaded ctor v0.1.21
[INFO] running `Command { std: "docker" "create" "-v" "/var/lib/crater-agent-workspace/builds/worker-1-tc1/target:/opt/rustwide/target:rw,Z" "-v" "/var/lib/crater-agent-workspace/builds/worker-1-tc1/source:/opt/rustwide/workdir:ro,Z" "-v" "/var/lib/crater-agent-workspace/cargo-home:/opt/rustwide/cargo-home:ro,Z" "-v" "/var/lib/crater-agent-workspace/rustup-home:/opt/rustwide/rustup-home:ro,Z" "-e" "SOURCE_DIR=/opt/rustwide/workdir" "-e" "CARGO_TARGET_DIR=/opt/rustwide/target" "-e" "CARGO_HOME=/opt/rustwide/cargo-home" "-e" "RUSTUP_HOME=/opt/rustwide/rustup-home" "-w" "/opt/rustwide/workdir" "-m" "1610612736" "--user" "0:0" "--network" "none" "ghcr.io/rust-lang/crates-build-env/linux@sha256:2788e3201cd34a07e3172128adcd8b3090168a8e3bcc40d7c032b9dda1df7d1c" "/opt/rustwide/cargo-home/bin/cargo" "+1.75.0" "metadata" "--no-deps" "--format-version=1", kill_on_drop: false }`
[INFO] [stdout] bdd6b35d04214c0ad005450ea4cdfae80c7a01c8201682f1c3ed7ce9b4a76cc2
[INFO] running `Command { std: "docker" "start" "-a" "bdd6b35d04214c0ad005450ea4cdfae80c7a01c8201682f1c3ed7ce9b4a76cc2", kill_on_drop: false }`
[INFO] running `Command { std: "docker" "inspect" "bdd6b35d04214c0ad005450ea4cdfae80c7a01c8201682f1c3ed7ce9b4a76cc2", kill_on_drop: false }`
[INFO] running `Command { std: "docker" "rm" "-f" "bdd6b35d04214c0ad005450ea4cdfae80c7a01c8201682f1c3ed7ce9b4a76cc2", kill_on_drop: false }`
[INFO] [stdout] bdd6b35d04214c0ad005450ea4cdfae80c7a01c8201682f1c3ed7ce9b4a76cc2
[INFO] running `Command { std: "docker" "create" "-v" "/var/lib/crater-agent-workspace/builds/worker-1-tc1/target:/opt/rustwide/target:rw,Z" "-v" "/var/lib/crater-agent-workspace/builds/worker-1-tc1/source:/opt/rustwide/workdir:ro,Z" "-v" "/var/lib/crater-agent-workspace/cargo-home:/opt/rustwide/cargo-home:ro,Z" "-v" "/var/lib/crater-agent-workspace/rustup-home:/opt/rustwide/rustup-home:ro,Z" "-e" "SOURCE_DIR=/opt/rustwide/workdir" "-e" "CARGO_TARGET_DIR=/opt/rustwide/target" "-e" "CARGO_INCREMENTAL=0" "-e" "RUST_BACKTRACE=full" "-e" "RUSTFLAGS=--cap-lints=warn" "-e" "RUSTDOCFLAGS=--cap-lints=warn" "-e" "CARGO_HOME=/opt/rustwide/cargo-home" "-e" "RUSTUP_HOME=/opt/rustwide/rustup-home" "-w" "/opt/rustwide/workdir" "-m" "1610612736" "--user" "0:0" "--network" "none" "ghcr.io/rust-lang/crates-build-env/linux@sha256:2788e3201cd34a07e3172128adcd8b3090168a8e3bcc40d7c032b9dda1df7d1c" "/opt/rustwide/cargo-home/bin/cargo" "+1.75.0" "build" "--frozen" "--message-format=json", kill_on_drop: false }`
[INFO] [stdout] aaa85489b18bc1d478762fcc74b309489b0606eb6e803e95bf7451cb0b4746f6
[INFO] running `Command { std: "docker" "start" "-a" "aaa85489b18bc1d478762fcc74b309489b0606eb6e803e95bf7451cb0b4746f6", kill_on_drop: false }`
[INFO] [stderr]    Compiling libc v0.2.112
[INFO] [stderr]    Compiling proc-macro2 v1.0.36
[INFO] [stderr]    Compiling unicode-xid v0.2.2
[INFO] [stderr]    Compiling syn v1.0.85
[INFO] [stderr]    Compiling serde_derive v1.0.133
[INFO] [stderr]    Compiling cc v1.0.72
[INFO] [stderr]    Compiling serde v1.0.133
[INFO] [stderr]    Compiling memchr v2.4.1
[INFO] [stderr]    Compiling log v0.4.14
[INFO] [stderr]    Compiling ppv-lite86 v0.2.16
[INFO] [stderr]    Compiling miniz_oxide v0.4.4
[INFO] [stderr]    Compiling slab v0.4.5
[INFO] [stderr]    Compiling fastrand v1.6.0
[INFO] [stderr]    Compiling remove_dir_all v0.5.3
[INFO] [stderr]    Compiling gimli v0.26.1
[INFO] [stderr]    Compiling rustc-demangle v0.1.21
[INFO] [stderr]    Compiling object v0.27.1
[INFO] [stderr]    Compiling quote v1.0.14
[INFO] [stderr]    Compiling findshlibs v0.10.2
[INFO] [stderr]    Compiling backtrace v0.3.63
[INFO] [stderr]    Compiling getrandom v0.1.16
[INFO] [stderr]    Compiling iovec v0.1.4
[INFO] [stderr]    Compiling getrandom v0.2.4
[INFO] [stderr]    Compiling net2 v0.2.37
[INFO] [stderr]    Compiling tempfile v3.3.0
[INFO] [stderr]    Compiling uuid v1.4.1
[INFO] [stderr]    Compiling rand_core v0.5.1
[INFO] [stderr]    Compiling mio v0.6.23
[INFO] [stderr]    Compiling rand_chacha v0.2.2
[INFO] [stderr]    Compiling rand v0.7.3
[INFO] [stderr]    Compiling addr2line v0.17.0
[INFO] [stderr]    Compiling bincode v1.3.3
[INFO] [stderr]    Compiling ipc-channel v0.16.1
[INFO] [stderr]    Compiling procspawn v1.0.0 (/opt/rustwide/workdir)
[INFO] [stderr]     Finished dev [unoptimized + debuginfo] target(s) in 8.05s
[INFO] running `Command { std: "docker" "inspect" "aaa85489b18bc1d478762fcc74b309489b0606eb6e803e95bf7451cb0b4746f6", kill_on_drop: false }`
[INFO] running `Command { std: "docker" "rm" "-f" "aaa85489b18bc1d478762fcc74b309489b0606eb6e803e95bf7451cb0b4746f6", kill_on_drop: false }`
[INFO] [stdout] aaa85489b18bc1d478762fcc74b309489b0606eb6e803e95bf7451cb0b4746f6
[INFO] running `Command { std: "docker" "create" "-v" "/var/lib/crater-agent-workspace/builds/worker-1-tc1/target:/opt/rustwide/target:rw,Z" "-v" "/var/lib/crater-agent-workspace/builds/worker-1-tc1/source:/opt/rustwide/workdir:ro,Z" "-v" "/var/lib/crater-agent-workspace/cargo-home:/opt/rustwide/cargo-home:ro,Z" "-v" "/var/lib/crater-agent-workspace/rustup-home:/opt/rustwide/rustup-home:ro,Z" "-e" "SOURCE_DIR=/opt/rustwide/workdir" "-e" "CARGO_TARGET_DIR=/opt/rustwide/target" "-e" "CARGO_INCREMENTAL=0" "-e" "RUST_BACKTRACE=full" "-e" "RUSTFLAGS=--cap-lints=warn" "-e" "RUSTDOCFLAGS=--cap-lints=warn" "-e" "CARGO_HOME=/opt/rustwide/cargo-home" "-e" "RUSTUP_HOME=/opt/rustwide/rustup-home" "-w" "/opt/rustwide/workdir" "-m" "1610612736" "--user" "0:0" "--network" "none" "ghcr.io/rust-lang/crates-build-env/linux@sha256:2788e3201cd34a07e3172128adcd8b3090168a8e3bcc40d7c032b9dda1df7d1c" "/opt/rustwide/cargo-home/bin/cargo" "+1.75.0" "test" "--frozen" "--no-run" "--message-format=json", kill_on_drop: false }`
[INFO] [stdout] d20a232b1cda940090c91ba63e7c43890d60847aa4710e4af4e3e2524bdd70e7
[INFO] running `Command { std: "docker" "start" "-a" "d20a232b1cda940090c91ba63e7c43890d60847aa4710e4af4e3e2524bdd70e7", kill_on_drop: false }`
[INFO] [stderr]    Compiling procspawn v1.0.0 (/opt/rustwide/workdir)
[INFO] [stderr]     Finished test [unoptimized + debuginfo] target(s) in 1.54s
[INFO] running `Command { std: "docker" "inspect" "d20a232b1cda940090c91ba63e7c43890d60847aa4710e4af4e3e2524bdd70e7", kill_on_drop: false }`
[INFO] running `Command { std: "docker" "rm" "-f" "d20a232b1cda940090c91ba63e7c43890d60847aa4710e4af4e3e2524bdd70e7", kill_on_drop: false }`
[INFO] [stdout] d20a232b1cda940090c91ba63e7c43890d60847aa4710e4af4e3e2524bdd70e7
[INFO] running `Command { std: "docker" "create" "-v" "/var/lib/crater-agent-workspace/builds/worker-1-tc1/target:/opt/rustwide/target:rw,Z" "-v" "/var/lib/crater-agent-workspace/builds/worker-1-tc1/source:/opt/rustwide/workdir:ro,Z" "-v" "/var/lib/crater-agent-workspace/cargo-home:/opt/rustwide/cargo-home:ro,Z" "-v" "/var/lib/crater-agent-workspace/rustup-home:/opt/rustwide/rustup-home:ro,Z" "-e" "SOURCE_DIR=/opt/rustwide/workdir" "-e" "CARGO_TARGET_DIR=/opt/rustwide/target" "-e" "CARGO_INCREMENTAL=0" "-e" "RUST_BACKTRACE=full" "-e" "RUSTFLAGS=--cap-lints=warn" "-e" "RUSTDOCFLAGS=--cap-lints=warn" "-e" "CARGO_HOME=/opt/rustwide/cargo-home" "-e" "RUSTUP_HOME=/opt/rustwide/rustup-home" "-w" "/opt/rustwide/workdir" "-m" "1610612736" "--user" "0:0" "--network" "none" "ghcr.io/rust-lang/crates-build-env/linux@sha256:2788e3201cd34a07e3172128adcd8b3090168a8e3bcc40d7c032b9dda1df7d1c" "/opt/rustwide/cargo-home/bin/cargo" "+1.75.0" "test" "--frozen", kill_on_drop: false }`
[INFO] [stdout] bbb99b45edad571b308780cf58a9694fdb7d681bb60b1b60b8746dd9c09e0395
[INFO] running `Command { std: "docker" "start" "-a" "bbb99b45edad571b308780cf58a9694fdb7d681bb60b1b60b8746dd9c09e0395", kill_on_drop: false }`
[INFO] [stderr]     Finished test [unoptimized + debuginfo] target(s) in 0.04s
[INFO] [stderr]      Running unittests src/lib.rs (/opt/rustwide/target/debug/deps/procspawn-79e1010a338096d3)
[INFO] [stdout] 
[INFO] [stdout] running 0 tests
[INFO] [stdout] 
[INFO] [stdout] test result: ok. 0 passed; 0 failed; 0 ignored; 0 measured; 0 filtered out; finished in 0.00s
[INFO] [stdout] 
[INFO] [stderr]    Doc-tests procspawn
[INFO] [stdout] 
[INFO] [stdout] running 7 tests
[INFO] [stdout] test src/lib.rs - (line 22) - compile ... ok
[INFO] [stdout] test src/lib.rs - (line 112) - compile ... FAILED
[INFO] [stdout] test src/macros.rs - macros::spawn (line 29) - compile ... ok
[INFO] [stdout] test src/lib.rs - (line 142) - compile ... ok
[INFO] [stdout] test src/macros.rs - macros::spawn (line 18) - compile ... ok
[INFO] [stdout] test src/proc.rs - proc::spawn (line 556) - compile ... ok
[INFO] [stdout] test src/lib.rs - (line 28) - compile ... ok
[INFO] [stdout] 
[INFO] [stdout] failures:
[INFO] [stdout] 
[INFO] [stdout] ---- src/lib.rs - (line 112) stdout ----
[INFO] [stdout] error[E0433]: failed to resolve: could not find `enable_test_support` in `procspawn`
[INFO] [stdout]  --> src/lib.rs:114:12
[INFO] [stdout]   |
[INFO] [stdout] 5 | procspawn::enable_test_support!();
[INFO] [stdout]   |            ^^^^^^^^^^^^^^^^^^^ could not find `enable_test_support` in `procspawn`
[INFO] [stdout] 
[INFO] [stdout] error: aborting due to previous error
[INFO] [stdout] 
[INFO] [stdout] For more information about this error, try `rustc --explain E0433`.
[INFO] [stdout] Couldn't compile the test.
[INFO] [stdout] 
[INFO] [stdout] failures:
[INFO] [stdout]     src/lib.rs - (line 112)
[INFO] [stdout] 
[INFO] [stdout] test result: FAILED. 6 passed; 1 failed; 0 ignored; 0 measured; 0 filtered out; finished in 0.05s
[INFO] [stdout] 
[INFO] [stderr] error: doctest failed, to rerun pass `--doc`
[INFO] running `Command { std: "docker" "inspect" "bbb99b45edad571b308780cf58a9694fdb7d681bb60b1b60b8746dd9c09e0395", kill_on_drop: false }`
[INFO] running `Command { std: "docker" "rm" "-f" "bbb99b45edad571b308780cf58a9694fdb7d681bb60b1b60b8746dd9c09e0395", kill_on_drop: false }`
[INFO] [stdout] bbb99b45edad571b308780cf58a9694fdb7d681bb60b1b60b8746dd9c09e0395
