[INFO] fetching crate processing 0.3.2...
[INFO] testing processing-0.3.2 against 1.75.0 for beta-1.76-1
[INFO] extracting crate processing 0.3.2 into /workspace/builds/worker-0-tc1/source
[INFO] validating manifest of crates.io crate processing 0.3.2 on toolchain 1.75.0
[INFO] running `Command { std: CARGO_HOME="/workspace/cargo-home" RUSTUP_HOME="/workspace/rustup-home" "/workspace/cargo-home/bin/cargo" "+1.75.0" "metadata" "--manifest-path" "Cargo.toml" "--no-deps", kill_on_drop: false }`
[INFO] started tweaking crates.io crate processing 0.3.2
[INFO] finished tweaking crates.io crate processing 0.3.2
[INFO] tweaked toml for crates.io crate processing 0.3.2 written to /workspace/builds/worker-0-tc1/source/Cargo.toml
[INFO] running `Command { std: CARGO_HOME="/workspace/cargo-home" RUSTUP_HOME="/workspace/rustup-home" "/workspace/cargo-home/bin/cargo" "+1.75.0" "generate-lockfile" "--manifest-path" "Cargo.toml", kill_on_drop: false }`
[INFO] [stderr]     Updating crates.io index
[INFO] running `Command { std: CARGO_HOME="/workspace/cargo-home" RUSTUP_HOME="/workspace/rustup-home" "/workspace/cargo-home/bin/cargo" "+1.75.0" "fetch" "--manifest-path" "Cargo.toml", kill_on_drop: false }`
[INFO] [stderr]  Downloading crates ...
[INFO] [stderr]   Downloaded generic-array v0.11.2
[INFO] [stderr]   Downloaded semver v0.2.3
[INFO] [stderr]   Downloaded core-graphics v0.10.0
[INFO] [stderr]   Downloaded alga v0.7.2
[INFO] [stderr]   Downloaded image v0.19.0
[INFO] [stderr]   Downloaded image v0.17.0
[INFO] [stderr]   Downloaded winit v0.12.0
[INFO] [stderr]   Downloaded nalgebra v0.16.14
[INFO] [stderr]   Downloaded cocoa v0.11.0
[INFO] [stderr]   Downloaded glutin v0.14.0
[INFO] [stderr]   Downloaded glfw v0.22.0
[INFO] [stderr]   Downloaded glium v0.21.0
[INFO] running `Command { std: "docker" "create" "-v" "/var/lib/crater-agent-workspace/builds/worker-0-tc1/target:/opt/rustwide/target:rw,Z" "-v" "/var/lib/crater-agent-workspace/builds/worker-0-tc1/source:/opt/rustwide/workdir:ro,Z" "-v" "/var/lib/crater-agent-workspace/cargo-home:/opt/rustwide/cargo-home:ro,Z" "-v" "/var/lib/crater-agent-workspace/rustup-home:/opt/rustwide/rustup-home:ro,Z" "-e" "SOURCE_DIR=/opt/rustwide/workdir" "-e" "CARGO_TARGET_DIR=/opt/rustwide/target" "-e" "CARGO_HOME=/opt/rustwide/cargo-home" "-e" "RUSTUP_HOME=/opt/rustwide/rustup-home" "-w" "/opt/rustwide/workdir" "-m" "1610612736" "--user" "0:0" "--network" "none" "ghcr.io/rust-lang/crates-build-env/linux@sha256:2788e3201cd34a07e3172128adcd8b3090168a8e3bcc40d7c032b9dda1df7d1c" "/opt/rustwide/cargo-home/bin/cargo" "+1.75.0" "metadata" "--no-deps" "--format-version=1", kill_on_drop: false }`
[INFO] [stdout] 15c59494fcf89119499a688cf19447649bc18f93d66962844a206789caf484c6
[INFO] running `Command { std: "docker" "start" "-a" "15c59494fcf89119499a688cf19447649bc18f93d66962844a206789caf484c6", kill_on_drop: false }`
[INFO] running `Command { std: "docker" "inspect" "15c59494fcf89119499a688cf19447649bc18f93d66962844a206789caf484c6", kill_on_drop: false }`
[INFO] running `Command { std: "docker" "rm" "-f" "15c59494fcf89119499a688cf19447649bc18f93d66962844a206789caf484c6", kill_on_drop: false }`
[INFO] [stdout] 15c59494fcf89119499a688cf19447649bc18f93d66962844a206789caf484c6
[INFO] running `Command { std: "docker" "create" "-v" "/var/lib/crater-agent-workspace/builds/worker-0-tc1/target:/opt/rustwide/target:rw,Z" "-v" "/var/lib/crater-agent-workspace/builds/worker-0-tc1/source:/opt/rustwide/workdir:ro,Z" "-v" "/var/lib/crater-agent-workspace/cargo-home:/opt/rustwide/cargo-home:ro,Z" "-v" "/var/lib/crater-agent-workspace/rustup-home:/opt/rustwide/rustup-home:ro,Z" "-e" "SOURCE_DIR=/opt/rustwide/workdir" "-e" "CARGO_TARGET_DIR=/opt/rustwide/target" "-e" "CARGO_INCREMENTAL=0" "-e" "RUST_BACKTRACE=full" "-e" "RUSTFLAGS=--cap-lints=warn" "-e" "RUSTDOCFLAGS=--cap-lints=warn" "-e" "CARGO_HOME=/opt/rustwide/cargo-home" "-e" "RUSTUP_HOME=/opt/rustwide/rustup-home" "-w" "/opt/rustwide/workdir" "-m" "1610612736" "--user" "0:0" "--network" "none" "ghcr.io/rust-lang/crates-build-env/linux@sha256:2788e3201cd34a07e3172128adcd8b3090168a8e3bcc40d7c032b9dda1df7d1c" "/opt/rustwide/cargo-home/bin/cargo" "+1.75.0" "build" "--frozen" "--message-format=json", kill_on_drop: false }`
[INFO] [stdout] 19515749df61c3dd58acbea2504b12e0291e6d4d9945a4c21ddac7cdc8d0789b
[INFO] running `Command { std: "docker" "start" "-a" "19515749df61c3dd58acbea2504b12e0291e6d4d9945a4c21ddac7cdc8d0789b", kill_on_drop: false }`
[INFO] [stderr]    Compiling xml-rs v0.7.0
[INFO] [stderr]    Compiling khronos_api v2.2.0
[INFO] [stderr]    Compiling log v0.4.20
[INFO] [stderr]    Compiling crossbeam-utils v0.8.18
[INFO] [stderr]    Compiling token_store v0.1.2
[INFO] [stderr]    Compiling pkg-config v0.3.28
[INFO] [stderr]    Compiling rayon-core v1.12.0
[INFO] [stderr]    Compiling libm v0.1.4
[INFO] [stderr]    Compiling num-traits v0.2.17
[INFO] [stderr]    Compiling libloading v0.6.7
[INFO] [stderr]    Compiling num-integer v0.1.45
[INFO] [stderr]    Compiling num-iter v0.1.43
[INFO] [stderr]    Compiling num-complex v0.2.4
[INFO] [stderr]    Compiling cc v1.0.83
[INFO] [stderr]    Compiling memmap v0.6.2
[INFO] [stderr]    Compiling tempfile v3.9.0
[INFO] [stderr]    Compiling maybe-uninit v2.0.0
[INFO] [stderr]    Compiling dlib v0.4.2
[INFO] [stderr]    Compiling log v0.3.9
[INFO] [stderr]    Compiling adler32 v1.2.0
[INFO] [stderr]    Compiling shared_library v0.1.9
[INFO] [stderr]    Compiling wayland-sys v0.12.5
[INFO] [stderr]    Compiling percent-encoding v1.0.1
[INFO] [stderr]    Compiling gimli v0.28.1
[INFO] [stderr]    Compiling byteorder v1.5.0
[INFO] [stderr]    Compiling rand_core v0.4.2
[INFO] [stderr]    Compiling memchr v2.7.1
[INFO] [stderr]    Compiling matrixmultiply v0.1.15
[INFO] [stderr]    Compiling either v1.9.0
[INFO] [stderr]    Compiling miniz_oxide v0.7.1
[INFO] [stderr]    Compiling rand_core v0.3.1
[INFO] [stderr]    Compiling wayland-scanner v0.12.5
[INFO] [stderr]    Compiling gl_generator v0.9.0
[INFO] [stderr]    Compiling gl_generator v0.6.1
[INFO] [stderr]    Compiling deflate v0.7.20
[INFO] [stderr]    Compiling osmesa-sys v0.1.2
[INFO] [stderr]    Compiling inflate v0.3.4
[INFO] [stderr]    Compiling x11-dl v2.21.0
[INFO] [stderr]    Compiling lzw v0.10.0
[INFO] [stderr]    Compiling crossbeam-epoch v0.9.17
[INFO] [stderr]    Compiling object v0.32.2
[INFO] [stderr]    Compiling rawpointer v0.1.0
[INFO] [stderr]    Compiling color_quant v1.1.0
[INFO] [stderr]    Compiling wayland-client v0.12.5
[INFO] [stderr]    Compiling wayland-protocols v0.12.5
[INFO] [stderr]    Compiling crossbeam-deque v0.8.4
[INFO] [stderr]    Compiling gif v0.9.2
[INFO] [stderr]    Compiling glutin v0.14.0
[INFO] [stderr]    Compiling glium v0.21.0
[INFO] [stderr]    Compiling generic-array v0.11.2
[INFO] [stderr]    Compiling gl v0.6.5
[INFO] [stderr]    Compiling rand v0.5.6
[INFO] [stderr]    Compiling backtrace v0.3.69
[INFO] [stderr]    Compiling processing v0.3.2 (/opt/rustwide/workdir)
[INFO] [stderr]    Compiling smallvec v0.6.14
[INFO] [stderr]    Compiling num-traits v0.1.43
[INFO] [stderr]    Compiling approx v0.3.2
[INFO] [stderr]    Compiling enum_primitive v0.1.1
[INFO] [stderr]    Compiling scoped_threadpool v0.1.9
[INFO] [stderr]    Compiling owning_ref v0.3.3
[INFO] [stderr]    Compiling rayon v1.8.0
[INFO] [stderr]    Compiling num-rational v0.1.42
[INFO] [stderr]    Compiling png v0.11.0
[INFO] [stderr]    Compiling alga v0.7.2
[INFO] [stderr]    Compiling nalgebra v0.16.14
[INFO] [stderr]    Compiling addr2line v0.21.0
[INFO] [stderr]    Compiling wayland-kbd v0.13.1
[INFO] [stderr]    Compiling jpeg-decoder v0.1.22
[INFO] [stderr]    Compiling image v0.17.0
[INFO] [stderr]    Compiling wayland-window v0.13.3
[INFO] [stderr]    Compiling winit v0.12.0
[INFO] [stdout] warning: trait objects without an explicit `dyn` are deprecated
[INFO] [stdout]    --> src/screen.rs:778:15
[INFO] [stdout]     |
[INFO] [stdout] 778 |     display: &glium::backend::Facade,
[INFO] [stdout]     |               ^^^^^^^^^^^^^^^^^^^^^^
[INFO] [stdout]     |
[INFO] [stdout]     = warning: this is accepted in the current edition (Rust 2015) but is a hard error in Rust 2021!
[INFO] [stdout]     = note: for more information, see <https://doc.rust-lang.org/nightly/edition-guide/rust-2021/warnings-promoted-to-error.html>
[INFO] [stdout]     = note: `#[warn(bare_trait_objects)]` on by default
[INFO] [stdout] help: use `dyn`
[INFO] [stdout]     |
[INFO] [stdout] 778 |     display: &dyn glium::backend::Facade,
[INFO] [stdout]     |               +++
[INFO] [stdout] 
[INFO] [stdout] 
[INFO] [stdout] warning: 1 warning emitted
[INFO] [stdout] 
[INFO] [stdout] 
[INFO] [stderr]     Finished dev [unoptimized + debuginfo] target(s) in 10.92s
[INFO] running `Command { std: "docker" "inspect" "19515749df61c3dd58acbea2504b12e0291e6d4d9945a4c21ddac7cdc8d0789b", kill_on_drop: false }`
[INFO] running `Command { std: "docker" "rm" "-f" "19515749df61c3dd58acbea2504b12e0291e6d4d9945a4c21ddac7cdc8d0789b", kill_on_drop: false }`
[INFO] [stdout] 19515749df61c3dd58acbea2504b12e0291e6d4d9945a4c21ddac7cdc8d0789b
[INFO] running `Command { std: "docker" "create" "-v" "/var/lib/crater-agent-workspace/builds/worker-0-tc1/target:/opt/rustwide/target:rw,Z" "-v" "/var/lib/crater-agent-workspace/builds/worker-0-tc1/source:/opt/rustwide/workdir:ro,Z" "-v" "/var/lib/crater-agent-workspace/cargo-home:/opt/rustwide/cargo-home:ro,Z" "-v" "/var/lib/crater-agent-workspace/rustup-home:/opt/rustwide/rustup-home:ro,Z" "-e" "SOURCE_DIR=/opt/rustwide/workdir" "-e" "CARGO_TARGET_DIR=/opt/rustwide/target" "-e" "CARGO_INCREMENTAL=0" "-e" "RUST_BACKTRACE=full" "-e" "RUSTFLAGS=--cap-lints=warn" "-e" "RUSTDOCFLAGS=--cap-lints=warn" "-e" "CARGO_HOME=/opt/rustwide/cargo-home" "-e" "RUSTUP_HOME=/opt/rustwide/rustup-home" "-w" "/opt/rustwide/workdir" "-m" "1610612736" "--user" "0:0" "--network" "none" "ghcr.io/rust-lang/crates-build-env/linux@sha256:2788e3201cd34a07e3172128adcd8b3090168a8e3bcc40d7c032b9dda1df7d1c" "/opt/rustwide/cargo-home/bin/cargo" "+1.75.0" "test" "--frozen" "--no-run" "--message-format=json", kill_on_drop: false }`
[INFO] [stdout] 936b7522e91a97aa137ee13d0b0e583e30a21348fa7106a76eeb5336444cf8e3
[INFO] running `Command { std: "docker" "start" "-a" "936b7522e91a97aa137ee13d0b0e583e30a21348fa7106a76eeb5336444cf8e3", kill_on_drop: false }`
[INFO] [stderr]    Compiling time v0.1.45
[INFO] [stdout] warning: trait objects without an explicit `dyn` are deprecated
[INFO] [stdout]    --> src/screen.rs:778:15
[INFO] [stdout]     |
[INFO] [stdout] 778 |     display: &glium::backend::Facade,
[INFO] [stdout]     |               ^^^^^^^^^^^^^^^^^^^^^^
[INFO] [stdout]     |
[INFO] [stdout]     = warning: this is accepted in the current edition (Rust 2015) but is a hard error in Rust 2021!
[INFO] [stdout]     = note: for more information, see <https://doc.rust-lang.org/nightly/edition-guide/rust-2021/warnings-promoted-to-error.html>
[INFO] [stdout]     = note: `#[warn(bare_trait_objects)]` on by default
[INFO] [stdout] help: use `dyn`
[INFO] [stdout]     |
[INFO] [stdout] 778 |     display: &dyn glium::backend::Facade,
[INFO] [stdout]     |               +++
[INFO] [stdout] 
[INFO] [stdout] 
[INFO] [stdout] warning: 1 warning emitted
[INFO] [stdout] 
[INFO] [stdout] 
[INFO] [stderr]    Compiling processing v0.3.2 (/opt/rustwide/workdir)
[INFO] [stdout] warning: trait objects without an explicit `dyn` are deprecated
[INFO] [stdout]    --> src/screen.rs:778:15
[INFO] [stdout]     |
[INFO] [stdout] 778 |     display: &glium::backend::Facade,
[INFO] [stdout]     |               ^^^^^^^^^^^^^^^^^^^^^^
[INFO] [stdout]     |
[INFO] [stdout]     = warning: this is accepted in the current edition (Rust 2015) but is a hard error in Rust 2021!
[INFO] [stdout]     = note: for more information, see <https://doc.rust-lang.org/nightly/edition-guide/rust-2021/warnings-promoted-to-error.html>
[INFO] [stdout]     = note: `#[warn(bare_trait_objects)]` on by default
[INFO] [stdout] help: use `dyn`
[INFO] [stdout]     |
[INFO] [stdout] 778 |     display: &dyn glium::backend::Facade,
[INFO] [stdout]     |               +++
[INFO] [stdout] 
[INFO] [stdout] 
[INFO] [stdout] warning: 1 warning emitted
[INFO] [stdout] 
[INFO] [stdout] 
[INFO] [stderr]     Finished test [unoptimized + debuginfo] target(s) in 2.52s
[INFO] running `Command { std: "docker" "inspect" "936b7522e91a97aa137ee13d0b0e583e30a21348fa7106a76eeb5336444cf8e3", kill_on_drop: false }`
[INFO] running `Command { std: "docker" "rm" "-f" "936b7522e91a97aa137ee13d0b0e583e30a21348fa7106a76eeb5336444cf8e3", kill_on_drop: false }`
[INFO] [stdout] 936b7522e91a97aa137ee13d0b0e583e30a21348fa7106a76eeb5336444cf8e3
[INFO] running `Command { std: "docker" "create" "-v" "/var/lib/crater-agent-workspace/builds/worker-0-tc1/target:/opt/rustwide/target:rw,Z" "-v" "/var/lib/crater-agent-workspace/builds/worker-0-tc1/source:/opt/rustwide/workdir:ro,Z" "-v" "/var/lib/crater-agent-workspace/cargo-home:/opt/rustwide/cargo-home:ro,Z" "-v" "/var/lib/crater-agent-workspace/rustup-home:/opt/rustwide/rustup-home:ro,Z" "-e" "SOURCE_DIR=/opt/rustwide/workdir" "-e" "CARGO_TARGET_DIR=/opt/rustwide/target" "-e" "CARGO_INCREMENTAL=0" "-e" "RUST_BACKTRACE=full" "-e" "RUSTFLAGS=--cap-lints=warn" "-e" "RUSTDOCFLAGS=--cap-lints=warn" "-e" "CARGO_HOME=/opt/rustwide/cargo-home" "-e" "RUSTUP_HOME=/opt/rustwide/rustup-home" "-w" "/opt/rustwide/workdir" "-m" "1610612736" "--user" "0:0" "--network" "none" "ghcr.io/rust-lang/crates-build-env/linux@sha256:2788e3201cd34a07e3172128adcd8b3090168a8e3bcc40d7c032b9dda1df7d1c" "/opt/rustwide/cargo-home/bin/cargo" "+1.75.0" "test" "--frozen", kill_on_drop: false }`
[INFO] [stdout] 5ed58edab6617b22c8911c36fe62a000817da6d504d94013a7ce7f9bc36d24df
[INFO] running `Command { std: "docker" "start" "-a" "5ed58edab6617b22c8911c36fe62a000817da6d504d94013a7ce7f9bc36d24df", kill_on_drop: false }`
[INFO] [stderr] warning: trait objects without an explicit `dyn` are deprecated
[INFO] [stderr]    --> src/screen.rs:778:15
[INFO] [stderr]     |
[INFO] [stderr] 778 |     display: &glium::backend::Facade,
[INFO] [stderr]     |               ^^^^^^^^^^^^^^^^^^^^^^
[INFO] [stderr]     |
[INFO] [stderr]     = warning: this is accepted in the current edition (Rust 2015) but is a hard error in Rust 2021!
[INFO] [stderr]     = note: for more information, see <https://doc.rust-lang.org/nightly/edition-guide/rust-2021/warnings-promoted-to-error.html>
[INFO] [stderr]     = note: `#[warn(bare_trait_objects)]` on by default
[INFO] [stderr] help: use `dyn`
[INFO] [stderr]     |
[INFO] [stderr] 778 |     display: &dyn glium::backend::Facade,
[INFO] [stderr]     |               +++
[INFO] [stderr] 
[INFO] [stderr] warning: `processing` (lib) generated 1 warning (run `cargo fix --lib -p processing` to apply 1 suggestion)
[INFO] [stderr] warning: `processing` (lib test) generated 1 warning (1 duplicate)
[INFO] [stderr]     Finished test [unoptimized + debuginfo] target(s) in 0.05s
[INFO] [stderr]      Running unittests src/lib.rs (/opt/rustwide/target/debug/deps/processing-eb1c90e760da3156)
[INFO] [stdout] 
[INFO] [stdout] running 0 tests
[INFO] [stdout] 
[INFO] [stdout] test result: ok. 0 passed; 0 failed; 0 ignored; 0 measured; 0 filtered out; finished in 0.00s
[INFO] [stdout] 
[INFO] [stderr]    Doc-tests processing
[INFO] [stdout] 
[INFO] [stdout] running 1 test
[INFO] [stdout] test src/lib.rs - (line 20) ... FAILED
[INFO] [stdout] 
[INFO] [stdout] failures:
[INFO] [stdout] 
[INFO] [stdout] ---- src/lib.rs - (line 20) stdout ----
[INFO] [stdout] error: mismatched closing delimiter: `)`
[INFO] [stdout]   --> src/lib.rs:21:73
[INFO] [stdout]    |
[INFO] [stdout] 4  | fn main() { #[allow(non_snake_case)] fn _doctest_main_src_lib_rs_20_0() {
[INFO] [stdout]    |                                                                         ^ unclosed delimiter
[INFO] [stdout] ...
[INFO] [stdout] 25 | 6. Have fun! :-)
[INFO] [stdout]    |                ^ mismatched closing delimiter
[INFO] [stdout] 
[INFO] [stdout] error: unexpected closing delimiter: `}`
[INFO] [stdout]   --> src/lib.rs:43:35
[INFO] [stdout]    |
[INFO] [stdout] 25 | 6. Have fun! :-)
[INFO] [stdout]    |                - missing open `(` for this delimiter
[INFO] [stdout] 26 | } _doctest_main_src_lib_rs_20_0() }
[INFO] [stdout]    |                                   ^ unexpected closing delimiter
[INFO] [stdout] 
[INFO] [stdout] error: aborting due to 2 previous errors
[INFO] [stdout] 
[INFO] [stdout] Couldn't compile the test.
[INFO] [stdout] 
[INFO] [stdout] failures:
[INFO] [stdout]     src/lib.rs - (line 20)
[INFO] [stdout] 
[INFO] [stdout] test result: FAILED. 0 passed; 1 failed; 0 ignored; 0 measured; 0 filtered out; finished in 0.03s
[INFO] [stdout] 
[INFO] [stderr] error: doctest failed, to rerun pass `--doc`
[INFO] running `Command { std: "docker" "inspect" "5ed58edab6617b22c8911c36fe62a000817da6d504d94013a7ce7f9bc36d24df", kill_on_drop: false }`
[INFO] running `Command { std: "docker" "rm" "-f" "5ed58edab6617b22c8911c36fe62a000817da6d504d94013a7ce7f9bc36d24df", kill_on_drop: false }`
[INFO] [stdout] 5ed58edab6617b22c8911c36fe62a000817da6d504d94013a7ce7f9bc36d24df
[INFO] testing processing-0.3.2 against beta-2023-12-22 for beta-1.76-1
[INFO] extracting crate processing 0.3.2 into /workspace/builds/worker-0-tc2/source
[INFO] validating manifest of crates.io crate processing 0.3.2 on toolchain beta-2023-12-22
[INFO] running `Command { std: CARGO_HOME="/workspace/cargo-home" RUSTUP_HOME="/workspace/rustup-home" "/workspace/cargo-home/bin/cargo" "+beta-2023-12-22" "metadata" "--manifest-path" "Cargo.toml" "--no-deps", kill_on_drop: false }`
[INFO] started tweaking crates.io crate processing 0.3.2
[INFO] finished tweaking crates.io crate processing 0.3.2
[INFO] tweaked toml for crates.io crate processing 0.3.2 written to /workspace/builds/worker-0-tc2/source/Cargo.toml
[INFO] running `Command { std: CARGO_HOME="/workspace/cargo-home" RUSTUP_HOME="/workspace/rustup-home" "/workspace/cargo-home/bin/cargo" "+beta-2023-12-22" "generate-lockfile" "--manifest-path" "Cargo.toml", kill_on_drop: false }`
[INFO] [stderr]     Updating crates.io index
[INFO] running `Command { std: CARGO_HOME="/workspace/cargo-home" RUSTUP_HOME="/workspace/rustup-home" "/workspace/cargo-home/bin/cargo" "+beta-2023-12-22" "fetch" "--manifest-path" "Cargo.toml", kill_on_drop: false }`
[INFO] running `Command { std: "docker" "create" "-v" "/var/lib/crater-agent-workspace/builds/worker-0-tc2/target:/opt/rustwide/target:rw,Z" "-v" "/var/lib/crater-agent-workspace/builds/worker-0-tc2/source:/opt/rustwide/workdir:ro,Z" "-v" "/var/lib/crater-agent-workspace/cargo-home:/opt/rustwide/cargo-home:ro,Z" "-v" "/var/lib/crater-agent-workspace/rustup-home:/opt/rustwide/rustup-home:ro,Z" "-e" "SOURCE_DIR=/opt/rustwide/workdir" "-e" "CARGO_TARGET_DIR=/opt/rustwide/target" "-e" "CARGO_HOME=/opt/rustwide/cargo-home" "-e" "RUSTUP_HOME=/opt/rustwide/rustup-home" "-w" "/opt/rustwide/workdir" "-m" "1610612736" "--user" "0:0" "--network" "none" "ghcr.io/rust-lang/crates-build-env/linux@sha256:2788e3201cd34a07e3172128adcd8b3090168a8e3bcc40d7c032b9dda1df7d1c" "/opt/rustwide/cargo-home/bin/cargo" "+beta-2023-12-22" "metadata" "--no-deps" "--format-version=1", kill_on_drop: false }`
[INFO] [stdout] 49a32622a5833f9b9081415def316780785e33949585ed8a3f87669972974223
[INFO] running `Command { std: "docker" "start" "-a" "49a32622a5833f9b9081415def316780785e33949585ed8a3f87669972974223", kill_on_drop: false }`
[INFO] running `Command { std: "docker" "inspect" "49a32622a5833f9b9081415def316780785e33949585ed8a3f87669972974223", kill_on_drop: false }`
[INFO] running `Command { std: "docker" "rm" "-f" "49a32622a5833f9b9081415def316780785e33949585ed8a3f87669972974223", kill_on_drop: false }`
[INFO] [stdout] 49a32622a5833f9b9081415def316780785e33949585ed8a3f87669972974223
[INFO] running `Command { std: "docker" "create" "-v" "/var/lib/crater-agent-workspace/builds/worker-0-tc2/target:/opt/rustwide/target:rw,Z" "-v" "/var/lib/crater-agent-workspace/builds/worker-0-tc2/source:/opt/rustwide/workdir:ro,Z" "-v" "/var/lib/crater-agent-workspace/cargo-home:/opt/rustwide/cargo-home:ro,Z" "-v" "/var/lib/crater-agent-workspace/rustup-home:/opt/rustwide/rustup-home:ro,Z" "-e" "SOURCE_DIR=/opt/rustwide/workdir" "-e" "CARGO_TARGET_DIR=/opt/rustwide/target" "-e" "CARGO_INCREMENTAL=0" "-e" "RUST_BACKTRACE=full" "-e" "RUSTFLAGS=--cap-lints=warn" "-e" "RUSTDOCFLAGS=--cap-lints=warn" "-e" "CARGO_HOME=/opt/rustwide/cargo-home" "-e" "RUSTUP_HOME=/opt/rustwide/rustup-home" "-w" "/opt/rustwide/workdir" "-m" "1610612736" "--user" "0:0" "--network" "none" "ghcr.io/rust-lang/crates-build-env/linux@sha256:2788e3201cd34a07e3172128adcd8b3090168a8e3bcc40d7c032b9dda1df7d1c" "/opt/rustwide/cargo-home/bin/cargo" "+beta-2023-12-22" "build" "--frozen" "--message-format=json", kill_on_drop: false }`
[INFO] [stdout] ab22b3032a3157c317dd3759ec71c14fdcd4c5c96f6e8188daba958069b8aa6f
[INFO] running `Command { std: "docker" "start" "-a" "ab22b3032a3157c317dd3759ec71c14fdcd4c5c96f6e8188daba958069b8aa6f", kill_on_drop: false }`
[INFO] [stderr]    Compiling xml-rs v0.7.0
[INFO] [stderr]    Compiling khronos_api v2.2.0
[INFO] [stderr]    Compiling log v0.4.20
[INFO] [stderr]    Compiling crossbeam-utils v0.8.18
[INFO] [stderr]    Compiling token_store v0.1.2
[INFO] [stderr]    Compiling pkg-config v0.3.28
[INFO] [stderr]    Compiling rayon-core v1.12.0
[INFO] [stderr]    Compiling maybe-uninit v2.0.0
[INFO] [stderr]    Compiling num-traits v0.2.17
[INFO] [stderr]    Compiling libloading v0.6.7
[INFO] [stderr]    Compiling num-integer v0.1.45
[INFO] [stderr]    Compiling num-complex v0.2.4
[INFO] [stderr]    Compiling num-iter v0.1.43
[INFO] [stderr]    Compiling adler32 v1.2.0
[INFO] [stderr]    Compiling cc v1.0.83
[INFO] [stderr]    Compiling memmap v0.6.2
[INFO] [stderr]    Compiling tempfile v3.9.0
[INFO] [stderr]    Compiling dlib v0.4.2
[INFO] [stderr]    Compiling wayland-sys v0.12.5
[INFO] [stderr]    Compiling log v0.3.9
[INFO] [stderr]    Compiling libm v0.1.4
[INFO] [stderr]    Compiling shared_library v0.1.9
[INFO] [stderr]    Compiling memchr v2.7.1
[INFO] [stderr]    Compiling matrixmultiply v0.1.15
[INFO] [stderr]    Compiling rand_core v0.4.2
[INFO] [stderr]    Compiling either v1.9.0
[INFO] [stderr]    Compiling byteorder v1.5.0
[INFO] [stderr]    Compiling percent-encoding v1.0.1
[INFO] [stderr]    Compiling osmesa-sys v0.1.2
[INFO] [stderr]    Compiling inflate v0.3.4
[INFO] [stderr]    Compiling rand_core v0.3.1
[INFO] [stderr]    Compiling color_quant v1.1.0
[INFO] [stderr]    Compiling rawpointer v0.1.0
[INFO] [stderr]    Compiling lzw v0.10.0
[INFO] [stderr]    Compiling wayland-scanner v0.12.5
[INFO] [stderr]    Compiling gl_generator v0.9.0
[INFO] [stderr]    Compiling gl_generator v0.6.1
[INFO] [stderr]    Compiling deflate v0.7.20
[INFO] [stderr]    Compiling gif v0.9.2
[INFO] [stderr]    Compiling x11-dl v2.21.0
[INFO] [stderr]    Compiling crossbeam-epoch v0.9.17
[INFO] [stderr]    Compiling object v0.32.2
[INFO] [stderr]    Compiling rand v0.5.6
[INFO] [stderr]    Compiling crossbeam-deque v0.8.4
[INFO] [stderr]    Compiling smallvec v0.6.14
[INFO] [stderr]    Compiling generic-array v0.11.2
[INFO] [stderr]    Compiling scoped_threadpool v0.1.9
[INFO] [stderr]    Compiling wayland-client v0.12.5
[INFO] [stderr]    Compiling wayland-protocols v0.12.5
[INFO] [stderr]    Compiling owning_ref v0.3.3
[INFO] [stderr]    Compiling gl v0.6.5
[INFO] [stderr]    Compiling glutin v0.14.0
[INFO] [stderr]    Compiling glium v0.21.0
[INFO] [stderr]    Compiling backtrace v0.3.69
[INFO] [stderr]    Compiling processing v0.3.2 (/opt/rustwide/workdir)
[INFO] [stderr]    Compiling approx v0.3.2
[INFO] [stderr]    Compiling rayon v1.8.0
[INFO] [stderr]    Compiling num-traits v0.1.43
[INFO] [stderr]    Compiling enum_primitive v0.1.1
[INFO] [stderr]    Compiling png v0.11.0
[INFO] [stderr]    Compiling num-rational v0.1.42
[INFO] [stderr]    Compiling alga v0.7.2
[INFO] [stderr]    Compiling nalgebra v0.16.14
[INFO] [stderr]    Compiling wayland-kbd v0.13.1
[INFO] [stderr]    Compiling jpeg-decoder v0.1.22
[INFO] [stderr]    Compiling wayland-window v0.13.3
[INFO] [stderr]    Compiling image v0.17.0
[INFO] [stderr]    Compiling winit v0.12.0
[INFO] [stdout] warning: trait objects without an explicit `dyn` are deprecated
[INFO] [stdout]    --> src/screen.rs:778:15
[INFO] [stdout]     |
[INFO] [stdout] 778 |     display: &glium::backend::Facade,
[INFO] [stdout]     |               ^^^^^^^^^^^^^^^^^^^^^^
[INFO] [stdout]     |
[INFO] [stdout]     = warning: this is accepted in the current edition (Rust 2015) but is a hard error in Rust 2021!
[INFO] [stdout]     = note: for more information, see <https://doc.rust-lang.org/nightly/edition-guide/rust-2021/warnings-promoted-to-error.html>
[INFO] [stdout]     = note: `#[warn(bare_trait_objects)]` on by default
[INFO] [stdout] help: use `dyn`
[INFO] [stdout]     |
[INFO] [stdout] 778 |     display: &dyn glium::backend::Facade,
[INFO] [stdout]     |               +++
[INFO] [stdout] 
[INFO] [stdout] 
[INFO] [stdout] warning: 1 warning emitted
[INFO] [stdout] 
[INFO] [stdout] 
[INFO] [stderr]     Finished dev [unoptimized + debuginfo] target(s) in 9.96s
[INFO] running `Command { std: "docker" "inspect" "ab22b3032a3157c317dd3759ec71c14fdcd4c5c96f6e8188daba958069b8aa6f", kill_on_drop: false }`
[INFO] running `Command { std: "docker" "rm" "-f" "ab22b3032a3157c317dd3759ec71c14fdcd4c5c96f6e8188daba958069b8aa6f", kill_on_drop: false }`
[INFO] [stdout] ab22b3032a3157c317dd3759ec71c14fdcd4c5c96f6e8188daba958069b8aa6f
[INFO] running `Command { std: "docker" "create" "-v" "/var/lib/crater-agent-workspace/builds/worker-0-tc2/target:/opt/rustwide/target:rw,Z" "-v" "/var/lib/crater-agent-workspace/builds/worker-0-tc2/source:/opt/rustwide/workdir:ro,Z" "-v" "/var/lib/crater-agent-workspace/cargo-home:/opt/rustwide/cargo-home:ro,Z" "-v" "/var/lib/crater-agent-workspace/rustup-home:/opt/rustwide/rustup-home:ro,Z" "-e" "SOURCE_DIR=/opt/rustwide/workdir" "-e" "CARGO_TARGET_DIR=/opt/rustwide/target" "-e" "CARGO_INCREMENTAL=0" "-e" "RUST_BACKTRACE=full" "-e" "RUSTFLAGS=--cap-lints=warn" "-e" "RUSTDOCFLAGS=--cap-lints=warn" "-e" "CARGO_HOME=/opt/rustwide/cargo-home" "-e" "RUSTUP_HOME=/opt/rustwide/rustup-home" "-w" "/opt/rustwide/workdir" "-m" "1610612736" "--user" "0:0" "--network" "none" "ghcr.io/rust-lang/crates-build-env/linux@sha256:2788e3201cd34a07e3172128adcd8b3090168a8e3bcc40d7c032b9dda1df7d1c" "/opt/rustwide/cargo-home/bin/cargo" "+beta-2023-12-22" "test" "--frozen" "--no-run" "--message-format=json", kill_on_drop: false }`
[INFO] [stdout] e087d21ec029de5bd0fdbb3ce687fc69ebfbeb15363a0503d2aebe5a5e0fcc79
[INFO] running `Command { std: "docker" "start" "-a" "e087d21ec029de5bd0fdbb3ce687fc69ebfbeb15363a0503d2aebe5a5e0fcc79", kill_on_drop: false }`
[INFO] [stderr]    Compiling time v0.1.45
[INFO] [stdout] warning: trait objects without an explicit `dyn` are deprecated
[INFO] [stdout]    --> src/screen.rs:778:15
[INFO] [stdout]     |
[INFO] [stdout] 778 |     display: &glium::backend::Facade,
[INFO] [stdout]     |               ^^^^^^^^^^^^^^^^^^^^^^
[INFO] [stdout]     |
[INFO] [stdout]     = warning: this is accepted in the current edition (Rust 2015) but is a hard error in Rust 2021!
[INFO] [stdout]     = note: for more information, see <https://doc.rust-lang.org/nightly/edition-guide/rust-2021/warnings-promoted-to-error.html>
[INFO] [stdout]     = note: `#[warn(bare_trait_objects)]` on by default
[INFO] [stdout] help: use `dyn`
[INFO] [stdout]     |
[INFO] [stdout] 778 |     display: &dyn glium::backend::Facade,
[INFO] [stdout]     |               +++
[INFO] [stdout] 
[INFO] [stdout] 
[INFO] [stdout] warning: 1 warning emitted
[INFO] [stdout] 
[INFO] [stdout] 
[INFO] [stderr]    Compiling processing v0.3.2 (/opt/rustwide/workdir)
[INFO] [stdout] warning: trait objects without an explicit `dyn` are deprecated
[INFO] [stdout]    --> src/screen.rs:778:15
[INFO] [stdout]     |
[INFO] [stdout] 778 |     display: &glium::backend::Facade,
[INFO] [stdout]     |               ^^^^^^^^^^^^^^^^^^^^^^
[INFO] [stdout]     |
[INFO] [stdout]     = warning: this is accepted in the current edition (Rust 2015) but is a hard error in Rust 2021!
[INFO] [stdout]     = note: for more information, see <https://doc.rust-lang.org/nightly/edition-guide/rust-2021/warnings-promoted-to-error.html>
[INFO] [stdout]     = note: `#[warn(bare_trait_objects)]` on by default
[INFO] [stdout] help: use `dyn`
[INFO] [stdout]     |
[INFO] [stdout] 778 |     display: &dyn glium::backend::Facade,
[INFO] [stdout]     |               +++
[INFO] [stdout] 
[INFO] [stdout] 
[INFO] [stdout] warning: 1 warning emitted
[INFO] [stdout] 
[INFO] [stdout] 
[INFO] [stderr]     Finished test [unoptimized + debuginfo] target(s) in 2.63s
[INFO] running `Command { std: "docker" "inspect" "e087d21ec029de5bd0fdbb3ce687fc69ebfbeb15363a0503d2aebe5a5e0fcc79", kill_on_drop: false }`
[INFO] running `Command { std: "docker" "rm" "-f" "e087d21ec029de5bd0fdbb3ce687fc69ebfbeb15363a0503d2aebe5a5e0fcc79", kill_on_drop: false }`
[INFO] [stdout] e087d21ec029de5bd0fdbb3ce687fc69ebfbeb15363a0503d2aebe5a5e0fcc79
[INFO] running `Command { std: "docker" "create" "-v" "/var/lib/crater-agent-workspace/builds/worker-0-tc2/target:/opt/rustwide/target:rw,Z" "-v" "/var/lib/crater-agent-workspace/builds/worker-0-tc2/source:/opt/rustwide/workdir:ro,Z" "-v" "/var/lib/crater-agent-workspace/cargo-home:/opt/rustwide/cargo-home:ro,Z" "-v" "/var/lib/crater-agent-workspace/rustup-home:/opt/rustwide/rustup-home:ro,Z" "-e" "SOURCE_DIR=/opt/rustwide/workdir" "-e" "CARGO_TARGET_DIR=/opt/rustwide/target" "-e" "CARGO_INCREMENTAL=0" "-e" "RUST_BACKTRACE=full" "-e" "RUSTFLAGS=--cap-lints=warn" "-e" "RUSTDOCFLAGS=--cap-lints=warn" "-e" "CARGO_HOME=/opt/rustwide/cargo-home" "-e" "RUSTUP_HOME=/opt/rustwide/rustup-home" "-w" "/opt/rustwide/workdir" "-m" "1610612736" "--user" "0:0" "--network" "none" "ghcr.io/rust-lang/crates-build-env/linux@sha256:2788e3201cd34a07e3172128adcd8b3090168a8e3bcc40d7c032b9dda1df7d1c" "/opt/rustwide/cargo-home/bin/cargo" "+beta-2023-12-22" "test" "--frozen", kill_on_drop: false }`
[INFO] [stdout] 97f5a3ea856a6db0b282b7418f7833e9b02601649a8f8ad970cc06ae337c28f1
[INFO] running `Command { std: "docker" "start" "-a" "97f5a3ea856a6db0b282b7418f7833e9b02601649a8f8ad970cc06ae337c28f1", kill_on_drop: false }`
[INFO] [stderr] warning: trait objects without an explicit `dyn` are deprecated
[INFO] [stderr]    --> src/screen.rs:778:15
[INFO] [stderr]     |
[INFO] [stderr] 778 |     display: &glium::backend::Facade,
[INFO] [stderr]     |               ^^^^^^^^^^^^^^^^^^^^^^
[INFO] [stderr]     |
[INFO] [stderr]     = warning: this is accepted in the current edition (Rust 2015) but is a hard error in Rust 2021!
[INFO] [stderr]     = note: for more information, see <https://doc.rust-lang.org/nightly/edition-guide/rust-2021/warnings-promoted-to-error.html>
[INFO] [stderr]     = note: `#[warn(bare_trait_objects)]` on by default
[INFO] [stderr] help: use `dyn`
[INFO] [stderr]     |
[INFO] [stderr] 778 |     display: &dyn glium::backend::Facade,
[INFO] [stderr]     |               +++
[INFO] [stderr] 
[INFO] [stderr] warning: `processing` (lib) generated 1 warning (run `cargo fix --lib -p processing` to apply 1 suggestion)
[INFO] [stderr] warning: `processing` (lib test) generated 1 warning (1 duplicate)
[INFO] [stderr]     Finished test [unoptimized + debuginfo] target(s) in 0.08s
[INFO] [stderr]      Running unittests src/lib.rs (/opt/rustwide/target/debug/deps/processing-d9794644da45f791)
[INFO] [stdout] 
[INFO] [stdout] running 0 tests
[INFO] [stdout] 
[INFO] [stdout] test result: ok. 0 passed; 0 failed; 0 ignored; 0 measured; 0 filtered out; finished in 0.00s
[INFO] [stdout] 
[INFO] [stderr]    Doc-tests processing
[INFO] [stdout] 
[INFO] [stdout] running 1 test
[INFO] [stdout] test src/lib.rs - (line 20) ... FAILED
[INFO] [stdout] 
[INFO] [stdout] failures:
[INFO] [stdout] 
[INFO] [stdout] ---- src/lib.rs - (line 20) stdout ----
[INFO] [stdout] error: mismatched closing delimiter: `)`
[INFO] [stdout]   --> src/lib.rs:21:73
[INFO] [stdout]    |
[INFO] [stdout] 4  | fn main() { #[allow(non_snake_case)] fn _doctest_main_src_lib_rs_20_0() {
[INFO] [stdout]    |                                                                         ^ unclosed delimiter
[INFO] [stdout] ...
[INFO] [stdout] 25 | 6. Have fun! :-)
[INFO] [stdout]    |                ^ mismatched closing delimiter
[INFO] [stdout] 
[INFO] [stdout] error: unexpected closing delimiter: `}`
[INFO] [stdout]   --> src/lib.rs:43:35
[INFO] [stdout]    |
[INFO] [stdout] 25 | 6. Have fun! :-)
[INFO] [stdout]    |                - missing open `(` for this delimiter
[INFO] [stdout] 26 | } _doctest_main_src_lib_rs_20_0() }
[INFO] [stdout]    |                                   ^ unexpected closing delimiter
[INFO] [stdout] 
[INFO] [stdout] error: aborting due to 2 previous errors
[INFO] [stdout] 
[INFO] [stdout] Couldn't compile the test.
[INFO] [stdout] 
[INFO] [stdout] failures:
[INFO] [stdout]     src/lib.rs - (line 20)
[INFO] [stdout] 
[INFO] [stdout] test result: FAILED. 0 passed; 1 failed; 0 ignored; 0 measured; 0 filtered out; finished in 0.03s
[INFO] [stdout] 
[INFO] [stderr] error: doctest failed, to rerun pass `--doc`
[INFO] running `Command { std: "docker" "inspect" "97f5a3ea856a6db0b282b7418f7833e9b02601649a8f8ad970cc06ae337c28f1", kill_on_drop: false }`
[INFO] running `Command { std: "docker" "rm" "-f" "97f5a3ea856a6db0b282b7418f7833e9b02601649a8f8ad970cc06ae337c28f1", kill_on_drop: false }`
[INFO] [stdout] 97f5a3ea856a6db0b282b7418f7833e9b02601649a8f8ad970cc06ae337c28f1
