[INFO] fetching crate procedural-generation 0.3.1...
[INFO] testing procedural-generation-0.3.1 against 1.75.0 for beta-1.76-1
[INFO] extracting crate procedural-generation 0.3.1 into /workspace/builds/worker-7-tc1/source
[INFO] validating manifest of crates.io crate procedural-generation 0.3.1 on toolchain 1.75.0
[INFO] running `Command { std: CARGO_HOME="/workspace/cargo-home" RUSTUP_HOME="/workspace/rustup-home" "/workspace/cargo-home/bin/cargo" "+1.75.0" "metadata" "--manifest-path" "Cargo.toml" "--no-deps", kill_on_drop: false }`
[INFO] started tweaking crates.io crate procedural-generation 0.3.1
[INFO] finished tweaking crates.io crate procedural-generation 0.3.1
[INFO] tweaked toml for crates.io crate procedural-generation 0.3.1 written to /workspace/builds/worker-7-tc1/source/Cargo.toml
[INFO] running `Command { std: CARGO_HOME="/workspace/cargo-home" RUSTUP_HOME="/workspace/rustup-home" "/workspace/cargo-home/bin/cargo" "+1.75.0" "generate-lockfile" "--manifest-path" "Cargo.toml", kill_on_drop: false }`
[INFO] [stderr]     Updating crates.io index
[INFO] running `Command { std: CARGO_HOME="/workspace/cargo-home" RUSTUP_HOME="/workspace/rustup-home" "/workspace/cargo-home/bin/cargo" "+1.75.0" "fetch" "--manifest-path" "Cargo.toml", kill_on_drop: false }`
[INFO] running `Command { std: "docker" "create" "-v" "/var/lib/crater-agent-workspace/builds/worker-7-tc1/target:/opt/rustwide/target:rw,Z" "-v" "/var/lib/crater-agent-workspace/builds/worker-7-tc1/source:/opt/rustwide/workdir:ro,Z" "-v" "/var/lib/crater-agent-workspace/cargo-home:/opt/rustwide/cargo-home:ro,Z" "-v" "/var/lib/crater-agent-workspace/rustup-home:/opt/rustwide/rustup-home:ro,Z" "-e" "SOURCE_DIR=/opt/rustwide/workdir" "-e" "CARGO_TARGET_DIR=/opt/rustwide/target" "-e" "CARGO_HOME=/opt/rustwide/cargo-home" "-e" "RUSTUP_HOME=/opt/rustwide/rustup-home" "-w" "/opt/rustwide/workdir" "-m" "1610612736" "--user" "0:0" "--network" "none" "ghcr.io/rust-lang/crates-build-env/linux@sha256:2788e3201cd34a07e3172128adcd8b3090168a8e3bcc40d7c032b9dda1df7d1c" "/opt/rustwide/cargo-home/bin/cargo" "+1.75.0" "metadata" "--no-deps" "--format-version=1", kill_on_drop: false }`
[INFO] [stdout] 339f3f8837e68f46833caab4a0b5ac59b3a9200cedeed73c5c65a973e2cfed5d
[INFO] running `Command { std: "docker" "start" "-a" "339f3f8837e68f46833caab4a0b5ac59b3a9200cedeed73c5c65a973e2cfed5d", kill_on_drop: false }`
[INFO] running `Command { std: "docker" "inspect" "339f3f8837e68f46833caab4a0b5ac59b3a9200cedeed73c5c65a973e2cfed5d", kill_on_drop: false }`
[INFO] running `Command { std: "docker" "rm" "-f" "339f3f8837e68f46833caab4a0b5ac59b3a9200cedeed73c5c65a973e2cfed5d", kill_on_drop: false }`
[INFO] [stdout] 339f3f8837e68f46833caab4a0b5ac59b3a9200cedeed73c5c65a973e2cfed5d
[INFO] running `Command { std: "docker" "create" "-v" "/var/lib/crater-agent-workspace/builds/worker-7-tc1/target:/opt/rustwide/target:rw,Z" "-v" "/var/lib/crater-agent-workspace/builds/worker-7-tc1/source:/opt/rustwide/workdir:ro,Z" "-v" "/var/lib/crater-agent-workspace/cargo-home:/opt/rustwide/cargo-home:ro,Z" "-v" "/var/lib/crater-agent-workspace/rustup-home:/opt/rustwide/rustup-home:ro,Z" "-e" "SOURCE_DIR=/opt/rustwide/workdir" "-e" "CARGO_TARGET_DIR=/opt/rustwide/target" "-e" "CARGO_INCREMENTAL=0" "-e" "RUST_BACKTRACE=full" "-e" "RUSTFLAGS=--cap-lints=warn" "-e" "RUSTDOCFLAGS=--cap-lints=warn" "-e" "CARGO_HOME=/opt/rustwide/cargo-home" "-e" "RUSTUP_HOME=/opt/rustwide/rustup-home" "-w" "/opt/rustwide/workdir" "-m" "1610612736" "--user" "0:0" "--network" "none" "ghcr.io/rust-lang/crates-build-env/linux@sha256:2788e3201cd34a07e3172128adcd8b3090168a8e3bcc40d7c032b9dda1df7d1c" "/opt/rustwide/cargo-home/bin/cargo" "+1.75.0" "build" "--frozen" "--message-format=json", kill_on_drop: false }`
[INFO] [stdout] 55aefa444236fc759f7373dc2ad8353808c296aa49c65ff1e69100c23a81d5cb
[INFO] running `Command { std: "docker" "start" "-a" "55aefa444236fc759f7373dc2ad8353808c296aa49c65ff1e69100c23a81d5cb", kill_on_drop: false }`
[INFO] [stderr]    Compiling crossbeam-utils v0.8.18
[INFO] [stderr]    Compiling rand_core v0.4.2
[INFO] [stderr]    Compiling rayon-core v1.12.0
[INFO] [stderr]    Compiling owo-colors v1.3.0
[INFO] [stderr]    Compiling getrandom v0.1.16
[INFO] [stderr]    Compiling smart-default v0.6.0
[INFO] [stderr]    Compiling rand_core v0.3.1
[INFO] [stderr]    Compiling rand_core v0.5.1
[INFO] [stderr]    Compiling rand v0.5.6
[INFO] [stderr]    Compiling rand_chacha v0.2.2
[INFO] [stderr]    Compiling rand v0.7.3
[INFO] [stderr]    Compiling crossbeam-epoch v0.9.17
[INFO] [stderr]    Compiling crossbeam-deque v0.8.4
[INFO] [stderr]    Compiling noise v0.6.0
[INFO] [stderr]    Compiling rayon v1.8.0
[INFO] [stderr]    Compiling procedural-generation v0.3.1 (/opt/rustwide/workdir)
[INFO] [stdout] warning: fields `width` and `height` are never read
[INFO] [stdout]    --> src/lib.rs:297:5
[INFO] [stdout]     |
[INFO] [stdout] 292 | struct Room {
[INFO] [stdout]     |        ---- fields in this struct
[INFO] [stdout] ...
[INFO] [stdout] 297 |     width: usize,
[INFO] [stdout]     |     ^^^^^
[INFO] [stdout] 298 |     height: usize,
[INFO] [stdout]     |     ^^^^^^
[INFO] [stdout]     |
[INFO] [stdout]     = note: `Room` has a derived impl for the trait `Debug`, but this is intentionally ignored during dead code analysis
[INFO] [stdout]     = note: `#[warn(dead_code)]` on by default
[INFO] [stdout] 
[INFO] [stdout] 
[INFO] [stdout] warning: 1 warning emitted
[INFO] [stdout] 
[INFO] [stdout] 
[INFO] [stderr]     Finished dev [unoptimized + debuginfo] target(s) in 2.66s
[INFO] running `Command { std: "docker" "inspect" "55aefa444236fc759f7373dc2ad8353808c296aa49c65ff1e69100c23a81d5cb", kill_on_drop: false }`
[INFO] running `Command { std: "docker" "rm" "-f" "55aefa444236fc759f7373dc2ad8353808c296aa49c65ff1e69100c23a81d5cb", kill_on_drop: false }`
[INFO] [stdout] 55aefa444236fc759f7373dc2ad8353808c296aa49c65ff1e69100c23a81d5cb
[INFO] running `Command { std: "docker" "create" "-v" "/var/lib/crater-agent-workspace/builds/worker-7-tc1/target:/opt/rustwide/target:rw,Z" "-v" "/var/lib/crater-agent-workspace/builds/worker-7-tc1/source:/opt/rustwide/workdir:ro,Z" "-v" "/var/lib/crater-agent-workspace/cargo-home:/opt/rustwide/cargo-home:ro,Z" "-v" "/var/lib/crater-agent-workspace/rustup-home:/opt/rustwide/rustup-home:ro,Z" "-e" "SOURCE_DIR=/opt/rustwide/workdir" "-e" "CARGO_TARGET_DIR=/opt/rustwide/target" "-e" "CARGO_INCREMENTAL=0" "-e" "RUST_BACKTRACE=full" "-e" "RUSTFLAGS=--cap-lints=warn" "-e" "RUSTDOCFLAGS=--cap-lints=warn" "-e" "CARGO_HOME=/opt/rustwide/cargo-home" "-e" "RUSTUP_HOME=/opt/rustwide/rustup-home" "-w" "/opt/rustwide/workdir" "-m" "1610612736" "--user" "0:0" "--network" "none" "ghcr.io/rust-lang/crates-build-env/linux@sha256:2788e3201cd34a07e3172128adcd8b3090168a8e3bcc40d7c032b9dda1df7d1c" "/opt/rustwide/cargo-home/bin/cargo" "+1.75.0" "test" "--frozen" "--no-run" "--message-format=json", kill_on_drop: false }`
[INFO] [stdout] 87e357b240e034eac05dbc15781c9ef63f167e917ef5a06c37117ce635708a1b
[INFO] running `Command { std: "docker" "start" "-a" "87e357b240e034eac05dbc15781c9ef63f167e917ef5a06c37117ce635708a1b", kill_on_drop: false }`
[INFO] [stderr]    Compiling serde v1.0.194
[INFO] [stderr]    Compiling plotters-backend v0.3.5
[INFO] [stderr]    Compiling csv-core v0.1.11
[INFO] [stderr]    Compiling textwrap v0.11.0
[INFO] [stderr]    Compiling half v1.8.2
[INFO] [stderr]    Compiling cast v0.3.0
[INFO] [stderr]    Compiling regex-automata v0.4.3
[INFO] [stderr]    Compiling same-file v1.0.6
[INFO] [stderr]    Compiling atty v0.2.14
[INFO] [stderr]    Compiling syn v2.0.48
[INFO] [stderr]    Compiling oorandom v11.1.3
[INFO] [stdout] warning: fields `width` and `height` are never read
[INFO] [stdout]    --> src/lib.rs:297:5
[INFO] [stdout]     |
[INFO] [stdout] 292 | struct Room {
[INFO] [stdout]     |        ---- fields in this struct
[INFO] [stdout] ...
[INFO] [stdout] 297 |     width: usize,
[INFO] [stdout]     |     ^^^^^
[INFO] [stdout] 298 |     height: usize,
[INFO] [stdout]     |     ^^^^^^
[INFO] [stdout]     |
[INFO] [stdout]     = note: `Room` has a derived impl for the trait `Debug`, but this is intentionally ignored during dead code analysis
[INFO] [stdout]     = note: `#[warn(dead_code)]` on by default
[INFO] [stdout] 
[INFO] [stdout] 
[INFO] [stdout] warning: 1 warning emitted
[INFO] [stdout] 
[INFO] [stdout] 
[INFO] [stderr]    Compiling walkdir v2.4.0
[INFO] [stderr]    Compiling clap v2.34.0
[INFO] [stderr]    Compiling criterion-plot v0.4.5
[INFO] [stderr]    Compiling plotters-svg v0.3.5
[INFO] [stderr]    Compiling plotters v0.3.5
[INFO] [stderr]    Compiling regex v1.10.2
[INFO] [stderr]    Compiling serde_json v1.0.111
[INFO] [stderr]    Compiling serde_cbor v0.11.2
[INFO] [stderr]    Compiling csv v1.3.0
[INFO] [stderr]    Compiling serde_derive v1.0.194
[INFO] [stderr]    Compiling tinytemplate v1.2.1
[INFO] [stderr]    Compiling criterion v0.3.6
[INFO] [stderr]    Compiling procedural-generation v0.3.1 (/opt/rustwide/workdir)
[INFO] [stdout] warning: fields `width` and `height` are never read
[INFO] [stdout]    --> src/lib.rs:297:5
[INFO] [stdout]     |
[INFO] [stdout] 292 | struct Room {
[INFO] [stdout]     |        ---- fields in this struct
[INFO] [stdout] ...
[INFO] [stdout] 297 |     width: usize,
[INFO] [stdout]     |     ^^^^^
[INFO] [stdout] 298 |     height: usize,
[INFO] [stdout]     |     ^^^^^^
[INFO] [stdout]     |
[INFO] [stdout]     = note: `Room` has a derived impl for the trait `Debug`, but this is intentionally ignored during dead code analysis
[INFO] [stdout]     = note: `#[warn(dead_code)]` on by default
[INFO] [stdout] 
[INFO] [stdout] 
[INFO] [stdout] warning: 1 warning emitted
[INFO] [stdout] 
[INFO] [stdout] 
[INFO] [stderr]     Finished test [unoptimized + debuginfo] target(s) in 7.73s
[INFO] running `Command { std: "docker" "inspect" "87e357b240e034eac05dbc15781c9ef63f167e917ef5a06c37117ce635708a1b", kill_on_drop: false }`
[INFO] running `Command { std: "docker" "rm" "-f" "87e357b240e034eac05dbc15781c9ef63f167e917ef5a06c37117ce635708a1b", kill_on_drop: false }`
[INFO] [stdout] 87e357b240e034eac05dbc15781c9ef63f167e917ef5a06c37117ce635708a1b
[INFO] running `Command { std: "docker" "create" "-v" "/var/lib/crater-agent-workspace/builds/worker-7-tc1/target:/opt/rustwide/target:rw,Z" "-v" "/var/lib/crater-agent-workspace/builds/worker-7-tc1/source:/opt/rustwide/workdir:ro,Z" "-v" "/var/lib/crater-agent-workspace/cargo-home:/opt/rustwide/cargo-home:ro,Z" "-v" "/var/lib/crater-agent-workspace/rustup-home:/opt/rustwide/rustup-home:ro,Z" "-e" "SOURCE_DIR=/opt/rustwide/workdir" "-e" "CARGO_TARGET_DIR=/opt/rustwide/target" "-e" "CARGO_INCREMENTAL=0" "-e" "RUST_BACKTRACE=full" "-e" "RUSTFLAGS=--cap-lints=warn" "-e" "RUSTDOCFLAGS=--cap-lints=warn" "-e" "CARGO_HOME=/opt/rustwide/cargo-home" "-e" "RUSTUP_HOME=/opt/rustwide/rustup-home" "-w" "/opt/rustwide/workdir" "-m" "1610612736" "--user" "0:0" "--network" "none" "ghcr.io/rust-lang/crates-build-env/linux@sha256:2788e3201cd34a07e3172128adcd8b3090168a8e3bcc40d7c032b9dda1df7d1c" "/opt/rustwide/cargo-home/bin/cargo" "+1.75.0" "test" "--frozen", kill_on_drop: false }`
[INFO] [stdout] 00e49d28c5dbe42301f7f18f8ea3e8348e89af0fc053a59e6b893637d544de0e
[INFO] running `Command { std: "docker" "start" "-a" "00e49d28c5dbe42301f7f18f8ea3e8348e89af0fc053a59e6b893637d544de0e", kill_on_drop: false }`
[INFO] [stderr] warning: fields `width` and `height` are never read
[INFO] [stderr]    --> src/lib.rs:297:5
[INFO] [stderr]     |
[INFO] [stderr] 292 | struct Room {
[INFO] [stderr]     |        ---- fields in this struct
[INFO] [stderr] ...
[INFO] [stderr] 297 |     width: usize,
[INFO] [stderr]     |     ^^^^^
[INFO] [stderr] 298 |     height: usize,
[INFO] [stderr]     |     ^^^^^^
[INFO] [stderr]     |
[INFO] [stderr]     = note: `Room` has a derived impl for the trait `Debug`, but this is intentionally ignored during dead code analysis
[INFO] [stderr]     = note: `#[warn(dead_code)]` on by default
[INFO] [stderr] 
[INFO] [stderr] warning: `procedural-generation` (lib) generated 1 warning
[INFO] [stderr] warning: `procedural-generation` (lib test) generated 1 warning (1 duplicate)
[INFO] [stderr]     Finished test [unoptimized + debuginfo] target(s) in 0.04s
[INFO] [stderr]      Running unittests src/lib.rs (/opt/rustwide/target/debug/deps/procedural_generation-dcf693ddfa1b5573)
[INFO] [stdout] 
[INFO] [stdout] running 0 tests
[INFO] [stdout] 
[INFO] [stdout] test result: ok. 0 passed; 0 failed; 0 ignored; 0 measured; 0 filtered out; finished in 0.00s
[INFO] [stdout] 
[INFO] [stderr]    Doc-tests procedural-generation
[INFO] [stdout] 
[INFO] [stdout] running 4 tests
[INFO] [stdout] test src/lib.rs - Generator::spawn_rooms (line 218) ... FAILED
[INFO] [stdout] test src/lib.rs - Generator::spawn_perlin (line 172) ... FAILED
[INFO] [stdout] test src/lib.rs - NoiseOptions::new (line 65) ... FAILED
[INFO] [stdout] test src/lib.rs - (line 5) ... ok
[INFO] [stdout] 
[INFO] [stdout] failures:
[INFO] [stdout] 
[INFO] [stdout] ---- src/lib.rs - Generator::spawn_rooms (line 218) stdout ----
[INFO] [stdout] error[E0433]: failed to resolve: use of undeclared type `Size`
[INFO] [stdout]  --> src/lib.rs:220:16
[INFO] [stdout]   |
[INFO] [stdout] 3 |     let size = Size::new((4, 4), (10, 10));
[INFO] [stdout]   |                ^^^^ use of undeclared type `Size`
[INFO] [stdout]   |
[INFO] [stdout] help: a trait with a similar name exists
[INFO] [stdout]   |
[INFO] [stdout] 3 |     let size = Sized::new((4, 4), (10, 10));
[INFO] [stdout]   |                ~~~~~
[INFO] [stdout] help: consider importing this struct
[INFO] [stdout]   |
[INFO] [stdout] 2 + use procedural_generation::Size;
[INFO] [stdout]   |
[INFO] [stdout] 
[INFO] [stdout] error[E0433]: failed to resolve: use of undeclared type `Generator`
[INFO] [stdout]  --> src/lib.rs:221:5
[INFO] [stdout]   |
[INFO] [stdout] 4 |     Generator::new()
[INFO] [stdout]   |     ^^^^^^^^^ use of undeclared type `Generator`
[INFO] [stdout]   |
[INFO] [stdout] help: a trait with a similar name exists
[INFO] [stdout]   |
[INFO] [stdout] 4 |     Iterator::new()
[INFO] [stdout]   |     ~~~~~~~~
[INFO] [stdout] help: consider importing this struct
[INFO] [stdout]   |
[INFO] [stdout] 2 + use procedural_generation::Generator;
[INFO] [stdout]   |
[INFO] [stdout] 
[INFO] [stdout] error: aborting due to 2 previous errors
[INFO] [stdout] 
[INFO] [stdout] For more information about this error, try `rustc --explain E0433`.
[INFO] [stdout] Couldn't compile the test.
[INFO] [stdout] ---- src/lib.rs - Generator::spawn_perlin (line 172) stdout ----
[INFO] [stdout] error[E0433]: failed to resolve: use of undeclared type `Generator`
[INFO] [stdout]  --> src/lib.rs:174:5
[INFO] [stdout]   |
[INFO] [stdout] 3 |     Generator::new()
[INFO] [stdout]   |     ^^^^^^^^^ use of undeclared type `Generator`
[INFO] [stdout]   |
[INFO] [stdout] help: a trait with a similar name exists
[INFO] [stdout]   |
[INFO] [stdout] 3 |     Iterator::new()
[INFO] [stdout]   |     ~~~~~~~~
[INFO] [stdout] help: consider importing this struct
[INFO] [stdout]   |
[INFO] [stdout] 2 + use procedural_generation::Generator;
[INFO] [stdout]   |
[INFO] [stdout] 
[INFO] [stdout] error: aborting due to previous error
[INFO] [stdout] 
[INFO] [stdout] For more information about this error, try `rustc --explain E0433`.
[INFO] [stdout] Couldn't compile the test.
[INFO] [stdout] ---- src/lib.rs - NoiseOptions::new (line 65) stdout ----
[INFO] [stdout] error[E0422]: cannot find struct, variant or union type `NoiseOptions` in this scope
[INFO] [stdout]  --> src/lib.rs:67:25
[INFO] [stdout]   |
[INFO] [stdout] 3 |     let noise_options = NoiseOptions { frequency: 4., ..NoiseOptions::default() };
[INFO] [stdout]   |                         ^^^^^^^^^^^^ not found in this scope
[INFO] [stdout]   |
[INFO] [stdout] help: consider importing this struct
[INFO] [stdout]   |
[INFO] [stdout] 2 + use procedural_generation::NoiseOptions;
[INFO] [stdout]   |
[INFO] [stdout] 
[INFO] [stdout] error[E0433]: failed to resolve: use of undeclared type `NoiseOptions`
[INFO] [stdout]  --> src/lib.rs:67:57
[INFO] [stdout]   |
[INFO] [stdout] 3 |     let noise_options = NoiseOptions { frequency: 4., ..NoiseOptions::default() };
[INFO] [stdout]   |                                                         ^^^^^^^^^^^^ use of undeclared type `NoiseOptions`
[INFO] [stdout]   |
[INFO] [stdout] help: consider importing this struct
[INFO] [stdout]   |
[INFO] [stdout] 2 + use procedural_generation::NoiseOptions;
[INFO] [stdout]   |
[INFO] [stdout] 
[INFO] [stdout] error[E0433]: failed to resolve: use of undeclared type `Generator`
[INFO] [stdout]  --> src/lib.rs:68:5
[INFO] [stdout]   |
[INFO] [stdout] 4 |     Generator::new()
[INFO] [stdout]   |     ^^^^^^^^^ use of undeclared type `Generator`
[INFO] [stdout]   |
[INFO] [stdout] help: a trait with a similar name exists
[INFO] [stdout]   |
[INFO] [stdout] 4 |     Iterator::new()
[INFO] [stdout]   |     ~~~~~~~~
[INFO] [stdout] help: consider importing this struct
[INFO] [stdout]   |
[INFO] [stdout] 2 + use procedural_generation::Generator;
[INFO] [stdout]   |
[INFO] [stdout] 
[INFO] [stdout] error: aborting due to 3 previous errors
[INFO] [stdout] 
[INFO] [stdout] Some errors have detailed explanations: E0422, E0433.
[INFO] [stdout] For more information about an error, try `rustc --explain E0422`.
[INFO] [stdout] Couldn't compile the test.
[INFO] [stdout] 
[INFO] [stdout] failures:
[INFO] [stdout]     src/lib.rs - Generator::spawn_perlin (line 172)
[INFO] [stdout]     src/lib.rs - Generator::spawn_rooms (line 218)
[INFO] [stdout]     src/lib.rs - NoiseOptions::new (line 65)
[INFO] [stdout] 
[INFO] [stdout] test result: FAILED. 1 passed; 3 failed; 0 ignored; 0 measured; 0 filtered out; finished in 0.34s
[INFO] [stdout] 
[INFO] [stderr] error: doctest failed, to rerun pass `--doc`
[INFO] running `Command { std: "docker" "inspect" "00e49d28c5dbe42301f7f18f8ea3e8348e89af0fc053a59e6b893637d544de0e", kill_on_drop: false }`
[INFO] running `Command { std: "docker" "rm" "-f" "00e49d28c5dbe42301f7f18f8ea3e8348e89af0fc053a59e6b893637d544de0e", kill_on_drop: false }`
[INFO] [stdout] 00e49d28c5dbe42301f7f18f8ea3e8348e89af0fc053a59e6b893637d544de0e
[INFO] testing procedural-generation-0.3.1 against beta-2023-12-22 for beta-1.76-1
[INFO] extracting crate procedural-generation 0.3.1 into /workspace/builds/worker-7-tc2/source
[INFO] validating manifest of crates.io crate procedural-generation 0.3.1 on toolchain beta-2023-12-22
[INFO] running `Command { std: CARGO_HOME="/workspace/cargo-home" RUSTUP_HOME="/workspace/rustup-home" "/workspace/cargo-home/bin/cargo" "+beta-2023-12-22" "metadata" "--manifest-path" "Cargo.toml" "--no-deps", kill_on_drop: false }`
[INFO] started tweaking crates.io crate procedural-generation 0.3.1
[INFO] finished tweaking crates.io crate procedural-generation 0.3.1
[INFO] tweaked toml for crates.io crate procedural-generation 0.3.1 written to /workspace/builds/worker-7-tc2/source/Cargo.toml
[INFO] running `Command { std: CARGO_HOME="/workspace/cargo-home" RUSTUP_HOME="/workspace/rustup-home" "/workspace/cargo-home/bin/cargo" "+beta-2023-12-22" "generate-lockfile" "--manifest-path" "Cargo.toml", kill_on_drop: false }`
[INFO] [stderr]     Updating crates.io index
[INFO] running `Command { std: CARGO_HOME="/workspace/cargo-home" RUSTUP_HOME="/workspace/rustup-home" "/workspace/cargo-home/bin/cargo" "+beta-2023-12-22" "fetch" "--manifest-path" "Cargo.toml", kill_on_drop: false }`
[INFO] running `Command { std: "docker" "create" "-v" "/var/lib/crater-agent-workspace/builds/worker-7-tc2/target:/opt/rustwide/target:rw,Z" "-v" "/var/lib/crater-agent-workspace/builds/worker-7-tc2/source:/opt/rustwide/workdir:ro,Z" "-v" "/var/lib/crater-agent-workspace/cargo-home:/opt/rustwide/cargo-home:ro,Z" "-v" "/var/lib/crater-agent-workspace/rustup-home:/opt/rustwide/rustup-home:ro,Z" "-e" "SOURCE_DIR=/opt/rustwide/workdir" "-e" "CARGO_TARGET_DIR=/opt/rustwide/target" "-e" "CARGO_HOME=/opt/rustwide/cargo-home" "-e" "RUSTUP_HOME=/opt/rustwide/rustup-home" "-w" "/opt/rustwide/workdir" "-m" "1610612736" "--user" "0:0" "--network" "none" "ghcr.io/rust-lang/crates-build-env/linux@sha256:2788e3201cd34a07e3172128adcd8b3090168a8e3bcc40d7c032b9dda1df7d1c" "/opt/rustwide/cargo-home/bin/cargo" "+beta-2023-12-22" "metadata" "--no-deps" "--format-version=1", kill_on_drop: false }`
[INFO] [stdout] f5d75aa4adcaab62c08ddd4e8075a2b75f02ffb48ccaf49a197f027e31514db4
[INFO] running `Command { std: "docker" "start" "-a" "f5d75aa4adcaab62c08ddd4e8075a2b75f02ffb48ccaf49a197f027e31514db4", kill_on_drop: false }`
[INFO] running `Command { std: "docker" "inspect" "f5d75aa4adcaab62c08ddd4e8075a2b75f02ffb48ccaf49a197f027e31514db4", kill_on_drop: false }`
[INFO] running `Command { std: "docker" "rm" "-f" "f5d75aa4adcaab62c08ddd4e8075a2b75f02ffb48ccaf49a197f027e31514db4", kill_on_drop: false }`
[INFO] [stdout] f5d75aa4adcaab62c08ddd4e8075a2b75f02ffb48ccaf49a197f027e31514db4
[INFO] running `Command { std: "docker" "create" "-v" "/var/lib/crater-agent-workspace/builds/worker-7-tc2/target:/opt/rustwide/target:rw,Z" "-v" "/var/lib/crater-agent-workspace/builds/worker-7-tc2/source:/opt/rustwide/workdir:ro,Z" "-v" "/var/lib/crater-agent-workspace/cargo-home:/opt/rustwide/cargo-home:ro,Z" "-v" "/var/lib/crater-agent-workspace/rustup-home:/opt/rustwide/rustup-home:ro,Z" "-e" "SOURCE_DIR=/opt/rustwide/workdir" "-e" "CARGO_TARGET_DIR=/opt/rustwide/target" "-e" "CARGO_INCREMENTAL=0" "-e" "RUST_BACKTRACE=full" "-e" "RUSTFLAGS=--cap-lints=warn" "-e" "RUSTDOCFLAGS=--cap-lints=warn" "-e" "CARGO_HOME=/opt/rustwide/cargo-home" "-e" "RUSTUP_HOME=/opt/rustwide/rustup-home" "-w" "/opt/rustwide/workdir" "-m" "1610612736" "--user" "0:0" "--network" "none" "ghcr.io/rust-lang/crates-build-env/linux@sha256:2788e3201cd34a07e3172128adcd8b3090168a8e3bcc40d7c032b9dda1df7d1c" "/opt/rustwide/cargo-home/bin/cargo" "+beta-2023-12-22" "build" "--frozen" "--message-format=json", kill_on_drop: false }`
[INFO] [stdout] 5bb4a0b1b8dafa1660f6351d29075ef4d8f0a796d70468610feb7426e7554838
[INFO] running `Command { std: "docker" "start" "-a" "5bb4a0b1b8dafa1660f6351d29075ef4d8f0a796d70468610feb7426e7554838", kill_on_drop: false }`
[INFO] [stderr]    Compiling crossbeam-utils v0.8.18
[INFO] [stderr]    Compiling rand_core v0.4.2
[INFO] [stderr]    Compiling rayon-core v1.12.0
[INFO] [stderr]    Compiling owo-colors v1.3.0
[INFO] [stderr]    Compiling getrandom v0.1.16
[INFO] [stderr]    Compiling smart-default v0.6.0
[INFO] [stderr]    Compiling rand_core v0.3.1
[INFO] [stderr]    Compiling rand_core v0.5.1
[INFO] [stderr]    Compiling rand v0.5.6
[INFO] [stderr]    Compiling rand_chacha v0.2.2
[INFO] [stderr]    Compiling rand v0.7.3
[INFO] [stderr]    Compiling crossbeam-epoch v0.9.17
[INFO] [stderr]    Compiling crossbeam-deque v0.8.4
[INFO] [stderr]    Compiling noise v0.6.0
[INFO] [stderr]    Compiling rayon v1.8.0
[INFO] [stderr]    Compiling procedural-generation v0.3.1 (/opt/rustwide/workdir)
[INFO] [stdout] warning: fields `width` and `height` are never read
[INFO] [stdout]    --> src/lib.rs:297:5
[INFO] [stdout]     |
[INFO] [stdout] 292 | struct Room {
[INFO] [stdout]     |        ---- fields in this struct
[INFO] [stdout] ...
[INFO] [stdout] 297 |     width: usize,
[INFO] [stdout]     |     ^^^^^
[INFO] [stdout] 298 |     height: usize,
[INFO] [stdout]     |     ^^^^^^
[INFO] [stdout]     |
[INFO] [stdout]     = note: `Room` has a derived impl for the trait `Debug`, but this is intentionally ignored during dead code analysis
[INFO] [stdout]     = note: `#[warn(dead_code)]` on by default
[INFO] [stdout] 
[INFO] [stdout] 
[INFO] [stdout] warning: 1 warning emitted
[INFO] [stdout] 
[INFO] [stdout] 
[INFO] [stderr]     Finished dev [unoptimized + debuginfo] target(s) in 2.47s
[INFO] running `Command { std: "docker" "inspect" "5bb4a0b1b8dafa1660f6351d29075ef4d8f0a796d70468610feb7426e7554838", kill_on_drop: false }`
[INFO] running `Command { std: "docker" "rm" "-f" "5bb4a0b1b8dafa1660f6351d29075ef4d8f0a796d70468610feb7426e7554838", kill_on_drop: false }`
[INFO] [stdout] 5bb4a0b1b8dafa1660f6351d29075ef4d8f0a796d70468610feb7426e7554838
[INFO] running `Command { std: "docker" "create" "-v" "/var/lib/crater-agent-workspace/builds/worker-7-tc2/target:/opt/rustwide/target:rw,Z" "-v" "/var/lib/crater-agent-workspace/builds/worker-7-tc2/source:/opt/rustwide/workdir:ro,Z" "-v" "/var/lib/crater-agent-workspace/cargo-home:/opt/rustwide/cargo-home:ro,Z" "-v" "/var/lib/crater-agent-workspace/rustup-home:/opt/rustwide/rustup-home:ro,Z" "-e" "SOURCE_DIR=/opt/rustwide/workdir" "-e" "CARGO_TARGET_DIR=/opt/rustwide/target" "-e" "CARGO_INCREMENTAL=0" "-e" "RUST_BACKTRACE=full" "-e" "RUSTFLAGS=--cap-lints=warn" "-e" "RUSTDOCFLAGS=--cap-lints=warn" "-e" "CARGO_HOME=/opt/rustwide/cargo-home" "-e" "RUSTUP_HOME=/opt/rustwide/rustup-home" "-w" "/opt/rustwide/workdir" "-m" "1610612736" "--user" "0:0" "--network" "none" "ghcr.io/rust-lang/crates-build-env/linux@sha256:2788e3201cd34a07e3172128adcd8b3090168a8e3bcc40d7c032b9dda1df7d1c" "/opt/rustwide/cargo-home/bin/cargo" "+beta-2023-12-22" "test" "--frozen" "--no-run" "--message-format=json", kill_on_drop: false }`
[INFO] [stdout] 4a3dc0b4bbc84a4ce6e919d7b62d727b9ce2739591cb4ac7c9483e0e42c41f98
[INFO] running `Command { std: "docker" "start" "-a" "4a3dc0b4bbc84a4ce6e919d7b62d727b9ce2739591cb4ac7c9483e0e42c41f98", kill_on_drop: false }`
[INFO] [stderr]    Compiling serde v1.0.194
[INFO] [stderr]    Compiling plotters-backend v0.3.5
[INFO] [stderr]    Compiling regex-automata v0.4.3
[INFO] [stderr]    Compiling textwrap v0.11.0
[INFO] [stderr]    Compiling cast v0.3.0
[INFO] [stderr]    Compiling half v1.8.2
[INFO] [stderr]    Compiling csv-core v0.1.11
[INFO] [stderr]    Compiling same-file v1.0.6
[INFO] [stderr]    Compiling atty v0.2.14
[INFO] [stderr]    Compiling syn v2.0.48
[INFO] [stderr]    Compiling oorandom v11.1.3
[INFO] [stdout] warning: fields `width` and `height` are never read
[INFO] [stdout]    --> src/lib.rs:297:5
[INFO] [stdout]     |
[INFO] [stdout] 292 | struct Room {
[INFO] [stdout]     |        ---- fields in this struct
[INFO] [stdout] ...
[INFO] [stdout] 297 |     width: usize,
[INFO] [stdout]     |     ^^^^^
[INFO] [stdout] 298 |     height: usize,
[INFO] [stdout]     |     ^^^^^^
[INFO] [stdout]     |
[INFO] [stdout]     = note: `Room` has a derived impl for the trait `Debug`, but this is intentionally ignored during dead code analysis
[INFO] [stdout]     = note: `#[warn(dead_code)]` on by default
[INFO] [stdout] 
[INFO] [stdout] 
[INFO] [stdout] warning: 1 warning emitted
[INFO] [stdout] 
[INFO] [stdout] 
[INFO] [stderr]    Compiling walkdir v2.4.0
[INFO] [stderr]    Compiling criterion-plot v0.4.5
[INFO] [stderr]    Compiling clap v2.34.0
[INFO] [stderr]    Compiling plotters-svg v0.3.5
[INFO] [stderr]    Compiling plotters v0.3.5
[INFO] [stderr]    Compiling regex v1.10.2
[INFO] [stderr]    Compiling serde_json v1.0.111
[INFO] [stderr]    Compiling serde_cbor v0.11.2
[INFO] [stderr]    Compiling csv v1.3.0
[INFO] [stderr]    Compiling serde_derive v1.0.194
[INFO] [stderr]    Compiling tinytemplate v1.2.1
[INFO] [stderr]    Compiling criterion v0.3.6
[INFO] [stderr]    Compiling procedural-generation v0.3.1 (/opt/rustwide/workdir)
[INFO] [stdout] warning: fields `width` and `height` are never read
[INFO] [stdout]    --> src/lib.rs:297:5
[INFO] [stdout]     |
[INFO] [stdout] 292 | struct Room {
[INFO] [stdout]     |        ---- fields in this struct
[INFO] [stdout] ...
[INFO] [stdout] 297 |     width: usize,
[INFO] [stdout]     |     ^^^^^
[INFO] [stdout] 298 |     height: usize,
[INFO] [stdout]     |     ^^^^^^
[INFO] [stdout]     |
[INFO] [stdout]     = note: `Room` has a derived impl for the trait `Debug`, but this is intentionally ignored during dead code analysis
[INFO] [stdout]     = note: `#[warn(dead_code)]` on by default
[INFO] [stdout] 
[INFO] [stdout] 
[INFO] [stdout] warning: 1 warning emitted
[INFO] [stdout] 
[INFO] [stdout] 
[INFO] [stderr]     Finished test [unoptimized + debuginfo] target(s) in 7.26s
[INFO] running `Command { std: "docker" "inspect" "4a3dc0b4bbc84a4ce6e919d7b62d727b9ce2739591cb4ac7c9483e0e42c41f98", kill_on_drop: false }`
[INFO] running `Command { std: "docker" "rm" "-f" "4a3dc0b4bbc84a4ce6e919d7b62d727b9ce2739591cb4ac7c9483e0e42c41f98", kill_on_drop: false }`
[INFO] [stdout] 4a3dc0b4bbc84a4ce6e919d7b62d727b9ce2739591cb4ac7c9483e0e42c41f98
[INFO] running `Command { std: "docker" "create" "-v" "/var/lib/crater-agent-workspace/builds/worker-7-tc2/target:/opt/rustwide/target:rw,Z" "-v" "/var/lib/crater-agent-workspace/builds/worker-7-tc2/source:/opt/rustwide/workdir:ro,Z" "-v" "/var/lib/crater-agent-workspace/cargo-home:/opt/rustwide/cargo-home:ro,Z" "-v" "/var/lib/crater-agent-workspace/rustup-home:/opt/rustwide/rustup-home:ro,Z" "-e" "SOURCE_DIR=/opt/rustwide/workdir" "-e" "CARGO_TARGET_DIR=/opt/rustwide/target" "-e" "CARGO_INCREMENTAL=0" "-e" "RUST_BACKTRACE=full" "-e" "RUSTFLAGS=--cap-lints=warn" "-e" "RUSTDOCFLAGS=--cap-lints=warn" "-e" "CARGO_HOME=/opt/rustwide/cargo-home" "-e" "RUSTUP_HOME=/opt/rustwide/rustup-home" "-w" "/opt/rustwide/workdir" "-m" "1610612736" "--user" "0:0" "--network" "none" "ghcr.io/rust-lang/crates-build-env/linux@sha256:2788e3201cd34a07e3172128adcd8b3090168a8e3bcc40d7c032b9dda1df7d1c" "/opt/rustwide/cargo-home/bin/cargo" "+beta-2023-12-22" "test" "--frozen", kill_on_drop: false }`
[INFO] [stdout] e7141f3cc0e643f8091b098bcc7885e1b9a2baf5d625a656132e8ea07e4e25a9
[INFO] running `Command { std: "docker" "start" "-a" "e7141f3cc0e643f8091b098bcc7885e1b9a2baf5d625a656132e8ea07e4e25a9", kill_on_drop: false }`
[INFO] [stderr] warning: fields `width` and `height` are never read
[INFO] [stderr]    --> src/lib.rs:297:5
[INFO] [stderr]     |
[INFO] [stderr] 292 | struct Room {
[INFO] [stderr]     |        ---- fields in this struct
[INFO] [stderr] ...
[INFO] [stderr] 297 |     width: usize,
[INFO] [stderr]     |     ^^^^^
[INFO] [stderr] 298 |     height: usize,
[INFO] [stderr]     |     ^^^^^^
[INFO] [stderr]     |
[INFO] [stderr]     = note: `Room` has a derived impl for the trait `Debug`, but this is intentionally ignored during dead code analysis
[INFO] [stderr]     = note: `#[warn(dead_code)]` on by default
[INFO] [stderr] 
[INFO] [stderr] warning: `procedural-generation` (lib) generated 1 warning
[INFO] [stderr] warning: `procedural-generation` (lib test) generated 1 warning (1 duplicate)
[INFO] [stderr]     Finished test [unoptimized + debuginfo] target(s) in 0.04s
[INFO] [stderr]      Running unittests src/lib.rs (/opt/rustwide/target/debug/deps/procedural_generation-0e087183d6ed928d)
[INFO] [stdout] 
[INFO] [stdout] running 0 tests
[INFO] [stdout] 
[INFO] [stdout] test result: ok. 0 passed; 0 failed; 0 ignored; 0 measured; 0 filtered out; finished in 0.00s
[INFO] [stdout] 
[INFO] [stderr]    Doc-tests procedural-generation
[INFO] [stdout] 
[INFO] [stdout] running 4 tests
[INFO] [stdout] test src/lib.rs - NoiseOptions::new (line 65) ... FAILED
[INFO] [stdout] test src/lib.rs - Generator::spawn_perlin (line 172) ... FAILED
[INFO] [stdout] test src/lib.rs - Generator::spawn_rooms (line 218) ... FAILED
[INFO] [stdout] test src/lib.rs - (line 5) ... ok
[INFO] [stdout] 
[INFO] [stdout] failures:
[INFO] [stdout] 
[INFO] [stdout] ---- src/lib.rs - NoiseOptions::new (line 65) stdout ----
[INFO] [stdout] error[E0422]: cannot find struct, variant or union type `NoiseOptions` in this scope
[INFO] [stdout]  --> src/lib.rs:67:25
[INFO] [stdout]   |
[INFO] [stdout] 3 |     let noise_options = NoiseOptions { frequency: 4., ..NoiseOptions::default() };
[INFO] [stdout]   |                         ^^^^^^^^^^^^ not found in this scope
[INFO] [stdout]   |
[INFO] [stdout] help: consider importing this struct
[INFO] [stdout]   |
[INFO] [stdout] 2 + use procedural_generation::NoiseOptions;
[INFO] [stdout]   |
[INFO] [stdout] 
[INFO] [stdout] error[E0433]: failed to resolve: use of undeclared type `NoiseOptions`
[INFO] [stdout]  --> src/lib.rs:67:57
[INFO] [stdout]   |
[INFO] [stdout] 3 |     let noise_options = NoiseOptions { frequency: 4., ..NoiseOptions::default() };
[INFO] [stdout]   |                                                         ^^^^^^^^^^^^ use of undeclared type `NoiseOptions`
[INFO] [stdout]   |
[INFO] [stdout] help: consider importing this struct
[INFO] [stdout]   |
[INFO] [stdout] 2 + use procedural_generation::NoiseOptions;
[INFO] [stdout]   |
[INFO] [stdout] 
[INFO] [stdout] error[E0433]: failed to resolve: use of undeclared type `Generator`
[INFO] [stdout]  --> src/lib.rs:68:5
[INFO] [stdout]   |
[INFO] [stdout] 4 |     Generator::new()
[INFO] [stdout]   |     ^^^^^^^^^ use of undeclared type `Generator`
[INFO] [stdout]   |
[INFO] [stdout] help: a trait with a similar name exists
[INFO] [stdout]   |
[INFO] [stdout] 4 |     Iterator::new()
[INFO] [stdout]   |     ~~~~~~~~
[INFO] [stdout] help: consider importing this struct
[INFO] [stdout]   |
[INFO] [stdout] 2 + use procedural_generation::Generator;
[INFO] [stdout]   |
[INFO] [stdout] 
[INFO] [stdout] error: aborting due to 3 previous errors
[INFO] [stdout] 
[INFO] [stdout] Some errors have detailed explanations: E0422, E0433.
[INFO] [stdout] For more information about an error, try `rustc --explain E0422`.
[INFO] [stdout] Couldn't compile the test.
[INFO] [stdout] ---- src/lib.rs - Generator::spawn_perlin (line 172) stdout ----
[INFO] [stdout] error[E0433]: failed to resolve: use of undeclared type `Generator`
[INFO] [stdout]  --> src/lib.rs:174:5
[INFO] [stdout]   |
[INFO] [stdout] 3 |     Generator::new()
[INFO] [stdout]   |     ^^^^^^^^^ use of undeclared type `Generator`
[INFO] [stdout]   |
[INFO] [stdout] help: a trait with a similar name exists
[INFO] [stdout]   |
[INFO] [stdout] 3 |     Iterator::new()
[INFO] [stdout]   |     ~~~~~~~~
[INFO] [stdout] help: consider importing this struct
[INFO] [stdout]   |
[INFO] [stdout] 2 + use procedural_generation::Generator;
[INFO] [stdout]   |
[INFO] [stdout] 
[INFO] [stdout] error: aborting due to 1 previous error
[INFO] [stdout] 
[INFO] [stdout] For more information about this error, try `rustc --explain E0433`.
[INFO] [stdout] Couldn't compile the test.
[INFO] [stdout] ---- src/lib.rs - Generator::spawn_rooms (line 218) stdout ----
[INFO] [stdout] error[E0433]: failed to resolve: use of undeclared type `Size`
[INFO] [stdout]  --> src/lib.rs:220:16
[INFO] [stdout]   |
[INFO] [stdout] 3 |     let size = Size::new((4, 4), (10, 10));
[INFO] [stdout]   |                ^^^^ use of undeclared type `Size`
[INFO] [stdout]   |
[INFO] [stdout] help: a trait with a similar name exists
[INFO] [stdout]   |
[INFO] [stdout] 3 |     let size = Sized::new((4, 4), (10, 10));
[INFO] [stdout]   |                ~~~~~
[INFO] [stdout] help: consider importing this struct
[INFO] [stdout]   |
[INFO] [stdout] 2 + use procedural_generation::Size;
[INFO] [stdout]   |
[INFO] [stdout] 
[INFO] [stdout] error[E0433]: failed to resolve: use of undeclared type `Generator`
[INFO] [stdout]  --> src/lib.rs:221:5
[INFO] [stdout]   |
[INFO] [stdout] 4 |     Generator::new()
[INFO] [stdout]   |     ^^^^^^^^^ use of undeclared type `Generator`
[INFO] [stdout]   |
[INFO] [stdout] help: a trait with a similar name exists
[INFO] [stdout]   |
[INFO] [stdout] 4 |     Iterator::new()
[INFO] [stdout]   |     ~~~~~~~~
[INFO] [stdout] help: consider importing this struct
[INFO] [stdout]   |
[INFO] [stdout] 2 + use procedural_generation::Generator;
[INFO] [stdout]   |
[INFO] [stdout] 
[INFO] [stdout] error: aborting due to 2 previous errors
[INFO] [stdout] 
[INFO] [stdout] For more information about this error, try `rustc --explain E0433`.
[INFO] [stdout] Couldn't compile the test.
[INFO] [stdout] 
[INFO] [stdout] failures:
[INFO] [stdout]     src/lib.rs - Generator::spawn_perlin (line 172)
[INFO] [stdout]     src/lib.rs - Generator::spawn_rooms (line 218)
[INFO] [stdout]     src/lib.rs - NoiseOptions::new (line 65)
[INFO] [stdout] 
[INFO] [stdout] test result: FAILED. 1 passed; 3 failed; 0 ignored; 0 measured; 0 filtered out; finished in 0.33s
[INFO] [stdout] 
[INFO] [stderr] error: doctest failed, to rerun pass `--doc`
[INFO] running `Command { std: "docker" "inspect" "e7141f3cc0e643f8091b098bcc7885e1b9a2baf5d625a656132e8ea07e4e25a9", kill_on_drop: false }`
[INFO] running `Command { std: "docker" "rm" "-f" "e7141f3cc0e643f8091b098bcc7885e1b9a2baf5d625a656132e8ea07e4e25a9", kill_on_drop: false }`
[INFO] [stdout] e7141f3cc0e643f8091b098bcc7885e1b9a2baf5d625a656132e8ea07e4e25a9
