[INFO] fetching crate proc_use_inline 0.1.1...
[INFO] testing proc_use_inline-0.1.1 against 1.75.0 for beta-1.76-1
[INFO] extracting crate proc_use_inline 0.1.1 into /workspace/builds/worker-4-tc1/source
[INFO] validating manifest of crates.io crate proc_use_inline 0.1.1 on toolchain 1.75.0
[INFO] running `Command { std: CARGO_HOME="/workspace/cargo-home" RUSTUP_HOME="/workspace/rustup-home" "/workspace/cargo-home/bin/cargo" "+1.75.0" "metadata" "--manifest-path" "Cargo.toml" "--no-deps", kill_on_drop: false }`
[INFO] started tweaking crates.io crate proc_use_inline 0.1.1
[INFO] finished tweaking crates.io crate proc_use_inline 0.1.1
[INFO] tweaked toml for crates.io crate proc_use_inline 0.1.1 written to /workspace/builds/worker-4-tc1/source/Cargo.toml
[INFO] running `Command { std: CARGO_HOME="/workspace/cargo-home" RUSTUP_HOME="/workspace/rustup-home" "/workspace/cargo-home/bin/cargo" "+1.75.0" "generate-lockfile" "--manifest-path" "Cargo.toml", kill_on_drop: false }`
[INFO] [stderr]     Updating crates.io index
[INFO] running `Command { std: CARGO_HOME="/workspace/cargo-home" RUSTUP_HOME="/workspace/rustup-home" "/workspace/cargo-home/bin/cargo" "+1.75.0" "fetch" "--manifest-path" "Cargo.toml", kill_on_drop: false }`
[INFO] running `Command { std: "docker" "create" "-v" "/var/lib/crater-agent-workspace/builds/worker-4-tc1/target:/opt/rustwide/target:rw,Z" "-v" "/var/lib/crater-agent-workspace/builds/worker-4-tc1/source:/opt/rustwide/workdir:ro,Z" "-v" "/var/lib/crater-agent-workspace/cargo-home:/opt/rustwide/cargo-home:ro,Z" "-v" "/var/lib/crater-agent-workspace/rustup-home:/opt/rustwide/rustup-home:ro,Z" "-e" "SOURCE_DIR=/opt/rustwide/workdir" "-e" "CARGO_TARGET_DIR=/opt/rustwide/target" "-e" "CARGO_HOME=/opt/rustwide/cargo-home" "-e" "RUSTUP_HOME=/opt/rustwide/rustup-home" "-w" "/opt/rustwide/workdir" "-m" "1610612736" "--user" "0:0" "--network" "none" "ghcr.io/rust-lang/crates-build-env/linux@sha256:2788e3201cd34a07e3172128adcd8b3090168a8e3bcc40d7c032b9dda1df7d1c" "/opt/rustwide/cargo-home/bin/cargo" "+1.75.0" "metadata" "--no-deps" "--format-version=1", kill_on_drop: false }`
[INFO] [stdout] caf1c6b98b0c2a67564f95404b45aaa507d72a95c6e782888d6b678fa9585ecb
[INFO] running `Command { std: "docker" "start" "-a" "caf1c6b98b0c2a67564f95404b45aaa507d72a95c6e782888d6b678fa9585ecb", kill_on_drop: false }`
[INFO] running `Command { std: "docker" "inspect" "caf1c6b98b0c2a67564f95404b45aaa507d72a95c6e782888d6b678fa9585ecb", kill_on_drop: false }`
[INFO] running `Command { std: "docker" "rm" "-f" "caf1c6b98b0c2a67564f95404b45aaa507d72a95c6e782888d6b678fa9585ecb", kill_on_drop: false }`
[INFO] [stdout] caf1c6b98b0c2a67564f95404b45aaa507d72a95c6e782888d6b678fa9585ecb
[INFO] running `Command { std: "docker" "create" "-v" "/var/lib/crater-agent-workspace/builds/worker-4-tc1/target:/opt/rustwide/target:rw,Z" "-v" "/var/lib/crater-agent-workspace/builds/worker-4-tc1/source:/opt/rustwide/workdir:ro,Z" "-v" "/var/lib/crater-agent-workspace/cargo-home:/opt/rustwide/cargo-home:ro,Z" "-v" "/var/lib/crater-agent-workspace/rustup-home:/opt/rustwide/rustup-home:ro,Z" "-e" "SOURCE_DIR=/opt/rustwide/workdir" "-e" "CARGO_TARGET_DIR=/opt/rustwide/target" "-e" "CARGO_INCREMENTAL=0" "-e" "RUST_BACKTRACE=full" "-e" "RUSTFLAGS=--cap-lints=warn" "-e" "RUSTDOCFLAGS=--cap-lints=warn" "-e" "CARGO_HOME=/opt/rustwide/cargo-home" "-e" "RUSTUP_HOME=/opt/rustwide/rustup-home" "-w" "/opt/rustwide/workdir" "-m" "1610612736" "--user" "0:0" "--network" "none" "ghcr.io/rust-lang/crates-build-env/linux@sha256:2788e3201cd34a07e3172128adcd8b3090168a8e3bcc40d7c032b9dda1df7d1c" "/opt/rustwide/cargo-home/bin/cargo" "+1.75.0" "build" "--frozen" "--message-format=json", kill_on_drop: false }`
[INFO] [stdout] 52c6e909a23f4e39b4a9f222f617465a8f0b0183300a82a8dc861759a88f6d95
[INFO] running `Command { std: "docker" "start" "-a" "52c6e909a23f4e39b4a9f222f617465a8f0b0183300a82a8dc861759a88f6d95", kill_on_drop: false }`
[INFO] [stderr]    Compiling syn v1.0.109
[INFO] [stderr]    Compiling proc_use_inline v0.1.1 (/opt/rustwide/workdir)
[INFO] [stderr]     Finished dev [unoptimized + debuginfo] target(s) in 4.50s
[INFO] running `Command { std: "docker" "inspect" "52c6e909a23f4e39b4a9f222f617465a8f0b0183300a82a8dc861759a88f6d95", kill_on_drop: false }`
[INFO] running `Command { std: "docker" "rm" "-f" "52c6e909a23f4e39b4a9f222f617465a8f0b0183300a82a8dc861759a88f6d95", kill_on_drop: false }`
[INFO] [stdout] 52c6e909a23f4e39b4a9f222f617465a8f0b0183300a82a8dc861759a88f6d95
[INFO] running `Command { std: "docker" "create" "-v" "/var/lib/crater-agent-workspace/builds/worker-4-tc1/target:/opt/rustwide/target:rw,Z" "-v" "/var/lib/crater-agent-workspace/builds/worker-4-tc1/source:/opt/rustwide/workdir:ro,Z" "-v" "/var/lib/crater-agent-workspace/cargo-home:/opt/rustwide/cargo-home:ro,Z" "-v" "/var/lib/crater-agent-workspace/rustup-home:/opt/rustwide/rustup-home:ro,Z" "-e" "SOURCE_DIR=/opt/rustwide/workdir" "-e" "CARGO_TARGET_DIR=/opt/rustwide/target" "-e" "CARGO_INCREMENTAL=0" "-e" "RUST_BACKTRACE=full" "-e" "RUSTFLAGS=--cap-lints=warn" "-e" "RUSTDOCFLAGS=--cap-lints=warn" "-e" "CARGO_HOME=/opt/rustwide/cargo-home" "-e" "RUSTUP_HOME=/opt/rustwide/rustup-home" "-w" "/opt/rustwide/workdir" "-m" "1610612736" "--user" "0:0" "--network" "none" "ghcr.io/rust-lang/crates-build-env/linux@sha256:2788e3201cd34a07e3172128adcd8b3090168a8e3bcc40d7c032b9dda1df7d1c" "/opt/rustwide/cargo-home/bin/cargo" "+1.75.0" "test" "--frozen" "--no-run" "--message-format=json", kill_on_drop: false }`
[INFO] [stdout] 6b326b9ec2afa10930e710d092a368f888ec4ebc34b08172ce0bfea5c656fc57
[INFO] running `Command { std: "docker" "start" "-a" "6b326b9ec2afa10930e710d092a368f888ec4ebc34b08172ce0bfea5c656fc57", kill_on_drop: false }`
[INFO] [stderr]    Compiling proc_use_inline v0.1.1 (/opt/rustwide/workdir)
[INFO] [stderr]     Finished test [unoptimized + debuginfo] target(s) in 0.50s
[INFO] running `Command { std: "docker" "inspect" "6b326b9ec2afa10930e710d092a368f888ec4ebc34b08172ce0bfea5c656fc57", kill_on_drop: false }`
[INFO] running `Command { std: "docker" "rm" "-f" "6b326b9ec2afa10930e710d092a368f888ec4ebc34b08172ce0bfea5c656fc57", kill_on_drop: false }`
[INFO] [stdout] 6b326b9ec2afa10930e710d092a368f888ec4ebc34b08172ce0bfea5c656fc57
[INFO] running `Command { std: "docker" "create" "-v" "/var/lib/crater-agent-workspace/builds/worker-4-tc1/target:/opt/rustwide/target:rw,Z" "-v" "/var/lib/crater-agent-workspace/builds/worker-4-tc1/source:/opt/rustwide/workdir:ro,Z" "-v" "/var/lib/crater-agent-workspace/cargo-home:/opt/rustwide/cargo-home:ro,Z" "-v" "/var/lib/crater-agent-workspace/rustup-home:/opt/rustwide/rustup-home:ro,Z" "-e" "SOURCE_DIR=/opt/rustwide/workdir" "-e" "CARGO_TARGET_DIR=/opt/rustwide/target" "-e" "CARGO_INCREMENTAL=0" "-e" "RUST_BACKTRACE=full" "-e" "RUSTFLAGS=--cap-lints=warn" "-e" "RUSTDOCFLAGS=--cap-lints=warn" "-e" "CARGO_HOME=/opt/rustwide/cargo-home" "-e" "RUSTUP_HOME=/opt/rustwide/rustup-home" "-w" "/opt/rustwide/workdir" "-m" "1610612736" "--user" "0:0" "--network" "none" "ghcr.io/rust-lang/crates-build-env/linux@sha256:2788e3201cd34a07e3172128adcd8b3090168a8e3bcc40d7c032b9dda1df7d1c" "/opt/rustwide/cargo-home/bin/cargo" "+1.75.0" "test" "--frozen", kill_on_drop: false }`
[INFO] [stdout] 15c99af22778e66ed966e858be4767e3dc8840463b9781356730d36ca9a4474e
[INFO] running `Command { std: "docker" "start" "-a" "15c99af22778e66ed966e858be4767e3dc8840463b9781356730d36ca9a4474e", kill_on_drop: false }`
[INFO] [stderr]     Finished test [unoptimized + debuginfo] target(s) in 0.02s
[INFO] [stderr]      Running unittests src/lib.rs (/opt/rustwide/target/debug/deps/proc_use_inline-49cfd8cd518629ff)
[INFO] [stdout] 
[INFO] [stdout] running 0 tests
[INFO] [stdout] 
[INFO] [stdout] test result: ok. 0 passed; 0 failed; 0 ignored; 0 measured; 0 filtered out; finished in 0.00s
[INFO] [stdout] 
[INFO] [stderr]    Doc-tests proc_use_inline
[INFO] [stdout] 
[INFO] [stdout] running 1 test
[INFO] [stdout] test src/lib.rs - proc_use (line 265) ... FAILED
[INFO] [stdout] 
[INFO] [stdout] failures:
[INFO] [stdout] 
[INFO] [stdout] ---- src/lib.rs - proc_use (line 265) stdout ----
[INFO] [stdout] error: cannot declare a non-inline module inside a block unless it has a path attribute
[INFO] [stdout]   --> src/lib.rs:267:1
[INFO] [stdout]    |
[INFO] [stdout] 5  | / proc_use_inline::proc_use! {
[INFO] [stdout] 6  | |    #[mod]
[INFO] [stdout] 7  | |    use foo::*;
[INFO] [stdout] 8  | |    #[mod("../external/bar.rs")]
[INFO] [stdout] 9  | |    use bar::bar;
[INFO] [stdout] 10 | | }
[INFO] [stdout]    | |_^
[INFO] [stdout]    |
[INFO] [stdout]    = note: this error originates in the macro `proc_use_inline::proc_use` (in Nightly builds, run with -Z macro-backtrace for more info)
[INFO] [stdout] 
[INFO] [stdout] error: couldn't read src/../external/bar.rs: No such file or directory (os error 2)
[INFO] [stdout]   --> src/lib.rs:267:1
[INFO] [stdout]    |
[INFO] [stdout] 5  | / proc_use_inline::proc_use! {
[INFO] [stdout] 6  | |    #[mod]
[INFO] [stdout] 7  | |    use foo::*;
[INFO] [stdout] 8  | |    #[mod("../external/bar.rs")]
[INFO] [stdout] 9  | |    use bar::bar;
[INFO] [stdout] 10 | | }
[INFO] [stdout]    | |_^
[INFO] [stdout]    |
[INFO] [stdout]    = note: this error originates in the macro `proc_use_inline::proc_use` (in Nightly builds, run with -Z macro-backtrace for more info)
[INFO] [stdout] 
[INFO] [stdout] error: aborting due to 2 previous errors
[INFO] [stdout] 
[INFO] [stdout] Couldn't compile the test.
[INFO] [stdout] 
[INFO] [stdout] failures:
[INFO] [stdout]     src/lib.rs - proc_use (line 265)
[INFO] [stdout] 
[INFO] [stdout] test result: FAILED. 0 passed; 1 failed; 0 ignored; 0 measured; 0 filtered out; finished in 0.04s
[INFO] [stdout] 
[INFO] [stderr] error: doctest failed, to rerun pass `--doc`
[INFO] running `Command { std: "docker" "inspect" "15c99af22778e66ed966e858be4767e3dc8840463b9781356730d36ca9a4474e", kill_on_drop: false }`
[INFO] running `Command { std: "docker" "rm" "-f" "15c99af22778e66ed966e858be4767e3dc8840463b9781356730d36ca9a4474e", kill_on_drop: false }`
[INFO] [stdout] 15c99af22778e66ed966e858be4767e3dc8840463b9781356730d36ca9a4474e
[INFO] testing proc_use_inline-0.1.1 against beta-2023-12-22 for beta-1.76-1
[INFO] extracting crate proc_use_inline 0.1.1 into /workspace/builds/worker-4-tc2/source
[INFO] validating manifest of crates.io crate proc_use_inline 0.1.1 on toolchain beta-2023-12-22
[INFO] running `Command { std: CARGO_HOME="/workspace/cargo-home" RUSTUP_HOME="/workspace/rustup-home" "/workspace/cargo-home/bin/cargo" "+beta-2023-12-22" "metadata" "--manifest-path" "Cargo.toml" "--no-deps", kill_on_drop: false }`
[INFO] started tweaking crates.io crate proc_use_inline 0.1.1
[INFO] finished tweaking crates.io crate proc_use_inline 0.1.1
[INFO] tweaked toml for crates.io crate proc_use_inline 0.1.1 written to /workspace/builds/worker-4-tc2/source/Cargo.toml
[INFO] running `Command { std: CARGO_HOME="/workspace/cargo-home" RUSTUP_HOME="/workspace/rustup-home" "/workspace/cargo-home/bin/cargo" "+beta-2023-12-22" "generate-lockfile" "--manifest-path" "Cargo.toml", kill_on_drop: false }`
[INFO] [stderr]     Updating crates.io index
[INFO] running `Command { std: CARGO_HOME="/workspace/cargo-home" RUSTUP_HOME="/workspace/rustup-home" "/workspace/cargo-home/bin/cargo" "+beta-2023-12-22" "fetch" "--manifest-path" "Cargo.toml", kill_on_drop: false }`
[INFO] [stderr]     Blocking waiting for file lock on package cache
[INFO] [stderr]     Blocking waiting for file lock on package cache
[INFO] running `Command { std: "docker" "create" "-v" "/var/lib/crater-agent-workspace/builds/worker-4-tc2/target:/opt/rustwide/target:rw,Z" "-v" "/var/lib/crater-agent-workspace/builds/worker-4-tc2/source:/opt/rustwide/workdir:ro,Z" "-v" "/var/lib/crater-agent-workspace/cargo-home:/opt/rustwide/cargo-home:ro,Z" "-v" "/var/lib/crater-agent-workspace/rustup-home:/opt/rustwide/rustup-home:ro,Z" "-e" "SOURCE_DIR=/opt/rustwide/workdir" "-e" "CARGO_TARGET_DIR=/opt/rustwide/target" "-e" "CARGO_HOME=/opt/rustwide/cargo-home" "-e" "RUSTUP_HOME=/opt/rustwide/rustup-home" "-w" "/opt/rustwide/workdir" "-m" "1610612736" "--user" "0:0" "--network" "none" "ghcr.io/rust-lang/crates-build-env/linux@sha256:2788e3201cd34a07e3172128adcd8b3090168a8e3bcc40d7c032b9dda1df7d1c" "/opt/rustwide/cargo-home/bin/cargo" "+beta-2023-12-22" "metadata" "--no-deps" "--format-version=1", kill_on_drop: false }`
[INFO] [stdout] 0e3853359b299276fa45e98bf7cdf58b26264f59e6d205476dc911d68a2dabdb
[INFO] running `Command { std: "docker" "start" "-a" "0e3853359b299276fa45e98bf7cdf58b26264f59e6d205476dc911d68a2dabdb", kill_on_drop: false }`
[INFO] running `Command { std: "docker" "inspect" "0e3853359b299276fa45e98bf7cdf58b26264f59e6d205476dc911d68a2dabdb", kill_on_drop: false }`
[INFO] running `Command { std: "docker" "rm" "-f" "0e3853359b299276fa45e98bf7cdf58b26264f59e6d205476dc911d68a2dabdb", kill_on_drop: false }`
[INFO] [stdout] 0e3853359b299276fa45e98bf7cdf58b26264f59e6d205476dc911d68a2dabdb
[INFO] running `Command { std: "docker" "create" "-v" "/var/lib/crater-agent-workspace/builds/worker-4-tc2/target:/opt/rustwide/target:rw,Z" "-v" "/var/lib/crater-agent-workspace/builds/worker-4-tc2/source:/opt/rustwide/workdir:ro,Z" "-v" "/var/lib/crater-agent-workspace/cargo-home:/opt/rustwide/cargo-home:ro,Z" "-v" "/var/lib/crater-agent-workspace/rustup-home:/opt/rustwide/rustup-home:ro,Z" "-e" "SOURCE_DIR=/opt/rustwide/workdir" "-e" "CARGO_TARGET_DIR=/opt/rustwide/target" "-e" "CARGO_INCREMENTAL=0" "-e" "RUST_BACKTRACE=full" "-e" "RUSTFLAGS=--cap-lints=warn" "-e" "RUSTDOCFLAGS=--cap-lints=warn" "-e" "CARGO_HOME=/opt/rustwide/cargo-home" "-e" "RUSTUP_HOME=/opt/rustwide/rustup-home" "-w" "/opt/rustwide/workdir" "-m" "1610612736" "--user" "0:0" "--network" "none" "ghcr.io/rust-lang/crates-build-env/linux@sha256:2788e3201cd34a07e3172128adcd8b3090168a8e3bcc40d7c032b9dda1df7d1c" "/opt/rustwide/cargo-home/bin/cargo" "+beta-2023-12-22" "build" "--frozen" "--message-format=json", kill_on_drop: false }`
[INFO] [stdout] 31d594454669f5967712c175540306416b75cdef672b1ee3bad959eec862840d
[INFO] running `Command { std: "docker" "start" "-a" "31d594454669f5967712c175540306416b75cdef672b1ee3bad959eec862840d", kill_on_drop: false }`
[INFO] [stderr]    Compiling syn v1.0.109
[INFO] [stderr]    Compiling proc_use_inline v0.1.1 (/opt/rustwide/workdir)
[INFO] [stderr]     Finished dev [unoptimized + debuginfo] target(s) in 4.04s
[INFO] running `Command { std: "docker" "inspect" "31d594454669f5967712c175540306416b75cdef672b1ee3bad959eec862840d", kill_on_drop: false }`
[INFO] running `Command { std: "docker" "rm" "-f" "31d594454669f5967712c175540306416b75cdef672b1ee3bad959eec862840d", kill_on_drop: false }`
[INFO] [stdout] 31d594454669f5967712c175540306416b75cdef672b1ee3bad959eec862840d
[INFO] running `Command { std: "docker" "create" "-v" "/var/lib/crater-agent-workspace/builds/worker-4-tc2/target:/opt/rustwide/target:rw,Z" "-v" "/var/lib/crater-agent-workspace/builds/worker-4-tc2/source:/opt/rustwide/workdir:ro,Z" "-v" "/var/lib/crater-agent-workspace/cargo-home:/opt/rustwide/cargo-home:ro,Z" "-v" "/var/lib/crater-agent-workspace/rustup-home:/opt/rustwide/rustup-home:ro,Z" "-e" "SOURCE_DIR=/opt/rustwide/workdir" "-e" "CARGO_TARGET_DIR=/opt/rustwide/target" "-e" "CARGO_INCREMENTAL=0" "-e" "RUST_BACKTRACE=full" "-e" "RUSTFLAGS=--cap-lints=warn" "-e" "RUSTDOCFLAGS=--cap-lints=warn" "-e" "CARGO_HOME=/opt/rustwide/cargo-home" "-e" "RUSTUP_HOME=/opt/rustwide/rustup-home" "-w" "/opt/rustwide/workdir" "-m" "1610612736" "--user" "0:0" "--network" "none" "ghcr.io/rust-lang/crates-build-env/linux@sha256:2788e3201cd34a07e3172128adcd8b3090168a8e3bcc40d7c032b9dda1df7d1c" "/opt/rustwide/cargo-home/bin/cargo" "+beta-2023-12-22" "test" "--frozen" "--no-run" "--message-format=json", kill_on_drop: false }`
[INFO] [stdout] 6a6a600847e1f53840d7cd063995b6e30a62dc6edc61b2ff49b2af05f4f8e1aa
[INFO] running `Command { std: "docker" "start" "-a" "6a6a600847e1f53840d7cd063995b6e30a62dc6edc61b2ff49b2af05f4f8e1aa", kill_on_drop: false }`
[INFO] [stderr]    Compiling proc_use_inline v0.1.1 (/opt/rustwide/workdir)
[INFO] [stderr]     Finished test [unoptimized + debuginfo] target(s) in 0.51s
[INFO] running `Command { std: "docker" "inspect" "6a6a600847e1f53840d7cd063995b6e30a62dc6edc61b2ff49b2af05f4f8e1aa", kill_on_drop: false }`
[INFO] running `Command { std: "docker" "rm" "-f" "6a6a600847e1f53840d7cd063995b6e30a62dc6edc61b2ff49b2af05f4f8e1aa", kill_on_drop: false }`
[INFO] [stdout] 6a6a600847e1f53840d7cd063995b6e30a62dc6edc61b2ff49b2af05f4f8e1aa
[INFO] running `Command { std: "docker" "create" "-v" "/var/lib/crater-agent-workspace/builds/worker-4-tc2/target:/opt/rustwide/target:rw,Z" "-v" "/var/lib/crater-agent-workspace/builds/worker-4-tc2/source:/opt/rustwide/workdir:ro,Z" "-v" "/var/lib/crater-agent-workspace/cargo-home:/opt/rustwide/cargo-home:ro,Z" "-v" "/var/lib/crater-agent-workspace/rustup-home:/opt/rustwide/rustup-home:ro,Z" "-e" "SOURCE_DIR=/opt/rustwide/workdir" "-e" "CARGO_TARGET_DIR=/opt/rustwide/target" "-e" "CARGO_INCREMENTAL=0" "-e" "RUST_BACKTRACE=full" "-e" "RUSTFLAGS=--cap-lints=warn" "-e" "RUSTDOCFLAGS=--cap-lints=warn" "-e" "CARGO_HOME=/opt/rustwide/cargo-home" "-e" "RUSTUP_HOME=/opt/rustwide/rustup-home" "-w" "/opt/rustwide/workdir" "-m" "1610612736" "--user" "0:0" "--network" "none" "ghcr.io/rust-lang/crates-build-env/linux@sha256:2788e3201cd34a07e3172128adcd8b3090168a8e3bcc40d7c032b9dda1df7d1c" "/opt/rustwide/cargo-home/bin/cargo" "+beta-2023-12-22" "test" "--frozen", kill_on_drop: false }`
[INFO] [stdout] a2354de9c0248c78988b2329372bf0c217ad7b35cb44720353264e2df2c01f36
[INFO] running `Command { std: "docker" "start" "-a" "a2354de9c0248c78988b2329372bf0c217ad7b35cb44720353264e2df2c01f36", kill_on_drop: false }`
[INFO] [stderr]     Finished test [unoptimized + debuginfo] target(s) in 0.01s
[INFO] [stderr]      Running unittests src/lib.rs (/opt/rustwide/target/debug/deps/proc_use_inline-2f64fc9624d08120)
[INFO] [stdout] 
[INFO] [stdout] running 0 tests
[INFO] [stdout] 
[INFO] [stdout] test result: ok. 0 passed; 0 failed; 0 ignored; 0 measured; 0 filtered out; finished in 0.00s
[INFO] [stdout] 
[INFO] [stderr]    Doc-tests proc_use_inline
[INFO] [stdout] 
[INFO] [stdout] running 1 test
[INFO] [stdout] test src/lib.rs - proc_use (line 265) ... FAILED
[INFO] [stdout] 
[INFO] [stdout] failures:
[INFO] [stdout] 
[INFO] [stdout] ---- src/lib.rs - proc_use (line 265) stdout ----
[INFO] [stdout] error: cannot declare a non-inline module inside a block unless it has a path attribute
[INFO] [stdout]   --> src/lib.rs:267:1
[INFO] [stdout]    |
[INFO] [stdout] 5  | / proc_use_inline::proc_use! {
[INFO] [stdout] 6  | |    #[mod]
[INFO] [stdout] 7  | |    use foo::*;
[INFO] [stdout] 8  | |    #[mod("../external/bar.rs")]
[INFO] [stdout] 9  | |    use bar::bar;
[INFO] [stdout] 10 | | }
[INFO] [stdout]    | |_^
[INFO] [stdout]    |
[INFO] [stdout]    = note: this error originates in the macro `proc_use_inline::proc_use` (in Nightly builds, run with -Z macro-backtrace for more info)
[INFO] [stdout] 
[INFO] [stdout] error: couldn't read src/../external/bar.rs: No such file or directory (os error 2)
[INFO] [stdout]   --> src/lib.rs:267:1
[INFO] [stdout]    |
[INFO] [stdout] 5  | / proc_use_inline::proc_use! {
[INFO] [stdout] 6  | |    #[mod]
[INFO] [stdout] 7  | |    use foo::*;
[INFO] [stdout] 8  | |    #[mod("../external/bar.rs")]
[INFO] [stdout] 9  | |    use bar::bar;
[INFO] [stdout] 10 | | }
[INFO] [stdout]    | |_^
[INFO] [stdout]    |
[INFO] [stdout]    = note: this error originates in the macro `proc_use_inline::proc_use` (in Nightly builds, run with -Z macro-backtrace for more info)
[INFO] [stdout] 
[INFO] [stdout] error: aborting due to 2 previous errors
[INFO] [stdout] 
[INFO] [stdout] Couldn't compile the test.
[INFO] [stdout] 
[INFO] [stdout] failures:
[INFO] [stdout]     src/lib.rs - proc_use (line 265)
[INFO] [stdout] 
[INFO] [stdout] test result: FAILED. 0 passed; 1 failed; 0 ignored; 0 measured; 0 filtered out; finished in 0.06s
[INFO] [stdout] 
[INFO] [stderr] error: doctest failed, to rerun pass `--doc`
[INFO] running `Command { std: "docker" "inspect" "a2354de9c0248c78988b2329372bf0c217ad7b35cb44720353264e2df2c01f36", kill_on_drop: false }`
[INFO] running `Command { std: "docker" "rm" "-f" "a2354de9c0248c78988b2329372bf0c217ad7b35cb44720353264e2df2c01f36", kill_on_drop: false }`
[INFO] [stdout] a2354de9c0248c78988b2329372bf0c217ad7b35cb44720353264e2df2c01f36
