[INFO] fetching crate proc-bitfield 0.3.0...
[INFO] testing proc-bitfield-0.3.0 against 1.75.0 for beta-1.76-1
[INFO] extracting crate proc-bitfield 0.3.0 into /workspace/builds/worker-6-tc1/source
[INFO] validating manifest of crates.io crate proc-bitfield 0.3.0 on toolchain 1.75.0
[INFO] running `Command { std: CARGO_HOME="/workspace/cargo-home" RUSTUP_HOME="/workspace/rustup-home" "/workspace/cargo-home/bin/cargo" "+1.75.0" "metadata" "--manifest-path" "Cargo.toml" "--no-deps", kill_on_drop: false }`
[INFO] started tweaking crates.io crate proc-bitfield 0.3.0
[INFO] finished tweaking crates.io crate proc-bitfield 0.3.0
[INFO] tweaked toml for crates.io crate proc-bitfield 0.3.0 written to /workspace/builds/worker-6-tc1/source/Cargo.toml
[INFO] running `Command { std: CARGO_HOME="/workspace/cargo-home" RUSTUP_HOME="/workspace/rustup-home" "/workspace/cargo-home/bin/cargo" "+1.75.0" "generate-lockfile" "--manifest-path" "Cargo.toml", kill_on_drop: false }`
[INFO] [stderr]     Updating crates.io index
[INFO] running `Command { std: CARGO_HOME="/workspace/cargo-home" RUSTUP_HOME="/workspace/rustup-home" "/workspace/cargo-home/bin/cargo" "+1.75.0" "fetch" "--manifest-path" "Cargo.toml", kill_on_drop: false }`
[INFO] [stderr]  Downloading crates ...
[INFO] [stderr]   Downloaded proc-bitfield-macros v0.3.0
[INFO] running `Command { std: "docker" "create" "-v" "/var/lib/crater-agent-workspace/builds/worker-6-tc1/target:/opt/rustwide/target:rw,Z" "-v" "/var/lib/crater-agent-workspace/builds/worker-6-tc1/source:/opt/rustwide/workdir:ro,Z" "-v" "/var/lib/crater-agent-workspace/cargo-home:/opt/rustwide/cargo-home:ro,Z" "-v" "/var/lib/crater-agent-workspace/rustup-home:/opt/rustwide/rustup-home:ro,Z" "-e" "SOURCE_DIR=/opt/rustwide/workdir" "-e" "CARGO_TARGET_DIR=/opt/rustwide/target" "-e" "CARGO_HOME=/opt/rustwide/cargo-home" "-e" "RUSTUP_HOME=/opt/rustwide/rustup-home" "-w" "/opt/rustwide/workdir" "-m" "1610612736" "--user" "0:0" "--network" "none" "ghcr.io/rust-lang/crates-build-env/linux@sha256:2788e3201cd34a07e3172128adcd8b3090168a8e3bcc40d7c032b9dda1df7d1c" "/opt/rustwide/cargo-home/bin/cargo" "+1.75.0" "metadata" "--no-deps" "--format-version=1", kill_on_drop: false }`
[INFO] [stdout] 64fc29d2a40dd1e6901d39f13e92f100748505be0b2fed301fa9fb8f6a781643
[INFO] running `Command { std: "docker" "start" "-a" "64fc29d2a40dd1e6901d39f13e92f100748505be0b2fed301fa9fb8f6a781643", kill_on_drop: false }`
[INFO] running `Command { std: "docker" "inspect" "64fc29d2a40dd1e6901d39f13e92f100748505be0b2fed301fa9fb8f6a781643", kill_on_drop: false }`
[INFO] running `Command { std: "docker" "rm" "-f" "64fc29d2a40dd1e6901d39f13e92f100748505be0b2fed301fa9fb8f6a781643", kill_on_drop: false }`
[INFO] [stdout] 64fc29d2a40dd1e6901d39f13e92f100748505be0b2fed301fa9fb8f6a781643
[INFO] running `Command { std: "docker" "create" "-v" "/var/lib/crater-agent-workspace/builds/worker-6-tc1/target:/opt/rustwide/target:rw,Z" "-v" "/var/lib/crater-agent-workspace/builds/worker-6-tc1/source:/opt/rustwide/workdir:ro,Z" "-v" "/var/lib/crater-agent-workspace/cargo-home:/opt/rustwide/cargo-home:ro,Z" "-v" "/var/lib/crater-agent-workspace/rustup-home:/opt/rustwide/rustup-home:ro,Z" "-e" "SOURCE_DIR=/opt/rustwide/workdir" "-e" "CARGO_TARGET_DIR=/opt/rustwide/target" "-e" "CARGO_INCREMENTAL=0" "-e" "RUST_BACKTRACE=full" "-e" "RUSTFLAGS=--cap-lints=warn" "-e" "RUSTDOCFLAGS=--cap-lints=warn" "-e" "CARGO_HOME=/opt/rustwide/cargo-home" "-e" "RUSTUP_HOME=/opt/rustwide/rustup-home" "-w" "/opt/rustwide/workdir" "-m" "1610612736" "--user" "0:0" "--network" "none" "ghcr.io/rust-lang/crates-build-env/linux@sha256:2788e3201cd34a07e3172128adcd8b3090168a8e3bcc40d7c032b9dda1df7d1c" "/opt/rustwide/cargo-home/bin/cargo" "+1.75.0" "build" "--frozen" "--message-format=json", kill_on_drop: false }`
[INFO] [stdout] 39a86aa3eb1ad66f345f98e66132bda805bb2025833bdf9a0b43afaec199d19e
[INFO] running `Command { std: "docker" "start" "-a" "39a86aa3eb1ad66f345f98e66132bda805bb2025833bdf9a0b43afaec199d19e", kill_on_drop: false }`
[INFO] [stderr]    Compiling proc-macro2 v1.0.75
[INFO] [stderr]    Compiling quote v1.0.35
[INFO] [stderr]    Compiling syn v2.0.48
[INFO] [stderr]    Compiling proc-bitfield-macros v0.3.0
[INFO] [stderr]    Compiling proc-bitfield v0.3.0 (/opt/rustwide/workdir)
[INFO] [stderr]     Finished dev [unoptimized + debuginfo] target(s) in 3.13s
[INFO] running `Command { std: "docker" "inspect" "39a86aa3eb1ad66f345f98e66132bda805bb2025833bdf9a0b43afaec199d19e", kill_on_drop: false }`
[INFO] running `Command { std: "docker" "rm" "-f" "39a86aa3eb1ad66f345f98e66132bda805bb2025833bdf9a0b43afaec199d19e", kill_on_drop: false }`
[INFO] [stdout] 39a86aa3eb1ad66f345f98e66132bda805bb2025833bdf9a0b43afaec199d19e
[INFO] running `Command { std: "docker" "create" "-v" "/var/lib/crater-agent-workspace/builds/worker-6-tc1/target:/opt/rustwide/target:rw,Z" "-v" "/var/lib/crater-agent-workspace/builds/worker-6-tc1/source:/opt/rustwide/workdir:ro,Z" "-v" "/var/lib/crater-agent-workspace/cargo-home:/opt/rustwide/cargo-home:ro,Z" "-v" "/var/lib/crater-agent-workspace/rustup-home:/opt/rustwide/rustup-home:ro,Z" "-e" "SOURCE_DIR=/opt/rustwide/workdir" "-e" "CARGO_TARGET_DIR=/opt/rustwide/target" "-e" "CARGO_INCREMENTAL=0" "-e" "RUST_BACKTRACE=full" "-e" "RUSTFLAGS=--cap-lints=warn" "-e" "RUSTDOCFLAGS=--cap-lints=warn" "-e" "CARGO_HOME=/opt/rustwide/cargo-home" "-e" "RUSTUP_HOME=/opt/rustwide/rustup-home" "-w" "/opt/rustwide/workdir" "-m" "1610612736" "--user" "0:0" "--network" "none" "ghcr.io/rust-lang/crates-build-env/linux@sha256:2788e3201cd34a07e3172128adcd8b3090168a8e3bcc40d7c032b9dda1df7d1c" "/opt/rustwide/cargo-home/bin/cargo" "+1.75.0" "test" "--frozen" "--no-run" "--message-format=json", kill_on_drop: false }`
[INFO] [stdout] b68ce7c6622891672909d1e4768fa88e4681581df26f0e4f3c4bf3d6a4ca3d74
[INFO] running `Command { std: "docker" "start" "-a" "b68ce7c6622891672909d1e4768fa88e4681581df26f0e4f3c4bf3d6a4ca3d74", kill_on_drop: false }`
[INFO] [stderr]    Compiling proc-bitfield v0.3.0 (/opt/rustwide/workdir)
[INFO] [stderr]     Finished test [unoptimized + debuginfo] target(s) in 0.28s
[INFO] running `Command { std: "docker" "inspect" "b68ce7c6622891672909d1e4768fa88e4681581df26f0e4f3c4bf3d6a4ca3d74", kill_on_drop: false }`
[INFO] running `Command { std: "docker" "rm" "-f" "b68ce7c6622891672909d1e4768fa88e4681581df26f0e4f3c4bf3d6a4ca3d74", kill_on_drop: false }`
[INFO] [stdout] b68ce7c6622891672909d1e4768fa88e4681581df26f0e4f3c4bf3d6a4ca3d74
[INFO] running `Command { std: "docker" "create" "-v" "/var/lib/crater-agent-workspace/builds/worker-6-tc1/target:/opt/rustwide/target:rw,Z" "-v" "/var/lib/crater-agent-workspace/builds/worker-6-tc1/source:/opt/rustwide/workdir:ro,Z" "-v" "/var/lib/crater-agent-workspace/cargo-home:/opt/rustwide/cargo-home:ro,Z" "-v" "/var/lib/crater-agent-workspace/rustup-home:/opt/rustwide/rustup-home:ro,Z" "-e" "SOURCE_DIR=/opt/rustwide/workdir" "-e" "CARGO_TARGET_DIR=/opt/rustwide/target" "-e" "CARGO_INCREMENTAL=0" "-e" "RUST_BACKTRACE=full" "-e" "RUSTFLAGS=--cap-lints=warn" "-e" "RUSTDOCFLAGS=--cap-lints=warn" "-e" "CARGO_HOME=/opt/rustwide/cargo-home" "-e" "RUSTUP_HOME=/opt/rustwide/rustup-home" "-w" "/opt/rustwide/workdir" "-m" "1610612736" "--user" "0:0" "--network" "none" "ghcr.io/rust-lang/crates-build-env/linux@sha256:2788e3201cd34a07e3172128adcd8b3090168a8e3bcc40d7c032b9dda1df7d1c" "/opt/rustwide/cargo-home/bin/cargo" "+1.75.0" "test" "--frozen", kill_on_drop: false }`
[INFO] [stdout] 36d038c4070ab78f4cdd6ea41fa7948c0017a57535de1c6cc1c0f0eaa21e7417
[INFO] running `Command { std: "docker" "start" "-a" "36d038c4070ab78f4cdd6ea41fa7948c0017a57535de1c6cc1c0f0eaa21e7417", kill_on_drop: false }`
[INFO] [stderr]     Finished test [unoptimized + debuginfo] target(s) in 0.01s
[INFO] [stderr]      Running unittests src/lib.rs (/opt/rustwide/target/debug/deps/proc_bitfield-e0e3203a597f47ba)
[INFO] [stdout] 
[INFO] [stdout] running 0 tests
[INFO] [stdout] 
[INFO] [stdout] test result: ok. 0 passed; 0 failed; 0 ignored; 0 measured; 0 filtered out; finished in 0.00s
[INFO] [stdout] 
[INFO] [stderr]    Doc-tests proc-bitfield
[INFO] [stdout] 
[INFO] [stdout] running 5 tests
[INFO] [stdout] test src/lib.rs - bitfield (line 80) ... FAILED
[INFO] [stdout] test src/lib.rs - ConvRaw (line 20) ... FAILED
[INFO] [stdout] test src/lib.rs - bitfield (line 54) ... FAILED
[INFO] [stdout] test src/lib.rs - (line 14) ... FAILED
[INFO] [stdout] test src/lib.rs - bitfield (line 17) ... FAILED
[INFO] [stdout] 
[INFO] [stdout] failures:
[INFO] [stdout] 
[INFO] [stdout] ---- src/lib.rs - bitfield (line 80) stdout ----
[INFO] [stdout] error: cannot find macro `bitfield` in this scope
[INFO] [stdout]  --> src/lib.rs:84:1
[INFO] [stdout]   |
[INFO] [stdout] 6 | bitfield! {
[INFO] [stdout]   | ^^^^^^^^
[INFO] [stdout]   |
[INFO] [stdout] help: consider importing one of these items
[INFO] [stdout]   |
[INFO] [stdout] 5 + use macros::bitfield;
[INFO] [stdout]   |
[INFO] [stdout] 5 + use proc_bitfield::bitfield;
[INFO] [stdout]   |
[INFO] [stdout] 
[INFO] [stdout] error: aborting due to previous error
[INFO] [stdout] 
[INFO] [stdout] Couldn't compile the test.
[INFO] [stdout] ---- src/lib.rs - ConvRaw (line 20) stdout ----
[INFO] [stdout] error: cannot find derive macro `ConvRaw` in this scope
[INFO] [stdout]  --> src/lib.rs:21:10
[INFO] [stdout]   |
[INFO] [stdout] 3 | #[derive(ConvRaw)]
[INFO] [stdout]   |          ^^^^^^^
[INFO] [stdout]   |
[INFO] [stdout] help: consider importing one of these items
[INFO] [stdout]   |
[INFO] [stdout] 2 + use macros::ConvRaw;
[INFO] [stdout]   |
[INFO] [stdout] 2 + use proc_bitfield::ConvRaw;
[INFO] [stdout]   |
[INFO] [stdout] 
[INFO] [stdout] error: aborting due to previous error
[INFO] [stdout] 
[INFO] [stdout] Couldn't compile the test.
[INFO] [stdout] ---- src/lib.rs - bitfield (line 54) stdout ----
[INFO] [stdout] error: cannot find macro `bitfield` in this scope
[INFO] [stdout]  --> src/lib.rs:55:1
[INFO] [stdout]   |
[INFO] [stdout] 3 | bitfield! {
[INFO] [stdout]   | ^^^^^^^^
[INFO] [stdout]   |
[INFO] [stdout] help: consider importing one of these items
[INFO] [stdout]   |
[INFO] [stdout] 2 + use macros::bitfield;
[INFO] [stdout]   |
[INFO] [stdout] 2 + use proc_bitfield::bitfield;
[INFO] [stdout]   |
[INFO] [stdout] 
[INFO] [stdout] error: aborting due to previous error
[INFO] [stdout] 
[INFO] [stdout] Couldn't compile the test.
[INFO] [stdout] ---- src/lib.rs - (line 14) stdout ----
[INFO] [stdout] error: cannot find macro `bitfield` in this scope
[INFO] [stdout]  --> src/lib.rs:15:1
[INFO] [stdout]   |
[INFO] [stdout] 3 | bitfield! {
[INFO] [stdout]   | ^^^^^^^^
[INFO] [stdout]   |
[INFO] [stdout] help: consider importing one of these items
[INFO] [stdout]   |
[INFO] [stdout] 2 + use macros::bitfield;
[INFO] [stdout]   |
[INFO] [stdout] 2 + use proc_bitfield::bitfield;
[INFO] [stdout]   |
[INFO] [stdout] 
[INFO] [stdout] error: aborting due to previous error
[INFO] [stdout] 
[INFO] [stdout] Couldn't compile the test.
[INFO] [stdout] ---- src/lib.rs - bitfield (line 17) stdout ----
[INFO] [stdout] error: cannot find macro `bitfield` in this scope
[INFO] [stdout]  --> src/lib.rs:18:1
[INFO] [stdout]   |
[INFO] [stdout] 3 | bitfield! {
[INFO] [stdout]   | ^^^^^^^^
[INFO] [stdout]   |
[INFO] [stdout] help: consider importing one of these items
[INFO] [stdout]   |
[INFO] [stdout] 2 + use macros::bitfield;
[INFO] [stdout]   |
[INFO] [stdout] 2 + use proc_bitfield::bitfield;
[INFO] [stdout]   |
[INFO] [stdout] 
[INFO] [stdout] error: aborting due to previous error
[INFO] [stdout] 
[INFO] [stdout] Couldn't compile the test.
[INFO] [stdout] 
[INFO] [stdout] failures:
[INFO] [stdout]     src/lib.rs - (line 14)
[INFO] [stdout]     src/lib.rs - ConvRaw (line 20)
[INFO] [stdout]     src/lib.rs - bitfield (line 17)
[INFO] [stdout]     src/lib.rs - bitfield (line 54)
[INFO] [stdout]     src/lib.rs - bitfield (line 80)
[INFO] [stdout] 
[INFO] [stdout] test result: FAILED. 0 passed; 5 failed; 0 ignored; 0 measured; 0 filtered out; finished in 0.05s
[INFO] [stdout] 
[INFO] [stderr] error: doctest failed, to rerun pass `--doc`
[INFO] running `Command { std: "docker" "inspect" "36d038c4070ab78f4cdd6ea41fa7948c0017a57535de1c6cc1c0f0eaa21e7417", kill_on_drop: false }`
[INFO] running `Command { std: "docker" "rm" "-f" "36d038c4070ab78f4cdd6ea41fa7948c0017a57535de1c6cc1c0f0eaa21e7417", kill_on_drop: false }`
[INFO] [stdout] 36d038c4070ab78f4cdd6ea41fa7948c0017a57535de1c6cc1c0f0eaa21e7417
[INFO] testing proc-bitfield-0.3.0 against beta-2023-12-22 for beta-1.76-1
[INFO] extracting crate proc-bitfield 0.3.0 into /workspace/builds/worker-6-tc2/source
[INFO] validating manifest of crates.io crate proc-bitfield 0.3.0 on toolchain beta-2023-12-22
[INFO] running `Command { std: CARGO_HOME="/workspace/cargo-home" RUSTUP_HOME="/workspace/rustup-home" "/workspace/cargo-home/bin/cargo" "+beta-2023-12-22" "metadata" "--manifest-path" "Cargo.toml" "--no-deps", kill_on_drop: false }`
[INFO] started tweaking crates.io crate proc-bitfield 0.3.0
[INFO] finished tweaking crates.io crate proc-bitfield 0.3.0
[INFO] tweaked toml for crates.io crate proc-bitfield 0.3.0 written to /workspace/builds/worker-6-tc2/source/Cargo.toml
[INFO] running `Command { std: CARGO_HOME="/workspace/cargo-home" RUSTUP_HOME="/workspace/rustup-home" "/workspace/cargo-home/bin/cargo" "+beta-2023-12-22" "generate-lockfile" "--manifest-path" "Cargo.toml", kill_on_drop: false }`
[INFO] [stderr]     Updating crates.io index
[INFO] running `Command { std: CARGO_HOME="/workspace/cargo-home" RUSTUP_HOME="/workspace/rustup-home" "/workspace/cargo-home/bin/cargo" "+beta-2023-12-22" "fetch" "--manifest-path" "Cargo.toml", kill_on_drop: false }`
[INFO] running `Command { std: "docker" "create" "-v" "/var/lib/crater-agent-workspace/builds/worker-6-tc2/target:/opt/rustwide/target:rw,Z" "-v" "/var/lib/crater-agent-workspace/builds/worker-6-tc2/source:/opt/rustwide/workdir:ro,Z" "-v" "/var/lib/crater-agent-workspace/cargo-home:/opt/rustwide/cargo-home:ro,Z" "-v" "/var/lib/crater-agent-workspace/rustup-home:/opt/rustwide/rustup-home:ro,Z" "-e" "SOURCE_DIR=/opt/rustwide/workdir" "-e" "CARGO_TARGET_DIR=/opt/rustwide/target" "-e" "CARGO_HOME=/opt/rustwide/cargo-home" "-e" "RUSTUP_HOME=/opt/rustwide/rustup-home" "-w" "/opt/rustwide/workdir" "-m" "1610612736" "--user" "0:0" "--network" "none" "ghcr.io/rust-lang/crates-build-env/linux@sha256:2788e3201cd34a07e3172128adcd8b3090168a8e3bcc40d7c032b9dda1df7d1c" "/opt/rustwide/cargo-home/bin/cargo" "+beta-2023-12-22" "metadata" "--no-deps" "--format-version=1", kill_on_drop: false }`
[INFO] [stdout] cb9bde3a03fe65b098661a2375dd75f46c234b2b4d1c2583637876ad64cb6705
[INFO] running `Command { std: "docker" "start" "-a" "cb9bde3a03fe65b098661a2375dd75f46c234b2b4d1c2583637876ad64cb6705", kill_on_drop: false }`
[INFO] running `Command { std: "docker" "inspect" "cb9bde3a03fe65b098661a2375dd75f46c234b2b4d1c2583637876ad64cb6705", kill_on_drop: false }`
[INFO] running `Command { std: "docker" "rm" "-f" "cb9bde3a03fe65b098661a2375dd75f46c234b2b4d1c2583637876ad64cb6705", kill_on_drop: false }`
[INFO] [stdout] cb9bde3a03fe65b098661a2375dd75f46c234b2b4d1c2583637876ad64cb6705
[INFO] running `Command { std: "docker" "create" "-v" "/var/lib/crater-agent-workspace/builds/worker-6-tc2/target:/opt/rustwide/target:rw,Z" "-v" "/var/lib/crater-agent-workspace/builds/worker-6-tc2/source:/opt/rustwide/workdir:ro,Z" "-v" "/var/lib/crater-agent-workspace/cargo-home:/opt/rustwide/cargo-home:ro,Z" "-v" "/var/lib/crater-agent-workspace/rustup-home:/opt/rustwide/rustup-home:ro,Z" "-e" "SOURCE_DIR=/opt/rustwide/workdir" "-e" "CARGO_TARGET_DIR=/opt/rustwide/target" "-e" "CARGO_INCREMENTAL=0" "-e" "RUST_BACKTRACE=full" "-e" "RUSTFLAGS=--cap-lints=warn" "-e" "RUSTDOCFLAGS=--cap-lints=warn" "-e" "CARGO_HOME=/opt/rustwide/cargo-home" "-e" "RUSTUP_HOME=/opt/rustwide/rustup-home" "-w" "/opt/rustwide/workdir" "-m" "1610612736" "--user" "0:0" "--network" "none" "ghcr.io/rust-lang/crates-build-env/linux@sha256:2788e3201cd34a07e3172128adcd8b3090168a8e3bcc40d7c032b9dda1df7d1c" "/opt/rustwide/cargo-home/bin/cargo" "+beta-2023-12-22" "build" "--frozen" "--message-format=json", kill_on_drop: false }`
[INFO] [stdout] 75429125387c1bbb975816079d1346942eafeee2944d3364dd31c10fa84dd96b
[INFO] running `Command { std: "docker" "start" "-a" "75429125387c1bbb975816079d1346942eafeee2944d3364dd31c10fa84dd96b", kill_on_drop: false }`
[INFO] [stderr]    Compiling proc-macro2 v1.0.75
[INFO] [stderr]    Compiling quote v1.0.35
[INFO] [stderr]    Compiling syn v2.0.48
[INFO] [stderr]    Compiling proc-bitfield-macros v0.3.0
[INFO] [stderr]    Compiling proc-bitfield v0.3.0 (/opt/rustwide/workdir)
[INFO] [stderr]     Finished dev [unoptimized + debuginfo] target(s) in 3.17s
[INFO] running `Command { std: "docker" "inspect" "75429125387c1bbb975816079d1346942eafeee2944d3364dd31c10fa84dd96b", kill_on_drop: false }`
[INFO] running `Command { std: "docker" "rm" "-f" "75429125387c1bbb975816079d1346942eafeee2944d3364dd31c10fa84dd96b", kill_on_drop: false }`
[INFO] [stdout] 75429125387c1bbb975816079d1346942eafeee2944d3364dd31c10fa84dd96b
[INFO] running `Command { std: "docker" "create" "-v" "/var/lib/crater-agent-workspace/builds/worker-6-tc2/target:/opt/rustwide/target:rw,Z" "-v" "/var/lib/crater-agent-workspace/builds/worker-6-tc2/source:/opt/rustwide/workdir:ro,Z" "-v" "/var/lib/crater-agent-workspace/cargo-home:/opt/rustwide/cargo-home:ro,Z" "-v" "/var/lib/crater-agent-workspace/rustup-home:/opt/rustwide/rustup-home:ro,Z" "-e" "SOURCE_DIR=/opt/rustwide/workdir" "-e" "CARGO_TARGET_DIR=/opt/rustwide/target" "-e" "CARGO_INCREMENTAL=0" "-e" "RUST_BACKTRACE=full" "-e" "RUSTFLAGS=--cap-lints=warn" "-e" "RUSTDOCFLAGS=--cap-lints=warn" "-e" "CARGO_HOME=/opt/rustwide/cargo-home" "-e" "RUSTUP_HOME=/opt/rustwide/rustup-home" "-w" "/opt/rustwide/workdir" "-m" "1610612736" "--user" "0:0" "--network" "none" "ghcr.io/rust-lang/crates-build-env/linux@sha256:2788e3201cd34a07e3172128adcd8b3090168a8e3bcc40d7c032b9dda1df7d1c" "/opt/rustwide/cargo-home/bin/cargo" "+beta-2023-12-22" "test" "--frozen" "--no-run" "--message-format=json", kill_on_drop: false }`
[INFO] [stdout] 42b9a8b270e9df1b63655fde4ea539da3faddfde8660f16b24ef0deb0da516f6
[INFO] running `Command { std: "docker" "start" "-a" "42b9a8b270e9df1b63655fde4ea539da3faddfde8660f16b24ef0deb0da516f6", kill_on_drop: false }`
[INFO] [stderr]    Compiling proc-bitfield v0.3.0 (/opt/rustwide/workdir)
[INFO] [stderr]     Finished test [unoptimized + debuginfo] target(s) in 0.28s
[INFO] running `Command { std: "docker" "inspect" "42b9a8b270e9df1b63655fde4ea539da3faddfde8660f16b24ef0deb0da516f6", kill_on_drop: false }`
[INFO] running `Command { std: "docker" "rm" "-f" "42b9a8b270e9df1b63655fde4ea539da3faddfde8660f16b24ef0deb0da516f6", kill_on_drop: false }`
[INFO] [stdout] 42b9a8b270e9df1b63655fde4ea539da3faddfde8660f16b24ef0deb0da516f6
[INFO] running `Command { std: "docker" "create" "-v" "/var/lib/crater-agent-workspace/builds/worker-6-tc2/target:/opt/rustwide/target:rw,Z" "-v" "/var/lib/crater-agent-workspace/builds/worker-6-tc2/source:/opt/rustwide/workdir:ro,Z" "-v" "/var/lib/crater-agent-workspace/cargo-home:/opt/rustwide/cargo-home:ro,Z" "-v" "/var/lib/crater-agent-workspace/rustup-home:/opt/rustwide/rustup-home:ro,Z" "-e" "SOURCE_DIR=/opt/rustwide/workdir" "-e" "CARGO_TARGET_DIR=/opt/rustwide/target" "-e" "CARGO_INCREMENTAL=0" "-e" "RUST_BACKTRACE=full" "-e" "RUSTFLAGS=--cap-lints=warn" "-e" "RUSTDOCFLAGS=--cap-lints=warn" "-e" "CARGO_HOME=/opt/rustwide/cargo-home" "-e" "RUSTUP_HOME=/opt/rustwide/rustup-home" "-w" "/opt/rustwide/workdir" "-m" "1610612736" "--user" "0:0" "--network" "none" "ghcr.io/rust-lang/crates-build-env/linux@sha256:2788e3201cd34a07e3172128adcd8b3090168a8e3bcc40d7c032b9dda1df7d1c" "/opt/rustwide/cargo-home/bin/cargo" "+beta-2023-12-22" "test" "--frozen", kill_on_drop: false }`
[INFO] [stdout] 69b3e7b636234de79f0c06281239dc68fdca666abb47553842e9f9c1a82f014c
[INFO] running `Command { std: "docker" "start" "-a" "69b3e7b636234de79f0c06281239dc68fdca666abb47553842e9f9c1a82f014c", kill_on_drop: false }`
[INFO] [stderr]     Finished test [unoptimized + debuginfo] target(s) in 0.01s
[INFO] [stderr]      Running unittests src/lib.rs (/opt/rustwide/target/debug/deps/proc_bitfield-e4584b72a880eff9)
[INFO] [stdout] 
[INFO] [stdout] running 0 tests
[INFO] [stdout] 
[INFO] [stdout] test result: ok. 0 passed; 0 failed; 0 ignored; 0 measured; 0 filtered out; finished in 0.00s
[INFO] [stdout] 
[INFO] [stderr]    Doc-tests proc-bitfield
[INFO] [stdout] 
[INFO] [stdout] running 5 tests
[INFO] [stdout] test src/lib.rs - bitfield (line 80) ... FAILED
[INFO] [stdout] test src/lib.rs - bitfield (line 54) ... FAILED
[INFO] [stdout] test src/lib.rs - (line 14) ... FAILED
[INFO] [stdout] test src/lib.rs - bitfield (line 17) ... FAILED
[INFO] [stdout] test src/lib.rs - ConvRaw (line 20) ... FAILED
[INFO] [stdout] 
[INFO] [stdout] failures:
[INFO] [stdout] 
[INFO] [stdout] ---- src/lib.rs - bitfield (line 80) stdout ----
[INFO] [stdout] error: cannot find macro `bitfield` in this scope
[INFO] [stdout]  --> src/lib.rs:84:1
[INFO] [stdout]   |
[INFO] [stdout] 6 | bitfield! {
[INFO] [stdout]   | ^^^^^^^^
[INFO] [stdout]   |
[INFO] [stdout] help: consider importing one of these items
[INFO] [stdout]   |
[INFO] [stdout] 5 + use macros::bitfield;
[INFO] [stdout]   |
[INFO] [stdout] 5 + use proc_bitfield::bitfield;
[INFO] [stdout]   |
[INFO] [stdout] 
[INFO] [stdout] error: aborting due to 1 previous error
[INFO] [stdout] 
[INFO] [stdout] Couldn't compile the test.
[INFO] [stdout] ---- src/lib.rs - bitfield (line 54) stdout ----
[INFO] [stdout] error: cannot find macro `bitfield` in this scope
[INFO] [stdout]  --> src/lib.rs:55:1
[INFO] [stdout]   |
[INFO] [stdout] 3 | bitfield! {
[INFO] [stdout]   | ^^^^^^^^
[INFO] [stdout]   |
[INFO] [stdout] help: consider importing one of these items
[INFO] [stdout]   |
[INFO] [stdout] 2 + use macros::bitfield;
[INFO] [stdout]   |
[INFO] [stdout] 2 + use proc_bitfield::bitfield;
[INFO] [stdout]   |
[INFO] [stdout] 
[INFO] [stdout] error: aborting due to 1 previous error
[INFO] [stdout] 
[INFO] [stdout] Couldn't compile the test.
[INFO] [stdout] ---- src/lib.rs - (line 14) stdout ----
[INFO] [stdout] error: cannot find macro `bitfield` in this scope
[INFO] [stdout]  --> src/lib.rs:15:1
[INFO] [stdout]   |
[INFO] [stdout] 3 | bitfield! {
[INFO] [stdout]   | ^^^^^^^^
[INFO] [stdout]   |
[INFO] [stdout] help: consider importing one of these items
[INFO] [stdout]   |
[INFO] [stdout] 2 + use macros::bitfield;
[INFO] [stdout]   |
[INFO] [stdout] 2 + use proc_bitfield::bitfield;
[INFO] [stdout]   |
[INFO] [stdout] 
[INFO] [stdout] error: aborting due to 1 previous error
[INFO] [stdout] 
[INFO] [stdout] Couldn't compile the test.
[INFO] [stdout] ---- src/lib.rs - bitfield (line 17) stdout ----
[INFO] [stdout] error: cannot find macro `bitfield` in this scope
[INFO] [stdout]  --> src/lib.rs:18:1
[INFO] [stdout]   |
[INFO] [stdout] 3 | bitfield! {
[INFO] [stdout]   | ^^^^^^^^
[INFO] [stdout]   |
[INFO] [stdout] help: consider importing one of these items
[INFO] [stdout]   |
[INFO] [stdout] 2 + use macros::bitfield;
[INFO] [stdout]   |
[INFO] [stdout] 2 + use proc_bitfield::bitfield;
[INFO] [stdout]   |
[INFO] [stdout] 
[INFO] [stdout] error: aborting due to 1 previous error
[INFO] [stdout] 
[INFO] [stdout] Couldn't compile the test.
[INFO] [stdout] ---- src/lib.rs - ConvRaw (line 20) stdout ----
[INFO] [stdout] error: cannot find derive macro `ConvRaw` in this scope
[INFO] [stdout]  --> src/lib.rs:21:10
[INFO] [stdout]   |
[INFO] [stdout] 3 | #[derive(ConvRaw)]
[INFO] [stdout]   |          ^^^^^^^
[INFO] [stdout]   |
[INFO] [stdout] help: consider importing one of these items
[INFO] [stdout]   |
[INFO] [stdout] 2 + use macros::ConvRaw;
[INFO] [stdout]   |
[INFO] [stdout] 2 + use proc_bitfield::ConvRaw;
[INFO] [stdout]   |
[INFO] [stdout] 
[INFO] [stdout] error: aborting due to 1 previous error
[INFO] [stdout] 
[INFO] [stdout] Couldn't compile the test.
[INFO] [stdout] 
[INFO] [stdout] failures:
[INFO] [stdout]     src/lib.rs - (line 14)
[INFO] [stdout]     src/lib.rs - ConvRaw (line 20)
[INFO] [stdout]     src/lib.rs - bitfield (line 17)
[INFO] [stdout]     src/lib.rs - bitfield (line 54)
[INFO] [stdout]     src/lib.rs - bitfield (line 80)
[INFO] [stdout] 
[INFO] [stdout] test result: FAILED. 0 passed; 5 failed; 0 ignored; 0 measured; 0 filtered out; finished in 0.05s
[INFO] [stdout] 
[INFO] [stderr] error: doctest failed, to rerun pass `--doc`
[INFO] running `Command { std: "docker" "inspect" "69b3e7b636234de79f0c06281239dc68fdca666abb47553842e9f9c1a82f014c", kill_on_drop: false }`
[INFO] running `Command { std: "docker" "rm" "-f" "69b3e7b636234de79f0c06281239dc68fdca666abb47553842e9f9c1a82f014c", kill_on_drop: false }`
[INFO] [stdout] 69b3e7b636234de79f0c06281239dc68fdca666abb47553842e9f9c1a82f014c
