[INFO] fetching crate prkorm 0.5.0...
[INFO] testing prkorm-0.5.0 against 1.75.0 for beta-1.76-1
[INFO] extracting crate prkorm 0.5.0 into /workspace/builds/worker-7-tc1/source
[INFO] validating manifest of crates.io crate prkorm 0.5.0 on toolchain 1.75.0
[INFO] running `Command { std: CARGO_HOME="/workspace/cargo-home" RUSTUP_HOME="/workspace/rustup-home" "/workspace/cargo-home/bin/cargo" "+1.75.0" "metadata" "--manifest-path" "Cargo.toml" "--no-deps", kill_on_drop: false }`
[INFO] started tweaking crates.io crate prkorm 0.5.0
[INFO] finished tweaking crates.io crate prkorm 0.5.0
[INFO] tweaked toml for crates.io crate prkorm 0.5.0 written to /workspace/builds/worker-7-tc1/source/Cargo.toml
[INFO] running `Command { std: CARGO_HOME="/workspace/cargo-home" RUSTUP_HOME="/workspace/rustup-home" "/workspace/cargo-home/bin/cargo" "+1.75.0" "generate-lockfile" "--manifest-path" "Cargo.toml", kill_on_drop: false }`
[INFO] [stderr]     Updating crates.io index
[INFO] running `Command { std: CARGO_HOME="/workspace/cargo-home" RUSTUP_HOME="/workspace/rustup-home" "/workspace/cargo-home/bin/cargo" "+1.75.0" "fetch" "--manifest-path" "Cargo.toml", kill_on_drop: false }`
[INFO] running `Command { std: "docker" "create" "-v" "/var/lib/crater-agent-workspace/builds/worker-7-tc1/target:/opt/rustwide/target:rw,Z" "-v" "/var/lib/crater-agent-workspace/builds/worker-7-tc1/source:/opt/rustwide/workdir:ro,Z" "-v" "/var/lib/crater-agent-workspace/cargo-home:/opt/rustwide/cargo-home:ro,Z" "-v" "/var/lib/crater-agent-workspace/rustup-home:/opt/rustwide/rustup-home:ro,Z" "-e" "SOURCE_DIR=/opt/rustwide/workdir" "-e" "CARGO_TARGET_DIR=/opt/rustwide/target" "-e" "CARGO_HOME=/opt/rustwide/cargo-home" "-e" "RUSTUP_HOME=/opt/rustwide/rustup-home" "-w" "/opt/rustwide/workdir" "-m" "1610612736" "--user" "0:0" "--network" "none" "ghcr.io/rust-lang/crates-build-env/linux@sha256:2788e3201cd34a07e3172128adcd8b3090168a8e3bcc40d7c032b9dda1df7d1c" "/opt/rustwide/cargo-home/bin/cargo" "+1.75.0" "metadata" "--no-deps" "--format-version=1", kill_on_drop: false }`
[INFO] [stdout] c79bd1a4f4903391b6b9b19e4d1b738942cc9d0c3f77249e4a74d482d8c9dc95
[INFO] running `Command { std: "docker" "start" "-a" "c79bd1a4f4903391b6b9b19e4d1b738942cc9d0c3f77249e4a74d482d8c9dc95", kill_on_drop: false }`
[INFO] running `Command { std: "docker" "inspect" "c79bd1a4f4903391b6b9b19e4d1b738942cc9d0c3f77249e4a74d482d8c9dc95", kill_on_drop: false }`
[INFO] running `Command { std: "docker" "rm" "-f" "c79bd1a4f4903391b6b9b19e4d1b738942cc9d0c3f77249e4a74d482d8c9dc95", kill_on_drop: false }`
[INFO] [stdout] c79bd1a4f4903391b6b9b19e4d1b738942cc9d0c3f77249e4a74d482d8c9dc95
[INFO] running `Command { std: "docker" "create" "-v" "/var/lib/crater-agent-workspace/builds/worker-7-tc1/target:/opt/rustwide/target:rw,Z" "-v" "/var/lib/crater-agent-workspace/builds/worker-7-tc1/source:/opt/rustwide/workdir:ro,Z" "-v" "/var/lib/crater-agent-workspace/cargo-home:/opt/rustwide/cargo-home:ro,Z" "-v" "/var/lib/crater-agent-workspace/rustup-home:/opt/rustwide/rustup-home:ro,Z" "-e" "SOURCE_DIR=/opt/rustwide/workdir" "-e" "CARGO_TARGET_DIR=/opt/rustwide/target" "-e" "CARGO_INCREMENTAL=0" "-e" "RUST_BACKTRACE=full" "-e" "RUSTFLAGS=--cap-lints=warn" "-e" "RUSTDOCFLAGS=--cap-lints=warn" "-e" "CARGO_HOME=/opt/rustwide/cargo-home" "-e" "RUSTUP_HOME=/opt/rustwide/rustup-home" "-w" "/opt/rustwide/workdir" "-m" "1610612736" "--user" "0:0" "--network" "none" "ghcr.io/rust-lang/crates-build-env/linux@sha256:2788e3201cd34a07e3172128adcd8b3090168a8e3bcc40d7c032b9dda1df7d1c" "/opt/rustwide/cargo-home/bin/cargo" "+1.75.0" "build" "--frozen" "--message-format=json", kill_on_drop: false }`
[INFO] [stdout] acb6032c8024ac18808b6b441cb58a841af0fe12f420f729f4d3934676a75a38
[INFO] running `Command { std: "docker" "start" "-a" "acb6032c8024ac18808b6b441cb58a841af0fe12f420f729f4d3934676a75a38", kill_on_drop: false }`
[INFO] [stderr]    Compiling proc-macro2 v1.0.75
[INFO] [stderr]    Compiling unicode-ident v1.0.12
[INFO] [stderr]    Compiling quote v1.0.35
[INFO] [stderr]    Compiling syn v2.0.48
[INFO] [stderr]    Compiling prkorm v0.5.0 (/opt/rustwide/workdir)
[INFO] [stdout] warning: unused variable: `field_ty`
[INFO] [stdout]    --> src/lib.rs:315:13
[INFO] [stdout]     |
[INFO] [stdout] 315 |         let field_ty = &field.ty;
[INFO] [stdout]     |             ^^^^^^^^ help: if this is intentional, prefix it with an underscore: `_field_ty`
[INFO] [stdout]     |
[INFO] [stdout]     = note: `#[warn(unused_variables)]` on by default
[INFO] [stdout] 
[INFO] [stdout] 
[INFO] [stdout] warning: 1 warning emitted
[INFO] [stdout] 
[INFO] [stdout] 
[INFO] [stderr]     Finished dev [unoptimized + debuginfo] target(s) in 2.52s
[INFO] running `Command { std: "docker" "inspect" "acb6032c8024ac18808b6b441cb58a841af0fe12f420f729f4d3934676a75a38", kill_on_drop: false }`
[INFO] running `Command { std: "docker" "rm" "-f" "acb6032c8024ac18808b6b441cb58a841af0fe12f420f729f4d3934676a75a38", kill_on_drop: false }`
[INFO] [stdout] acb6032c8024ac18808b6b441cb58a841af0fe12f420f729f4d3934676a75a38
[INFO] running `Command { std: "docker" "create" "-v" "/var/lib/crater-agent-workspace/builds/worker-7-tc1/target:/opt/rustwide/target:rw,Z" "-v" "/var/lib/crater-agent-workspace/builds/worker-7-tc1/source:/opt/rustwide/workdir:ro,Z" "-v" "/var/lib/crater-agent-workspace/cargo-home:/opt/rustwide/cargo-home:ro,Z" "-v" "/var/lib/crater-agent-workspace/rustup-home:/opt/rustwide/rustup-home:ro,Z" "-e" "SOURCE_DIR=/opt/rustwide/workdir" "-e" "CARGO_TARGET_DIR=/opt/rustwide/target" "-e" "CARGO_INCREMENTAL=0" "-e" "RUST_BACKTRACE=full" "-e" "RUSTFLAGS=--cap-lints=warn" "-e" "RUSTDOCFLAGS=--cap-lints=warn" "-e" "CARGO_HOME=/opt/rustwide/cargo-home" "-e" "RUSTUP_HOME=/opt/rustwide/rustup-home" "-w" "/opt/rustwide/workdir" "-m" "1610612736" "--user" "0:0" "--network" "none" "ghcr.io/rust-lang/crates-build-env/linux@sha256:2788e3201cd34a07e3172128adcd8b3090168a8e3bcc40d7c032b9dda1df7d1c" "/opt/rustwide/cargo-home/bin/cargo" "+1.75.0" "test" "--frozen" "--no-run" "--message-format=json", kill_on_drop: false }`
[INFO] [stdout] 96a84637dfda1697dd965b881e3755e9e09c976e7e33dd694866adea59a83d72
[INFO] running `Command { std: "docker" "start" "-a" "96a84637dfda1697dd965b881e3755e9e09c976e7e33dd694866adea59a83d72", kill_on_drop: false }`
[INFO] [stderr]    Compiling prkorm v0.5.0 (/opt/rustwide/workdir)
[INFO] [stdout] warning: unused variable: `field_ty`
[INFO] [stdout]    --> src/lib.rs:315:13
[INFO] [stdout]     |
[INFO] [stdout] 315 |         let field_ty = &field.ty;
[INFO] [stdout]     |             ^^^^^^^^ help: if this is intentional, prefix it with an underscore: `_field_ty`
[INFO] [stdout]     |
[INFO] [stdout]     = note: `#[warn(unused_variables)]` on by default
[INFO] [stdout] 
[INFO] [stdout] 
[INFO] [stdout] warning: unused variable: `field_ty`
[INFO] [stdout]    --> src/lib.rs:315:13
[INFO] [stdout]     |
[INFO] [stdout] 315 |         let field_ty = &field.ty;
[INFO] [stdout]     |             ^^^^^^^^ help: if this is intentional, prefix it with an underscore: `_field_ty`
[INFO] [stdout]     |
[INFO] [stdout]     = note: `#[warn(unused_variables)]` on by default
[INFO] [stdout] 
[INFO] [stdout] 
[INFO] [stdout] warning: 1 warning emitted
[INFO] [stdout] 
[INFO] [stdout] 
[INFO] [stdout] warning: 1 warning emitted
[INFO] [stdout] 
[INFO] [stdout] 
[INFO] [stderr]     Finished test [unoptimized + debuginfo] target(s) in 0.75s
[INFO] running `Command { std: "docker" "inspect" "96a84637dfda1697dd965b881e3755e9e09c976e7e33dd694866adea59a83d72", kill_on_drop: false }`
[INFO] running `Command { std: "docker" "rm" "-f" "96a84637dfda1697dd965b881e3755e9e09c976e7e33dd694866adea59a83d72", kill_on_drop: false }`
[INFO] [stdout] 96a84637dfda1697dd965b881e3755e9e09c976e7e33dd694866adea59a83d72
[INFO] running `Command { std: "docker" "create" "-v" "/var/lib/crater-agent-workspace/builds/worker-7-tc1/target:/opt/rustwide/target:rw,Z" "-v" "/var/lib/crater-agent-workspace/builds/worker-7-tc1/source:/opt/rustwide/workdir:ro,Z" "-v" "/var/lib/crater-agent-workspace/cargo-home:/opt/rustwide/cargo-home:ro,Z" "-v" "/var/lib/crater-agent-workspace/rustup-home:/opt/rustwide/rustup-home:ro,Z" "-e" "SOURCE_DIR=/opt/rustwide/workdir" "-e" "CARGO_TARGET_DIR=/opt/rustwide/target" "-e" "CARGO_INCREMENTAL=0" "-e" "RUST_BACKTRACE=full" "-e" "RUSTFLAGS=--cap-lints=warn" "-e" "RUSTDOCFLAGS=--cap-lints=warn" "-e" "CARGO_HOME=/opt/rustwide/cargo-home" "-e" "RUSTUP_HOME=/opt/rustwide/rustup-home" "-w" "/opt/rustwide/workdir" "-m" "1610612736" "--user" "0:0" "--network" "none" "ghcr.io/rust-lang/crates-build-env/linux@sha256:2788e3201cd34a07e3172128adcd8b3090168a8e3bcc40d7c032b9dda1df7d1c" "/opt/rustwide/cargo-home/bin/cargo" "+1.75.0" "test" "--frozen", kill_on_drop: false }`
[INFO] [stdout] d886b27a89de2879b9c3a3235efeacc682705621b9467e9bce825d755b1dff56
[INFO] running `Command { std: "docker" "start" "-a" "d886b27a89de2879b9c3a3235efeacc682705621b9467e9bce825d755b1dff56", kill_on_drop: false }`
[INFO] [stderr] warning: unused variable: `field_ty`
[INFO] [stderr]    --> src/lib.rs:315:13
[INFO] [stderr]     |
[INFO] [stderr] 315 |         let field_ty = &field.ty;
[INFO] [stderr]     |             ^^^^^^^^ help: if this is intentional, prefix it with an underscore: `_field_ty`
[INFO] [stderr]     |
[INFO] [stderr]     = note: `#[warn(unused_variables)]` on by default
[INFO] [stderr] 
[INFO] [stderr] warning: `prkorm` (lib) generated 1 warning (run `cargo fix --lib -p prkorm` to apply 1 suggestion)
[INFO] [stderr] warning: `prkorm` (lib test) generated 1 warning (1 duplicate)
[INFO] [stderr]     Finished test [unoptimized + debuginfo] target(s) in 0.00s
[INFO] [stderr]      Running unittests src/lib.rs (/opt/rustwide/target/debug/deps/prkorm-d87935f768864afa)
[INFO] [stdout] 
[INFO] [stdout] running 0 tests
[INFO] [stdout] 
[INFO] [stdout] test result: ok. 0 passed; 0 failed; 0 ignored; 0 measured; 0 filtered out; finished in 0.00s
[INFO] [stdout] 
[INFO] [stderr]    Doc-tests prkorm
[INFO] [stdout] 
[INFO] [stdout] running 4 tests
[INFO] [stdout] test src/lib.rs - (line 18) ... FAILED
[INFO] [stdout] test src/lib.rs - (line 38) ... FAILED
[INFO] [stdout] test src/lib.rs - (line 64) ... FAILED
[INFO] [stdout] test src/lib.rs - (line 13) ... ok
[INFO] [stdout] 
[INFO] [stdout] failures:
[INFO] [stdout] 
[INFO] [stdout] ---- src/lib.rs - (line 18) stdout ----
[INFO] [stdout] error: cannot find derive macro `Table` in this scope
[INFO] [stdout]   --> src/lib.rs:29:10
[INFO] [stdout]    |
[INFO] [stdout] 13 | #[derive(Table, Debug)]
[INFO] [stdout]    |          ^^^^^
[INFO] [stdout]    |
[INFO] [stdout] help: consider importing this derive macro
[INFO] [stdout]    |
[INFO] [stdout] 2  + use prkorm::Table;
[INFO] [stdout]    |
[INFO] [stdout] 
[INFO] [stdout] error: cannot find attribute `table_name` in this scope
[INFO] [stdout]   --> src/lib.rs:30:3
[INFO] [stdout]    |
[INFO] [stdout] 14 | #[table_name("customers")]
[INFO] [stdout]    |   ^^^^^^^^^^
[INFO] [stdout] 
[INFO] [stdout] error: cannot find derive macro `Table` in this scope
[INFO] [stdout]  --> src/lib.rs:19:10
[INFO] [stdout]   |
[INFO] [stdout] 3 | #[derive(Table, Debug)]
[INFO] [stdout]   |          ^^^^^
[INFO] [stdout]   |
[INFO] [stdout] help: consider importing this derive macro
[INFO] [stdout]   |
[INFO] [stdout] 2 + use prkorm::Table;
[INFO] [stdout]   |
[INFO] [stdout] 
[INFO] [stdout] error: cannot find attribute `table_name` in this scope
[INFO] [stdout]  --> src/lib.rs:20:3
[INFO] [stdout]   |
[INFO] [stdout] 4 | #[table_name("orders")]
[INFO] [stdout]   |   ^^^^^^^^^^
[INFO] [stdout] 
[INFO] [stdout] error: aborting due to 4 previous errors
[INFO] [stdout] 
[INFO] [stdout] Couldn't compile the test.
[INFO] [stdout] ---- src/lib.rs - (line 38) stdout ----
[INFO] [stdout] error: unknown start of token: `
[INFO] [stdout]   --> src/lib.rs:50:5
[INFO] [stdout]    |
[INFO] [stdout] 14 |     ```sql
[INFO] [stdout]    |     ^^^
[INFO] [stdout]    |
[INFO] [stdout]    = note: character appears 2 more times
[INFO] [stdout] help: Unicode character '`' (Grave Accent) looks like ''' (Single Quote), but it is not
[INFO] [stdout]    |
[INFO] [stdout] 14 |     '''sql
[INFO] [stdout]    |     ~~~
[INFO] [stdout] 
[INFO] [stdout] error: unknown start of token: `
[INFO] [stdout]   --> src/lib.rs:53:20
[INFO] [stdout]    |
[INFO] [stdout] 17 |     CONCAT_WS(' ', `first_name`, `last_name`) as username , address_1      
[INFO] [stdout]    |                    ^
[INFO] [stdout]    |
[INFO] [stdout] help: Unicode character '`' (Grave Accent) looks like ''' (Single Quote), but it is not
[INFO] [stdout]    |
[INFO] [stdout] 17 |     CONCAT_WS(' ', 'first_name`, `last_name`) as username , address_1      
[INFO] [stdout]    |                    ~
[INFO] [stdout] 
[INFO] [stdout] error: unknown start of token: `
[INFO] [stdout]   --> src/lib.rs:53:31
[INFO] [stdout]    |
[INFO] [stdout] 17 |     CONCAT_WS(' ', `first_name`, `last_name`) as username , address_1      
[INFO] [stdout]    |                               ^
[INFO] [stdout]    |
[INFO] [stdout] help: Unicode character '`' (Grave Accent) looks like ''' (Single Quote), but it is not
[INFO] [stdout]    |
[INFO] [stdout] 17 |     CONCAT_WS(' ', `first_name', `last_name`) as username , address_1      
[INFO] [stdout]    |                               ~
[INFO] [stdout] 
[INFO] [stdout] error: unknown start of token: `
[INFO] [stdout]   --> src/lib.rs:53:34
[INFO] [stdout]    |
[INFO] [stdout] 17 |     CONCAT_WS(' ', `first_name`, `last_name`) as username , address_1      
[INFO] [stdout]    |                                  ^
[INFO] [stdout]    |
[INFO] [stdout] help: Unicode character '`' (Grave Accent) looks like ''' (Single Quote), but it is not
[INFO] [stdout]    |
[INFO] [stdout] 17 |     CONCAT_WS(' ', `first_name`, 'last_name`) as username , address_1      
[INFO] [stdout]    |                                  ~
[INFO] [stdout] 
[INFO] [stdout] error: unknown start of token: `
[INFO] [stdout]   --> src/lib.rs:53:44
[INFO] [stdout]    |
[INFO] [stdout] 17 |     CONCAT_WS(' ', `first_name`, `last_name`) as username , address_1      
[INFO] [stdout]    |                                            ^
[INFO] [stdout]    |
[INFO] [stdout] help: Unicode character '`' (Grave Accent) looks like ''' (Single Quote), but it is not
[INFO] [stdout]    |
[INFO] [stdout] 17 |     CONCAT_WS(' ', `first_name`, `last_name') as username , address_1      
[INFO] [stdout]    |                                            ~
[INFO] [stdout] 
[INFO] [stdout] error: character literal may only contain one codepoint
[INFO] [stdout]   --> src/lib.rs:57:33
[INFO] [stdout]    |
[INFO] [stdout] 21 |     WHERE orders.order_status = 'PENDING'
[INFO] [stdout]    |                                 ^^^^^^^^^
[INFO] [stdout]    |
[INFO] [stdout] help: if you meant to write a `str` literal, use double quotes
[INFO] [stdout]    |
[INFO] [stdout] 21 |     WHERE orders.order_status = "PENDING"
[INFO] [stdout]    |                                 ~~~~~~~~~
[INFO] [stdout] 
[INFO] [stdout] error: character literal may only contain one codepoint
[INFO] [stdout]   --> src/lib.rs:58:34
[INFO] [stdout]    |
[INFO] [stdout] 22 |     HAVING orders.order_status = 'PENDING'
[INFO] [stdout]    |                                  ^^^^^^^^^
[INFO] [stdout]    |
[INFO] [stdout] help: if you meant to write a `str` literal, use double quotes
[INFO] [stdout]    |
[INFO] [stdout] 22 |     HAVING orders.order_status = "PENDING"
[INFO] [stdout]    |                                  ~~~~~~~~~
[INFO] [stdout] 
[INFO] [stdout] error: unknown start of token: `
[INFO] [stdout]   --> src/lib.rs:60:5
[INFO] [stdout]    |
[INFO] [stdout] 24 |     ```
[INFO] [stdout]    |     ^^^
[INFO] [stdout]    |
[INFO] [stdout]    = note: character appears 2 more times
[INFO] [stdout] help: Unicode character '`' (Grave Accent) looks like ''' (Single Quote), but it is not
[INFO] [stdout]    |
[INFO] [stdout] 24 |     '''
[INFO] [stdout]    |
[INFO] [stdout] 
[INFO] [stdout] error: expected `;`, found `SELECT`
[INFO] [stdout]   --> src/lib.rs:50:11
[INFO] [stdout]    |
[INFO] [stdout] 14 |     ```sql
[INFO] [stdout]    |           ^ help: add `;` here
[INFO] [stdout] 15 |     SELECT orders.id, orders.customer_id, 
[INFO] [stdout]    |     ------ unexpected token
[INFO] [stdout] 
[INFO] [stdout] error: expected one of `!`, `.`, `::`, `;`, `?`, `{`, `}`, or an operator, found `orders`
[INFO] [stdout]   --> src/lib.rs:51:12
[INFO] [stdout]    |
[INFO] [stdout] 15 |     SELECT orders.id, orders.customer_id, 
[INFO] [stdout]    |            ^^^^^^ expected one of 8 possible tokens
[INFO] [stdout] 
[INFO] [stdout] error[E0433]: failed to resolve: use of undeclared type `OrderModel`
[INFO] [stdout]  --> src/lib.rs:39:32
[INFO] [stdout]   |
[INFO] [stdout] 3 | let mut select_query: String = OrderModel::select()
[INFO] [stdout]   |                                ^^^^^^^^^^ use of undeclared type `OrderModel`
[INFO] [stdout] 
[INFO] [stdout] error[E0433]: failed to resolve: use of undeclared type `Customer`
[INFO] [stdout]  --> src/lib.rs:42:31
[INFO] [stdout]   |
[INFO] [stdout] 6 |     .left_join_by_customer_id(Customer::table(), "id")
[INFO] [stdout]   |                               ^^^^^^^^ use of undeclared type `Customer`
[INFO] [stdout] 
[INFO] [stdout] error: aborting due to 12 previous errors
[INFO] [stdout] 
[INFO] [stdout] For more information about this error, try `rustc --explain E0433`.
[INFO] [stdout] Couldn't compile the test.
[INFO] [stdout] ---- src/lib.rs - (line 64) stdout ----
[INFO] [stdout] error: unknown start of token: `
[INFO] [stdout]   --> src/lib.rs:96:5
[INFO] [stdout]    |
[INFO] [stdout] 34 |     ```sql
[INFO] [stdout]    |     ^^^
[INFO] [stdout]    |
[INFO] [stdout]    = note: character appears 2 more times
[INFO] [stdout] help: Unicode character '`' (Grave Accent) looks like ''' (Single Quote), but it is not
[INFO] [stdout]    |
[INFO] [stdout] 34 |     '''sql
[INFO] [stdout]    |     ~~~
[INFO] [stdout] 
[INFO] [stdout] error: character literal may only contain one codepoint
[INFO] [stdout]   --> src/lib.rs:101:38
[INFO] [stdout]    |
[INFO] [stdout] 39 |     WHERE customers.mobile_number != 'NULL')
[INFO] [stdout]    |                                      ^^^^^^
[INFO] [stdout]    |
[INFO] [stdout] help: if you meant to write a `str` literal, use double quotes
[INFO] [stdout]    |
[INFO] [stdout] 39 |     WHERE customers.mobile_number != "NULL")
[INFO] [stdout]    |                                      ~~~~~~
[INFO] [stdout] 
[INFO] [stdout] error: unknown start of token: `
[INFO] [stdout]   --> src/lib.rs:102:5
[INFO] [stdout]    |
[INFO] [stdout] 40 |     ```
[INFO] [stdout]    |     ^^^
[INFO] [stdout]    |
[INFO] [stdout]    = note: character appears 2 more times
[INFO] [stdout] help: Unicode character '`' (Grave Accent) looks like ''' (Single Quote), but it is not
[INFO] [stdout]    |
[INFO] [stdout] 40 |     '''
[INFO] [stdout]    |
[INFO] [stdout] 
[INFO] [stdout] error: unknown start of token: `
[INFO] [stdout]   --> src/lib.rs:111:5
[INFO] [stdout]    |
[INFO] [stdout] 49 |     ```sql
[INFO] [stdout]    |     ^^^
[INFO] [stdout]    |
[INFO] [stdout]    = note: character appears 2 more times
[INFO] [stdout] help: Unicode character '`' (Grave Accent) looks like ''' (Single Quote), but it is not
[INFO] [stdout]    |
[INFO] [stdout] 49 |     '''sql
[INFO] [stdout]    |     ~~~
[INFO] [stdout] 
[INFO] [stdout] error: character literal may only contain one codepoint
[INFO] [stdout]   --> src/lib.rs:113:42
[INFO] [stdout]    |
[INFO] [stdout] 51 |     (first_name, mobile_number) VALUES  ('Prakash', '9876543210')
[INFO] [stdout]    |                                          ^^^^^^^^^
[INFO] [stdout]    |
[INFO] [stdout] help: if you meant to write a `str` literal, use double quotes
[INFO] [stdout]    |
[INFO] [stdout] 51 |     (first_name, mobile_number) VALUES  ("Prakash", '9876543210')
[INFO] [stdout]    |                                          ~~~~~~~~~
[INFO] [stdout] 
[INFO] [stdout] error: character literal may only contain one codepoint
[INFO] [stdout]   --> src/lib.rs:113:53
[INFO] [stdout]    |
[INFO] [stdout] 51 |     (first_name, mobile_number) VALUES  ('Prakash', '9876543210')
[INFO] [stdout]    |                                                     ^^^^^^^^^^^^
[INFO] [stdout]    |
[INFO] [stdout] help: if you meant to write a `str` literal, use double quotes
[INFO] [stdout]    |
[INFO] [stdout] 51 |     (first_name, mobile_number) VALUES  ('Prakash', "9876543210")
[INFO] [stdout]    |                                                     ~~~~~~~~~~~~
[INFO] [stdout] 
[INFO] [stdout] error: unknown start of token: `
[INFO] [stdout]   --> src/lib.rs:114:5
[INFO] [stdout]    |
[INFO] [stdout] 52 |     ```
[INFO] [stdout]    |     ^^^
[INFO] [stdout]    |
[INFO] [stdout]    = note: character appears 2 more times
[INFO] [stdout] help: Unicode character '`' (Grave Accent) looks like ''' (Single Quote), but it is not
[INFO] [stdout]    |
[INFO] [stdout] 52 |     '''
[INFO] [stdout]    |
[INFO] [stdout] 
[INFO] [stdout] error: unknown start of token: `
[INFO] [stdout]   --> src/lib.rs:122:5
[INFO] [stdout]    |
[INFO] [stdout] 60 |     ```sql
[INFO] [stdout]    |     ^^^
[INFO] [stdout]    |
[INFO] [stdout]    = note: character appears 2 more times
[INFO] [stdout] help: Unicode character '`' (Grave Accent) looks like ''' (Single Quote), but it is not
[INFO] [stdout]    |
[INFO] [stdout] 60 |     '''sql
[INFO] [stdout]    |     ~~~
[INFO] [stdout] 
[INFO] [stdout] error: character literal may only contain one codepoint
[INFO] [stdout]   --> src/lib.rs:123:38
[INFO] [stdout]    |
[INFO] [stdout] 61 |     UPDATE customers SET last_name = 'WICK', first_name = 'JOHN' 
[INFO] [stdout]    |                                      ^^^^^^
[INFO] [stdout]    |
[INFO] [stdout] help: if you meant to write a `str` literal, use double quotes
[INFO] [stdout]    |
[INFO] [stdout] 61 |     UPDATE customers SET last_name = "WICK", first_name = 'JOHN' 
[INFO] [stdout]    |                                      ~~~~~~
[INFO] [stdout] 
[INFO] [stdout] error: character literal may only contain one codepoint
[INFO] [stdout]   --> src/lib.rs:123:59
[INFO] [stdout]    |
[INFO] [stdout] 61 |     UPDATE customers SET last_name = 'WICK', first_name = 'JOHN' 
[INFO] [stdout]    |                                                           ^^^^^^
[INFO] [stdout]    |
[INFO] [stdout] help: if you meant to write a `str` literal, use double quotes
[INFO] [stdout]    |
[INFO] [stdout] 61 |     UPDATE customers SET last_name = 'WICK', first_name = "JOHN" 
[INFO] [stdout]    |                                                           ~~~~~~
[INFO] [stdout] 
[INFO] [stdout] error: character literal may only contain one codepoint
[INFO] [stdout]   --> src/lib.rs:124:27
[INFO] [stdout]    |
[INFO] [stdout] 62 |     WHERE mobile_number = '9876543210'
[INFO] [stdout]    |                           ^^^^^^^^^^^^
[INFO] [stdout]    |
[INFO] [stdout] help: if you meant to write a `str` literal, use double quotes
[INFO] [stdout]    |
[INFO] [stdout] 62 |     WHERE mobile_number = "9876543210"
[INFO] [stdout]    |                           ~~~~~~~~~~~~
[INFO] [stdout] 
[INFO] [stdout] error: unknown start of token: `
[INFO] [stdout]   --> src/lib.rs:130:5
[INFO] [stdout]    |
[INFO] [stdout] 68 |     ```sql
[INFO] [stdout]    |     ^^^
[INFO] [stdout]    |
[INFO] [stdout]    = note: character appears 2 more times
[INFO] [stdout] help: Unicode character '`' (Grave Accent) looks like ''' (Single Quote), but it is not
[INFO] [stdout]    |
[INFO] [stdout] 68 |     '''sql
[INFO] [stdout]    |     ~~~
[INFO] [stdout] 
[INFO] [stdout] error: character literal may only contain one codepoint
[INFO] [stdout]   --> src/lib.rs:131:49
[INFO] [stdout]    |
[INFO] [stdout] 69 |     DELETE FROM customers WHERE mobile_number = '9876543210'
[INFO] [stdout]    |                                                 ^^^^^^^^^^^^
[INFO] [stdout]    |
[INFO] [stdout] help: if you meant to write a `str` literal, use double quotes
[INFO] [stdout]    |
[INFO] [stdout] 69 |     DELETE FROM customers WHERE mobile_number = "9876543210"
[INFO] [stdout]    |                                                 ~~~~~~~~~~~~
[INFO] [stdout] 
[INFO] [stdout] error: unknown start of token: `
[INFO] [stdout]   --> src/lib.rs:132:5
[INFO] [stdout]    |
[INFO] [stdout] 70 |     ```
[INFO] [stdout]    |     ^^^
[INFO] [stdout]    |
[INFO] [stdout]    = note: character appears 2 more times
[INFO] [stdout] help: Unicode character '`' (Grave Accent) looks like ''' (Single Quote), but it is not
[INFO] [stdout]    |
[INFO] [stdout] 70 |     '''
[INFO] [stdout]    |
[INFO] [stdout] 
[INFO] [stdout] error: expected `;`, found `SELECT`
[INFO] [stdout]   --> src/lib.rs:96:11
[INFO] [stdout]    |
[INFO] [stdout] 34 |     ```sql
[INFO] [stdout]    |           ^ help: add `;` here
[INFO] [stdout] 35 |     SELECT orders.id, orders.customer_id, orders.address_id, orders.order_status, orders.order_picture_url, orders.created_at
[INFO] [stdout]    |     ------ unexpected token
[INFO] [stdout] 
[INFO] [stdout] error: expected one of `!`, `.`, `::`, `;`, `?`, `{`, `}`, or an operator, found `orders`
[INFO] [stdout]   --> src/lib.rs:97:12
[INFO] [stdout]    |
[INFO] [stdout] 35 |     SELECT orders.id, orders.customer_id, orders.address_id, orders.order_status, orders.order_picture_url, orders.created_at
[INFO] [stdout]    |            ^^^^^^ expected one of 8 possible tokens
[INFO] [stdout] 
[INFO] [stdout] error: aborting due to 16 previous errors
[INFO] [stdout] 
[INFO] [stdout] Couldn't compile the test.
[INFO] [stdout] 
[INFO] [stdout] failures:
[INFO] [stdout]     src/lib.rs - (line 18)
[INFO] [stdout]     src/lib.rs - (line 38)
[INFO] [stdout]     src/lib.rs - (line 64)
[INFO] [stdout] 
[INFO] [stdout] test result: FAILED. 1 passed; 3 failed; 0 ignored; 0 measured; 0 filtered out; finished in 0.12s
[INFO] [stdout] 
[INFO] [stderr] error: doctest failed, to rerun pass `--doc`
[INFO] running `Command { std: "docker" "inspect" "d886b27a89de2879b9c3a3235efeacc682705621b9467e9bce825d755b1dff56", kill_on_drop: false }`
[INFO] running `Command { std: "docker" "rm" "-f" "d886b27a89de2879b9c3a3235efeacc682705621b9467e9bce825d755b1dff56", kill_on_drop: false }`
[INFO] [stdout] d886b27a89de2879b9c3a3235efeacc682705621b9467e9bce825d755b1dff56
