[INFO] fetching crate prisoner 0.6.2...
[INFO] testing prisoner-0.6.2 against 1.75.0 for beta-1.76-1
[INFO] extracting crate prisoner 0.6.2 into /workspace/builds/worker-7-tc1/source
[INFO] validating manifest of crates.io crate prisoner 0.6.2 on toolchain 1.75.0
[INFO] running `Command { std: CARGO_HOME="/workspace/cargo-home" RUSTUP_HOME="/workspace/rustup-home" "/workspace/cargo-home/bin/cargo" "+1.75.0" "metadata" "--manifest-path" "Cargo.toml" "--no-deps", kill_on_drop: false }`
[INFO] started tweaking crates.io crate prisoner 0.6.2
[INFO] finished tweaking crates.io crate prisoner 0.6.2
[INFO] tweaked toml for crates.io crate prisoner 0.6.2 written to /workspace/builds/worker-7-tc1/source/Cargo.toml
[INFO] crate crates.io crate prisoner 0.6.2 already has a lockfile, it will not be regenerated
[INFO] running `Command { std: CARGO_HOME="/workspace/cargo-home" RUSTUP_HOME="/workspace/rustup-home" "/workspace/cargo-home/bin/cargo" "+1.75.0" "fetch" "--manifest-path" "Cargo.toml", kill_on_drop: false }`
[INFO] [stderr]     Updating crates.io index
[INFO] [stderr]  Downloading crates ...
[INFO] [stderr]   Downloaded tabled_derive v0.3.0
[INFO] [stderr]   Downloaded fake v2.4.3
[INFO] [stderr]   Downloaded tabled v0.7.0
[INFO] [stderr]   Downloaded papergrid v0.4.0
[INFO] [stderr]   Downloaded block-id v0.1.2
[INFO] running `Command { std: "docker" "create" "-v" "/var/lib/crater-agent-workspace/builds/worker-7-tc1/target:/opt/rustwide/target:rw,Z" "-v" "/var/lib/crater-agent-workspace/builds/worker-7-tc1/source:/opt/rustwide/workdir:ro,Z" "-v" "/var/lib/crater-agent-workspace/cargo-home:/opt/rustwide/cargo-home:ro,Z" "-v" "/var/lib/crater-agent-workspace/rustup-home:/opt/rustwide/rustup-home:ro,Z" "-e" "SOURCE_DIR=/opt/rustwide/workdir" "-e" "CARGO_TARGET_DIR=/opt/rustwide/target" "-e" "CARGO_HOME=/opt/rustwide/cargo-home" "-e" "RUSTUP_HOME=/opt/rustwide/rustup-home" "-w" "/opt/rustwide/workdir" "-m" "1610612736" "--user" "0:0" "--network" "none" "ghcr.io/rust-lang/crates-build-env/linux@sha256:2788e3201cd34a07e3172128adcd8b3090168a8e3bcc40d7c032b9dda1df7d1c" "/opt/rustwide/cargo-home/bin/cargo" "+1.75.0" "metadata" "--no-deps" "--format-version=1", kill_on_drop: false }`
[INFO] [stdout] 1945a84cd9e31f9b374ebbe834c0413f8802b71c6c2f01d6449c003b8cb65276
[INFO] running `Command { std: "docker" "start" "-a" "1945a84cd9e31f9b374ebbe834c0413f8802b71c6c2f01d6449c003b8cb65276", kill_on_drop: false }`
[INFO] running `Command { std: "docker" "inspect" "1945a84cd9e31f9b374ebbe834c0413f8802b71c6c2f01d6449c003b8cb65276", kill_on_drop: false }`
[INFO] running `Command { std: "docker" "rm" "-f" "1945a84cd9e31f9b374ebbe834c0413f8802b71c6c2f01d6449c003b8cb65276", kill_on_drop: false }`
[INFO] [stdout] 1945a84cd9e31f9b374ebbe834c0413f8802b71c6c2f01d6449c003b8cb65276
[INFO] running `Command { std: "docker" "create" "-v" "/var/lib/crater-agent-workspace/builds/worker-7-tc1/target:/opt/rustwide/target:rw,Z" "-v" "/var/lib/crater-agent-workspace/builds/worker-7-tc1/source:/opt/rustwide/workdir:ro,Z" "-v" "/var/lib/crater-agent-workspace/cargo-home:/opt/rustwide/cargo-home:ro,Z" "-v" "/var/lib/crater-agent-workspace/rustup-home:/opt/rustwide/rustup-home:ro,Z" "-e" "SOURCE_DIR=/opt/rustwide/workdir" "-e" "CARGO_TARGET_DIR=/opt/rustwide/target" "-e" "CARGO_INCREMENTAL=0" "-e" "RUST_BACKTRACE=full" "-e" "RUSTFLAGS=--cap-lints=warn" "-e" "RUSTDOCFLAGS=--cap-lints=warn" "-e" "CARGO_HOME=/opt/rustwide/cargo-home" "-e" "RUSTUP_HOME=/opt/rustwide/rustup-home" "-w" "/opt/rustwide/workdir" "-m" "1610612736" "--user" "0:0" "--network" "none" "ghcr.io/rust-lang/crates-build-env/linux@sha256:2788e3201cd34a07e3172128adcd8b3090168a8e3bcc40d7c032b9dda1df7d1c" "/opt/rustwide/cargo-home/bin/cargo" "+1.75.0" "build" "--frozen" "--message-format=json", kill_on_drop: false }`
[INFO] [stdout] 61f14ae2d12680c824ed4faacb143dfeaacc30c12a04f936cd280aa7a9f12c8b
[INFO] running `Command { std: "docker" "start" "-a" "61f14ae2d12680c824ed4faacb143dfeaacc30c12a04f936cd280aa7a9f12c8b", kill_on_drop: false }`
[INFO] [stderr]    Compiling libc v0.2.124
[INFO] [stderr]    Compiling proc-macro2 v1.0.37
[INFO] [stderr]    Compiling unicode-xid v0.2.2
[INFO] [stderr]    Compiling version_check v0.9.4
[INFO] [stderr]    Compiling syn v1.0.91
[INFO] [stderr]    Compiling ppv-lite86 v0.2.16
[INFO] [stderr]    Compiling unicode-width v0.1.9
[INFO] [stderr]    Compiling os_str_bytes v6.0.0
[INFO] [stderr]    Compiling hashbrown v0.11.2
[INFO] [stderr]    Compiling heck v0.4.0
[INFO] [stderr]    Compiling termcolor v1.1.3
[INFO] [stderr]    Compiling textwrap v0.15.0
[INFO] [stderr]    Compiling indexmap v1.8.1
[INFO] [stderr]    Compiling papergrid v0.4.0
[INFO] [stderr]    Compiling clap_lex v0.1.1
[INFO] [stderr]    Compiling proc-macro-error-attr v1.0.4
[INFO] [stderr]    Compiling proc-macro-error v1.0.4
[INFO] [stderr]    Compiling quote v1.0.18
[INFO] [stderr]    Compiling getrandom v0.2.6
[INFO] [stderr]    Compiling atty v0.2.14
[INFO] [stderr]    Compiling rand_core v0.6.3
[INFO] [stderr]    Compiling rand_chacha v0.3.1
[INFO] [stderr]    Compiling rand_pcg v0.3.1
[INFO] [stderr]    Compiling rand v0.8.5
[INFO] [stderr]    Compiling fake v2.4.3
[INFO] [stderr]    Compiling block-id v0.1.2
[INFO] [stderr]    Compiling tabled_derive v0.3.0
[INFO] [stderr]    Compiling clap_derive v3.1.7
[INFO] [stderr]    Compiling tabled v0.7.0
[INFO] [stderr]    Compiling clap v3.1.12
[INFO] [stderr]    Compiling prisoner v0.6.2 (/opt/rustwide/workdir)
[INFO] [stderr]     Finished dev [unoptimized + debuginfo] target(s) in 6.31s
[INFO] running `Command { std: "docker" "inspect" "61f14ae2d12680c824ed4faacb143dfeaacc30c12a04f936cd280aa7a9f12c8b", kill_on_drop: false }`
[INFO] running `Command { std: "docker" "rm" "-f" "61f14ae2d12680c824ed4faacb143dfeaacc30c12a04f936cd280aa7a9f12c8b", kill_on_drop: false }`
[INFO] [stdout] 61f14ae2d12680c824ed4faacb143dfeaacc30c12a04f936cd280aa7a9f12c8b
[INFO] running `Command { std: "docker" "create" "-v" "/var/lib/crater-agent-workspace/builds/worker-7-tc1/target:/opt/rustwide/target:rw,Z" "-v" "/var/lib/crater-agent-workspace/builds/worker-7-tc1/source:/opt/rustwide/workdir:ro,Z" "-v" "/var/lib/crater-agent-workspace/cargo-home:/opt/rustwide/cargo-home:ro,Z" "-v" "/var/lib/crater-agent-workspace/rustup-home:/opt/rustwide/rustup-home:ro,Z" "-e" "SOURCE_DIR=/opt/rustwide/workdir" "-e" "CARGO_TARGET_DIR=/opt/rustwide/target" "-e" "CARGO_INCREMENTAL=0" "-e" "RUST_BACKTRACE=full" "-e" "RUSTFLAGS=--cap-lints=warn" "-e" "RUSTDOCFLAGS=--cap-lints=warn" "-e" "CARGO_HOME=/opt/rustwide/cargo-home" "-e" "RUSTUP_HOME=/opt/rustwide/rustup-home" "-w" "/opt/rustwide/workdir" "-m" "1610612736" "--user" "0:0" "--network" "none" "ghcr.io/rust-lang/crates-build-env/linux@sha256:2788e3201cd34a07e3172128adcd8b3090168a8e3bcc40d7c032b9dda1df7d1c" "/opt/rustwide/cargo-home/bin/cargo" "+1.75.0" "test" "--frozen" "--no-run" "--message-format=json", kill_on_drop: false }`
[INFO] [stdout] 6cf03a03aaeca2d50abd9d042b65dd1192afb96cd3f1cbca85090e040d2bb6aa
[INFO] running `Command { std: "docker" "start" "-a" "6cf03a03aaeca2d50abd9d042b65dd1192afb96cd3f1cbca85090e040d2bb6aa", kill_on_drop: false }`
[INFO] [stderr]    Compiling prisoner v0.6.2 (/opt/rustwide/workdir)
[INFO] [stderr]     Finished test [unoptimized + debuginfo] target(s) in 0.25s
[INFO] running `Command { std: "docker" "inspect" "6cf03a03aaeca2d50abd9d042b65dd1192afb96cd3f1cbca85090e040d2bb6aa", kill_on_drop: false }`
[INFO] running `Command { std: "docker" "rm" "-f" "6cf03a03aaeca2d50abd9d042b65dd1192afb96cd3f1cbca85090e040d2bb6aa", kill_on_drop: false }`
[INFO] [stdout] 6cf03a03aaeca2d50abd9d042b65dd1192afb96cd3f1cbca85090e040d2bb6aa
[INFO] running `Command { std: "docker" "create" "-v" "/var/lib/crater-agent-workspace/builds/worker-7-tc1/target:/opt/rustwide/target:rw,Z" "-v" "/var/lib/crater-agent-workspace/builds/worker-7-tc1/source:/opt/rustwide/workdir:ro,Z" "-v" "/var/lib/crater-agent-workspace/cargo-home:/opt/rustwide/cargo-home:ro,Z" "-v" "/var/lib/crater-agent-workspace/rustup-home:/opt/rustwide/rustup-home:ro,Z" "-e" "SOURCE_DIR=/opt/rustwide/workdir" "-e" "CARGO_TARGET_DIR=/opt/rustwide/target" "-e" "CARGO_INCREMENTAL=0" "-e" "RUST_BACKTRACE=full" "-e" "RUSTFLAGS=--cap-lints=warn" "-e" "RUSTDOCFLAGS=--cap-lints=warn" "-e" "CARGO_HOME=/opt/rustwide/cargo-home" "-e" "RUSTUP_HOME=/opt/rustwide/rustup-home" "-w" "/opt/rustwide/workdir" "-m" "1610612736" "--user" "0:0" "--network" "none" "ghcr.io/rust-lang/crates-build-env/linux@sha256:2788e3201cd34a07e3172128adcd8b3090168a8e3bcc40d7c032b9dda1df7d1c" "/opt/rustwide/cargo-home/bin/cargo" "+1.75.0" "test" "--frozen", kill_on_drop: false }`
[INFO] [stdout] 2d17ddaabde6bedc6e65825f300cc23879acff8d0ee0d36c37f4da8eb1636ecc
[INFO] running `Command { std: "docker" "start" "-a" "2d17ddaabde6bedc6e65825f300cc23879acff8d0ee0d36c37f4da8eb1636ecc", kill_on_drop: false }`
[INFO] [stderr]     Finished test [unoptimized + debuginfo] target(s) in 0.02s
[INFO] [stderr]      Running unittests src/lib.rs (/opt/rustwide/target/debug/deps/prisoner-ff54e4a4d9688e4c)
[INFO] [stdout] 
[INFO] [stdout] running 0 tests
[INFO] [stdout] 
[INFO] [stdout] test result: ok. 0 passed; 0 failed; 0 ignored; 0 measured; 0 filtered out; finished in 0.00s
[INFO] [stdout] 
[INFO] [stderr]      Running unittests src/main.rs (/opt/rustwide/target/debug/deps/prisoner-460dc6d6456b84e3)
[INFO] [stdout] 
[INFO] [stdout] running 0 tests
[INFO] [stdout] 
[INFO] [stdout] test result: ok. 0 passed; 0 failed; 0 ignored; 0 measured; 0 filtered out; finished in 0.00s
[INFO] [stdout] 
[INFO] [stderr]    Doc-tests prisoner
[INFO] [stdout] 
[INFO] [stdout] running 1 test
[INFO] [stdout] test src/lib.rs - (line 3) - compile ... FAILED
[INFO] [stdout] 
[INFO] [stdout] failures:
[INFO] [stdout] 
[INFO] [stdout] ---- src/lib.rs - (line 3) stdout ----
[INFO] [stdout] error[E0425]: cannot find value `args` in this scope
[INFO] [stdout]  --> src/lib.rs:5:42
[INFO] [stdout]   |
[INFO] [stdout] 5 | let mut players = prisoner::make_players(args.players);
[INFO] [stdout]   |                                          ^^^^ not found in this scope
[INFO] [stdout]   |
[INFO] [stdout] help: consider importing this function
[INFO] [stdout]   |
[INFO] [stdout] 2 + use std::env::args;
[INFO] [stdout]   |
[INFO] [stdout] 
[INFO] [stdout] error[E0425]: cannot find value `args` in this scope
[INFO] [stdout]  --> src/lib.rs:6:35
[INFO] [stdout]   |
[INFO] [stdout] 6 | prisoner::play_game(&mut players, args.rounds.unwrap_or(1));
[INFO] [stdout]   |                                   ^^^^ not found in this scope
[INFO] [stdout]   |
[INFO] [stdout] help: consider importing this function
[INFO] [stdout]   |
[INFO] [stdout] 2 + use std::env::args;
[INFO] [stdout]   |
[INFO] [stdout] 
[INFO] [stdout] error[E0433]: failed to resolve: use of undeclared type `Table`
[INFO] [stdout]  --> src/lib.rs:7:20
[INFO] [stdout]   |
[INFO] [stdout] 7 | let output_table = Table::new(players)
[INFO] [stdout]   |                    ^^^^^ use of undeclared type `Table`
[INFO] [stdout]   |
[INFO] [stdout] help: consider importing this struct
[INFO] [stdout]   |
[INFO] [stdout] 2 + use tabled::Table;
[INFO] [stdout]   |
[INFO] [stdout] 
[INFO] [stdout] error[E0433]: failed to resolve: use of undeclared type `Style`
[INFO] [stdout]  --> src/lib.rs:8:11
[INFO] [stdout]   |
[INFO] [stdout] 8 |     .with(Style::rounded())
[INFO] [stdout]   |           ^^^^^ use of undeclared type `Style`
[INFO] [stdout]   |
[INFO] [stdout] help: consider importing this struct
[INFO] [stdout]   |
[INFO] [stdout] 2 + use tabled::Style;
[INFO] [stdout]   |
[INFO] [stdout] 
[INFO] [stdout] error: aborting due to 4 previous errors
[INFO] [stdout] 
[INFO] [stdout] Some errors have detailed explanations: E0425, E0433.
[INFO] [stdout] For more information about an error, try `rustc --explain E0425`.
[INFO] [stdout] Couldn't compile the test.
[INFO] [stdout] 
[INFO] [stdout] failures:
[INFO] [stdout]     src/lib.rs - (line 3)
[INFO] [stdout] 
[INFO] [stdout] test result: FAILED. 0 passed; 1 failed; 0 ignored; 0 measured; 0 filtered out; finished in 0.05s
[INFO] [stdout] 
[INFO] [stderr] error: doctest failed, to rerun pass `--doc`
[INFO] running `Command { std: "docker" "inspect" "2d17ddaabde6bedc6e65825f300cc23879acff8d0ee0d36c37f4da8eb1636ecc", kill_on_drop: false }`
[INFO] running `Command { std: "docker" "rm" "-f" "2d17ddaabde6bedc6e65825f300cc23879acff8d0ee0d36c37f4da8eb1636ecc", kill_on_drop: false }`
[INFO] [stdout] 2d17ddaabde6bedc6e65825f300cc23879acff8d0ee0d36c37f4da8eb1636ecc
[INFO] testing prisoner-0.6.2 against beta-2023-12-22 for beta-1.76-1
[INFO] extracting crate prisoner 0.6.2 into /workspace/builds/worker-7-tc2/source
[INFO] validating manifest of crates.io crate prisoner 0.6.2 on toolchain beta-2023-12-22
[INFO] running `Command { std: CARGO_HOME="/workspace/cargo-home" RUSTUP_HOME="/workspace/rustup-home" "/workspace/cargo-home/bin/cargo" "+beta-2023-12-22" "metadata" "--manifest-path" "Cargo.toml" "--no-deps", kill_on_drop: false }`
[INFO] started tweaking crates.io crate prisoner 0.6.2
[INFO] finished tweaking crates.io crate prisoner 0.6.2
[INFO] tweaked toml for crates.io crate prisoner 0.6.2 written to /workspace/builds/worker-7-tc2/source/Cargo.toml
[INFO] crate crates.io crate prisoner 0.6.2 already has a lockfile, it will not be regenerated
[INFO] running `Command { std: CARGO_HOME="/workspace/cargo-home" RUSTUP_HOME="/workspace/rustup-home" "/workspace/cargo-home/bin/cargo" "+beta-2023-12-22" "fetch" "--manifest-path" "Cargo.toml", kill_on_drop: false }`
[INFO] [stderr]     Blocking waiting for file lock on package cache
[INFO] running `Command { std: "docker" "create" "-v" "/var/lib/crater-agent-workspace/builds/worker-7-tc2/target:/opt/rustwide/target:rw,Z" "-v" "/var/lib/crater-agent-workspace/builds/worker-7-tc2/source:/opt/rustwide/workdir:ro,Z" "-v" "/var/lib/crater-agent-workspace/cargo-home:/opt/rustwide/cargo-home:ro,Z" "-v" "/var/lib/crater-agent-workspace/rustup-home:/opt/rustwide/rustup-home:ro,Z" "-e" "SOURCE_DIR=/opt/rustwide/workdir" "-e" "CARGO_TARGET_DIR=/opt/rustwide/target" "-e" "CARGO_HOME=/opt/rustwide/cargo-home" "-e" "RUSTUP_HOME=/opt/rustwide/rustup-home" "-w" "/opt/rustwide/workdir" "-m" "1610612736" "--user" "0:0" "--network" "none" "ghcr.io/rust-lang/crates-build-env/linux@sha256:2788e3201cd34a07e3172128adcd8b3090168a8e3bcc40d7c032b9dda1df7d1c" "/opt/rustwide/cargo-home/bin/cargo" "+beta-2023-12-22" "metadata" "--no-deps" "--format-version=1", kill_on_drop: false }`
[INFO] [stdout] d89b4633458cfbe6f62397f871048862ae073c5d945fb6c70a237fbcb33d3d61
[INFO] running `Command { std: "docker" "start" "-a" "d89b4633458cfbe6f62397f871048862ae073c5d945fb6c70a237fbcb33d3d61", kill_on_drop: false }`
[INFO] running `Command { std: "docker" "inspect" "d89b4633458cfbe6f62397f871048862ae073c5d945fb6c70a237fbcb33d3d61", kill_on_drop: false }`
[INFO] running `Command { std: "docker" "rm" "-f" "d89b4633458cfbe6f62397f871048862ae073c5d945fb6c70a237fbcb33d3d61", kill_on_drop: false }`
[INFO] [stdout] d89b4633458cfbe6f62397f871048862ae073c5d945fb6c70a237fbcb33d3d61
[INFO] running `Command { std: "docker" "create" "-v" "/var/lib/crater-agent-workspace/builds/worker-7-tc2/target:/opt/rustwide/target:rw,Z" "-v" "/var/lib/crater-agent-workspace/builds/worker-7-tc2/source:/opt/rustwide/workdir:ro,Z" "-v" "/var/lib/crater-agent-workspace/cargo-home:/opt/rustwide/cargo-home:ro,Z" "-v" "/var/lib/crater-agent-workspace/rustup-home:/opt/rustwide/rustup-home:ro,Z" "-e" "SOURCE_DIR=/opt/rustwide/workdir" "-e" "CARGO_TARGET_DIR=/opt/rustwide/target" "-e" "CARGO_INCREMENTAL=0" "-e" "RUST_BACKTRACE=full" "-e" "RUSTFLAGS=--cap-lints=warn" "-e" "RUSTDOCFLAGS=--cap-lints=warn" "-e" "CARGO_HOME=/opt/rustwide/cargo-home" "-e" "RUSTUP_HOME=/opt/rustwide/rustup-home" "-w" "/opt/rustwide/workdir" "-m" "1610612736" "--user" "0:0" "--network" "none" "ghcr.io/rust-lang/crates-build-env/linux@sha256:2788e3201cd34a07e3172128adcd8b3090168a8e3bcc40d7c032b9dda1df7d1c" "/opt/rustwide/cargo-home/bin/cargo" "+beta-2023-12-22" "build" "--frozen" "--message-format=json", kill_on_drop: false }`
[INFO] [stdout] c6fec4c4f533b03a2b32d4ee01a3eafe3f80f07f8e526c56f72bce5782580cb6
[INFO] running `Command { std: "docker" "start" "-a" "c6fec4c4f533b03a2b32d4ee01a3eafe3f80f07f8e526c56f72bce5782580cb6", kill_on_drop: false }`
[INFO] [stderr]    Compiling libc v0.2.124
[INFO] [stderr]    Compiling proc-macro2 v1.0.37
[INFO] [stderr]    Compiling unicode-xid v0.2.2
[INFO] [stderr]    Compiling version_check v0.9.4
[INFO] [stderr]    Compiling syn v1.0.91
[INFO] [stderr]    Compiling ppv-lite86 v0.2.16
[INFO] [stderr]    Compiling hashbrown v0.11.2
[INFO] [stderr]    Compiling unicode-width v0.1.9
[INFO] [stderr]    Compiling heck v0.4.0
[INFO] [stderr]    Compiling os_str_bytes v6.0.0
[INFO] [stderr]    Compiling termcolor v1.1.3
[INFO] [stderr]    Compiling indexmap v1.8.1
[INFO] [stderr]    Compiling textwrap v0.15.0
[INFO] [stderr]    Compiling papergrid v0.4.0
[INFO] [stderr]    Compiling clap_lex v0.1.1
[INFO] [stderr]    Compiling proc-macro-error-attr v1.0.4
[INFO] [stderr]    Compiling proc-macro-error v1.0.4
[INFO] [stderr]    Compiling quote v1.0.18
[INFO] [stderr]    Compiling getrandom v0.2.6
[INFO] [stderr]    Compiling atty v0.2.14
[INFO] [stderr]    Compiling rand_core v0.6.3
[INFO] [stderr]    Compiling rand_chacha v0.3.1
[INFO] [stderr]    Compiling rand_pcg v0.3.1
[INFO] [stderr]    Compiling rand v0.8.5
[INFO] [stderr]    Compiling fake v2.4.3
[INFO] [stderr]    Compiling block-id v0.1.2
[INFO] [stderr]    Compiling tabled_derive v0.3.0
[INFO] [stderr]    Compiling clap_derive v3.1.7
[INFO] [stderr]    Compiling tabled v0.7.0
[INFO] [stderr]    Compiling clap v3.1.12
[INFO] [stderr]    Compiling prisoner v0.6.2 (/opt/rustwide/workdir)
[INFO] [stderr]     Finished dev [unoptimized + debuginfo] target(s) in 6.45s
[INFO] running `Command { std: "docker" "inspect" "c6fec4c4f533b03a2b32d4ee01a3eafe3f80f07f8e526c56f72bce5782580cb6", kill_on_drop: false }`
[INFO] running `Command { std: "docker" "rm" "-f" "c6fec4c4f533b03a2b32d4ee01a3eafe3f80f07f8e526c56f72bce5782580cb6", kill_on_drop: false }`
[INFO] [stdout] c6fec4c4f533b03a2b32d4ee01a3eafe3f80f07f8e526c56f72bce5782580cb6
[INFO] running `Command { std: "docker" "create" "-v" "/var/lib/crater-agent-workspace/builds/worker-7-tc2/target:/opt/rustwide/target:rw,Z" "-v" "/var/lib/crater-agent-workspace/builds/worker-7-tc2/source:/opt/rustwide/workdir:ro,Z" "-v" "/var/lib/crater-agent-workspace/cargo-home:/opt/rustwide/cargo-home:ro,Z" "-v" "/var/lib/crater-agent-workspace/rustup-home:/opt/rustwide/rustup-home:ro,Z" "-e" "SOURCE_DIR=/opt/rustwide/workdir" "-e" "CARGO_TARGET_DIR=/opt/rustwide/target" "-e" "CARGO_INCREMENTAL=0" "-e" "RUST_BACKTRACE=full" "-e" "RUSTFLAGS=--cap-lints=warn" "-e" "RUSTDOCFLAGS=--cap-lints=warn" "-e" "CARGO_HOME=/opt/rustwide/cargo-home" "-e" "RUSTUP_HOME=/opt/rustwide/rustup-home" "-w" "/opt/rustwide/workdir" "-m" "1610612736" "--user" "0:0" "--network" "none" "ghcr.io/rust-lang/crates-build-env/linux@sha256:2788e3201cd34a07e3172128adcd8b3090168a8e3bcc40d7c032b9dda1df7d1c" "/opt/rustwide/cargo-home/bin/cargo" "+beta-2023-12-22" "test" "--frozen" "--no-run" "--message-format=json", kill_on_drop: false }`
[INFO] [stdout] 4428283a836904a2dc27224ac23d2d9bfa86617c7bf9db6f43e15b0238c27054
[INFO] running `Command { std: "docker" "start" "-a" "4428283a836904a2dc27224ac23d2d9bfa86617c7bf9db6f43e15b0238c27054", kill_on_drop: false }`
[INFO] [stderr]    Compiling prisoner v0.6.2 (/opt/rustwide/workdir)
[INFO] [stderr]     Finished test [unoptimized + debuginfo] target(s) in 0.25s
[INFO] running `Command { std: "docker" "inspect" "4428283a836904a2dc27224ac23d2d9bfa86617c7bf9db6f43e15b0238c27054", kill_on_drop: false }`
[INFO] running `Command { std: "docker" "rm" "-f" "4428283a836904a2dc27224ac23d2d9bfa86617c7bf9db6f43e15b0238c27054", kill_on_drop: false }`
[INFO] [stdout] 4428283a836904a2dc27224ac23d2d9bfa86617c7bf9db6f43e15b0238c27054
[INFO] running `Command { std: "docker" "create" "-v" "/var/lib/crater-agent-workspace/builds/worker-7-tc2/target:/opt/rustwide/target:rw,Z" "-v" "/var/lib/crater-agent-workspace/builds/worker-7-tc2/source:/opt/rustwide/workdir:ro,Z" "-v" "/var/lib/crater-agent-workspace/cargo-home:/opt/rustwide/cargo-home:ro,Z" "-v" "/var/lib/crater-agent-workspace/rustup-home:/opt/rustwide/rustup-home:ro,Z" "-e" "SOURCE_DIR=/opt/rustwide/workdir" "-e" "CARGO_TARGET_DIR=/opt/rustwide/target" "-e" "CARGO_INCREMENTAL=0" "-e" "RUST_BACKTRACE=full" "-e" "RUSTFLAGS=--cap-lints=warn" "-e" "RUSTDOCFLAGS=--cap-lints=warn" "-e" "CARGO_HOME=/opt/rustwide/cargo-home" "-e" "RUSTUP_HOME=/opt/rustwide/rustup-home" "-w" "/opt/rustwide/workdir" "-m" "1610612736" "--user" "0:0" "--network" "none" "ghcr.io/rust-lang/crates-build-env/linux@sha256:2788e3201cd34a07e3172128adcd8b3090168a8e3bcc40d7c032b9dda1df7d1c" "/opt/rustwide/cargo-home/bin/cargo" "+beta-2023-12-22" "test" "--frozen", kill_on_drop: false }`
[INFO] [stdout] bb72aa86aebc4f76b21f7cbef898af3214cf1ea50c6a4d35412d21b2469823c1
[INFO] running `Command { std: "docker" "start" "-a" "bb72aa86aebc4f76b21f7cbef898af3214cf1ea50c6a4d35412d21b2469823c1", kill_on_drop: false }`
[INFO] [stderr]     Finished test [unoptimized + debuginfo] target(s) in 0.02s
[INFO] [stderr]      Running unittests src/lib.rs (/opt/rustwide/target/debug/deps/prisoner-5d6470e297b794a1)
[INFO] [stdout] 
[INFO] [stdout] running 0 tests
[INFO] [stdout] 
[INFO] [stdout] test result: ok. 0 passed; 0 failed; 0 ignored; 0 measured; 0 filtered out; finished in 0.00s
[INFO] [stdout] 
[INFO] [stderr]      Running unittests src/main.rs (/opt/rustwide/target/debug/deps/prisoner-83a3ddbea7fc179d)
[INFO] [stdout] 
[INFO] [stdout] running 0 tests
[INFO] [stdout] 
[INFO] [stdout] test result: ok. 0 passed; 0 failed; 0 ignored; 0 measured; 0 filtered out; finished in 0.00s
[INFO] [stdout] 
[INFO] [stderr]    Doc-tests prisoner
[INFO] [stdout] 
[INFO] [stdout] running 1 test
[INFO] [stdout] test src/lib.rs - (line 3) - compile ... FAILED
[INFO] [stdout] 
[INFO] [stdout] failures:
[INFO] [stdout] 
[INFO] [stdout] ---- src/lib.rs - (line 3) stdout ----
[INFO] [stdout] error[E0425]: cannot find value `args` in this scope
[INFO] [stdout]  --> src/lib.rs:5:42
[INFO] [stdout]   |
[INFO] [stdout] 5 | let mut players = prisoner::make_players(args.players);
[INFO] [stdout]   |                                          ^^^^ not found in this scope
[INFO] [stdout]   |
[INFO] [stdout] help: consider importing this function
[INFO] [stdout]   |
[INFO] [stdout] 2 + use std::env::args;
[INFO] [stdout]   |
[INFO] [stdout] 
[INFO] [stdout] error[E0425]: cannot find value `args` in this scope
[INFO] [stdout]  --> src/lib.rs:6:35
[INFO] [stdout]   |
[INFO] [stdout] 6 | prisoner::play_game(&mut players, args.rounds.unwrap_or(1));
[INFO] [stdout]   |                                   ^^^^ not found in this scope
[INFO] [stdout]   |
[INFO] [stdout] help: consider importing this function
[INFO] [stdout]   |
[INFO] [stdout] 2 + use std::env::args;
[INFO] [stdout]   |
[INFO] [stdout] 
[INFO] [stdout] error[E0433]: failed to resolve: use of undeclared type `Table`
[INFO] [stdout]  --> src/lib.rs:7:20
[INFO] [stdout]   |
[INFO] [stdout] 7 | let output_table = Table::new(players)
[INFO] [stdout]   |                    ^^^^^ use of undeclared type `Table`
[INFO] [stdout]   |
[INFO] [stdout] help: consider importing this struct
[INFO] [stdout]   |
[INFO] [stdout] 2 + use tabled::Table;
[INFO] [stdout]   |
[INFO] [stdout] 
[INFO] [stdout] error[E0433]: failed to resolve: use of undeclared type `Style`
[INFO] [stdout]  --> src/lib.rs:8:11
[INFO] [stdout]   |
[INFO] [stdout] 8 |     .with(Style::rounded())
[INFO] [stdout]   |           ^^^^^ use of undeclared type `Style`
[INFO] [stdout]   |
[INFO] [stdout] help: consider importing this struct
[INFO] [stdout]   |
[INFO] [stdout] 2 + use tabled::Style;
[INFO] [stdout]   |
[INFO] [stdout] 
[INFO] [stdout] error: aborting due to 4 previous errors
[INFO] [stdout] 
[INFO] [stdout] Some errors have detailed explanations: E0425, E0433.
[INFO] [stdout] For more information about an error, try `rustc --explain E0425`.
[INFO] [stdout] Couldn't compile the test.
[INFO] [stdout] 
[INFO] [stdout] failures:
[INFO] [stdout]     src/lib.rs - (line 3)
[INFO] [stdout] 
[INFO] [stdout] test result: FAILED. 0 passed; 1 failed; 0 ignored; 0 measured; 0 filtered out; finished in 0.05s
[INFO] [stdout] 
[INFO] [stderr] error: doctest failed, to rerun pass `--doc`
[INFO] running `Command { std: "docker" "inspect" "bb72aa86aebc4f76b21f7cbef898af3214cf1ea50c6a4d35412d21b2469823c1", kill_on_drop: false }`
[INFO] running `Command { std: "docker" "rm" "-f" "bb72aa86aebc4f76b21f7cbef898af3214cf1ea50c6a4d35412d21b2469823c1", kill_on_drop: false }`
[INFO] [stdout] bb72aa86aebc4f76b21f7cbef898af3214cf1ea50c6a4d35412d21b2469823c1
