[INFO] fetching crate pretty_regex 1.0.4...
[INFO] testing pretty_regex-1.0.4 against 1.75.0 for beta-1.76-1
[INFO] extracting crate pretty_regex 1.0.4 into /workspace/builds/worker-4-tc1/source
[INFO] validating manifest of crates.io crate pretty_regex 1.0.4 on toolchain 1.75.0
[INFO] running `Command { std: CARGO_HOME="/workspace/cargo-home" RUSTUP_HOME="/workspace/rustup-home" "/workspace/cargo-home/bin/cargo" "+1.75.0" "metadata" "--manifest-path" "Cargo.toml" "--no-deps", kill_on_drop: false }`
[INFO] started tweaking crates.io crate pretty_regex 1.0.4
[INFO] finished tweaking crates.io crate pretty_regex 1.0.4
[INFO] tweaked toml for crates.io crate pretty_regex 1.0.4 written to /workspace/builds/worker-4-tc1/source/Cargo.toml
[INFO] crate crates.io crate pretty_regex 1.0.4 already has a lockfile, it will not be regenerated
[INFO] running `Command { std: CARGO_HOME="/workspace/cargo-home" RUSTUP_HOME="/workspace/rustup-home" "/workspace/cargo-home/bin/cargo" "+1.75.0" "fetch" "--manifest-path" "Cargo.toml", kill_on_drop: false }`
[INFO] running `Command { std: "docker" "create" "-v" "/var/lib/crater-agent-workspace/builds/worker-4-tc1/target:/opt/rustwide/target:rw,Z" "-v" "/var/lib/crater-agent-workspace/builds/worker-4-tc1/source:/opt/rustwide/workdir:ro,Z" "-v" "/var/lib/crater-agent-workspace/cargo-home:/opt/rustwide/cargo-home:ro,Z" "-v" "/var/lib/crater-agent-workspace/rustup-home:/opt/rustwide/rustup-home:ro,Z" "-e" "SOURCE_DIR=/opt/rustwide/workdir" "-e" "CARGO_TARGET_DIR=/opt/rustwide/target" "-e" "CARGO_HOME=/opt/rustwide/cargo-home" "-e" "RUSTUP_HOME=/opt/rustwide/rustup-home" "-w" "/opt/rustwide/workdir" "-m" "1610612736" "--user" "0:0" "--network" "none" "ghcr.io/rust-lang/crates-build-env/linux@sha256:2788e3201cd34a07e3172128adcd8b3090168a8e3bcc40d7c032b9dda1df7d1c" "/opt/rustwide/cargo-home/bin/cargo" "+1.75.0" "metadata" "--no-deps" "--format-version=1", kill_on_drop: false }`
[INFO] [stdout] 6cda3ec94e89b6ff6c2fdef5254d4074e1d108c0fe667df56280754a46cfb771
[INFO] running `Command { std: "docker" "start" "-a" "6cda3ec94e89b6ff6c2fdef5254d4074e1d108c0fe667df56280754a46cfb771", kill_on_drop: false }`
[INFO] running `Command { std: "docker" "inspect" "6cda3ec94e89b6ff6c2fdef5254d4074e1d108c0fe667df56280754a46cfb771", kill_on_drop: false }`
[INFO] running `Command { std: "docker" "rm" "-f" "6cda3ec94e89b6ff6c2fdef5254d4074e1d108c0fe667df56280754a46cfb771", kill_on_drop: false }`
[INFO] [stdout] 6cda3ec94e89b6ff6c2fdef5254d4074e1d108c0fe667df56280754a46cfb771
[INFO] running `Command { std: "docker" "create" "-v" "/var/lib/crater-agent-workspace/builds/worker-4-tc1/target:/opt/rustwide/target:rw,Z" "-v" "/var/lib/crater-agent-workspace/builds/worker-4-tc1/source:/opt/rustwide/workdir:ro,Z" "-v" "/var/lib/crater-agent-workspace/cargo-home:/opt/rustwide/cargo-home:ro,Z" "-v" "/var/lib/crater-agent-workspace/rustup-home:/opt/rustwide/rustup-home:ro,Z" "-e" "SOURCE_DIR=/opt/rustwide/workdir" "-e" "CARGO_TARGET_DIR=/opt/rustwide/target" "-e" "CARGO_INCREMENTAL=0" "-e" "RUST_BACKTRACE=full" "-e" "RUSTFLAGS=--cap-lints=warn" "-e" "RUSTDOCFLAGS=--cap-lints=warn" "-e" "CARGO_HOME=/opt/rustwide/cargo-home" "-e" "RUSTUP_HOME=/opt/rustwide/rustup-home" "-w" "/opt/rustwide/workdir" "-m" "1610612736" "--user" "0:0" "--network" "none" "ghcr.io/rust-lang/crates-build-env/linux@sha256:2788e3201cd34a07e3172128adcd8b3090168a8e3bcc40d7c032b9dda1df7d1c" "/opt/rustwide/cargo-home/bin/cargo" "+1.75.0" "build" "--frozen" "--message-format=json", kill_on_drop: false }`
[INFO] [stdout] ac63f8309da655126e9f4690cd6af9b251b644e081407cc239e25c6aa80133e1
[INFO] running `Command { std: "docker" "start" "-a" "ac63f8309da655126e9f4690cd6af9b251b644e081407cc239e25c6aa80133e1", kill_on_drop: false }`
[INFO] [stderr]    Compiling regex-syntax v0.7.4
[INFO] [stderr]    Compiling aho-corasick v1.0.2
[INFO] [stderr]    Compiling regex-automata v0.3.6
[INFO] [stderr]    Compiling regex v1.9.3
[INFO] [stderr]    Compiling pretty_regex v1.0.4 (/opt/rustwide/workdir)
[INFO] [stderr]     Finished dev [unoptimized + debuginfo] target(s) in 3.43s
[INFO] running `Command { std: "docker" "inspect" "ac63f8309da655126e9f4690cd6af9b251b644e081407cc239e25c6aa80133e1", kill_on_drop: false }`
[INFO] running `Command { std: "docker" "rm" "-f" "ac63f8309da655126e9f4690cd6af9b251b644e081407cc239e25c6aa80133e1", kill_on_drop: false }`
[INFO] [stdout] ac63f8309da655126e9f4690cd6af9b251b644e081407cc239e25c6aa80133e1
[INFO] running `Command { std: "docker" "create" "-v" "/var/lib/crater-agent-workspace/builds/worker-4-tc1/target:/opt/rustwide/target:rw,Z" "-v" "/var/lib/crater-agent-workspace/builds/worker-4-tc1/source:/opt/rustwide/workdir:ro,Z" "-v" "/var/lib/crater-agent-workspace/cargo-home:/opt/rustwide/cargo-home:ro,Z" "-v" "/var/lib/crater-agent-workspace/rustup-home:/opt/rustwide/rustup-home:ro,Z" "-e" "SOURCE_DIR=/opt/rustwide/workdir" "-e" "CARGO_TARGET_DIR=/opt/rustwide/target" "-e" "CARGO_INCREMENTAL=0" "-e" "RUST_BACKTRACE=full" "-e" "RUSTFLAGS=--cap-lints=warn" "-e" "RUSTDOCFLAGS=--cap-lints=warn" "-e" "CARGO_HOME=/opt/rustwide/cargo-home" "-e" "RUSTUP_HOME=/opt/rustwide/rustup-home" "-w" "/opt/rustwide/workdir" "-m" "1610612736" "--user" "0:0" "--network" "none" "ghcr.io/rust-lang/crates-build-env/linux@sha256:2788e3201cd34a07e3172128adcd8b3090168a8e3bcc40d7c032b9dda1df7d1c" "/opt/rustwide/cargo-home/bin/cargo" "+1.75.0" "test" "--frozen" "--no-run" "--message-format=json", kill_on_drop: false }`
[INFO] [stdout] da964f0f0aff21c56fb2337feed8c3f03036350873d6ca202af16dd9864f0c2a
[INFO] running `Command { std: "docker" "start" "-a" "da964f0f0aff21c56fb2337feed8c3f03036350873d6ca202af16dd9864f0c2a", kill_on_drop: false }`
[INFO] [stderr]    Compiling pretty_regex v1.0.4 (/opt/rustwide/workdir)
[INFO] [stderr]     Finished test [unoptimized + debuginfo] target(s) in 0.56s
[INFO] running `Command { std: "docker" "inspect" "da964f0f0aff21c56fb2337feed8c3f03036350873d6ca202af16dd9864f0c2a", kill_on_drop: false }`
[INFO] running `Command { std: "docker" "rm" "-f" "da964f0f0aff21c56fb2337feed8c3f03036350873d6ca202af16dd9864f0c2a", kill_on_drop: false }`
[INFO] [stdout] da964f0f0aff21c56fb2337feed8c3f03036350873d6ca202af16dd9864f0c2a
[INFO] running `Command { std: "docker" "create" "-v" "/var/lib/crater-agent-workspace/builds/worker-4-tc1/target:/opt/rustwide/target:rw,Z" "-v" "/var/lib/crater-agent-workspace/builds/worker-4-tc1/source:/opt/rustwide/workdir:ro,Z" "-v" "/var/lib/crater-agent-workspace/cargo-home:/opt/rustwide/cargo-home:ro,Z" "-v" "/var/lib/crater-agent-workspace/rustup-home:/opt/rustwide/rustup-home:ro,Z" "-e" "SOURCE_DIR=/opt/rustwide/workdir" "-e" "CARGO_TARGET_DIR=/opt/rustwide/target" "-e" "CARGO_INCREMENTAL=0" "-e" "RUST_BACKTRACE=full" "-e" "RUSTFLAGS=--cap-lints=warn" "-e" "RUSTDOCFLAGS=--cap-lints=warn" "-e" "CARGO_HOME=/opt/rustwide/cargo-home" "-e" "RUSTUP_HOME=/opt/rustwide/rustup-home" "-w" "/opt/rustwide/workdir" "-m" "1610612736" "--user" "0:0" "--network" "none" "ghcr.io/rust-lang/crates-build-env/linux@sha256:2788e3201cd34a07e3172128adcd8b3090168a8e3bcc40d7c032b9dda1df7d1c" "/opt/rustwide/cargo-home/bin/cargo" "+1.75.0" "test" "--frozen", kill_on_drop: false }`
[INFO] [stdout] 1d14fe3a505ad5d06990df3df5f229356e0a1f01fb7933dbdf8023aef1c5de59
[INFO] running `Command { std: "docker" "start" "-a" "1d14fe3a505ad5d06990df3df5f229356e0a1f01fb7933dbdf8023aef1c5de59", kill_on_drop: false }`
[INFO] [stderr]     Finished test [unoptimized + debuginfo] target(s) in 0.01s
[INFO] [stderr]      Running unittests src/lib.rs (/opt/rustwide/target/debug/deps/pretty_regex-7039362c2f7f9c19)
[INFO] [stdout] 
[INFO] [stdout] running 0 tests
[INFO] [stdout] 
[INFO] [stdout] test result: ok. 0 passed; 0 failed; 0 ignored; 0 measured; 0 filtered out; finished in 0.00s
[INFO] [stdout] 
[INFO] [stderr]    Doc-tests pretty_regex
[INFO] [stdout] 
[INFO] [stdout] running 47 tests
[INFO] [stdout] test src/lib.rs - (line 29) ... ignored
[INFO] [stdout] test src/lib.rs - (line 45) ... ignored
[INFO] [stdout] test src/lib.rs - (line 64) ... ignored
[INFO] [stdout] test src/lib.rs - PrettyRegex<Quantifier>::lazy (line 193) - compile fail ... ok
[INFO] [stdout] test src/lib.rs - PrettyRegex<Quantifier>::lazy (line 185) ... ok
[INFO] [stdout] test src/lib.rs - PrettyRegex<T>::repeats_zero_or_more_times (line 694) ... ok
[INFO] [stdout] test src/lib.rs - PrettyRegex<T>::repeats (line 615) ... ok
[INFO] [stdout] test src/lib.rs - PrettyRegex<T>::repeats_one_or_more_times (line 655) ... ok
[INFO] [stdout] test src/lib.rs - PrettyRegex<T>::bitor (line 824) ... ok
[INFO] [stdout] test src/lib.rs - ascii_alphabetic (line 342) ... ok
[INFO] [stdout] test src/lib.rs - PrettyRegex<T>::then (line 159) ... ok
[INFO] [stdout] test src/lib.rs - ascii_alphanumeric (line 359) ... ok
[INFO] [stdout] test src/lib.rs - ending (line 542) ... ok
[INFO] [stdout] test src/lib.rs - digit (line 286) ... ok
[INFO] [stdout] test src/lib.rs - PrettyRegex<T>::repeats_at_least (line 635) ... ok
[INFO] [stdout] test src/lib.rs - alphabetic (line 376) ... ok
[INFO] [stdout] test src/lib.rs - just (line 239) ... ok
[INFO] [stdout] test src/lib.rs - PrettyRegex<T>::mul (line 596) ... ok
[INFO] [stdout] test src/lib.rs - PrettyRegex<T>::repeats_n_times_within (line 714) ... ok
[INFO] [stdout] test src/lib.rs - PrettyRegex<T>::optional (line 675) ... ok
[INFO] [stdout] test src/lib.rs - PrettyRegex<T>::named_capture (line 772) ... ok
[INFO] [stdout] test src/lib.rs - any (line 271) ... ok
[INFO] [stdout] test src/lib.rs - PrettyRegex<L>::add (line 217) ... ok
[INFO] [stdout] test src/lib.rs - (line 78) ... ok
[INFO] [stdout] test src/lib.rs - PrettyRegex<T>::unnamed_capture (line 742) ... ok
[INFO] [stdout] test src/lib.rs - ascii_lowercase (line 433) ... ok
[INFO] [stdout] test src/lib.rs - alphanumeric (line 394) ... ok
[INFO] [stdout] test src/lib.rs - beginning (line 525) ... ok
[INFO] [stdout] test src/lib.rs - lowercase (line 415) ... ok
[INFO] [stdout] test src/lib.rs - nonescaped (line 255) ... ok
[INFO] [stdout] test src/logic.rs - logic::not (line 111) ... FAILED
[INFO] [stdout] test src/lib.rs - one_of (line 795) ... ok
[INFO] [stdout] test src/lib.rs - text_beginning (line 559) ... ok
[INFO] [stdout] test src/lib.rs - text_ending (line 576) ... ok
[INFO] [stdout] test src/lib.rs - without (line 473) ... ok
[INFO] [stdout] test src/lib.rs - without_char_range (line 510) ... ok
[INFO] [stdout] test src/lib.rs - whitespace (line 326) ... ok
[INFO] [stdout] test src/logic.rs - logic::PrettyRegex<CharClass<T>>::and (line 10) ... ok
[INFO] [stdout] test src/logic.rs - logic::PrettyRegex<L>::sub (line 97) ... ok
[INFO] [stdout] test src/lib.rs - within_char_range (line 495) ... ok
[INFO] [stdout] test src/lib.rs - within (line 452) ... ok
[INFO] [stdout] test src/logic.rs - logic::symmetric_difference_between (line 51) ... ok
[INFO] [stdout] test src/logic.rs - logic::PrettyRegex<CharClass<T>>::bitxor (line 219) ... ok
[INFO] [stdout] test src/logic.rs - logic::PrettyRegex<CharClass<T>>::symmetric_difference_with (line 27) ... ok
[INFO] [stdout] test src/logic.rs - logic::PrettyRegex<CharClass<Standard>>::not (line 128) ... ok
[INFO] [stdout] test src/lib.rs - word (line 302) ... ok
[INFO] [stdout] test src/logic.rs - logic::PrettyRegex<L>::bitand (line 77) ... ok
[INFO] [stdout] 
[INFO] [stdout] failures:
[INFO] [stdout] 
[INFO] [stdout] ---- src/logic.rs - logic::not (line 111) stdout ----
[INFO] [stdout] error[E0432]: unresolved import `pretty_regex::not`
[INFO] [stdout]  --> src/logic.rs:113:20
[INFO] [stdout]   |
[INFO] [stdout] 5 | use pretty_regex::{not, digit};
[INFO] [stdout]   |                    ^^^ no `not` in the root
[INFO] [stdout] 
[INFO] [stdout] error: aborting due to previous error
[INFO] [stdout] 
[INFO] [stdout] For more information about this error, try `rustc --explain E0432`.
[INFO] [stdout] Couldn't compile the test.
[INFO] [stdout] 
[INFO] [stdout] failures:
[INFO] [stdout]     src/logic.rs - logic::not (line 111)
[INFO] [stdout] 
[INFO] [stdout] test result: FAILED. 43 passed; 1 failed; 3 ignored; 0 measured; 0 filtered out; finished in 7.90s
[INFO] [stdout] 
[INFO] [stderr] error: doctest failed, to rerun pass `--doc`
[INFO] running `Command { std: "docker" "inspect" "1d14fe3a505ad5d06990df3df5f229356e0a1f01fb7933dbdf8023aef1c5de59", kill_on_drop: false }`
[INFO] running `Command { std: "docker" "rm" "-f" "1d14fe3a505ad5d06990df3df5f229356e0a1f01fb7933dbdf8023aef1c5de59", kill_on_drop: false }`
[INFO] [stdout] 1d14fe3a505ad5d06990df3df5f229356e0a1f01fb7933dbdf8023aef1c5de59
[INFO] testing pretty_regex-1.0.4 against beta-2023-12-22 for beta-1.76-1
[INFO] extracting crate pretty_regex 1.0.4 into /workspace/builds/worker-4-tc2/source
[INFO] validating manifest of crates.io crate pretty_regex 1.0.4 on toolchain beta-2023-12-22
[INFO] running `Command { std: CARGO_HOME="/workspace/cargo-home" RUSTUP_HOME="/workspace/rustup-home" "/workspace/cargo-home/bin/cargo" "+beta-2023-12-22" "metadata" "--manifest-path" "Cargo.toml" "--no-deps", kill_on_drop: false }`
[INFO] started tweaking crates.io crate pretty_regex 1.0.4
[INFO] finished tweaking crates.io crate pretty_regex 1.0.4
[INFO] tweaked toml for crates.io crate pretty_regex 1.0.4 written to /workspace/builds/worker-4-tc2/source/Cargo.toml
[INFO] crate crates.io crate pretty_regex 1.0.4 already has a lockfile, it will not be regenerated
[INFO] running `Command { std: CARGO_HOME="/workspace/cargo-home" RUSTUP_HOME="/workspace/rustup-home" "/workspace/cargo-home/bin/cargo" "+beta-2023-12-22" "fetch" "--manifest-path" "Cargo.toml", kill_on_drop: false }`
[INFO] running `Command { std: "docker" "create" "-v" "/var/lib/crater-agent-workspace/builds/worker-4-tc2/target:/opt/rustwide/target:rw,Z" "-v" "/var/lib/crater-agent-workspace/builds/worker-4-tc2/source:/opt/rustwide/workdir:ro,Z" "-v" "/var/lib/crater-agent-workspace/cargo-home:/opt/rustwide/cargo-home:ro,Z" "-v" "/var/lib/crater-agent-workspace/rustup-home:/opt/rustwide/rustup-home:ro,Z" "-e" "SOURCE_DIR=/opt/rustwide/workdir" "-e" "CARGO_TARGET_DIR=/opt/rustwide/target" "-e" "CARGO_HOME=/opt/rustwide/cargo-home" "-e" "RUSTUP_HOME=/opt/rustwide/rustup-home" "-w" "/opt/rustwide/workdir" "-m" "1610612736" "--user" "0:0" "--network" "none" "ghcr.io/rust-lang/crates-build-env/linux@sha256:2788e3201cd34a07e3172128adcd8b3090168a8e3bcc40d7c032b9dda1df7d1c" "/opt/rustwide/cargo-home/bin/cargo" "+beta-2023-12-22" "metadata" "--no-deps" "--format-version=1", kill_on_drop: false }`
[INFO] [stdout] 8bc2a41b6d48dfc7941d486fd8bc4b73cc7aff0c6f7b2710af9b1a487ed1261a
[INFO] running `Command { std: "docker" "start" "-a" "8bc2a41b6d48dfc7941d486fd8bc4b73cc7aff0c6f7b2710af9b1a487ed1261a", kill_on_drop: false }`
[INFO] running `Command { std: "docker" "inspect" "8bc2a41b6d48dfc7941d486fd8bc4b73cc7aff0c6f7b2710af9b1a487ed1261a", kill_on_drop: false }`
[INFO] running `Command { std: "docker" "rm" "-f" "8bc2a41b6d48dfc7941d486fd8bc4b73cc7aff0c6f7b2710af9b1a487ed1261a", kill_on_drop: false }`
[INFO] [stdout] 8bc2a41b6d48dfc7941d486fd8bc4b73cc7aff0c6f7b2710af9b1a487ed1261a
[INFO] running `Command { std: "docker" "create" "-v" "/var/lib/crater-agent-workspace/builds/worker-4-tc2/target:/opt/rustwide/target:rw,Z" "-v" "/var/lib/crater-agent-workspace/builds/worker-4-tc2/source:/opt/rustwide/workdir:ro,Z" "-v" "/var/lib/crater-agent-workspace/cargo-home:/opt/rustwide/cargo-home:ro,Z" "-v" "/var/lib/crater-agent-workspace/rustup-home:/opt/rustwide/rustup-home:ro,Z" "-e" "SOURCE_DIR=/opt/rustwide/workdir" "-e" "CARGO_TARGET_DIR=/opt/rustwide/target" "-e" "CARGO_INCREMENTAL=0" "-e" "RUST_BACKTRACE=full" "-e" "RUSTFLAGS=--cap-lints=warn" "-e" "RUSTDOCFLAGS=--cap-lints=warn" "-e" "CARGO_HOME=/opt/rustwide/cargo-home" "-e" "RUSTUP_HOME=/opt/rustwide/rustup-home" "-w" "/opt/rustwide/workdir" "-m" "1610612736" "--user" "0:0" "--network" "none" "ghcr.io/rust-lang/crates-build-env/linux@sha256:2788e3201cd34a07e3172128adcd8b3090168a8e3bcc40d7c032b9dda1df7d1c" "/opt/rustwide/cargo-home/bin/cargo" "+beta-2023-12-22" "build" "--frozen" "--message-format=json", kill_on_drop: false }`
[INFO] [stdout] 11224668e1c4fad7edec31076baa0695b3cde9cf1794aa9e4fbc67d48b4fa08c
[INFO] running `Command { std: "docker" "start" "-a" "11224668e1c4fad7edec31076baa0695b3cde9cf1794aa9e4fbc67d48b4fa08c", kill_on_drop: false }`
[INFO] [stderr]    Compiling aho-corasick v1.0.2
[INFO] [stderr]    Compiling regex-syntax v0.7.4
[INFO] [stderr]    Compiling regex-automata v0.3.6
[INFO] [stderr]    Compiling regex v1.9.3
[INFO] [stderr]    Compiling pretty_regex v1.0.4 (/opt/rustwide/workdir)
[INFO] [stderr]     Finished dev [unoptimized + debuginfo] target(s) in 5.80s
[INFO] running `Command { std: "docker" "inspect" "11224668e1c4fad7edec31076baa0695b3cde9cf1794aa9e4fbc67d48b4fa08c", kill_on_drop: false }`
[INFO] running `Command { std: "docker" "rm" "-f" "11224668e1c4fad7edec31076baa0695b3cde9cf1794aa9e4fbc67d48b4fa08c", kill_on_drop: false }`
[INFO] [stdout] 11224668e1c4fad7edec31076baa0695b3cde9cf1794aa9e4fbc67d48b4fa08c
[INFO] running `Command { std: "docker" "create" "-v" "/var/lib/crater-agent-workspace/builds/worker-4-tc2/target:/opt/rustwide/target:rw,Z" "-v" "/var/lib/crater-agent-workspace/builds/worker-4-tc2/source:/opt/rustwide/workdir:ro,Z" "-v" "/var/lib/crater-agent-workspace/cargo-home:/opt/rustwide/cargo-home:ro,Z" "-v" "/var/lib/crater-agent-workspace/rustup-home:/opt/rustwide/rustup-home:ro,Z" "-e" "SOURCE_DIR=/opt/rustwide/workdir" "-e" "CARGO_TARGET_DIR=/opt/rustwide/target" "-e" "CARGO_INCREMENTAL=0" "-e" "RUST_BACKTRACE=full" "-e" "RUSTFLAGS=--cap-lints=warn" "-e" "RUSTDOCFLAGS=--cap-lints=warn" "-e" "CARGO_HOME=/opt/rustwide/cargo-home" "-e" "RUSTUP_HOME=/opt/rustwide/rustup-home" "-w" "/opt/rustwide/workdir" "-m" "1610612736" "--user" "0:0" "--network" "none" "ghcr.io/rust-lang/crates-build-env/linux@sha256:2788e3201cd34a07e3172128adcd8b3090168a8e3bcc40d7c032b9dda1df7d1c" "/opt/rustwide/cargo-home/bin/cargo" "+beta-2023-12-22" "test" "--frozen" "--no-run" "--message-format=json", kill_on_drop: false }`
[INFO] [stdout] 008a9d61b21d8156b19705fb402caf7d2fd21ae4f7ce06aa81d84920db33d5b9
[INFO] running `Command { std: "docker" "start" "-a" "008a9d61b21d8156b19705fb402caf7d2fd21ae4f7ce06aa81d84920db33d5b9", kill_on_drop: false }`
[INFO] [stderr]    Compiling pretty_regex v1.0.4 (/opt/rustwide/workdir)
[INFO] [stderr]     Finished test [unoptimized + debuginfo] target(s) in 0.61s
[INFO] running `Command { std: "docker" "inspect" "008a9d61b21d8156b19705fb402caf7d2fd21ae4f7ce06aa81d84920db33d5b9", kill_on_drop: false }`
[INFO] running `Command { std: "docker" "rm" "-f" "008a9d61b21d8156b19705fb402caf7d2fd21ae4f7ce06aa81d84920db33d5b9", kill_on_drop: false }`
[INFO] [stdout] 008a9d61b21d8156b19705fb402caf7d2fd21ae4f7ce06aa81d84920db33d5b9
[INFO] running `Command { std: "docker" "create" "-v" "/var/lib/crater-agent-workspace/builds/worker-4-tc2/target:/opt/rustwide/target:rw,Z" "-v" "/var/lib/crater-agent-workspace/builds/worker-4-tc2/source:/opt/rustwide/workdir:ro,Z" "-v" "/var/lib/crater-agent-workspace/cargo-home:/opt/rustwide/cargo-home:ro,Z" "-v" "/var/lib/crater-agent-workspace/rustup-home:/opt/rustwide/rustup-home:ro,Z" "-e" "SOURCE_DIR=/opt/rustwide/workdir" "-e" "CARGO_TARGET_DIR=/opt/rustwide/target" "-e" "CARGO_INCREMENTAL=0" "-e" "RUST_BACKTRACE=full" "-e" "RUSTFLAGS=--cap-lints=warn" "-e" "RUSTDOCFLAGS=--cap-lints=warn" "-e" "CARGO_HOME=/opt/rustwide/cargo-home" "-e" "RUSTUP_HOME=/opt/rustwide/rustup-home" "-w" "/opt/rustwide/workdir" "-m" "1610612736" "--user" "0:0" "--network" "none" "ghcr.io/rust-lang/crates-build-env/linux@sha256:2788e3201cd34a07e3172128adcd8b3090168a8e3bcc40d7c032b9dda1df7d1c" "/opt/rustwide/cargo-home/bin/cargo" "+beta-2023-12-22" "test" "--frozen", kill_on_drop: false }`
[INFO] [stdout] e51521f60b1438163006df872ddba00788766c5e1f8e20bc3a2716ec55d47ea2
[INFO] running `Command { std: "docker" "start" "-a" "e51521f60b1438163006df872ddba00788766c5e1f8e20bc3a2716ec55d47ea2", kill_on_drop: false }`
[INFO] [stderr]     Finished test [unoptimized + debuginfo] target(s) in 0.01s
[INFO] [stderr]      Running unittests src/lib.rs (/opt/rustwide/target/debug/deps/pretty_regex-40254f51d0e9cf87)
[INFO] [stdout] 
[INFO] [stdout] running 0 tests
[INFO] [stdout] 
[INFO] [stdout] test result: ok. 0 passed; 0 failed; 0 ignored; 0 measured; 0 filtered out; finished in 0.00s
[INFO] [stdout] 
[INFO] [stderr]    Doc-tests pretty_regex
[INFO] [stdout] 
[INFO] [stdout] running 47 tests
[INFO] [stdout] test src/lib.rs - (line 29) ... ignored
[INFO] [stdout] test src/lib.rs - (line 45) ... ignored
[INFO] [stdout] test src/lib.rs - (line 64) ... ignored
[INFO] [stdout] test src/lib.rs - PrettyRegex<Quantifier>::lazy (line 193) - compile fail ... ok
[INFO] [stdout] test src/lib.rs - PrettyRegex<Quantifier>::lazy (line 185) ... ok
[INFO] [stdout] test src/lib.rs - PrettyRegex<T>::repeats_one_or_more_times (line 655) ... FAILED
[INFO] [stdout] test src/lib.rs - PrettyRegex<T>::then (line 159) ... ok
[INFO] [stdout] test src/lib.rs - PrettyRegex<T>::repeats_n_times_within (line 714) ... ok
[INFO] [stdout] test src/lib.rs - PrettyRegex<T>::repeats (line 615) ... ok
[INFO] [stdout] test src/lib.rs - PrettyRegex<T>::repeats_at_least (line 635) ... ok
[INFO] [stdout] test src/lib.rs - PrettyRegex<L>::add (line 217) ... ok
[INFO] [stdout] test src/lib.rs - PrettyRegex<T>::named_capture (line 772) ... ok
[INFO] [stdout] test src/lib.rs - PrettyRegex<T>::repeats_zero_or_more_times (line 694) ... ok
[INFO] [stdout] test src/lib.rs - alphabetic (line 376) ... ok
[INFO] [stdout] test src/lib.rs - PrettyRegex<T>::unnamed_capture (line 742) ... ok
[INFO] [stdout] test src/lib.rs - PrettyRegex<T>::optional (line 675) ... ok
[INFO] [stdout] test src/lib.rs - ascii_alphabetic (line 342) ... ok
[INFO] [stdout] test src/lib.rs - any (line 271) ... ok
[INFO] [stdout] test src/lib.rs - PrettyRegex<T>::bitor (line 824) ... ok
[INFO] [stdout] test src/lib.rs - (line 78) ... ok
[INFO] [stdout] test src/lib.rs - alphanumeric (line 394) ... ok
[INFO] [stdout] test src/lib.rs - PrettyRegex<T>::mul (line 596) ... ok
[INFO] [stdout] test src/lib.rs - ascii_alphanumeric (line 359) ... ok
[INFO] [stdout] test src/lib.rs - beginning (line 525) ... ok
[INFO] [stdout] test src/lib.rs - ascii_lowercase (line 433) ... ok
[INFO] [stdout] test src/lib.rs - ending (line 542) ... ok
[INFO] [stdout] test src/lib.rs - digit (line 286) ... ok
[INFO] [stdout] test src/lib.rs - nonescaped (line 255) ... ok
[INFO] [stdout] test src/lib.rs - one_of (line 795) ... ok
[INFO] [stdout] test src/lib.rs - just (line 239) ... ok
[INFO] [stdout] test src/lib.rs - text_beginning (line 559) ... ok
[INFO] [stdout] test src/lib.rs - lowercase (line 415) ... ok
[INFO] [stdout] test src/logic.rs - logic::not (line 111) ... FAILED
[INFO] [stdout] test src/lib.rs - whitespace (line 326) ... ok
[INFO] [stdout] test src/lib.rs - text_ending (line 576) ... ok
[INFO] [stdout] test src/lib.rs - within (line 452) ... ok
[INFO] [stdout] test src/lib.rs - within_char_range (line 495) ... ok
[INFO] [stdout] test src/lib.rs - without_char_range (line 510) ... ok
[INFO] [stdout] test src/lib.rs - without (line 473) ... ok
[INFO] [stdout] test src/lib.rs - word (line 302) ... ok
[INFO] [stdout] test src/logic.rs - logic::PrettyRegex<CharClass<T>>::bitxor (line 219) ... ok
[INFO] [stdout] test src/logic.rs - logic::PrettyRegex<CharClass<T>>::and (line 10) ... ok
[INFO] [stdout] test src/logic.rs - logic::PrettyRegex<CharClass<Standard>>::not (line 128) ... ok
[INFO] [stdout] test src/logic.rs - logic::PrettyRegex<L>::bitand (line 77) ... ok
[INFO] [stdout] test src/logic.rs - logic::PrettyRegex<L>::sub (line 97) ... ok
[INFO] [stdout] test src/logic.rs - logic::PrettyRegex<CharClass<T>>::symmetric_difference_with (line 27) ... ok
[INFO] [stdout] test src/logic.rs - logic::symmetric_difference_between (line 51) ... ok
[INFO] [stdout] 
[INFO] [stdout] failures:
[INFO] [stdout] 
[INFO] [stdout] ---- src/lib.rs - PrettyRegex<T>::repeats_one_or_more_times (line 655) stdout ----
[INFO] [stdout] error: linking with `cc` failed: exit status: 1
[INFO] [stdout]   |
[INFO] [stdout]   = note: LC_ALL="C" PATH="/opt/rustwide/rustup-home/toolchains/beta-2023-12-22-x86_64-unknown-linux-gnu/lib/rustlib/x86_64-unknown-linux-gnu/bin:/opt/rustwide/cargo-home/bin:/usr/local/sbin:/usr/local/bin:/usr/sbin:/usr/bin:/sbin:/bin" VSLANG="1033" "cc" "-m64" "/tmp/rustcEPWwWz/symbols.o" "/tmp/rustdoctestllnkU6/rust_out.rust_out.1380c8ea7c88b8e2-cgu.0.rcgu.o" "/tmp/rustdoctestllnkU6/rust_out.3lr6z6385pynyhem.rcgu.o" "-Wl,--as-needed" "-L" "/opt/rustwide/target/debug/deps" "-L" "/opt/rustwide/target/debug/deps" "-L" "/opt/rustwide/rustup-home/toolchains/beta-2023-12-22-x86_64-unknown-linux-gnu/lib/rustlib/x86_64-unknown-linux-gnu/lib" "-Wl,-Bstatic" "/opt/rustwide/target/debug/deps/libpretty_regex-fb4ccca8b56dc389.rlib" "/opt/rustwide/target/debug/deps/libregex-8451f7c16f333349.rlib" "/opt/rustwide/target/debug/deps/libregex_automata-0a311b51be989798.rlib" "/opt/rustwide/target/debug/deps/libaho_corasick-d424b0a92ce0dc1c.rlib" "/opt/rustwide/target/debug/deps/libmemchr-33d05ae5bba76030.rlib" "/opt/rustwide/target/debug/deps/libregex_syntax-eadc5749e804a1ad.rlib" "/opt/rustwide/rustup-home/toolchains/beta-2023-12-22-x86_64-unknown-linux-gnu/lib/rustlib/x86_64-unknown-linux-gnu/lib/libstd-0672489a78b613de.rlib" "/opt/rustwide/rustup-home/toolchains/beta-2023-12-22-x86_64-unknown-linux-gnu/lib/rustlib/x86_64-unknown-linux-gnu/lib/libpanic_unwind-7eb3ffc34a49f675.rlib" "/opt/rustwide/rustup-home/toolchains/beta-2023-12-22-x86_64-unknown-linux-gnu/lib/rustlib/x86_64-unknown-linux-gnu/lib/libobject-6478a9daa4bee8e2.rlib" "/opt/rustwide/rustup-home/toolchains/beta-2023-12-22-x86_64-unknown-linux-gnu/lib/rustlib/x86_64-unknown-linux-gnu/lib/libmemchr-0c75d871a5c3923d.rlib" "/opt/rustwide/rustup-home/toolchains/beta-2023-12-22-x86_64-unknown-linux-gnu/lib/rustlib/x86_64-unknown-linux-gnu/lib/libaddr2line-d163ef63ad37bb71.rlib" "/opt/rustwide/rustup-home/toolchains/beta-2023-12-22-x86_64-unknown-linux-gnu/lib/rustlib/x86_64-unknown-linux-gnu/lib/libgimli-8a3fd810a85b9f4c.rlib" "/opt/rustwide/rustup-home/toolchains/beta-2023-12-22-x86_64-unknown-linux-gnu/lib/rustlib/x86_64-unknown-linux-gnu/lib/librustc_demangle-462a2cde8c5dfc10.rlib" "/opt/rustwide/rustup-home/toolchains/beta-2023-12-22-x86_64-unknown-linux-gnu/lib/rustlib/x86_64-unknown-linux-gnu/lib/libstd_detect-cb06ac9f54713f71.rlib" "/opt/rustwide/rustup-home/toolchains/beta-2023-12-22-x86_64-unknown-linux-gnu/lib/rustlib/x86_64-unknown-linux-gnu/lib/libhashbrown-f20bfd1f8e59b393.rlib" "/opt/rustwide/rustup-home/toolchains/beta-2023-12-22-x86_64-unknown-linux-gnu/lib/rustlib/x86_64-unknown-linux-gnu/lib/librustc_std_workspace_alloc-1ef460949b49da4b.rlib" "/opt/rustwide/rustup-home/toolchains/beta-2023-12-22-x86_64-unknown-linux-gnu/lib/rustlib/x86_64-unknown-linux-gnu/lib/libminiz_oxide-2cb0c0ffe4f87514.rlib" "/opt/rustwide/rustup-home/toolchains/beta-2023-12-22-x86_64-unknown-linux-gnu/lib/rustlib/x86_64-unknown-linux-gnu/lib/libadler-58d841eb322a11a2.rlib" "/opt/rustwide/rustup-home/toolchains/beta-2023-12-22-x86_64-unknown-linux-gnu/lib/rustlib/x86_64-unknown-linux-gnu/lib/libunwind-aa2ae0b0a9d11533.rlib" "/opt/rustwide/rustup-home/toolchains/beta-2023-12-22-x86_64-unknown-linux-gnu/lib/rustlib/x86_64-unknown-linux-gnu/lib/libcfg_if-23874e15830ed336.rlib" "/opt/rustwide/rustup-home/toolchains/beta-2023-12-22-x86_64-unknown-linux-gnu/lib/rustlib/x86_64-unknown-linux-gnu/lib/liblibc-e47cddc003bce885.rlib" "/opt/rustwide/rustup-home/toolchains/beta-2023-12-22-x86_64-unknown-linux-gnu/lib/rustlib/x86_64-unknown-linux-gnu/lib/liballoc-c22b13b48a8f128e.rlib" "/opt/rustwide/rustup-home/toolchains/beta-2023-12-22-x86_64-unknown-linux-gnu/lib/rustlib/x86_64-unknown-linux-gnu/lib/librustc_std_workspace_core-e46bc3da6d7c462f.rlib" "/opt/rustwide/rustup-home/toolchains/beta-2023-12-22-x86_64-unknown-linux-gnu/lib/rustlib/x86_64-unknown-linux-gnu/lib/libcore-8d1ac131d3cb2645.rlib" "/opt/rustwide/rustup-home/toolchains/beta-2023-12-22-x86_64-unknown-linux-gnu/lib/rustlib/x86_64-unknown-linux-gnu/lib/libcompiler_builtins-a1b43df8c6899c1f.rlib" "-Wl,-Bdynamic" "-lgcc_s" "-lutil" "-lrt" "-lpthread" "-lm" "-ldl" "-lc" "-Wl,--eh-frame-hdr" "-Wl,-z,noexecstack" "-L" "/opt/rustwide/rustup-home/toolchains/beta-2023-12-22-x86_64-unknown-linux-gnu/lib/rustlib/x86_64-unknown-linux-gnu/lib" "-o" "/tmp/rustdoctestllnkU6/rust_out" "-Wl,--gc-sections" "-pie" "-Wl,-z,relro,-z,now" "-nodefaultlibs"
[INFO] [stdout]   = note: collect2: fatal error: ld terminated with signal 9 [Killed]
[INFO] [stdout]           compilation terminated.
[INFO] [stdout]           
[INFO] [stdout] 
[INFO] [stdout] error: aborting due to 1 previous error
[INFO] [stdout] 
[INFO] [stdout] Couldn't compile the test.
[INFO] [stdout] ---- src/logic.rs - logic::not (line 111) stdout ----
[INFO] [stdout] error[E0432]: unresolved import `pretty_regex::not`
[INFO] [stdout]  --> src/logic.rs:113:20
[INFO] [stdout]   |
[INFO] [stdout] 5 | use pretty_regex::{not, digit};
[INFO] [stdout]   |                    ^^^ no `not` in the root
[INFO] [stdout] 
[INFO] [stdout] error: aborting due to 1 previous error
[INFO] [stdout] 
[INFO] [stdout] For more information about this error, try `rustc --explain E0432`.
[INFO] [stdout] Couldn't compile the test.
[INFO] [stdout] 
[INFO] [stdout] failures:
[INFO] [stdout]     src/lib.rs - PrettyRegex<T>::repeats_one_or_more_times (line 655)
[INFO] [stdout]     src/logic.rs - logic::not (line 111)
[INFO] [stdout] 
[INFO] [stdout] test result: FAILED. 42 passed; 2 failed; 3 ignored; 0 measured; 0 filtered out; finished in 7.00s
[INFO] [stdout] 
[INFO] [stderr] error: doctest failed, to rerun pass `--doc`
[INFO] running `Command { std: "docker" "inspect" "e51521f60b1438163006df872ddba00788766c5e1f8e20bc3a2716ec55d47ea2", kill_on_drop: false }`
[INFO] running `Command { std: "docker" "rm" "-f" "e51521f60b1438163006df872ddba00788766c5e1f8e20bc3a2716ec55d47ea2", kill_on_drop: false }`
[INFO] [stdout] e51521f60b1438163006df872ddba00788766c5e1f8e20bc3a2716ec55d47ea2
