[INFO] fetching crate presage 0.3.0...
[INFO] testing presage-0.3.0 against 1.75.0 for beta-1.76-1
[INFO] extracting crate presage 0.3.0 into /workspace/builds/worker-0-tc1/source
[INFO] validating manifest of crates.io crate presage 0.3.0 on toolchain 1.75.0
[INFO] running `Command { std: CARGO_HOME="/workspace/cargo-home" RUSTUP_HOME="/workspace/rustup-home" "/workspace/cargo-home/bin/cargo" "+1.75.0" "metadata" "--manifest-path" "Cargo.toml" "--no-deps", kill_on_drop: false }`
[INFO] started tweaking crates.io crate presage 0.3.0
[INFO] finished tweaking crates.io crate presage 0.3.0
[INFO] tweaked toml for crates.io crate presage 0.3.0 written to /workspace/builds/worker-0-tc1/source/Cargo.toml
[INFO] running `Command { std: CARGO_HOME="/workspace/cargo-home" RUSTUP_HOME="/workspace/rustup-home" "/workspace/cargo-home/bin/cargo" "+1.75.0" "generate-lockfile" "--manifest-path" "Cargo.toml", kill_on_drop: false }`
[INFO] [stderr]     Updating crates.io index
[INFO] running `Command { std: CARGO_HOME="/workspace/cargo-home" RUSTUP_HOME="/workspace/rustup-home" "/workspace/cargo-home/bin/cargo" "+1.75.0" "fetch" "--manifest-path" "Cargo.toml", kill_on_drop: false }`
[INFO] [stderr]  Downloading crates ...
[INFO] [stderr]   Downloaded presage-macros v0.3.0
[INFO] running `Command { std: "docker" "create" "-v" "/var/lib/crater-agent-workspace/builds/worker-0-tc1/target:/opt/rustwide/target:rw,Z" "-v" "/var/lib/crater-agent-workspace/builds/worker-0-tc1/source:/opt/rustwide/workdir:ro,Z" "-v" "/var/lib/crater-agent-workspace/cargo-home:/opt/rustwide/cargo-home:ro,Z" "-v" "/var/lib/crater-agent-workspace/rustup-home:/opt/rustwide/rustup-home:ro,Z" "-e" "SOURCE_DIR=/opt/rustwide/workdir" "-e" "CARGO_TARGET_DIR=/opt/rustwide/target" "-e" "CARGO_HOME=/opt/rustwide/cargo-home" "-e" "RUSTUP_HOME=/opt/rustwide/rustup-home" "-w" "/opt/rustwide/workdir" "-m" "1610612736" "--user" "0:0" "--network" "none" "ghcr.io/rust-lang/crates-build-env/linux@sha256:2788e3201cd34a07e3172128adcd8b3090168a8e3bcc40d7c032b9dda1df7d1c" "/opt/rustwide/cargo-home/bin/cargo" "+1.75.0" "metadata" "--no-deps" "--format-version=1", kill_on_drop: false }`
[INFO] [stdout] 0c2d37c149d1f19fa0faddd08c1c54281dd0fba416994ecd74c7140752b69703
[INFO] running `Command { std: "docker" "start" "-a" "0c2d37c149d1f19fa0faddd08c1c54281dd0fba416994ecd74c7140752b69703", kill_on_drop: false }`
[INFO] running `Command { std: "docker" "inspect" "0c2d37c149d1f19fa0faddd08c1c54281dd0fba416994ecd74c7140752b69703", kill_on_drop: false }`
[INFO] running `Command { std: "docker" "rm" "-f" "0c2d37c149d1f19fa0faddd08c1c54281dd0fba416994ecd74c7140752b69703", kill_on_drop: false }`
[INFO] [stdout] 0c2d37c149d1f19fa0faddd08c1c54281dd0fba416994ecd74c7140752b69703
[INFO] running `Command { std: "docker" "create" "-v" "/var/lib/crater-agent-workspace/builds/worker-0-tc1/target:/opt/rustwide/target:rw,Z" "-v" "/var/lib/crater-agent-workspace/builds/worker-0-tc1/source:/opt/rustwide/workdir:ro,Z" "-v" "/var/lib/crater-agent-workspace/cargo-home:/opt/rustwide/cargo-home:ro,Z" "-v" "/var/lib/crater-agent-workspace/rustup-home:/opt/rustwide/rustup-home:ro,Z" "-e" "SOURCE_DIR=/opt/rustwide/workdir" "-e" "CARGO_TARGET_DIR=/opt/rustwide/target" "-e" "CARGO_INCREMENTAL=0" "-e" "RUST_BACKTRACE=full" "-e" "RUSTFLAGS=--cap-lints=warn" "-e" "RUSTDOCFLAGS=--cap-lints=warn" "-e" "CARGO_HOME=/opt/rustwide/cargo-home" "-e" "RUSTUP_HOME=/opt/rustwide/rustup-home" "-w" "/opt/rustwide/workdir" "-m" "1610612736" "--user" "0:0" "--network" "none" "ghcr.io/rust-lang/crates-build-env/linux@sha256:2788e3201cd34a07e3172128adcd8b3090168a8e3bcc40d7c032b9dda1df7d1c" "/opt/rustwide/cargo-home/bin/cargo" "+1.75.0" "build" "--frozen" "--message-format=json", kill_on_drop: false }`
[INFO] [stdout] e758db4f3ed949d8643a8ccef35176d6580be63c869a1d12fe71288b5a2a49aa
[INFO] running `Command { std: "docker" "start" "-a" "e758db4f3ed949d8643a8ccef35176d6580be63c869a1d12fe71288b5a2a49aa", kill_on_drop: false }`
[INFO] [stderr]    Compiling async-trait v0.1.77
[INFO] [stderr]    Compiling unicode-segmentation v1.10.1
[INFO] [stderr]    Compiling thiserror v1.0.56
[INFO] [stderr]    Compiling thiserror-impl v1.0.56
[INFO] [stderr]    Compiling serde_json v1.0.111
[INFO] [stderr]    Compiling convert_case v0.6.0
[INFO] [stderr]    Compiling presage-macros v0.3.0
[INFO] [stderr]    Compiling presage v0.3.0 (/opt/rustwide/workdir)
[INFO] [stderr]     Finished dev [unoptimized + debuginfo] target(s) in 1.77s
[INFO] running `Command { std: "docker" "inspect" "e758db4f3ed949d8643a8ccef35176d6580be63c869a1d12fe71288b5a2a49aa", kill_on_drop: false }`
[INFO] running `Command { std: "docker" "rm" "-f" "e758db4f3ed949d8643a8ccef35176d6580be63c869a1d12fe71288b5a2a49aa", kill_on_drop: false }`
[INFO] [stdout] e758db4f3ed949d8643a8ccef35176d6580be63c869a1d12fe71288b5a2a49aa
[INFO] running `Command { std: "docker" "create" "-v" "/var/lib/crater-agent-workspace/builds/worker-0-tc1/target:/opt/rustwide/target:rw,Z" "-v" "/var/lib/crater-agent-workspace/builds/worker-0-tc1/source:/opt/rustwide/workdir:ro,Z" "-v" "/var/lib/crater-agent-workspace/cargo-home:/opt/rustwide/cargo-home:ro,Z" "-v" "/var/lib/crater-agent-workspace/rustup-home:/opt/rustwide/rustup-home:ro,Z" "-e" "SOURCE_DIR=/opt/rustwide/workdir" "-e" "CARGO_TARGET_DIR=/opt/rustwide/target" "-e" "CARGO_INCREMENTAL=0" "-e" "RUST_BACKTRACE=full" "-e" "RUSTFLAGS=--cap-lints=warn" "-e" "RUSTDOCFLAGS=--cap-lints=warn" "-e" "CARGO_HOME=/opt/rustwide/cargo-home" "-e" "RUSTUP_HOME=/opt/rustwide/rustup-home" "-w" "/opt/rustwide/workdir" "-m" "1610612736" "--user" "0:0" "--network" "none" "ghcr.io/rust-lang/crates-build-env/linux@sha256:2788e3201cd34a07e3172128adcd8b3090168a8e3bcc40d7c032b9dda1df7d1c" "/opt/rustwide/cargo-home/bin/cargo" "+1.75.0" "test" "--frozen" "--no-run" "--message-format=json", kill_on_drop: false }`
[INFO] [stdout] 2be53ca5d40758bf931376b8af097b76592c9918ba3c34e5eb24f0d839599a1e
[INFO] running `Command { std: "docker" "start" "-a" "2be53ca5d40758bf931376b8af097b76592c9918ba3c34e5eb24f0d839599a1e", kill_on_drop: false }`
[INFO] [stderr]    Compiling presage v0.3.0 (/opt/rustwide/workdir)
[INFO] [stderr]     Finished test [unoptimized + debuginfo] target(s) in 0.58s
[INFO] running `Command { std: "docker" "inspect" "2be53ca5d40758bf931376b8af097b76592c9918ba3c34e5eb24f0d839599a1e", kill_on_drop: false }`
[INFO] running `Command { std: "docker" "rm" "-f" "2be53ca5d40758bf931376b8af097b76592c9918ba3c34e5eb24f0d839599a1e", kill_on_drop: false }`
[INFO] [stdout] 2be53ca5d40758bf931376b8af097b76592c9918ba3c34e5eb24f0d839599a1e
[INFO] running `Command { std: "docker" "create" "-v" "/var/lib/crater-agent-workspace/builds/worker-0-tc1/target:/opt/rustwide/target:rw,Z" "-v" "/var/lib/crater-agent-workspace/builds/worker-0-tc1/source:/opt/rustwide/workdir:ro,Z" "-v" "/var/lib/crater-agent-workspace/cargo-home:/opt/rustwide/cargo-home:ro,Z" "-v" "/var/lib/crater-agent-workspace/rustup-home:/opt/rustwide/rustup-home:ro,Z" "-e" "SOURCE_DIR=/opt/rustwide/workdir" "-e" "CARGO_TARGET_DIR=/opt/rustwide/target" "-e" "CARGO_INCREMENTAL=0" "-e" "RUST_BACKTRACE=full" "-e" "RUSTFLAGS=--cap-lints=warn" "-e" "RUSTDOCFLAGS=--cap-lints=warn" "-e" "CARGO_HOME=/opt/rustwide/cargo-home" "-e" "RUSTUP_HOME=/opt/rustwide/rustup-home" "-w" "/opt/rustwide/workdir" "-m" "1610612736" "--user" "0:0" "--network" "none" "ghcr.io/rust-lang/crates-build-env/linux@sha256:2788e3201cd34a07e3172128adcd8b3090168a8e3bcc40d7c032b9dda1df7d1c" "/opt/rustwide/cargo-home/bin/cargo" "+1.75.0" "test" "--frozen", kill_on_drop: false }`
[INFO] [stdout] 294ead4ec9236ba5475e9b15961f62e44fb215ecb95ee034419fb944ea6d5636
[INFO] running `Command { std: "docker" "start" "-a" "294ead4ec9236ba5475e9b15961f62e44fb215ecb95ee034419fb944ea6d5636", kill_on_drop: false }`
[INFO] [stderr]     Finished test [unoptimized + debuginfo] target(s) in 0.02s
[INFO] [stderr]      Running unittests src/lib.rs (/opt/rustwide/target/debug/deps/presage-3465bf5a1da54fff)
[INFO] [stdout] 
[INFO] [stdout] running 1 test
[INFO] [stdout] test configuration::test::test_add_assign ... ok
[INFO] [stdout] 
[INFO] [stdout] test result: ok. 1 passed; 0 failed; 0 ignored; 0 measured; 0 filtered out; finished in 0.00s
[INFO] [stdout] 
[INFO] [stderr]    Doc-tests presage
[INFO] [stdout] 
[INFO] [stdout] running 5 tests
[INFO] [stdout] test src/command_bus.rs - command_bus::CommandBus<C,E>::configure (line 43) ... FAILED
[INFO] [stdout] test src/command.rs - command::Command (line 17) ... FAILED
[INFO] [stdout] test src/event.rs - event::Event (line 20) ... FAILED
[INFO] [stdout] test src/event.rs - event::AggregateEvent (line 49) ... FAILED
[INFO] [stdout] test src/aggregate.rs - aggregate::Aggregate (line 22) ... ok
[INFO] [stdout] 
[INFO] [stdout] failures:
[INFO] [stdout] 
[INFO] [stdout] ---- src/command_bus.rs - command_bus::CommandBus<C,E>::configure (line 43) stdout ----
[INFO] [stdout] error[E0425]: cannot find value `some_event_handler` in this scope
[INFO] [stdout]  --> src/command_bus.rs:48:29
[INFO] [stdout]   |
[INFO] [stdout] 8 |             .event_handler(&some_event_handler)
[INFO] [stdout]   |                             ^^^^^^^^^^^^^^^^^^ not found in this scope
[INFO] [stdout] 
[INFO] [stdout] error[E0425]: cannot find value `some_command_handler` in this scope
[INFO] [stdout]  --> src/command_bus.rs:49:31
[INFO] [stdout]   |
[INFO] [stdout] 9 |             .command_handler(&some_command_handler)
[INFO] [stdout]   |                               ^^^^^^^^^^^^^^^^^^^^ not found in this scope
[INFO] [stdout] 
[INFO] [stdout] error: aborting due to 2 previous errors
[INFO] [stdout] 
[INFO] [stdout] For more information about this error, try `rustc --explain E0425`.
[INFO] [stdout] Couldn't compile the test.
[INFO] [stdout] ---- src/command.rs - command::Command (line 17) stdout ----
[INFO] [stdout] error[E0412]: cannot find type `Todo` in this scope
[INFO] [stdout]  --> src/command.rs:23:16
[INFO] [stdout]   |
[INFO] [stdout] 9 |     pub id: Id<Todo>,
[INFO] [stdout]   |                ^^^^ not found in this scope
[INFO] [stdout]   |
[INFO] [stdout] help: you might be missing a type parameter
[INFO] [stdout]   |
[INFO] [stdout] 8 | pub struct CreateTodo<Todo> {
[INFO] [stdout]   |                      ++++++
[INFO] [stdout] 
[INFO] [stdout] error: aborting due to previous error
[INFO] [stdout] 
[INFO] [stdout] For more information about this error, try `rustc --explain E0412`.
[INFO] [stdout] Couldn't compile the test.
[INFO] [stdout] ---- src/event.rs - event::Event (line 20) stdout ----
[INFO] [stdout] error[E0277]: the trait bound `Instant: Serialize` is not satisfied
[INFO] [stdout]    --> src/event.rs:22:10
[INFO] [stdout]     |
[INFO] [stdout] 5   | #[derive(serde::Serialize, serde::Deserialize)]
[INFO] [stdout]     |          ^^^^^^^^^^^^^^^^ the trait `Serialize` is not implemented for `Instant`
[INFO] [stdout] 6   | struct SystemStarted(std::time::Instant);
[INFO] [stdout]     |                      --- required by a bound introduced by this call
[INFO] [stdout]     |
[INFO] [stdout]     = help: the following other types implement trait `Serialize`:
[INFO] [stdout]               bool
[INFO] [stdout]               char
[INFO] [stdout]               isize
[INFO] [stdout]               i8
[INFO] [stdout]               i16
[INFO] [stdout]               i32
[INFO] [stdout]               i64
[INFO] [stdout]               i128
[INFO] [stdout]             and 132 others
[INFO] [stdout] note: required by a bound in `serialize_newtype_struct`
[INFO] [stdout]    --> /opt/rustwide/cargo-home/registry/src/index.crates.io-6f17d22bba15001f/serde-1.0.194/src/ser/mod.rs:900:12
[INFO] [stdout]     |
[INFO] [stdout] 894 |     fn serialize_newtype_struct<T: ?Sized>(
[INFO] [stdout]     |        ------------------------ required by a bound in this associated function
[INFO] [stdout] ...
[INFO] [stdout] 900 |         T: Serialize;
[INFO] [stdout]     |            ^^^^^^^^^ required by this bound in `Serializer::serialize_newtype_struct`
[INFO] [stdout] 
[INFO] [stdout] error[E0277]: the trait bound `Instant: Deserialize<'_>` is not satisfied
[INFO] [stdout]  --> src/event.rs:23:22
[INFO] [stdout]   |
[INFO] [stdout] 6 | struct SystemStarted(std::time::Instant);
[INFO] [stdout]   |                      ^^^^^^^^^^^^^^^^^^ the trait `Deserialize<'_>` is not implemented for `Instant`
[INFO] [stdout]   |
[INFO] [stdout]   = help: the following other types implement trait `Deserialize<'de>`:
[INFO] [stdout]             <bool as Deserialize<'de>>
[INFO] [stdout]             <char as Deserialize<'de>>
[INFO] [stdout]             <isize as Deserialize<'de>>
[INFO] [stdout]             <i8 as Deserialize<'de>>
[INFO] [stdout]             <i16 as Deserialize<'de>>
[INFO] [stdout]             <i32 as Deserialize<'de>>
[INFO] [stdout]             <i64 as Deserialize<'de>>
[INFO] [stdout]             <i128 as Deserialize<'de>>
[INFO] [stdout]           and 132 others
[INFO] [stdout] 
[INFO] [stdout] error[E0277]: the trait bound `Instant: Deserialize<'_>` is not satisfied
[INFO] [stdout]     --> src/event.rs:23:22
[INFO] [stdout]      |
[INFO] [stdout] 6    | struct SystemStarted(std::time::Instant);
[INFO] [stdout]      |                      ^^^^^^^^^^^^^^^^^^ the trait `Deserialize<'_>` is not implemented for `Instant`
[INFO] [stdout]      |
[INFO] [stdout]      = help: the following other types implement trait `Deserialize<'de>`:
[INFO] [stdout]                <bool as Deserialize<'de>>
[INFO] [stdout]                <char as Deserialize<'de>>
[INFO] [stdout]                <isize as Deserialize<'de>>
[INFO] [stdout]                <i8 as Deserialize<'de>>
[INFO] [stdout]                <i16 as Deserialize<'de>>
[INFO] [stdout]                <i32 as Deserialize<'de>>
[INFO] [stdout]                <i64 as Deserialize<'de>>
[INFO] [stdout]                <i128 as Deserialize<'de>>
[INFO] [stdout]              and 132 others
[INFO] [stdout] note: required by a bound in `next_element`
[INFO] [stdout]     --> /opt/rustwide/cargo-home/registry/src/index.crates.io-6f17d22bba15001f/serde-1.0.194/src/de/mod.rs:1726:12
[INFO] [stdout]      |
[INFO] [stdout] 1724 |     fn next_element<T>(&mut self) -> Result<Option<T>, Self::Error>
[INFO] [stdout]      |        ------------ required by a bound in this associated function
[INFO] [stdout] 1725 |     where
[INFO] [stdout] 1726 |         T: Deserialize<'de>,
[INFO] [stdout]      |            ^^^^^^^^^^^^^^^^ required by this bound in `SeqAccess::next_element`
[INFO] [stdout] 
[INFO] [stdout] error: aborting due to 3 previous errors
[INFO] [stdout] 
[INFO] [stdout] For more information about this error, try `rustc --explain E0277`.
[INFO] [stdout] Couldn't compile the test.
[INFO] [stdout] ---- src/event.rs - event::AggregateEvent (line 49) stdout ----
[INFO] [stdout] error[E0412]: cannot find type `Todo` in this scope
[INFO] [stdout]  --> src/event.rs:55:16
[INFO] [stdout]   |
[INFO] [stdout] 9 |     pub id: Id<Todo>,
[INFO] [stdout]   |                ^^^^ not found in this scope
[INFO] [stdout]   |
[INFO] [stdout] help: you might be missing a type parameter
[INFO] [stdout]   |
[INFO] [stdout] 8 | pub struct TodoCreated<Todo> {
[INFO] [stdout]   |                       ++++++
[INFO] [stdout] 
[INFO] [stdout] error[E0412]: cannot find type `Todo` in this scope
[INFO] [stdout]  --> src/event.rs:55:16
[INFO] [stdout]   |
[INFO] [stdout] 9 |     pub id: Id<Todo>,
[INFO] [stdout]   |                ^^^^ not found in this scope
[INFO] [stdout] 
[INFO] [stdout] error[E0412]: cannot find type `Todo` in this scope
[INFO] [stdout]   --> src/event.rs:64:22
[INFO] [stdout]    |
[INFO] [stdout] 18 |     type Aggregate = Todo;
[INFO] [stdout]    |                      ^^^^ not found in this scope
[INFO] [stdout] 
[INFO] [stdout] error: aborting due to 3 previous errors
[INFO] [stdout] 
[INFO] [stdout] For more information about this error, try `rustc --explain E0412`.
[INFO] [stdout] Couldn't compile the test.
[INFO] [stdout] 
[INFO] [stdout] failures:
[INFO] [stdout]     src/command.rs - command::Command (line 17)
[INFO] [stdout]     src/command_bus.rs - command_bus::CommandBus<C,E>::configure (line 43)
[INFO] [stdout]     src/event.rs - event::AggregateEvent (line 49)
[INFO] [stdout]     src/event.rs - event::Event (line 20)
[INFO] [stdout] 
[INFO] [stdout] test result: FAILED. 1 passed; 4 failed; 0 ignored; 0 measured; 0 filtered out; finished in 0.26s
[INFO] [stdout] 
[INFO] [stderr] error: doctest failed, to rerun pass `--doc`
[INFO] running `Command { std: "docker" "inspect" "294ead4ec9236ba5475e9b15961f62e44fb215ecb95ee034419fb944ea6d5636", kill_on_drop: false }`
[INFO] running `Command { std: "docker" "rm" "-f" "294ead4ec9236ba5475e9b15961f62e44fb215ecb95ee034419fb944ea6d5636", kill_on_drop: false }`
[INFO] [stdout] 294ead4ec9236ba5475e9b15961f62e44fb215ecb95ee034419fb944ea6d5636
