[INFO] fetching crate practo 0.1.0...
[INFO] testing practo-0.1.0 against 1.75.0 for beta-1.76-1
[INFO] extracting crate practo 0.1.0 into /workspace/builds/worker-6-tc1/source
[INFO] validating manifest of crates.io crate practo 0.1.0 on toolchain 1.75.0
[INFO] running `Command { std: CARGO_HOME="/workspace/cargo-home" RUSTUP_HOME="/workspace/rustup-home" "/workspace/cargo-home/bin/cargo" "+1.75.0" "metadata" "--manifest-path" "Cargo.toml" "--no-deps", kill_on_drop: false }`
[INFO] started tweaking crates.io crate practo 0.1.0
[INFO] finished tweaking crates.io crate practo 0.1.0
[INFO] tweaked toml for crates.io crate practo 0.1.0 written to /workspace/builds/worker-6-tc1/source/Cargo.toml
[INFO] crate crates.io crate practo 0.1.0 already has a lockfile, it will not be regenerated
[INFO] running `Command { std: CARGO_HOME="/workspace/cargo-home" RUSTUP_HOME="/workspace/rustup-home" "/workspace/cargo-home/bin/cargo" "+1.75.0" "fetch" "--manifest-path" "Cargo.toml", kill_on_drop: false }`
[INFO] running `Command { std: "docker" "create" "-v" "/var/lib/crater-agent-workspace/builds/worker-6-tc1/target:/opt/rustwide/target:rw,Z" "-v" "/var/lib/crater-agent-workspace/builds/worker-6-tc1/source:/opt/rustwide/workdir:ro,Z" "-v" "/var/lib/crater-agent-workspace/cargo-home:/opt/rustwide/cargo-home:ro,Z" "-v" "/var/lib/crater-agent-workspace/rustup-home:/opt/rustwide/rustup-home:ro,Z" "-e" "SOURCE_DIR=/opt/rustwide/workdir" "-e" "CARGO_TARGET_DIR=/opt/rustwide/target" "-e" "CARGO_HOME=/opt/rustwide/cargo-home" "-e" "RUSTUP_HOME=/opt/rustwide/rustup-home" "-w" "/opt/rustwide/workdir" "-m" "1610612736" "--user" "0:0" "--network" "none" "ghcr.io/rust-lang/crates-build-env/linux@sha256:2788e3201cd34a07e3172128adcd8b3090168a8e3bcc40d7c032b9dda1df7d1c" "/opt/rustwide/cargo-home/bin/cargo" "+1.75.0" "metadata" "--no-deps" "--format-version=1", kill_on_drop: false }`
[INFO] [stdout] 283c178203ff49afea273a37e78f00db5de3eef931b74c33c25252b94657af4e
[INFO] running `Command { std: "docker" "start" "-a" "283c178203ff49afea273a37e78f00db5de3eef931b74c33c25252b94657af4e", kill_on_drop: false }`
[INFO] running `Command { std: "docker" "inspect" "283c178203ff49afea273a37e78f00db5de3eef931b74c33c25252b94657af4e", kill_on_drop: false }`
[INFO] running `Command { std: "docker" "rm" "-f" "283c178203ff49afea273a37e78f00db5de3eef931b74c33c25252b94657af4e", kill_on_drop: false }`
[INFO] [stdout] 283c178203ff49afea273a37e78f00db5de3eef931b74c33c25252b94657af4e
[INFO] running `Command { std: "docker" "create" "-v" "/var/lib/crater-agent-workspace/builds/worker-6-tc1/target:/opt/rustwide/target:rw,Z" "-v" "/var/lib/crater-agent-workspace/builds/worker-6-tc1/source:/opt/rustwide/workdir:ro,Z" "-v" "/var/lib/crater-agent-workspace/cargo-home:/opt/rustwide/cargo-home:ro,Z" "-v" "/var/lib/crater-agent-workspace/rustup-home:/opt/rustwide/rustup-home:ro,Z" "-e" "SOURCE_DIR=/opt/rustwide/workdir" "-e" "CARGO_TARGET_DIR=/opt/rustwide/target" "-e" "CARGO_INCREMENTAL=0" "-e" "RUST_BACKTRACE=full" "-e" "RUSTFLAGS=--cap-lints=warn" "-e" "RUSTDOCFLAGS=--cap-lints=warn" "-e" "CARGO_HOME=/opt/rustwide/cargo-home" "-e" "RUSTUP_HOME=/opt/rustwide/rustup-home" "-w" "/opt/rustwide/workdir" "-m" "1610612736" "--user" "0:0" "--network" "none" "ghcr.io/rust-lang/crates-build-env/linux@sha256:2788e3201cd34a07e3172128adcd8b3090168a8e3bcc40d7c032b9dda1df7d1c" "/opt/rustwide/cargo-home/bin/cargo" "+1.75.0" "build" "--frozen" "--message-format=json", kill_on_drop: false }`
[INFO] [stdout] c3f2cbc2fdbd71e3bf45621714661bf4d4d8719a712a09639694dcc0d3eca0b2
[INFO] running `Command { std: "docker" "start" "-a" "c3f2cbc2fdbd71e3bf45621714661bf4d4d8719a712a09639694dcc0d3eca0b2", kill_on_drop: false }`
[INFO] [stderr]    Compiling array_tool v1.0.3
[INFO] [stderr]    Compiling practo v0.1.0 (/opt/rustwide/workdir)
[INFO] [stdout] warning: unused import: `self::person::Personal_info`
[INFO] [stdout]  --> src/file_2.rs:1:5
[INFO] [stdout]   |
[INFO] [stdout] 1 | use self::person::Personal_info;
[INFO] [stdout]   |     ^^^^^^^^^^^^^^^^^^^^^^^^^^^
[INFO] [stdout]   |
[INFO] [stdout]   = note: `#[warn(unused_imports)]` on by default
[INFO] [stdout] 
[INFO] [stdout] 
[INFO] [stdout] warning: type `Personal_info` should have an upper camel case name
[INFO] [stdout]  --> src/file_2.rs:4:16
[INFO] [stdout]   |
[INFO] [stdout] 4 |     pub struct Personal_info {
[INFO] [stdout]   |                ^^^^^^^^^^^^^ help: convert the identifier to upper camel case: `PersonalInfo`
[INFO] [stdout]   |
[INFO] [stdout]   = note: `#[warn(non_camel_case_types)]` on by default
[INFO] [stdout] 
[INFO] [stdout] 
[INFO] [stdout] warning: floating-point types cannot be used in patterns
[INFO] [stdout]   --> src/enums.rs:61:9
[INFO] [stdout]    |
[INFO] [stdout] 61 |         0.0 => Err(String::from("Error encountered:: DivisionByZero Error")),
[INFO] [stdout]    |         ^^^
[INFO] [stdout]    |
[INFO] [stdout]    = warning: this was previously accepted by the compiler but is being phased out; it will become a hard error in a future release!
[INFO] [stdout]    = note: for more information, see issue #41620 <https://github.com/rust-lang/rust/issues/41620>
[INFO] [stdout]    = note: `#[warn(illegal_floating_point_literal_pattern)]` on by default
[INFO] [stdout] 
[INFO] [stdout] 
[INFO] [stdout] warning: value assigned to `disease` is never read
[INFO] [stdout]   --> src/enums.rs:89:13
[INFO] [stdout]    |
[INFO] [stdout] 89 |     let mut disease = None;
[INFO] [stdout]    |             ^^^^^^^
[INFO] [stdout]    |
[INFO] [stdout]    = help: maybe it is overwritten before being read?
[INFO] [stdout]    = note: `#[warn(unused_assignments)]` on by default
[INFO] [stdout] 
[INFO] [stdout] 
[INFO] [stdout] warning: unused variable: `somebody`
[INFO] [stdout]    --> src/enums.rs:115:9
[INFO] [stdout]     |
[INFO] [stdout] 115 |     let somebody = Some(person1);
[INFO] [stdout]     |         ^^^^^^^^ help: if this is intentional, prefix it with an underscore: `_somebody`
[INFO] [stdout]     |
[INFO] [stdout]     = note: `#[warn(unused_variables)]` on by default
[INFO] [stdout] 
[INFO] [stdout] 
[INFO] [stdout] warning: unused variable: `person2`
[INFO] [stdout]   --> src/file_2.rs:23:9
[INFO] [stdout]    |
[INFO] [stdout] 23 |     let person2 = person::Personal_info {
[INFO] [stdout]    |         ^^^^^^^ help: if this is intentional, prefix it with an underscore: `_person2`
[INFO] [stdout] 
[INFO] [stdout] 
[INFO] [stdout] warning: unused variable: `travel_1`
[INFO] [stdout]   --> src/file_3.rs:10:9
[INFO] [stdout]    |
[INFO] [stdout] 10 |     let travel_1 = travel_history::Conveyance::Car;
[INFO] [stdout]    |         ^^^^^^^^ help: if this is intentional, prefix it with an underscore: `_travel_1`
[INFO] [stdout] 
[INFO] [stdout] 
[INFO] [stdout] warning: unused variable: `travel_2`
[INFO] [stdout]   --> src/file_3.rs:11:9
[INFO] [stdout]    |
[INFO] [stdout] 11 |     let travel_2 = travel_history::Conveyance::Air;
[INFO] [stdout]    |         ^^^^^^^^ help: if this is intentional, prefix it with an underscore: `_travel_2`
[INFO] [stdout] 
[INFO] [stdout] 
[INFO] [stdout] warning: unused variable: `p1`
[INFO] [stdout]   --> src/generics.rs:30:9
[INFO] [stdout]    |
[INFO] [stdout] 30 |     let p1 = Point { x: 5, y: 5 };
[INFO] [stdout]    |         ^^ help: if this is intentional, prefix it with an underscore: `_p1`
[INFO] [stdout] 
[INFO] [stdout] 
[INFO] [stdout] warning: unused variable: `p2`
[INFO] [stdout]   --> src/generics.rs:31:9
[INFO] [stdout]    |
[INFO] [stdout] 31 |     let p2 = Point { x: 7.8, y: 8.9 };
[INFO] [stdout]    |         ^^ help: if this is intentional, prefix it with an underscore: `_p2`
[INFO] [stdout] 
[INFO] [stdout] 
[INFO] [stdout] warning: variable does not need to be mutable
[INFO] [stdout]   --> src/iterators.rs:16:9
[INFO] [stdout]    |
[INFO] [stdout] 16 |     let mut check = some_vec.iter().any(|&x| x > 2);
[INFO] [stdout]    |         ----^^^^^
[INFO] [stdout]    |         |
[INFO] [stdout]    |         help: remove this `mut`
[INFO] [stdout]    |
[INFO] [stdout]    = note: `#[warn(unused_mut)]` on by default
[INFO] [stdout] 
[INFO] [stdout] 
[INFO] [stdout] warning: unused variable: `second_str`
[INFO] [stdout]   --> src/lifetimes.rs:40:40
[INFO] [stdout]    |
[INFO] [stdout] 40 | fn some_fn<'a, 'b>(first_str: &'a str, second_str: &'b str) -> &'a str {
[INFO] [stdout]    |                                        ^^^^^^^^^^ help: if this is intentional, prefix it with an underscore: `_second_str`
[INFO] [stdout] 
[INFO] [stdout] 
[INFO] [stdout] warning: function `division` is never used
[INFO] [stdout]  --> src/closures.rs:2:4
[INFO] [stdout]   |
[INFO] [stdout] 2 | fn division<F: Fn(f32) -> bool>(x: f32, y: f32, f: F) {
[INFO] [stdout]   |    ^^^^^^^^
[INFO] [stdout]   |
[INFO] [stdout]   = note: `#[warn(dead_code)]` on by default
[INFO] [stdout] 
[INFO] [stdout] 
[INFO] [stdout] warning: function `main` is never used
[INFO] [stdout]  --> src/closures.rs:9:4
[INFO] [stdout]   |
[INFO] [stdout] 9 | fn main() {
[INFO] [stdout]   |    ^^^^
[INFO] [stdout] 
[INFO] [stdout] 
[INFO] [stdout] warning: function `prints_name` is never used
[INFO] [stdout]   --> src/closures.rs:31:4
[INFO] [stdout]    |
[INFO] [stdout] 31 | fn prints_name(name: &str) {
[INFO] [stdout]    |    ^^^^^^^^^^^
[INFO] [stdout] 
[INFO] [stdout] 
[INFO] [stdout] warning: function `prints_full_info` is never used
[INFO] [stdout]   --> src/closures.rs:35:4
[INFO] [stdout]    |
[INFO] [stdout] 35 | fn prints_full_info(f: fn(&str), some_one: &str, age: i32) {
[INFO] [stdout]    |    ^^^^^^^^^^^^^^^^
[INFO] [stdout] 
[INFO] [stdout] 
[INFO] [stdout] warning: function `main` is never used
[INFO] [stdout]  --> src/crates_io.rs:2:4
[INFO] [stdout]   |
[INFO] [stdout] 2 | fn main() {
[INFO] [stdout]   |    ^^^^
[INFO] [stdout] 
[INFO] [stdout] 
[INFO] [stdout] warning: enum `Conveyance` is never used
[INFO] [stdout]  --> src/enums.rs:1:6
[INFO] [stdout]   |
[INFO] [stdout] 1 | enum Conveyance {
[INFO] [stdout]   |      ^^^^^^^^^^
[INFO] [stdout] 
[INFO] [stdout] 
[INFO] [stdout] warning: method `travel_allowance` is never used
[INFO] [stdout]  --> src/enums.rs:8:8
[INFO] [stdout]   |
[INFO] [stdout] 7 | impl Conveyance {
[INFO] [stdout]   | --------------- method in this implementation
[INFO] [stdout] 8 |     fn travel_allowance(&self) -> f32 {
[INFO] [stdout]   |        ^^^^^^^^^^^^^^^^
[INFO] [stdout] 
[INFO] [stdout] 
[INFO] [stdout] warning: variants `Integer` and `Float` are never constructed
[INFO] [stdout]   --> src/enums.rs:21:5
[INFO] [stdout]    |
[INFO] [stdout] 20 | enum Value {
[INFO] [stdout]    |      ----- variants in this enum
[INFO] [stdout] 21 |     Integer(i32),
[INFO] [stdout]    |     ^^^^^^^
[INFO] [stdout] 22 |     Float(f32),
[INFO] [stdout]    |     ^^^^^
[INFO] [stdout]    |
[INFO] [stdout]    = note: `Value` has a derived impl for the trait `Debug`, but this is intentionally ignored during dead code analysis
[INFO] [stdout] 
[INFO] [stdout] 
[INFO] [stdout] warning: struct `Person` is never constructed
[INFO] [stdout]   --> src/enums.rs:32:8
[INFO] [stdout]    |
[INFO] [stdout] 32 | struct Person {
[INFO] [stdout]    |        ^^^^^^
[INFO] [stdout] 
[INFO] [stdout] 
[INFO] [stdout] warning: function `square` is never used
[INFO] [stdout]   --> src/enums.rs:37:4
[INFO] [stdout]    |
[INFO] [stdout] 37 | fn square(num: Option<i32>) -> Option<i32> {
[INFO] [stdout]    |    ^^^^^^
[INFO] [stdout] 
[INFO] [stdout] 
[INFO] [stdout] warning: function `division` is never used
[INFO] [stdout]   --> src/enums.rs:51:4
[INFO] [stdout]    |
[INFO] [stdout] 51 | fn division(divident: f64, divisor: f64) -> Result<f64, String> {
[INFO] [stdout]    |    ^^^^^^^^
[INFO] [stdout] 
[INFO] [stdout] 
[INFO] [stdout] warning: function `main` is never used
[INFO] [stdout]   --> src/enums.rs:65:4
[INFO] [stdout]    |
[INFO] [stdout] 65 | fn main() {
[INFO] [stdout]    |    ^^^^
[INFO] [stdout] 
[INFO] [stdout] 
[INFO] [stdout] warning: variant `Train` is never constructed
[INFO] [stdout]  --> src/file_3.rs:4:9
[INFO] [stdout]   |
[INFO] [stdout] 2 |     pub enum Conveyance {
[INFO] [stdout]   |              ---------- variant in this enum
[INFO] [stdout] 3 |         Car,
[INFO] [stdout] 4 |         Train,
[INFO] [stdout]   |         ^^^^^
[INFO] [stdout] 
[INFO] [stdout] 
[INFO] [stdout] warning: function `square` is never used
[INFO] [stdout]  --> src/generics.rs:1:4
[INFO] [stdout]   |
[INFO] [stdout] 1 | fn square<T>(x: T) -> T
[INFO] [stdout]   |    ^^^^^^
[INFO] [stdout] 
[INFO] [stdout] 
[INFO] [stdout] warning: struct `Point` is never constructed
[INFO] [stdout]  --> src/generics.rs:9:8
[INFO] [stdout]   |
[INFO] [stdout] 9 | struct Point<T, U> {
[INFO] [stdout]   |        ^^^^^
[INFO] [stdout] 
[INFO] [stdout] 
[INFO] [stdout] warning: method `printing` is never used
[INFO] [stdout]   --> src/generics.rs:19:8
[INFO] [stdout]    |
[INFO] [stdout] 14 | / impl<T, U> Point<T, U>
[INFO] [stdout] 15 | | where
[INFO] [stdout] 16 | |     T: std::fmt::Debug,
[INFO] [stdout] 17 | |     U: std::fmt::Debug,
[INFO] [stdout]    | |_______________________- method in this implementation
[INFO] [stdout] 18 |   {
[INFO] [stdout] 19 |       fn printing(&self) {
[INFO] [stdout]    |          ^^^^^^^^
[INFO] [stdout] 
[INFO] [stdout] 
[INFO] [stdout] warning: function `main` is never used
[INFO] [stdout]   --> src/generics.rs:26:4
[INFO] [stdout]    |
[INFO] [stdout] 26 | fn main() {
[INFO] [stdout]    |    ^^^^
[INFO] [stdout] 
[INFO] [stdout] 
[INFO] [stdout] warning: function `main` is never used
[INFO] [stdout]  --> src/hashmaps.rs:3:4
[INFO] [stdout]   |
[INFO] [stdout] 3 | fn main() {
[INFO] [stdout]   |    ^^^^
[INFO] [stdout] 
[INFO] [stdout] 
[INFO] [stdout] warning: function `main` is never used
[INFO] [stdout]  --> src/iterators.rs:1:4
[INFO] [stdout]   |
[INFO] [stdout] 1 | fn main() {
[INFO] [stdout]   |    ^^^^
[INFO] [stdout] 
[INFO] [stdout] 
[INFO] [stdout] warning: struct `Person` is never constructed
[INFO] [stdout]  --> src/lifetimes.rs:1:8
[INFO] [stdout]   |
[INFO] [stdout] 1 | struct Person<'a> {
[INFO] [stdout]   |        ^^^^^^
[INFO] [stdout] 
[INFO] [stdout] 
[INFO] [stdout] warning: function `main` is never used
[INFO] [stdout]  --> src/lifetimes.rs:6:4
[INFO] [stdout]   |
[INFO] [stdout] 6 | fn main() {
[INFO] [stdout]   |    ^^^^
[INFO] [stdout] 
[INFO] [stdout] 
[INFO] [stdout] warning: function `some_fn` is never used
[INFO] [stdout]   --> src/lifetimes.rs:40:4
[INFO] [stdout]    |
[INFO] [stdout] 40 | fn some_fn<'a, 'b>(first_str: &'a str, second_str: &'b str) -> &'a str {
[INFO] [stdout]    |    ^^^^^^^
[INFO] [stdout] 
[INFO] [stdout] 
[INFO] [stdout] warning: function `greater` is never used
[INFO] [stdout]   --> src/lifetimes.rs:44:4
[INFO] [stdout]    |
[INFO] [stdout] 44 | fn greater<'a, 'b>(i: &'a i32, j: &'a i32) -> &'a i32 {
[INFO] [stdout]    |    ^^^^^^^
[INFO] [stdout] 
[INFO] [stdout] 
[INFO] [stdout] warning: field `salary` is never read
[INFO] [stdout]  --> src/structs.rs:6:5
[INFO] [stdout]   |
[INFO] [stdout] 1 | struct Person {
[INFO] [stdout]   |        ------ field in this struct
[INFO] [stdout] ...
[INFO] [stdout] 6 |     salary: i32,
[INFO] [stdout]   |     ^^^^^^
[INFO] [stdout] 
[INFO] [stdout] 
[INFO] [stdout] warning: function `main` is never used
[INFO] [stdout]    --> src/structs.rs:111:4
[INFO] [stdout]     |
[INFO] [stdout] 111 | fn main() {
[INFO] [stdout]     |    ^^^^
[INFO] [stdout] 
[INFO] [stdout] 
[INFO] [stdout] warning: 37 warnings emitted
[INFO] [stdout] 
[INFO] [stdout] 
[INFO] [stderr]     Finished dev [unoptimized + debuginfo] target(s) in 0.43s
[INFO] running `Command { std: "docker" "inspect" "c3f2cbc2fdbd71e3bf45621714661bf4d4d8719a712a09639694dcc0d3eca0b2", kill_on_drop: false }`
[INFO] running `Command { std: "docker" "rm" "-f" "c3f2cbc2fdbd71e3bf45621714661bf4d4d8719a712a09639694dcc0d3eca0b2", kill_on_drop: false }`
[INFO] [stdout] c3f2cbc2fdbd71e3bf45621714661bf4d4d8719a712a09639694dcc0d3eca0b2
[INFO] running `Command { std: "docker" "create" "-v" "/var/lib/crater-agent-workspace/builds/worker-6-tc1/target:/opt/rustwide/target:rw,Z" "-v" "/var/lib/crater-agent-workspace/builds/worker-6-tc1/source:/opt/rustwide/workdir:ro,Z" "-v" "/var/lib/crater-agent-workspace/cargo-home:/opt/rustwide/cargo-home:ro,Z" "-v" "/var/lib/crater-agent-workspace/rustup-home:/opt/rustwide/rustup-home:ro,Z" "-e" "SOURCE_DIR=/opt/rustwide/workdir" "-e" "CARGO_TARGET_DIR=/opt/rustwide/target" "-e" "CARGO_INCREMENTAL=0" "-e" "RUST_BACKTRACE=full" "-e" "RUSTFLAGS=--cap-lints=warn" "-e" "RUSTDOCFLAGS=--cap-lints=warn" "-e" "CARGO_HOME=/opt/rustwide/cargo-home" "-e" "RUSTUP_HOME=/opt/rustwide/rustup-home" "-w" "/opt/rustwide/workdir" "-m" "1610612736" "--user" "0:0" "--network" "none" "ghcr.io/rust-lang/crates-build-env/linux@sha256:2788e3201cd34a07e3172128adcd8b3090168a8e3bcc40d7c032b9dda1df7d1c" "/opt/rustwide/cargo-home/bin/cargo" "+1.75.0" "test" "--frozen" "--no-run" "--message-format=json", kill_on_drop: false }`
[INFO] [stdout] 4ec0e8f0e8f07d9d6c4209d466d1aa944954022585428c632adf4d4190e4779c
[INFO] running `Command { std: "docker" "start" "-a" "4ec0e8f0e8f07d9d6c4209d466d1aa944954022585428c632adf4d4190e4779c", kill_on_drop: false }`
[INFO] [stderr]    Compiling practo v0.1.0 (/opt/rustwide/workdir)
[INFO] [stdout] warning: unused import: `self::person::Personal_info`
[INFO] [stdout]  --> src/file_2.rs:1:5
[INFO] [stdout]   |
[INFO] [stdout] 1 | use self::person::Personal_info;
[INFO] [stdout]   |     ^^^^^^^^^^^^^^^^^^^^^^^^^^^
[INFO] [stdout]   |
[INFO] [stdout]   = note: `#[warn(unused_imports)]` on by default
[INFO] [stdout] 
[INFO] [stdout] 
[INFO] [stdout] warning: type `Personal_info` should have an upper camel case name
[INFO] [stdout]  --> src/file_2.rs:4:16
[INFO] [stdout]   |
[INFO] [stdout] 4 |     pub struct Personal_info {
[INFO] [stdout]   |                ^^^^^^^^^^^^^ help: convert the identifier to upper camel case: `PersonalInfo`
[INFO] [stdout]   |
[INFO] [stdout]   = note: `#[warn(non_camel_case_types)]` on by default
[INFO] [stdout] 
[INFO] [stdout] 
[INFO] [stdout] warning: floating-point types cannot be used in patterns
[INFO] [stdout]   --> src/enums.rs:61:9
[INFO] [stdout]    |
[INFO] [stdout] 61 |         0.0 => Err(String::from("Error encountered:: DivisionByZero Error")),
[INFO] [stdout]    |         ^^^
[INFO] [stdout]    |
[INFO] [stdout]    = warning: this was previously accepted by the compiler but is being phased out; it will become a hard error in a future release!
[INFO] [stdout]    = note: for more information, see issue #41620 <https://github.com/rust-lang/rust/issues/41620>
[INFO] [stdout]    = note: `#[warn(illegal_floating_point_literal_pattern)]` on by default
[INFO] [stdout] 
[INFO] [stdout] 
[INFO] [stdout] warning: value assigned to `disease` is never read
[INFO] [stdout]   --> src/enums.rs:89:13
[INFO] [stdout]    |
[INFO] [stdout] 89 |     let mut disease = None;
[INFO] [stdout]    |             ^^^^^^^
[INFO] [stdout]    |
[INFO] [stdout]    = help: maybe it is overwritten before being read?
[INFO] [stdout]    = note: `#[warn(unused_assignments)]` on by default
[INFO] [stdout] 
[INFO] [stdout] 
[INFO] [stdout] warning: unused variable: `somebody`
[INFO] [stdout]    --> src/enums.rs:115:9
[INFO] [stdout]     |
[INFO] [stdout] 115 |     let somebody = Some(person1);
[INFO] [stdout]     |         ^^^^^^^^ help: if this is intentional, prefix it with an underscore: `_somebody`
[INFO] [stdout]     |
[INFO] [stdout]     = note: `#[warn(unused_variables)]` on by default
[INFO] [stdout] 
[INFO] [stdout] 
[INFO] [stdout] warning: unused variable: `person2`
[INFO] [stdout]   --> src/file_2.rs:23:9
[INFO] [stdout]    |
[INFO] [stdout] 23 |     let person2 = person::Personal_info {
[INFO] [stdout]    |         ^^^^^^^ help: if this is intentional, prefix it with an underscore: `_person2`
[INFO] [stdout] 
[INFO] [stdout] 
[INFO] [stdout] warning: unused variable: `travel_1`
[INFO] [stdout]   --> src/file_3.rs:10:9
[INFO] [stdout]    |
[INFO] [stdout] 10 |     let travel_1 = travel_history::Conveyance::Car;
[INFO] [stdout]    |         ^^^^^^^^ help: if this is intentional, prefix it with an underscore: `_travel_1`
[INFO] [stdout] 
[INFO] [stdout] 
[INFO] [stdout] warning: unused variable: `travel_2`
[INFO] [stdout]   --> src/file_3.rs:11:9
[INFO] [stdout]    |
[INFO] [stdout] 11 |     let travel_2 = travel_history::Conveyance::Air;
[INFO] [stdout]    |         ^^^^^^^^ help: if this is intentional, prefix it with an underscore: `_travel_2`
[INFO] [stdout] 
[INFO] [stdout] 
[INFO] [stdout] warning: unused variable: `p1`
[INFO] [stdout]   --> src/generics.rs:30:9
[INFO] [stdout]    |
[INFO] [stdout] 30 |     let p1 = Point { x: 5, y: 5 };
[INFO] [stdout]    |         ^^ help: if this is intentional, prefix it with an underscore: `_p1`
[INFO] [stdout] 
[INFO] [stdout] 
[INFO] [stdout] warning: unused variable: `p2`
[INFO] [stdout]   --> src/generics.rs:31:9
[INFO] [stdout]    |
[INFO] [stdout] 31 |     let p2 = Point { x: 7.8, y: 8.9 };
[INFO] [stdout]    |         ^^ help: if this is intentional, prefix it with an underscore: `_p2`
[INFO] [stdout] 
[INFO] [stdout] 
[INFO] [stdout] warning: variable does not need to be mutable
[INFO] [stdout]   --> src/iterators.rs:16:9
[INFO] [stdout]    |
[INFO] [stdout] 16 |     let mut check = some_vec.iter().any(|&x| x > 2);
[INFO] [stdout]    |         ----^^^^^
[INFO] [stdout]    |         |
[INFO] [stdout]    |         help: remove this `mut`
[INFO] [stdout]    |
[INFO] [stdout]    = note: `#[warn(unused_mut)]` on by default
[INFO] [stdout] 
[INFO] [stdout] 
[INFO] [stdout] warning: unused variable: `second_str`
[INFO] [stdout]   --> src/lifetimes.rs:40:40
[INFO] [stdout]    |
[INFO] [stdout] 40 | fn some_fn<'a, 'b>(first_str: &'a str, second_str: &'b str) -> &'a str {
[INFO] [stdout]    |                                        ^^^^^^^^^^ help: if this is intentional, prefix it with an underscore: `_second_str`
[INFO] [stdout] 
[INFO] [stdout] 
[INFO] [stdout] warning: function `division` is never used
[INFO] [stdout]  --> src/closures.rs:2:4
[INFO] [stdout]   |
[INFO] [stdout] 2 | fn division<F: Fn(f32) -> bool>(x: f32, y: f32, f: F) {
[INFO] [stdout]   |    ^^^^^^^^
[INFO] [stdout]   |
[INFO] [stdout]   = note: `#[warn(dead_code)]` on by default
[INFO] [stdout] 
[INFO] [stdout] 
[INFO] [stdout] warning: function `main` is never used
[INFO] [stdout]  --> src/closures.rs:9:4
[INFO] [stdout]   |
[INFO] [stdout] 9 | fn main() {
[INFO] [stdout]   |    ^^^^
[INFO] [stdout] 
[INFO] [stdout] 
[INFO] [stdout] warning: function `prints_name` is never used
[INFO] [stdout]   --> src/closures.rs:31:4
[INFO] [stdout]    |
[INFO] [stdout] 31 | fn prints_name(name: &str) {
[INFO] [stdout]    |    ^^^^^^^^^^^
[INFO] [stdout] 
[INFO] [stdout] 
[INFO] [stdout] warning: function `prints_full_info` is never used
[INFO] [stdout]   --> src/closures.rs:35:4
[INFO] [stdout]    |
[INFO] [stdout] 35 | fn prints_full_info(f: fn(&str), some_one: &str, age: i32) {
[INFO] [stdout]    |    ^^^^^^^^^^^^^^^^
[INFO] [stdout] 
[INFO] [stdout] 
[INFO] [stdout] warning: function `main` is never used
[INFO] [stdout]  --> src/crates_io.rs:2:4
[INFO] [stdout]   |
[INFO] [stdout] 2 | fn main() {
[INFO] [stdout]   |    ^^^^
[INFO] [stdout] 
[INFO] [stdout] 
[INFO] [stdout] warning: enum `Conveyance` is never used
[INFO] [stdout]  --> src/enums.rs:1:6
[INFO] [stdout]   |
[INFO] [stdout] 1 | enum Conveyance {
[INFO] [stdout]   |      ^^^^^^^^^^
[INFO] [stdout] 
[INFO] [stdout] 
[INFO] [stdout] warning: method `travel_allowance` is never used
[INFO] [stdout]  --> src/enums.rs:8:8
[INFO] [stdout]   |
[INFO] [stdout] 7 | impl Conveyance {
[INFO] [stdout]   | --------------- method in this implementation
[INFO] [stdout] 8 |     fn travel_allowance(&self) -> f32 {
[INFO] [stdout]   |        ^^^^^^^^^^^^^^^^
[INFO] [stdout] 
[INFO] [stdout] 
[INFO] [stdout] warning: variants `Integer` and `Float` are never constructed
[INFO] [stdout]   --> src/enums.rs:21:5
[INFO] [stdout]    |
[INFO] [stdout] 20 | enum Value {
[INFO] [stdout]    |      ----- variants in this enum
[INFO] [stdout] 21 |     Integer(i32),
[INFO] [stdout]    |     ^^^^^^^
[INFO] [stdout] 22 |     Float(f32),
[INFO] [stdout]    |     ^^^^^
[INFO] [stdout]    |
[INFO] [stdout]    = note: `Value` has a derived impl for the trait `Debug`, but this is intentionally ignored during dead code analysis
[INFO] [stdout] 
[INFO] [stdout] 
[INFO] [stdout] warning: struct `Person` is never constructed
[INFO] [stdout]   --> src/enums.rs:32:8
[INFO] [stdout]    |
[INFO] [stdout] 32 | struct Person {
[INFO] [stdout]    |        ^^^^^^
[INFO] [stdout] 
[INFO] [stdout] 
[INFO] [stdout] warning: function `square` is never used
[INFO] [stdout]   --> src/enums.rs:37:4
[INFO] [stdout]    |
[INFO] [stdout] 37 | fn square(num: Option<i32>) -> Option<i32> {
[INFO] [stdout]    |    ^^^^^^
[INFO] [stdout] 
[INFO] [stdout] 
[INFO] [stdout] warning: function `division` is never used
[INFO] [stdout]   --> src/enums.rs:51:4
[INFO] [stdout]    |
[INFO] [stdout] 51 | fn division(divident: f64, divisor: f64) -> Result<f64, String> {
[INFO] [stdout]    |    ^^^^^^^^
[INFO] [stdout] 
[INFO] [stdout] 
[INFO] [stdout] warning: function `main` is never used
[INFO] [stdout]   --> src/enums.rs:65:4
[INFO] [stdout]    |
[INFO] [stdout] 65 | fn main() {
[INFO] [stdout]    |    ^^^^
[INFO] [stdout] 
[INFO] [stdout] 
[INFO] [stdout] warning: variant `Train` is never constructed
[INFO] [stdout]  --> src/file_3.rs:4:9
[INFO] [stdout]   |
[INFO] [stdout] 2 |     pub enum Conveyance {
[INFO] [stdout]   |              ---------- variant in this enum
[INFO] [stdout] 3 |         Car,
[INFO] [stdout] 4 |         Train,
[INFO] [stdout]   |         ^^^^^
[INFO] [stdout] 
[INFO] [stdout] 
[INFO] [stdout] warning: function `square` is never used
[INFO] [stdout]  --> src/generics.rs:1:4
[INFO] [stdout]   |
[INFO] [stdout] 1 | fn square<T>(x: T) -> T
[INFO] [stdout]   |    ^^^^^^
[INFO] [stdout] 
[INFO] [stdout] 
[INFO] [stdout] warning: struct `Point` is never constructed
[INFO] [stdout]  --> src/generics.rs:9:8
[INFO] [stdout]   |
[INFO] [stdout] 9 | struct Point<T, U> {
[INFO] [stdout]   |        ^^^^^
[INFO] [stdout] 
[INFO] [stdout] 
[INFO] [stdout] warning: method `printing` is never used
[INFO] [stdout]   --> src/generics.rs:19:8
[INFO] [stdout]    |
[INFO] [stdout] 14 | / impl<T, U> Point<T, U>
[INFO] [stdout] 15 | | where
[INFO] [stdout] 16 | |     T: std::fmt::Debug,
[INFO] [stdout] 17 | |     U: std::fmt::Debug,
[INFO] [stdout]    | |_______________________- method in this implementation
[INFO] [stdout] 18 |   {
[INFO] [stdout] 19 |       fn printing(&self) {
[INFO] [stdout]    |          ^^^^^^^^
[INFO] [stdout] 
[INFO] [stdout] 
[INFO] [stdout] warning: function `main` is never used
[INFO] [stdout]   --> src/generics.rs:26:4
[INFO] [stdout]    |
[INFO] [stdout] 26 | fn main() {
[INFO] [stdout]    |    ^^^^
[INFO] [stdout] 
[INFO] [stdout] 
[INFO] [stdout] warning: function `main` is never used
[INFO] [stdout]  --> src/hashmaps.rs:3:4
[INFO] [stdout]   |
[INFO] [stdout] 3 | fn main() {
[INFO] [stdout]   |    ^^^^
[INFO] [stdout] 
[INFO] [stdout] 
[INFO] [stdout] warning: function `main` is never used
[INFO] [stdout]  --> src/iterators.rs:1:4
[INFO] [stdout]   |
[INFO] [stdout] 1 | fn main() {
[INFO] [stdout]   |    ^^^^
[INFO] [stdout] 
[INFO] [stdout] 
[INFO] [stdout] warning: struct `Person` is never constructed
[INFO] [stdout]  --> src/lifetimes.rs:1:8
[INFO] [stdout]   |
[INFO] [stdout] 1 | struct Person<'a> {
[INFO] [stdout]   |        ^^^^^^
[INFO] [stdout] 
[INFO] [stdout] 
[INFO] [stdout] warning: function `main` is never used
[INFO] [stdout]  --> src/lifetimes.rs:6:4
[INFO] [stdout]   |
[INFO] [stdout] 6 | fn main() {
[INFO] [stdout]   |    ^^^^
[INFO] [stdout] 
[INFO] [stdout] 
[INFO] [stdout] warning: function `some_fn` is never used
[INFO] [stdout]   --> src/lifetimes.rs:40:4
[INFO] [stdout]    |
[INFO] [stdout] 40 | fn some_fn<'a, 'b>(first_str: &'a str, second_str: &'b str) -> &'a str {
[INFO] [stdout]    |    ^^^^^^^
[INFO] [stdout] 
[INFO] [stdout] 
[INFO] [stdout] warning: function `greater` is never used
[INFO] [stdout]   --> src/lifetimes.rs:44:4
[INFO] [stdout]    |
[INFO] [stdout] 44 | fn greater<'a, 'b>(i: &'a i32, j: &'a i32) -> &'a i32 {
[INFO] [stdout]    |    ^^^^^^^
[INFO] [stdout] 
[INFO] [stdout] 
[INFO] [stdout] warning: field `salary` is never read
[INFO] [stdout]  --> src/structs.rs:6:5
[INFO] [stdout]   |
[INFO] [stdout] 1 | struct Person {
[INFO] [stdout]   |        ------ field in this struct
[INFO] [stdout] ...
[INFO] [stdout] 6 |     salary: i32,
[INFO] [stdout]   |     ^^^^^^
[INFO] [stdout] 
[INFO] [stdout] 
[INFO] [stdout] warning: function `main` is never used
[INFO] [stdout]    --> src/structs.rs:111:4
[INFO] [stdout]     |
[INFO] [stdout] 111 | fn main() {
[INFO] [stdout]     |    ^^^^
[INFO] [stdout] 
[INFO] [stdout] 
[INFO] [stdout] warning: 37 warnings emitted
[INFO] [stdout] 
[INFO] [stdout] 
[INFO] [stderr]     Finished test [unoptimized + debuginfo] target(s) in 0.26s
[INFO] running `Command { std: "docker" "inspect" "4ec0e8f0e8f07d9d6c4209d466d1aa944954022585428c632adf4d4190e4779c", kill_on_drop: false }`
[INFO] running `Command { std: "docker" "rm" "-f" "4ec0e8f0e8f07d9d6c4209d466d1aa944954022585428c632adf4d4190e4779c", kill_on_drop: false }`
[INFO] [stdout] 4ec0e8f0e8f07d9d6c4209d466d1aa944954022585428c632adf4d4190e4779c
[INFO] running `Command { std: "docker" "create" "-v" "/var/lib/crater-agent-workspace/builds/worker-6-tc1/target:/opt/rustwide/target:rw,Z" "-v" "/var/lib/crater-agent-workspace/builds/worker-6-tc1/source:/opt/rustwide/workdir:ro,Z" "-v" "/var/lib/crater-agent-workspace/cargo-home:/opt/rustwide/cargo-home:ro,Z" "-v" "/var/lib/crater-agent-workspace/rustup-home:/opt/rustwide/rustup-home:ro,Z" "-e" "SOURCE_DIR=/opt/rustwide/workdir" "-e" "CARGO_TARGET_DIR=/opt/rustwide/target" "-e" "CARGO_INCREMENTAL=0" "-e" "RUST_BACKTRACE=full" "-e" "RUSTFLAGS=--cap-lints=warn" "-e" "RUSTDOCFLAGS=--cap-lints=warn" "-e" "CARGO_HOME=/opt/rustwide/cargo-home" "-e" "RUSTUP_HOME=/opt/rustwide/rustup-home" "-w" "/opt/rustwide/workdir" "-m" "1610612736" "--user" "0:0" "--network" "none" "ghcr.io/rust-lang/crates-build-env/linux@sha256:2788e3201cd34a07e3172128adcd8b3090168a8e3bcc40d7c032b9dda1df7d1c" "/opt/rustwide/cargo-home/bin/cargo" "+1.75.0" "test" "--frozen", kill_on_drop: false }`
[INFO] [stdout] 4b8c4a107b675fb1dad0af5bc20ce3b0f363c811cb02b0926714c2407068167a
[INFO] running `Command { std: "docker" "start" "-a" "4b8c4a107b675fb1dad0af5bc20ce3b0f363c811cb02b0926714c2407068167a", kill_on_drop: false }`
[INFO] [stderr] warning: unused import: `self::person::Personal_info`
[INFO] [stderr]  --> src/file_2.rs:1:5
[INFO] [stderr]   |
[INFO] [stderr] 1 | use self::person::Personal_info;
[INFO] [stderr]   |     ^^^^^^^^^^^^^^^^^^^^^^^^^^^
[INFO] [stderr]   |
[INFO] [stderr]   = note: `#[warn(unused_imports)]` on by default
[INFO] [stderr] 
[INFO] [stderr] warning: type `Personal_info` should have an upper camel case name
[INFO] [stderr]  --> src/file_2.rs:4:16
[INFO] [stderr]   |
[INFO] [stderr] 4 |     pub struct Personal_info {
[INFO] [stderr]   |                ^^^^^^^^^^^^^ help: convert the identifier to upper camel case: `PersonalInfo`
[INFO] [stderr]   |
[INFO] [stderr]   = note: `#[warn(non_camel_case_types)]` on by default
[INFO] [stderr] 
[INFO] [stderr] warning: floating-point types cannot be used in patterns
[INFO] [stderr]   --> src/enums.rs:61:9
[INFO] [stderr]    |
[INFO] [stderr] 61 |         0.0 => Err(String::from("Error encountered:: DivisionByZero Error")),
[INFO] [stderr]    |         ^^^
[INFO] [stderr]    |
[INFO] [stderr]    = warning: this was previously accepted by the compiler but is being phased out; it will become a hard error in a future release!
[INFO] [stderr]    = note: for more information, see issue #41620 <https://github.com/rust-lang/rust/issues/41620>
[INFO] [stderr]    = note: `#[warn(illegal_floating_point_literal_pattern)]` on by default
[INFO] [stderr] 
[INFO] [stderr] warning: value assigned to `disease` is never read
[INFO] [stderr]   --> src/enums.rs:89:13
[INFO] [stderr]    |
[INFO] [stderr] 89 |     let mut disease = None;
[INFO] [stderr]    |             ^^^^^^^
[INFO] [stderr]    |
[INFO] [stderr]    = help: maybe it is overwritten before being read?
[INFO] [stderr]    = note: `#[warn(unused_assignments)]` on by default
[INFO] [stderr] 
[INFO] [stderr] warning: unused variable: `somebody`
[INFO] [stderr]    --> src/enums.rs:115:9
[INFO] [stderr]     |
[INFO] [stderr] 115 |     let somebody = Some(person1);
[INFO] [stderr]     |         ^^^^^^^^ help: if this is intentional, prefix it with an underscore: `_somebody`
[INFO] [stderr]     |
[INFO] [stderr]     = note: `#[warn(unused_variables)]` on by default
[INFO] [stderr] 
[INFO] [stderr] warning: unused variable: `person2`
[INFO] [stderr]   --> src/file_2.rs:23:9
[INFO] [stderr]    |
[INFO] [stderr] 23 |     let person2 = person::Personal_info {
[INFO] [stderr]    |         ^^^^^^^ help: if this is intentional, prefix it with an underscore: `_person2`
[INFO] [stderr] 
[INFO] [stderr] warning: unused variable: `travel_1`
[INFO] [stderr]   --> src/file_3.rs:10:9
[INFO] [stderr]    |
[INFO] [stderr] 10 |     let travel_1 = travel_history::Conveyance::Car;
[INFO] [stderr]    |         ^^^^^^^^ help: if this is intentional, prefix it with an underscore: `_travel_1`
[INFO] [stderr] 
[INFO] [stderr] warning: unused variable: `travel_2`
[INFO] [stderr]   --> src/file_3.rs:11:9
[INFO] [stderr]    |
[INFO] [stderr] 11 |     let travel_2 = travel_history::Conveyance::Air;
[INFO] [stderr]    |         ^^^^^^^^ help: if this is intentional, prefix it with an underscore: `_travel_2`
[INFO] [stderr] 
[INFO] [stderr] warning: unused variable: `p1`
[INFO] [stderr]   --> src/generics.rs:30:9
[INFO] [stderr]    |
[INFO] [stderr] 30 |     let p1 = Point { x: 5, y: 5 };
[INFO] [stderr]    |         ^^ help: if this is intentional, prefix it with an underscore: `_p1`
[INFO] [stderr] 
[INFO] [stderr] warning: unused variable: `p2`
[INFO] [stderr]   --> src/generics.rs:31:9
[INFO] [stderr]    |
[INFO] [stderr] 31 |     let p2 = Point { x: 7.8, y: 8.9 };
[INFO] [stderr]    |         ^^ help: if this is intentional, prefix it with an underscore: `_p2`
[INFO] [stderr] 
[INFO] [stderr] warning: variable does not need to be mutable
[INFO] [stderr]   --> src/iterators.rs:16:9
[INFO] [stderr]    |
[INFO] [stderr] 16 |     let mut check = some_vec.iter().any(|&x| x > 2);
[INFO] [stderr]    |         ----^^^^^
[INFO] [stderr]    |         |
[INFO] [stderr]    |         help: remove this `mut`
[INFO] [stderr]    |
[INFO] [stderr]    = note: `#[warn(unused_mut)]` on by default
[INFO] [stderr] 
[INFO] [stderr] warning: unused variable: `second_str`
[INFO] [stderr]   --> src/lifetimes.rs:40:40
[INFO] [stderr]    |
[INFO] [stderr] 40 | fn some_fn<'a, 'b>(first_str: &'a str, second_str: &'b str) -> &'a str {
[INFO] [stderr]    |                                        ^^^^^^^^^^ help: if this is intentional, prefix it with an underscore: `_second_str`
[INFO] [stderr] 
[INFO] [stderr] warning: function `division` is never used
[INFO] [stderr]  --> src/closures.rs:2:4
[INFO] [stderr]   |
[INFO] [stderr] 2 | fn division<F: Fn(f32) -> bool>(x: f32, y: f32, f: F) {
[INFO] [stderr]   |    ^^^^^^^^
[INFO] [stderr]   |
[INFO] [stderr]   = note: `#[warn(dead_code)]` on by default
[INFO] [stderr] 
[INFO] [stderr] warning: function `main` is never used
[INFO] [stderr]  --> src/closures.rs:9:4
[INFO] [stderr]   |
[INFO] [stderr] 9 | fn main() {
[INFO] [stderr]   |    ^^^^
[INFO] [stderr] 
[INFO] [stderr] warning: function `prints_name` is never used
[INFO] [stderr]   --> src/closures.rs:31:4
[INFO] [stderr]    |
[INFO] [stderr] 31 | fn prints_name(name: &str) {
[INFO] [stderr]    |    ^^^^^^^^^^^
[INFO] [stderr] 
[INFO] [stderr] warning: function `prints_full_info` is never used
[INFO] [stderr]   --> src/closures.rs:35:4
[INFO] [stderr]    |
[INFO] [stderr] 35 | fn prints_full_info(f: fn(&str), some_one: &str, age: i32) {
[INFO] [stderr]    |    ^^^^^^^^^^^^^^^^
[INFO] [stderr] 
[INFO] [stderr] warning: function `main` is never used
[INFO] [stderr]  --> src/crates_io.rs:2:4
[INFO] [stderr]   |
[INFO] [stderr] 2 | fn main() {
[INFO] [stderr]   |    ^^^^
[INFO] [stderr] 
[INFO] [stderr] warning: enum `Conveyance` is never used
[INFO] [stderr]  --> src/enums.rs:1:6
[INFO] [stderr]   |
[INFO] [stderr] 1 | enum Conveyance {
[INFO] [stderr]   |      ^^^^^^^^^^
[INFO] [stderr] 
[INFO] [stderr] warning: method `travel_allowance` is never used
[INFO] [stderr]  --> src/enums.rs:8:8
[INFO] [stderr]   |
[INFO] [stderr] 7 | impl Conveyance {
[INFO] [stderr]   | --------------- method in this implementation
[INFO] [stderr] 8 |     fn travel_allowance(&self) -> f32 {
[INFO] [stderr]   |        ^^^^^^^^^^^^^^^^
[INFO] [stderr] 
[INFO] [stderr] warning: variants `Integer` and `Float` are never constructed
[INFO] [stderr]   --> src/enums.rs:21:5
[INFO] [stderr]    |
[INFO] [stderr] 20 | enum Value {
[INFO] [stderr]    |      ----- variants in this enum
[INFO] [stderr] 21 |     Integer(i32),
[INFO] [stderr]    |     ^^^^^^^
[INFO] [stderr] 22 |     Float(f32),
[INFO] [stderr]    |     ^^^^^
[INFO] [stderr]    |
[INFO] [stderr]    = note: `Value` has a derived impl for the trait `Debug`, but this is intentionally ignored during dead code analysis
[INFO] [stderr] 
[INFO] [stderr] warning: struct `Person` is never constructed
[INFO] [stderr]   --> src/enums.rs:32:8
[INFO] [stderr]    |
[INFO] [stderr] 32 | struct Person {
[INFO] [stderr]    |        ^^^^^^
[INFO] [stderr] 
[INFO] [stderr] warning: function `square` is never used
[INFO] [stderr]   --> src/enums.rs:37:4
[INFO] [stderr]    |
[INFO] [stderr] 37 | fn square(num: Option<i32>) -> Option<i32> {
[INFO] [stderr]    |    ^^^^^^
[INFO] [stderr] 
[INFO] [stderr] warning: function `division` is never used
[INFO] [stderr]   --> src/enums.rs:51:4
[INFO] [stderr]    |
[INFO] [stderr] 51 | fn division(divident: f64, divisor: f64) -> Result<f64, String> {
[INFO] [stderr]    |    ^^^^^^^^
[INFO] [stderr] 
[INFO] [stderr] warning: function `main` is never used
[INFO] [stderr]   --> src/enums.rs:65:4
[INFO] [stderr]    |
[INFO] [stderr] 65 | fn main() {
[INFO] [stderr]    |    ^^^^
[INFO] [stderr] 
[INFO] [stderr] warning: variant `Train` is never constructed
[INFO] [stderr]  --> src/file_3.rs:4:9
[INFO] [stderr]   |
[INFO] [stderr] 2 |     pub enum Conveyance {
[INFO] [stderr]   |              ---------- variant in this enum
[INFO] [stderr] 3 |         Car,
[INFO] [stderr] 4 |         Train,
[INFO] [stderr]   |         ^^^^^
[INFO] [stderr] 
[INFO] [stderr] warning: function `square` is never used
[INFO] [stderr]  --> src/generics.rs:1:4
[INFO] [stderr]   |
[INFO] [stderr] 1 | fn square<T>(x: T) -> T
[INFO] [stderr]   |    ^^^^^^
[INFO] [stderr] 
[INFO] [stderr] warning: struct `Point` is never constructed
[INFO] [stderr]  --> src/generics.rs:9:8
[INFO] [stderr]   |
[INFO] [stderr] 9 | struct Point<T, U> {
[INFO] [stderr]   |        ^^^^^
[INFO] [stderr] 
[INFO] [stderr] warning: method `printing` is never used
[INFO] [stderr]   --> src/generics.rs:19:8
[INFO] [stderr]    |
[INFO] [stderr] 14 | / impl<T, U> Point<T, U>
[INFO] [stderr] 15 | | where
[INFO] [stderr] 16 | |     T: std::fmt::Debug,
[INFO] [stderr] 17 | |     U: std::fmt::Debug,
[INFO] [stderr]    | |_______________________- method in this implementation
[INFO] [stderr] 18 |   {
[INFO] [stderr] 19 |       fn printing(&self) {
[INFO] [stderr]    |          ^^^^^^^^
[INFO] [stderr] 
[INFO] [stderr] warning: function `main` is never used
[INFO] [stderr]   --> src/generics.rs:26:4
[INFO] [stderr]    |
[INFO] [stderr] 26 | fn main() {
[INFO] [stderr]    |    ^^^^
[INFO] [stderr] 
[INFO] [stderr] warning: function `main` is never used
[INFO] [stderr]  --> src/hashmaps.rs:3:4
[INFO] [stderr]   |
[INFO] [stderr] 3 | fn main() {
[INFO] [stderr]   |    ^^^^
[INFO] [stderr] 
[INFO] [stderr] warning: function `main` is never used
[INFO] [stderr]  --> src/iterators.rs:1:4
[INFO] [stderr]   |
[INFO] [stderr] 1 | fn main() {
[INFO] [stderr]   |    ^^^^
[INFO] [stderr] 
[INFO] [stderr] warning: struct `Person` is never constructed
[INFO] [stderr]  --> src/lifetimes.rs:1:8
[INFO] [stderr]   |
[INFO] [stderr] 1 | struct Person<'a> {
[INFO] [stderr]   |        ^^^^^^
[INFO] [stderr] 
[INFO] [stderr] warning: function `main` is never used
[INFO] [stderr]  --> src/lifetimes.rs:6:4
[INFO] [stderr]   |
[INFO] [stderr] 6 | fn main() {
[INFO] [stderr]   |    ^^^^
[INFO] [stderr] 
[INFO] [stderr] warning: function `some_fn` is never used
[INFO] [stderr]   --> src/lifetimes.rs:40:4
[INFO] [stderr]    |
[INFO] [stderr] 40 | fn some_fn<'a, 'b>(first_str: &'a str, second_str: &'b str) -> &'a str {
[INFO] [stderr]    |    ^^^^^^^
[INFO] [stderr] 
[INFO] [stderr] warning: function `greater` is never used
[INFO] [stderr]   --> src/lifetimes.rs:44:4
[INFO] [stderr]    |
[INFO] [stderr] 44 | fn greater<'a, 'b>(i: &'a i32, j: &'a i32) -> &'a i32 {
[INFO] [stderr]    |    ^^^^^^^
[INFO] [stderr] 
[INFO] [stderr] warning: field `salary` is never read
[INFO] [stderr]  --> src/structs.rs:6:5
[INFO] [stderr]   |
[INFO] [stderr] 1 | struct Person {
[INFO] [stderr]   |        ------ field in this struct
[INFO] [stderr] ...
[INFO] [stderr] 6 |     salary: i32,
[INFO] [stderr]   |     ^^^^^^
[INFO] [stderr] 
[INFO] [stderr] warning: function `main` is never used
[INFO] [stderr]    --> src/structs.rs:111:4
[INFO] [stderr]     |
[INFO] [stderr] 111 | fn main() {
[INFO] [stderr]     |    ^^^^
[INFO] [stderr] 
[INFO] [stderr] warning: `practo` (bin "practo" test) generated 37 warnings (run `cargo fix --bin "practo" --tests` to apply 9 suggestions)
[INFO] [stderr]     Finished test [unoptimized + debuginfo] target(s) in 0.01s
[INFO] [stderr]      Running unittests src/lib.rs (/opt/rustwide/target/debug/deps/practo-ea4fa4a1ff7f810f)
[INFO] [stdout] 
[INFO] [stdout] running 0 tests
[INFO] [stdout] 
[INFO] [stdout] test result: ok. 0 passed; 0 failed; 0 ignored; 0 measured; 0 filtered out; finished in 0.00s
[INFO] [stdout] 
[INFO] [stderr]      Running unittests src/main.rs (/opt/rustwide/target/debug/deps/practo-9c850a2ba5904d72)
[INFO] [stdout] 
[INFO] [stdout] running 0 tests
[INFO] [stdout] 
[INFO] [stdout] test result: ok. 0 passed; 0 failed; 0 ignored; 0 measured; 0 filtered out; finished in 0.00s
[INFO] [stdout] 
[INFO] [stderr]    Doc-tests practo
[INFO] [stdout] 
[INFO] [stdout] running 2 tests
[INFO] [stdout] test src/lib.rs - square (line 9) ... ok
[INFO] [stdout] test src/lib.rs - cube (line 30) ... FAILED
[INFO] [stdout] 
[INFO] [stdout] failures:
[INFO] [stdout] 
[INFO] [stdout] ---- src/lib.rs - cube (line 30) stdout ----
[INFO] [stdout] Test executable failed (exit status: 101).
[INFO] [stdout] 
[INFO] [stdout] stderr:
[INFO] [stdout] thread 'main' panicked at src/lib.rs:7:1:
[INFO] [stdout] assertion `left == right` failed
[INFO] [stdout]   left: 125
[INFO] [stdout]  right: 25
[INFO] [stdout] stack backtrace:
[INFO] [stdout]    0:     0x5567c8cb3dec - std::backtrace_rs::backtrace::libunwind::trace::ha637c64ce894333a
[INFO] [stdout]                                at /rustc/82e1608dfa6e0b5569232559e3d385fea5a93112/library/std/src/../../backtrace/src/backtrace/libunwind.rs:104:5
[INFO] [stdout]    1:     0x5567c8cb3dec - std::backtrace_rs::backtrace::trace_unsynchronized::h47f62dea28e0c88d
[INFO] [stdout]                                at /rustc/82e1608dfa6e0b5569232559e3d385fea5a93112/library/std/src/../../backtrace/src/backtrace/mod.rs:66:5
[INFO] [stdout]    2:     0x5567c8cb3dec - std::sys_common::backtrace::_print_fmt::h9eef0abe20ede486
[INFO] [stdout]                                at /rustc/82e1608dfa6e0b5569232559e3d385fea5a93112/library/std/src/sys_common/backtrace.rs:67:5
[INFO] [stdout]    3:     0x5567c8cb3dec - <std::sys_common::backtrace::_print::DisplayBacktrace as core::fmt::Display>::fmt::hed7f999df88cc644
[INFO] [stdout]                                at /rustc/82e1608dfa6e0b5569232559e3d385fea5a93112/library/std/src/sys_common/backtrace.rs:44:22
[INFO] [stdout]    4:     0x5567c8cd36d0 - core::fmt::rt::Argument::fmt::h1539a9308b8d058d
[INFO] [stdout]                                at /rustc/82e1608dfa6e0b5569232559e3d385fea5a93112/library/core/src/fmt/rt.rs:142:9
[INFO] [stdout]    5:     0x5567c8cd36d0 - core::fmt::write::h3a39390d8560d9c9
[INFO] [stdout]                                at /rustc/82e1608dfa6e0b5569232559e3d385fea5a93112/library/core/src/fmt/mod.rs:1120:17
[INFO] [stdout]    6:     0x5567c8cb229f - std::io::Write::write_fmt::h5fc9997dfe05f882
[INFO] [stdout]                                at /rustc/82e1608dfa6e0b5569232559e3d385fea5a93112/library/std/src/io/mod.rs:1762:15
[INFO] [stdout]    7:     0x5567c8cb3bd4 - std::sys_common::backtrace::_print::h894006fb5c6f3d45
[INFO] [stdout]                                at /rustc/82e1608dfa6e0b5569232559e3d385fea5a93112/library/std/src/sys_common/backtrace.rs:47:5
[INFO] [stdout]    8:     0x5567c8cb3bd4 - std::sys_common::backtrace::print::h23a2d212c6fff936
[INFO] [stdout]                                at /rustc/82e1608dfa6e0b5569232559e3d385fea5a93112/library/std/src/sys_common/backtrace.rs:34:9
[INFO] [stdout]    9:     0x5567c8cb50e7 - std::panicking::default_hook::{{closure}}::h8a1d2ee00185001a
[INFO] [stdout]   10:     0x5567c8cb4e4f - std::panicking::default_hook::h6038f2eba384e475
[INFO] [stdout]                                at /rustc/82e1608dfa6e0b5569232559e3d385fea5a93112/library/std/src/panicking.rs:292:9
[INFO] [stdout]   11:     0x5567c8cb5568 - std::panicking::rust_panic_with_hook::h2b5517d590cab22e
[INFO] [stdout]                                at /rustc/82e1608dfa6e0b5569232559e3d385fea5a93112/library/std/src/panicking.rs:779:13
[INFO] [stdout]   12:     0x5567c8cb544e - std::panicking::begin_panic_handler::{{closure}}::h233112c06e0ef43e
[INFO] [stdout]                                at /rustc/82e1608dfa6e0b5569232559e3d385fea5a93112/library/std/src/panicking.rs:657:13
[INFO] [stdout]   13:     0x5567c8cb42b6 - std::sys_common::backtrace::__rust_end_short_backtrace::h6e893f24d7ebbff8
[INFO] [stdout]                                at /rustc/82e1608dfa6e0b5569232559e3d385fea5a93112/library/std/src/sys_common/backtrace.rs:170:18
[INFO] [stdout]   14:     0x5567c8cb51b2 - rust_begin_unwind
[INFO] [stdout]                                at /rustc/82e1608dfa6e0b5569232559e3d385fea5a93112/library/std/src/panicking.rs:645:5
[INFO] [stdout]   15:     0x5567c8c98df5 - core::panicking::panic_fmt::hbf0e066aabfa482c
[INFO] [stdout]                                at /rustc/82e1608dfa6e0b5569232559e3d385fea5a93112/library/core/src/panicking.rs:72:14
[INFO] [stdout]   16:     0x5567c8c990db - core::panicking::assert_failed_inner::h0bba8b7c26ee4492
[INFO] [stdout]   17:     0x5567c8c9979a - core::panicking::assert_failed::h7ae7082d60ed0c70
[INFO] [stdout]   18:     0x5567c8c99831 - rust_out::main::_doctest_main_src_lib_rs_30_0::h32b6d7e3e91f7b6a
[INFO] [stdout]   19:     0x5567c8c997b6 - rust_out::main::hc20c0d07e2402830
[INFO] [stdout]   20:     0x5567c8c996f3 - core::ops::function::FnOnce::call_once::hbc459743598298c4
[INFO] [stdout]   21:     0x5567c8c995e6 - std::sys_common::backtrace::__rust_begin_short_backtrace::h62debe7d3058b76a
[INFO] [stdout]   22:     0x5567c8c99639 - std::rt::lang_start::{{closure}}::h8f486f3e1e6418b2
[INFO] [stdout]   23:     0x5567c8cb02e7 - core::ops::function::impls::<impl core::ops::function::FnOnce<A> for &F>::call_once::hd95060ecd5e1ca24
[INFO] [stdout]                                at /rustc/82e1608dfa6e0b5569232559e3d385fea5a93112/library/core/src/ops/function.rs:284:13
[INFO] [stdout]   24:     0x5567c8cb02e7 - std::panicking::try::do_call::h6e8cf51db32a6e4b
[INFO] [stdout]                                at /rustc/82e1608dfa6e0b5569232559e3d385fea5a93112/library/std/src/panicking.rs:552:40
[INFO] [stdout]   25:     0x5567c8cb02e7 - std::panicking::try::h3a52eefe24fe3c29
[INFO] [stdout]                                at /rustc/82e1608dfa6e0b5569232559e3d385fea5a93112/library/std/src/panicking.rs:516:19
[INFO] [stdout]   26:     0x5567c8cb02e7 - std::panic::catch_unwind::h24c28c23c02c3841
[INFO] [stdout]                                at /rustc/82e1608dfa6e0b5569232559e3d385fea5a93112/library/std/src/panic.rs:142:14
[INFO] [stdout]   27:     0x5567c8cb02e7 - std::rt::lang_start_internal::{{closure}}::h705d3c9cbc06ef47
[INFO] [stdout]                                at /rustc/82e1608dfa6e0b5569232559e3d385fea5a93112/library/std/src/rt.rs:148:48
[INFO] [stdout]   28:     0x5567c8cb02e7 - std::panicking::try::do_call::ha21f52ba13158470
[INFO] [stdout]                                at /rustc/82e1608dfa6e0b5569232559e3d385fea5a93112/library/std/src/panicking.rs:552:40
[INFO] [stdout]   29:     0x5567c8cb02e7 - std::panicking::try::h5581346bf6aeb1f8
[INFO] [stdout]                                at /rustc/82e1608dfa6e0b5569232559e3d385fea5a93112/library/std/src/panicking.rs:516:19
[INFO] [stdout]   30:     0x5567c8cb02e7 - std::panic::catch_unwind::h7919645a6b72e25b
[INFO] [stdout]                                at /rustc/82e1608dfa6e0b5569232559e3d385fea5a93112/library/std/src/panic.rs:142:14
[INFO] [stdout]   31:     0x5567c8cb02e7 - std::rt::lang_start_internal::h12de51168669836e
[INFO] [stdout]                                at /rustc/82e1608dfa6e0b5569232559e3d385fea5a93112/library/std/src/rt.rs:148:20
[INFO] [stdout]   32:     0x5567c8c99617 - std::rt::lang_start::h2c48f91a7bf85629
[INFO] [stdout]   33:     0x5567c8c99855 - main
[INFO] [stdout]   34:     0x7f867342ad90 - <unknown>
[INFO] [stdout]   35:     0x7f867342ae40 - __libc_start_main
[INFO] [stdout]   36:     0x5567c8c99515 - _start
[INFO] [stdout]   37:                0x0 - <unknown>
[INFO] [stdout] 
[INFO] [stdout] 
[INFO] [stdout] 
[INFO] [stdout] failures:
[INFO] [stdout]     src/lib.rs - cube (line 30)
[INFO] [stdout] 
[INFO] [stdout] test result: FAILED. 1 passed; 1 failed; 0 ignored; 0 measured; 0 filtered out; finished in 0.16s
[INFO] [stdout] 
[INFO] [stderr] error: doctest failed, to rerun pass `--doc`
[INFO] running `Command { std: "docker" "inspect" "4b8c4a107b675fb1dad0af5bc20ce3b0f363c811cb02b0926714c2407068167a", kill_on_drop: false }`
[INFO] running `Command { std: "docker" "rm" "-f" "4b8c4a107b675fb1dad0af5bc20ce3b0f363c811cb02b0926714c2407068167a", kill_on_drop: false }`
[INFO] [stdout] 4b8c4a107b675fb1dad0af5bc20ce3b0f363c811cb02b0926714c2407068167a
[INFO] testing practo-0.1.0 against beta-2023-12-22 for beta-1.76-1
[INFO] extracting crate practo 0.1.0 into /workspace/builds/worker-6-tc2/source
[INFO] validating manifest of crates.io crate practo 0.1.0 on toolchain beta-2023-12-22
[INFO] running `Command { std: CARGO_HOME="/workspace/cargo-home" RUSTUP_HOME="/workspace/rustup-home" "/workspace/cargo-home/bin/cargo" "+beta-2023-12-22" "metadata" "--manifest-path" "Cargo.toml" "--no-deps", kill_on_drop: false }`
[INFO] started tweaking crates.io crate practo 0.1.0
[INFO] finished tweaking crates.io crate practo 0.1.0
[INFO] tweaked toml for crates.io crate practo 0.1.0 written to /workspace/builds/worker-6-tc2/source/Cargo.toml
[INFO] crate crates.io crate practo 0.1.0 already has a lockfile, it will not be regenerated
[INFO] running `Command { std: CARGO_HOME="/workspace/cargo-home" RUSTUP_HOME="/workspace/rustup-home" "/workspace/cargo-home/bin/cargo" "+beta-2023-12-22" "fetch" "--manifest-path" "Cargo.toml", kill_on_drop: false }`
[INFO] running `Command { std: "docker" "create" "-v" "/var/lib/crater-agent-workspace/builds/worker-6-tc2/target:/opt/rustwide/target:rw,Z" "-v" "/var/lib/crater-agent-workspace/builds/worker-6-tc2/source:/opt/rustwide/workdir:ro,Z" "-v" "/var/lib/crater-agent-workspace/cargo-home:/opt/rustwide/cargo-home:ro,Z" "-v" "/var/lib/crater-agent-workspace/rustup-home:/opt/rustwide/rustup-home:ro,Z" "-e" "SOURCE_DIR=/opt/rustwide/workdir" "-e" "CARGO_TARGET_DIR=/opt/rustwide/target" "-e" "CARGO_HOME=/opt/rustwide/cargo-home" "-e" "RUSTUP_HOME=/opt/rustwide/rustup-home" "-w" "/opt/rustwide/workdir" "-m" "1610612736" "--user" "0:0" "--network" "none" "ghcr.io/rust-lang/crates-build-env/linux@sha256:2788e3201cd34a07e3172128adcd8b3090168a8e3bcc40d7c032b9dda1df7d1c" "/opt/rustwide/cargo-home/bin/cargo" "+beta-2023-12-22" "metadata" "--no-deps" "--format-version=1", kill_on_drop: false }`
[INFO] [stdout] c2a1186518bb47a378b124f565e3449233c412876c3177b3d62524684c3370ff
[INFO] running `Command { std: "docker" "start" "-a" "c2a1186518bb47a378b124f565e3449233c412876c3177b3d62524684c3370ff", kill_on_drop: false }`
[INFO] running `Command { std: "docker" "inspect" "c2a1186518bb47a378b124f565e3449233c412876c3177b3d62524684c3370ff", kill_on_drop: false }`
[INFO] running `Command { std: "docker" "rm" "-f" "c2a1186518bb47a378b124f565e3449233c412876c3177b3d62524684c3370ff", kill_on_drop: false }`
[INFO] [stdout] c2a1186518bb47a378b124f565e3449233c412876c3177b3d62524684c3370ff
[INFO] running `Command { std: "docker" "create" "-v" "/var/lib/crater-agent-workspace/builds/worker-6-tc2/target:/opt/rustwide/target:rw,Z" "-v" "/var/lib/crater-agent-workspace/builds/worker-6-tc2/source:/opt/rustwide/workdir:ro,Z" "-v" "/var/lib/crater-agent-workspace/cargo-home:/opt/rustwide/cargo-home:ro,Z" "-v" "/var/lib/crater-agent-workspace/rustup-home:/opt/rustwide/rustup-home:ro,Z" "-e" "SOURCE_DIR=/opt/rustwide/workdir" "-e" "CARGO_TARGET_DIR=/opt/rustwide/target" "-e" "CARGO_INCREMENTAL=0" "-e" "RUST_BACKTRACE=full" "-e" "RUSTFLAGS=--cap-lints=warn" "-e" "RUSTDOCFLAGS=--cap-lints=warn" "-e" "CARGO_HOME=/opt/rustwide/cargo-home" "-e" "RUSTUP_HOME=/opt/rustwide/rustup-home" "-w" "/opt/rustwide/workdir" "-m" "1610612736" "--user" "0:0" "--network" "none" "ghcr.io/rust-lang/crates-build-env/linux@sha256:2788e3201cd34a07e3172128adcd8b3090168a8e3bcc40d7c032b9dda1df7d1c" "/opt/rustwide/cargo-home/bin/cargo" "+beta-2023-12-22" "build" "--frozen" "--message-format=json", kill_on_drop: false }`
[INFO] [stdout] 602f8a42bc4a3f39650176f3525e78f80f0501d3a2971ac39626dc01ccbea685
[INFO] running `Command { std: "docker" "start" "-a" "602f8a42bc4a3f39650176f3525e78f80f0501d3a2971ac39626dc01ccbea685", kill_on_drop: false }`
[INFO] [stderr]    Compiling array_tool v1.0.3
[INFO] [stderr]    Compiling practo v0.1.0 (/opt/rustwide/workdir)
[INFO] [stdout] warning: unused import: `self::person::Personal_info`
[INFO] [stdout]  --> src/file_2.rs:1:5
[INFO] [stdout]   |
[INFO] [stdout] 1 | use self::person::Personal_info;
[INFO] [stdout]   |     ^^^^^^^^^^^^^^^^^^^^^^^^^^^
[INFO] [stdout]   |
[INFO] [stdout]   = note: `#[warn(unused_imports)]` on by default
[INFO] [stdout] 
[INFO] [stdout] 
[INFO] [stdout] warning: type `Personal_info` should have an upper camel case name
[INFO] [stdout]  --> src/file_2.rs:4:16
[INFO] [stdout]   |
[INFO] [stdout] 4 |     pub struct Personal_info {
[INFO] [stdout]   |                ^^^^^^^^^^^^^ help: convert the identifier to upper camel case: `PersonalInfo`
[INFO] [stdout]   |
[INFO] [stdout]   = note: `#[warn(non_camel_case_types)]` on by default
[INFO] [stdout] 
[INFO] [stdout] 
[INFO] [stdout] warning: floating-point types cannot be used in patterns
[INFO] [stdout]   --> src/enums.rs:61:9
[INFO] [stdout]    |
[INFO] [stdout] 61 |         0.0 => Err(String::from("Error encountered:: DivisionByZero Error")),
[INFO] [stdout]    |         ^^^
[INFO] [stdout]    |
[INFO] [stdout]    = warning: this was previously accepted by the compiler but is being phased out; it will become a hard error in a future release!
[INFO] [stdout]    = note: for more information, see issue #41620 <https://github.com/rust-lang/rust/issues/41620>
[INFO] [stdout]    = note: `#[warn(illegal_floating_point_literal_pattern)]` on by default
[INFO] [stdout] 
[INFO] [stdout] 
[INFO] [stdout] warning: value assigned to `disease` is never read
[INFO] [stdout]   --> src/enums.rs:89:13
[INFO] [stdout]    |
[INFO] [stdout] 89 |     let mut disease = None;
[INFO] [stdout]    |             ^^^^^^^
[INFO] [stdout]    |
[INFO] [stdout]    = help: maybe it is overwritten before being read?
[INFO] [stdout]    = note: `#[warn(unused_assignments)]` on by default
[INFO] [stdout] 
[INFO] [stdout] 
[INFO] [stdout] warning: unused variable: `somebody`
[INFO] [stdout]    --> src/enums.rs:115:9
[INFO] [stdout]     |
[INFO] [stdout] 115 |     let somebody = Some(person1);
[INFO] [stdout]     |         ^^^^^^^^ help: if this is intentional, prefix it with an underscore: `_somebody`
[INFO] [stdout]     |
[INFO] [stdout]     = note: `#[warn(unused_variables)]` on by default
[INFO] [stdout] 
[INFO] [stdout] 
[INFO] [stdout] warning: unused variable: `person2`
[INFO] [stdout]   --> src/file_2.rs:23:9
[INFO] [stdout]    |
[INFO] [stdout] 23 |     let person2 = person::Personal_info {
[INFO] [stdout]    |         ^^^^^^^ help: if this is intentional, prefix it with an underscore: `_person2`
[INFO] [stdout] 
[INFO] [stdout] 
[INFO] [stdout] warning: unused variable: `travel_1`
[INFO] [stdout]   --> src/file_3.rs:10:9
[INFO] [stdout]    |
[INFO] [stdout] 10 |     let travel_1 = travel_history::Conveyance::Car;
[INFO] [stdout]    |         ^^^^^^^^ help: if this is intentional, prefix it with an underscore: `_travel_1`
[INFO] [stdout] 
[INFO] [stdout] 
[INFO] [stdout] warning: unused variable: `travel_2`
[INFO] [stdout]   --> src/file_3.rs:11:9
[INFO] [stdout]    |
[INFO] [stdout] 11 |     let travel_2 = travel_history::Conveyance::Air;
[INFO] [stdout]    |         ^^^^^^^^ help: if this is intentional, prefix it with an underscore: `_travel_2`
[INFO] [stdout] 
[INFO] [stdout] 
[INFO] [stdout] warning: unused variable: `p1`
[INFO] [stdout]   --> src/generics.rs:30:9
[INFO] [stdout]    |
[INFO] [stdout] 30 |     let p1 = Point { x: 5, y: 5 };
[INFO] [stdout]    |         ^^ help: if this is intentional, prefix it with an underscore: `_p1`
[INFO] [stdout] 
[INFO] [stdout] 
[INFO] [stdout] warning: unused variable: `p2`
[INFO] [stdout]   --> src/generics.rs:31:9
[INFO] [stdout]    |
[INFO] [stdout] 31 |     let p2 = Point { x: 7.8, y: 8.9 };
[INFO] [stdout]    |         ^^ help: if this is intentional, prefix it with an underscore: `_p2`
[INFO] [stdout] 
[INFO] [stdout] 
[INFO] [stdout] warning: variable does not need to be mutable
[INFO] [stdout]   --> src/iterators.rs:16:9
[INFO] [stdout]    |
[INFO] [stdout] 16 |     let mut check = some_vec.iter().any(|&x| x > 2);
[INFO] [stdout]    |         ----^^^^^
[INFO] [stdout]    |         |
[INFO] [stdout]    |         help: remove this `mut`
[INFO] [stdout]    |
[INFO] [stdout]    = note: `#[warn(unused_mut)]` on by default
[INFO] [stdout] 
[INFO] [stdout] 
[INFO] [stdout] warning: unused variable: `second_str`
[INFO] [stdout]   --> src/lifetimes.rs:40:40
[INFO] [stdout]    |
[INFO] [stdout] 40 | fn some_fn<'a, 'b>(first_str: &'a str, second_str: &'b str) -> &'a str {
[INFO] [stdout]    |                                        ^^^^^^^^^^ help: if this is intentional, prefix it with an underscore: `_second_str`
[INFO] [stdout] 
[INFO] [stdout] 
[INFO] [stdout] warning: function `division` is never used
[INFO] [stdout]  --> src/closures.rs:2:4
[INFO] [stdout]   |
[INFO] [stdout] 2 | fn division<F: Fn(f32) -> bool>(x: f32, y: f32, f: F) {
[INFO] [stdout]   |    ^^^^^^^^
[INFO] [stdout]   |
[INFO] [stdout]   = note: `#[warn(dead_code)]` on by default
[INFO] [stdout] 
[INFO] [stdout] 
[INFO] [stdout] warning: function `main` is never used
[INFO] [stdout]  --> src/closures.rs:9:4
[INFO] [stdout]   |
[INFO] [stdout] 9 | fn main() {
[INFO] [stdout]   |    ^^^^
[INFO] [stdout] 
[INFO] [stdout] 
[INFO] [stdout] warning: function `prints_name` is never used
[INFO] [stdout]   --> src/closures.rs:31:4
[INFO] [stdout]    |
[INFO] [stdout] 31 | fn prints_name(name: &str) {
[INFO] [stdout]    |    ^^^^^^^^^^^
[INFO] [stdout] 
[INFO] [stdout] 
[INFO] [stdout] warning: function `prints_full_info` is never used
[INFO] [stdout]   --> src/closures.rs:35:4
[INFO] [stdout]    |
[INFO] [stdout] 35 | fn prints_full_info(f: fn(&str), some_one: &str, age: i32) {
[INFO] [stdout]    |    ^^^^^^^^^^^^^^^^
[INFO] [stdout] 
[INFO] [stdout] 
[INFO] [stdout] warning: function `main` is never used
[INFO] [stdout]  --> src/crates_io.rs:2:4
[INFO] [stdout]   |
[INFO] [stdout] 2 | fn main() {
[INFO] [stdout]   |    ^^^^
[INFO] [stdout] 
[INFO] [stdout] 
[INFO] [stdout] warning: enum `Conveyance` is never used
[INFO] [stdout]  --> src/enums.rs:1:6
[INFO] [stdout]   |
[INFO] [stdout] 1 | enum Conveyance {
[INFO] [stdout]   |      ^^^^^^^^^^
[INFO] [stdout] 
[INFO] [stdout] 
[INFO] [stdout] warning: method `travel_allowance` is never used
[INFO] [stdout]  --> src/enums.rs:8:8
[INFO] [stdout]   |
[INFO] [stdout] 7 | impl Conveyance {
[INFO] [stdout]   | --------------- method in this implementation
[INFO] [stdout] 8 |     fn travel_allowance(&self) -> f32 {
[INFO] [stdout]   |        ^^^^^^^^^^^^^^^^
[INFO] [stdout] 
[INFO] [stdout] 
[INFO] [stdout] warning: variants `Integer` and `Float` are never constructed
[INFO] [stdout]   --> src/enums.rs:21:5
[INFO] [stdout]    |
[INFO] [stdout] 20 | enum Value {
[INFO] [stdout]    |      ----- variants in this enum
[INFO] [stdout] 21 |     Integer(i32),
[INFO] [stdout]    |     ^^^^^^^
[INFO] [stdout] 22 |     Float(f32),
[INFO] [stdout]    |     ^^^^^
[INFO] [stdout]    |
[INFO] [stdout]    = note: `Value` has a derived impl for the trait `Debug`, but this is intentionally ignored during dead code analysis
[INFO] [stdout] 
[INFO] [stdout] 
[INFO] [stdout] warning: struct `Person` is never constructed
[INFO] [stdout]   --> src/enums.rs:32:8
[INFO] [stdout]    |
[INFO] [stdout] 32 | struct Person {
[INFO] [stdout]    |        ^^^^^^
[INFO] [stdout] 
[INFO] [stdout] 
[INFO] [stdout] warning: function `square` is never used
[INFO] [stdout]   --> src/enums.rs:37:4
[INFO] [stdout]    |
[INFO] [stdout] 37 | fn square(num: Option<i32>) -> Option<i32> {
[INFO] [stdout]    |    ^^^^^^
[INFO] [stdout] 
[INFO] [stdout] 
[INFO] [stdout] warning: function `division` is never used
[INFO] [stdout]   --> src/enums.rs:51:4
[INFO] [stdout]    |
[INFO] [stdout] 51 | fn division(divident: f64, divisor: f64) -> Result<f64, String> {
[INFO] [stdout]    |    ^^^^^^^^
[INFO] [stdout] 
[INFO] [stdout] 
[INFO] [stdout] warning: function `main` is never used
[INFO] [stdout]   --> src/enums.rs:65:4
[INFO] [stdout]    |
[INFO] [stdout] 65 | fn main() {
[INFO] [stdout]    |    ^^^^
[INFO] [stdout] 
[INFO] [stdout] 
[INFO] [stdout] warning: variant `Train` is never constructed
[INFO] [stdout]  --> src/file_3.rs:4:9
[INFO] [stdout]   |
[INFO] [stdout] 2 |     pub enum Conveyance {
[INFO] [stdout]   |              ---------- variant in this enum
[INFO] [stdout] 3 |         Car,
[INFO] [stdout] 4 |         Train,
[INFO] [stdout]   |         ^^^^^
[INFO] [stdout] 
[INFO] [stdout] 
[INFO] [stdout] warning: function `square` is never used
[INFO] [stdout]  --> src/generics.rs:1:4
[INFO] [stdout]   |
[INFO] [stdout] 1 | fn square<T>(x: T) -> T
[INFO] [stdout]   |    ^^^^^^
[INFO] [stdout] 
[INFO] [stdout] 
[INFO] [stdout] warning: struct `Point` is never constructed
[INFO] [stdout]  --> src/generics.rs:9:8
[INFO] [stdout]   |
[INFO] [stdout] 9 | struct Point<T, U> {
[INFO] [stdout]   |        ^^^^^
[INFO] [stdout] 
[INFO] [stdout] 
[INFO] [stdout] warning: method `printing` is never used
[INFO] [stdout]   --> src/generics.rs:19:8
[INFO] [stdout]    |
[INFO] [stdout] 14 | / impl<T, U> Point<T, U>
[INFO] [stdout] 15 | | where
[INFO] [stdout] 16 | |     T: std::fmt::Debug,
[INFO] [stdout] 17 | |     U: std::fmt::Debug,
[INFO] [stdout]    | |_______________________- method in this implementation
[INFO] [stdout] 18 |   {
[INFO] [stdout] 19 |       fn printing(&self) {
[INFO] [stdout]    |          ^^^^^^^^
[INFO] [stdout] 
[INFO] [stdout] 
[INFO] [stdout] warning: function `main` is never used
[INFO] [stdout]   --> src/generics.rs:26:4
[INFO] [stdout]    |
[INFO] [stdout] 26 | fn main() {
[INFO] [stdout]    |    ^^^^
[INFO] [stdout] 
[INFO] [stdout] 
[INFO] [stdout] warning: function `main` is never used
[INFO] [stdout]  --> src/hashmaps.rs:3:4
[INFO] [stdout]   |
[INFO] [stdout] 3 | fn main() {
[INFO] [stdout]   |    ^^^^
[INFO] [stdout] 
[INFO] [stdout] 
[INFO] [stdout] warning: function `main` is never used
[INFO] [stdout]  --> src/iterators.rs:1:4
[INFO] [stdout]   |
[INFO] [stdout] 1 | fn main() {
[INFO] [stdout]   |    ^^^^
[INFO] [stdout] 
[INFO] [stdout] 
[INFO] [stdout] warning: struct `Person` is never constructed
[INFO] [stdout]  --> src/lifetimes.rs:1:8
[INFO] [stdout]   |
[INFO] [stdout] 1 | struct Person<'a> {
[INFO] [stdout]   |        ^^^^^^
[INFO] [stdout] 
[INFO] [stdout] 
[INFO] [stdout] warning: function `main` is never used
[INFO] [stdout]  --> src/lifetimes.rs:6:4
[INFO] [stdout]   |
[INFO] [stdout] 6 | fn main() {
[INFO] [stdout]   |    ^^^^
[INFO] [stdout] 
[INFO] [stdout] 
[INFO] [stdout] warning: function `some_fn` is never used
[INFO] [stdout]   --> src/lifetimes.rs:40:4
[INFO] [stdout]    |
[INFO] [stdout] 40 | fn some_fn<'a, 'b>(first_str: &'a str, second_str: &'b str) -> &'a str {
[INFO] [stdout]    |    ^^^^^^^
[INFO] [stdout] 
[INFO] [stdout] 
[INFO] [stdout] warning: function `greater` is never used
[INFO] [stdout]   --> src/lifetimes.rs:44:4
[INFO] [stdout]    |
[INFO] [stdout] 44 | fn greater<'a, 'b>(i: &'a i32, j: &'a i32) -> &'a i32 {
[INFO] [stdout]    |    ^^^^^^^
[INFO] [stdout] 
[INFO] [stdout] 
[INFO] [stdout] warning: field `salary` is never read
[INFO] [stdout]  --> src/structs.rs:6:5
[INFO] [stdout]   |
[INFO] [stdout] 1 | struct Person {
[INFO] [stdout]   |        ------ field in this struct
[INFO] [stdout] ...
[INFO] [stdout] 6 |     salary: i32,
[INFO] [stdout]   |     ^^^^^^
[INFO] [stdout] 
[INFO] [stdout] 
[INFO] [stdout] warning: function `main` is never used
[INFO] [stdout]    --> src/structs.rs:111:4
[INFO] [stdout]     |
[INFO] [stdout] 111 | fn main() {
[INFO] [stdout]     |    ^^^^
[INFO] [stdout] 
[INFO] [stdout] 
[INFO] [stdout] warning: 37 warnings emitted
[INFO] [stdout] 
[INFO] [stdout] 
[INFO] [stderr]     Finished dev [unoptimized + debuginfo] target(s) in 0.45s
[INFO] running `Command { std: "docker" "inspect" "602f8a42bc4a3f39650176f3525e78f80f0501d3a2971ac39626dc01ccbea685", kill_on_drop: false }`
[INFO] running `Command { std: "docker" "rm" "-f" "602f8a42bc4a3f39650176f3525e78f80f0501d3a2971ac39626dc01ccbea685", kill_on_drop: false }`
[INFO] [stdout] 602f8a42bc4a3f39650176f3525e78f80f0501d3a2971ac39626dc01ccbea685
[INFO] running `Command { std: "docker" "create" "-v" "/var/lib/crater-agent-workspace/builds/worker-6-tc2/target:/opt/rustwide/target:rw,Z" "-v" "/var/lib/crater-agent-workspace/builds/worker-6-tc2/source:/opt/rustwide/workdir:ro,Z" "-v" "/var/lib/crater-agent-workspace/cargo-home:/opt/rustwide/cargo-home:ro,Z" "-v" "/var/lib/crater-agent-workspace/rustup-home:/opt/rustwide/rustup-home:ro,Z" "-e" "SOURCE_DIR=/opt/rustwide/workdir" "-e" "CARGO_TARGET_DIR=/opt/rustwide/target" "-e" "CARGO_INCREMENTAL=0" "-e" "RUST_BACKTRACE=full" "-e" "RUSTFLAGS=--cap-lints=warn" "-e" "RUSTDOCFLAGS=--cap-lints=warn" "-e" "CARGO_HOME=/opt/rustwide/cargo-home" "-e" "RUSTUP_HOME=/opt/rustwide/rustup-home" "-w" "/opt/rustwide/workdir" "-m" "1610612736" "--user" "0:0" "--network" "none" "ghcr.io/rust-lang/crates-build-env/linux@sha256:2788e3201cd34a07e3172128adcd8b3090168a8e3bcc40d7c032b9dda1df7d1c" "/opt/rustwide/cargo-home/bin/cargo" "+beta-2023-12-22" "test" "--frozen" "--no-run" "--message-format=json", kill_on_drop: false }`
[INFO] [stdout] b240f7fe9a0e55b4a3026e8dcccc13d8eb1cfbc5b812619e6b45427d27b72bdb
[INFO] running `Command { std: "docker" "start" "-a" "b240f7fe9a0e55b4a3026e8dcccc13d8eb1cfbc5b812619e6b45427d27b72bdb", kill_on_drop: false }`
[INFO] [stderr]    Compiling practo v0.1.0 (/opt/rustwide/workdir)
[INFO] [stdout] warning: unused import: `self::person::Personal_info`
[INFO] [stdout]  --> src/file_2.rs:1:5
[INFO] [stdout]   |
[INFO] [stdout] 1 | use self::person::Personal_info;
[INFO] [stdout]   |     ^^^^^^^^^^^^^^^^^^^^^^^^^^^
[INFO] [stdout]   |
[INFO] [stdout]   = note: `#[warn(unused_imports)]` on by default
[INFO] [stdout] 
[INFO] [stdout] 
[INFO] [stdout] warning: type `Personal_info` should have an upper camel case name
[INFO] [stdout]  --> src/file_2.rs:4:16
[INFO] [stdout]   |
[INFO] [stdout] 4 |     pub struct Personal_info {
[INFO] [stdout]   |                ^^^^^^^^^^^^^ help: convert the identifier to upper camel case: `PersonalInfo`
[INFO] [stdout]   |
[INFO] [stdout]   = note: `#[warn(non_camel_case_types)]` on by default
[INFO] [stdout] 
[INFO] [stdout] 
[INFO] [stdout] warning: floating-point types cannot be used in patterns
[INFO] [stdout]   --> src/enums.rs:61:9
[INFO] [stdout]    |
[INFO] [stdout] 61 |         0.0 => Err(String::from("Error encountered:: DivisionByZero Error")),
[INFO] [stdout]    |         ^^^
[INFO] [stdout]    |
[INFO] [stdout]    = warning: this was previously accepted by the compiler but is being phased out; it will become a hard error in a future release!
[INFO] [stdout]    = note: for more information, see issue #41620 <https://github.com/rust-lang/rust/issues/41620>
[INFO] [stdout]    = note: `#[warn(illegal_floating_point_literal_pattern)]` on by default
[INFO] [stdout] 
[INFO] [stdout] 
[INFO] [stdout] warning: value assigned to `disease` is never read
[INFO] [stdout]   --> src/enums.rs:89:13
[INFO] [stdout]    |
[INFO] [stdout] 89 |     let mut disease = None;
[INFO] [stdout]    |             ^^^^^^^
[INFO] [stdout]    |
[INFO] [stdout]    = help: maybe it is overwritten before being read?
[INFO] [stdout]    = note: `#[warn(unused_assignments)]` on by default
[INFO] [stdout] 
[INFO] [stdout] 
[INFO] [stdout] warning: unused variable: `somebody`
[INFO] [stdout]    --> src/enums.rs:115:9
[INFO] [stdout]     |
[INFO] [stdout] 115 |     let somebody = Some(person1);
[INFO] [stdout]     |         ^^^^^^^^ help: if this is intentional, prefix it with an underscore: `_somebody`
[INFO] [stdout]     |
[INFO] [stdout]     = note: `#[warn(unused_variables)]` on by default
[INFO] [stdout] 
[INFO] [stdout] 
[INFO] [stdout] warning: unused variable: `person2`
[INFO] [stdout]   --> src/file_2.rs:23:9
[INFO] [stdout]    |
[INFO] [stdout] 23 |     let person2 = person::Personal_info {
[INFO] [stdout]    |         ^^^^^^^ help: if this is intentional, prefix it with an underscore: `_person2`
[INFO] [stdout] 
[INFO] [stdout] 
[INFO] [stdout] warning: unused variable: `travel_1`
[INFO] [stdout]   --> src/file_3.rs:10:9
[INFO] [stdout]    |
[INFO] [stdout] 10 |     let travel_1 = travel_history::Conveyance::Car;
[INFO] [stdout]    |         ^^^^^^^^ help: if this is intentional, prefix it with an underscore: `_travel_1`
[INFO] [stdout] 
[INFO] [stdout] 
[INFO] [stdout] warning: unused variable: `travel_2`
[INFO] [stdout]   --> src/file_3.rs:11:9
[INFO] [stdout]    |
[INFO] [stdout] 11 |     let travel_2 = travel_history::Conveyance::Air;
[INFO] [stdout]    |         ^^^^^^^^ help: if this is intentional, prefix it with an underscore: `_travel_2`
[INFO] [stdout] 
[INFO] [stdout] 
[INFO] [stdout] warning: unused variable: `p1`
[INFO] [stdout]   --> src/generics.rs:30:9
[INFO] [stdout]    |
[INFO] [stdout] 30 |     let p1 = Point { x: 5, y: 5 };
[INFO] [stdout]    |         ^^ help: if this is intentional, prefix it with an underscore: `_p1`
[INFO] [stdout] 
[INFO] [stdout] 
[INFO] [stdout] warning: unused variable: `p2`
[INFO] [stdout]   --> src/generics.rs:31:9
[INFO] [stdout]    |
[INFO] [stdout] 31 |     let p2 = Point { x: 7.8, y: 8.9 };
[INFO] [stdout]    |         ^^ help: if this is intentional, prefix it with an underscore: `_p2`
[INFO] [stdout] 
[INFO] [stdout] 
[INFO] [stdout] warning: variable does not need to be mutable
[INFO] [stdout]   --> src/iterators.rs:16:9
[INFO] [stdout]    |
[INFO] [stdout] 16 |     let mut check = some_vec.iter().any(|&x| x > 2);
[INFO] [stdout]    |         ----^^^^^
[INFO] [stdout]    |         |
[INFO] [stdout]    |         help: remove this `mut`
[INFO] [stdout]    |
[INFO] [stdout]    = note: `#[warn(unused_mut)]` on by default
[INFO] [stdout] 
[INFO] [stdout] 
[INFO] [stdout] warning: unused variable: `second_str`
[INFO] [stdout]   --> src/lifetimes.rs:40:40
[INFO] [stdout]    |
[INFO] [stdout] 40 | fn some_fn<'a, 'b>(first_str: &'a str, second_str: &'b str) -> &'a str {
[INFO] [stdout]    |                                        ^^^^^^^^^^ help: if this is intentional, prefix it with an underscore: `_second_str`
[INFO] [stdout] 
[INFO] [stdout] 
[INFO] [stdout] warning: function `division` is never used
[INFO] [stdout]  --> src/closures.rs:2:4
[INFO] [stdout]   |
[INFO] [stdout] 2 | fn division<F: Fn(f32) -> bool>(x: f32, y: f32, f: F) {
[INFO] [stdout]   |    ^^^^^^^^
[INFO] [stdout]   |
[INFO] [stdout]   = note: `#[warn(dead_code)]` on by default
[INFO] [stdout] 
[INFO] [stdout] 
[INFO] [stdout] warning: function `main` is never used
[INFO] [stdout]  --> src/closures.rs:9:4
[INFO] [stdout]   |
[INFO] [stdout] 9 | fn main() {
[INFO] [stdout]   |    ^^^^
[INFO] [stdout] 
[INFO] [stdout] 
[INFO] [stdout] warning: function `prints_name` is never used
[INFO] [stdout]   --> src/closures.rs:31:4
[INFO] [stdout]    |
[INFO] [stdout] 31 | fn prints_name(name: &str) {
[INFO] [stdout]    |    ^^^^^^^^^^^
[INFO] [stdout] 
[INFO] [stdout] 
[INFO] [stdout] warning: function `prints_full_info` is never used
[INFO] [stdout]   --> src/closures.rs:35:4
[INFO] [stdout]    |
[INFO] [stdout] 35 | fn prints_full_info(f: fn(&str), some_one: &str, age: i32) {
[INFO] [stdout]    |    ^^^^^^^^^^^^^^^^
[INFO] [stdout] 
[INFO] [stdout] 
[INFO] [stdout] warning: function `main` is never used
[INFO] [stdout]  --> src/crates_io.rs:2:4
[INFO] [stdout]   |
[INFO] [stdout] 2 | fn main() {
[INFO] [stdout]   |    ^^^^
[INFO] [stdout] 
[INFO] [stdout] 
[INFO] [stdout] warning: enum `Conveyance` is never used
[INFO] [stdout]  --> src/enums.rs:1:6
[INFO] [stdout]   |
[INFO] [stdout] 1 | enum Conveyance {
[INFO] [stdout]   |      ^^^^^^^^^^
[INFO] [stdout] 
[INFO] [stdout] 
[INFO] [stdout] warning: method `travel_allowance` is never used
[INFO] [stdout]  --> src/enums.rs:8:8
[INFO] [stdout]   |
[INFO] [stdout] 7 | impl Conveyance {
[INFO] [stdout]   | --------------- method in this implementation
[INFO] [stdout] 8 |     fn travel_allowance(&self) -> f32 {
[INFO] [stdout]   |        ^^^^^^^^^^^^^^^^
[INFO] [stdout] 
[INFO] [stdout] 
[INFO] [stdout] warning: variants `Integer` and `Float` are never constructed
[INFO] [stdout]   --> src/enums.rs:21:5
[INFO] [stdout]    |
[INFO] [stdout] 20 | enum Value {
[INFO] [stdout]    |      ----- variants in this enum
[INFO] [stdout] 21 |     Integer(i32),
[INFO] [stdout]    |     ^^^^^^^
[INFO] [stdout] 22 |     Float(f32),
[INFO] [stdout]    |     ^^^^^
[INFO] [stdout]    |
[INFO] [stdout]    = note: `Value` has a derived impl for the trait `Debug`, but this is intentionally ignored during dead code analysis
[INFO] [stdout] 
[INFO] [stdout] 
[INFO] [stdout] warning: struct `Person` is never constructed
[INFO] [stdout]   --> src/enums.rs:32:8
[INFO] [stdout]    |
[INFO] [stdout] 32 | struct Person {
[INFO] [stdout]    |        ^^^^^^
[INFO] [stdout] 
[INFO] [stdout] 
[INFO] [stdout] warning: function `square` is never used
[INFO] [stdout]   --> src/enums.rs:37:4
[INFO] [stdout]    |
[INFO] [stdout] 37 | fn square(num: Option<i32>) -> Option<i32> {
[INFO] [stdout]    |    ^^^^^^
[INFO] [stdout] 
[INFO] [stdout] 
[INFO] [stdout] warning: function `division` is never used
[INFO] [stdout]   --> src/enums.rs:51:4
[INFO] [stdout]    |
[INFO] [stdout] 51 | fn division(divident: f64, divisor: f64) -> Result<f64, String> {
[INFO] [stdout]    |    ^^^^^^^^
[INFO] [stdout] 
[INFO] [stdout] 
[INFO] [stdout] warning: function `main` is never used
[INFO] [stdout]   --> src/enums.rs:65:4
[INFO] [stdout]    |
[INFO] [stdout] 65 | fn main() {
[INFO] [stdout]    |    ^^^^
[INFO] [stdout] 
[INFO] [stdout] 
[INFO] [stdout] warning: variant `Train` is never constructed
[INFO] [stdout]  --> src/file_3.rs:4:9
[INFO] [stdout]   |
[INFO] [stdout] 2 |     pub enum Conveyance {
[INFO] [stdout]   |              ---------- variant in this enum
[INFO] [stdout] 3 |         Car,
[INFO] [stdout] 4 |         Train,
[INFO] [stdout]   |         ^^^^^
[INFO] [stdout] 
[INFO] [stdout] 
[INFO] [stdout] warning: function `square` is never used
[INFO] [stdout]  --> src/generics.rs:1:4
[INFO] [stdout]   |
[INFO] [stdout] 1 | fn square<T>(x: T) -> T
[INFO] [stdout]   |    ^^^^^^
[INFO] [stdout] 
[INFO] [stdout] 
[INFO] [stdout] warning: struct `Point` is never constructed
[INFO] [stdout]  --> src/generics.rs:9:8
[INFO] [stdout]   |
[INFO] [stdout] 9 | struct Point<T, U> {
[INFO] [stdout]   |        ^^^^^
[INFO] [stdout] 
[INFO] [stdout] 
[INFO] [stdout] warning: method `printing` is never used
[INFO] [stdout]   --> src/generics.rs:19:8
[INFO] [stdout]    |
[INFO] [stdout] 14 | / impl<T, U> Point<T, U>
[INFO] [stdout] 15 | | where
[INFO] [stdout] 16 | |     T: std::fmt::Debug,
[INFO] [stdout] 17 | |     U: std::fmt::Debug,
[INFO] [stdout]    | |_______________________- method in this implementation
[INFO] [stdout] 18 |   {
[INFO] [stdout] 19 |       fn printing(&self) {
[INFO] [stdout]    |          ^^^^^^^^
[INFO] [stdout] 
[INFO] [stdout] 
[INFO] [stdout] warning: function `main` is never used
[INFO] [stdout]   --> src/generics.rs:26:4
[INFO] [stdout]    |
[INFO] [stdout] 26 | fn main() {
[INFO] [stdout]    |    ^^^^
[INFO] [stdout] 
[INFO] [stdout] 
[INFO] [stdout] warning: function `main` is never used
[INFO] [stdout]  --> src/hashmaps.rs:3:4
[INFO] [stdout]   |
[INFO] [stdout] 3 | fn main() {
[INFO] [stdout]   |    ^^^^
[INFO] [stdout] 
[INFO] [stdout] 
[INFO] [stdout] warning: function `main` is never used
[INFO] [stdout]  --> src/iterators.rs:1:4
[INFO] [stdout]   |
[INFO] [stdout] 1 | fn main() {
[INFO] [stdout]   |    ^^^^
[INFO] [stdout] 
[INFO] [stdout] 
[INFO] [stdout] warning: struct `Person` is never constructed
[INFO] [stdout]  --> src/lifetimes.rs:1:8
[INFO] [stdout]   |
[INFO] [stdout] 1 | struct Person<'a> {
[INFO] [stdout]   |        ^^^^^^
[INFO] [stdout] 
[INFO] [stdout] 
[INFO] [stdout] warning: function `main` is never used
[INFO] [stdout]  --> src/lifetimes.rs:6:4
[INFO] [stdout]   |
[INFO] [stdout] 6 | fn main() {
[INFO] [stdout]   |    ^^^^
[INFO] [stdout] 
[INFO] [stdout] 
[INFO] [stdout] warning: function `some_fn` is never used
[INFO] [stdout]   --> src/lifetimes.rs:40:4
[INFO] [stdout]    |
[INFO] [stdout] 40 | fn some_fn<'a, 'b>(first_str: &'a str, second_str: &'b str) -> &'a str {
[INFO] [stdout]    |    ^^^^^^^
[INFO] [stdout] 
[INFO] [stdout] 
[INFO] [stdout] warning: function `greater` is never used
[INFO] [stdout]   --> src/lifetimes.rs:44:4
[INFO] [stdout]    |
[INFO] [stdout] 44 | fn greater<'a, 'b>(i: &'a i32, j: &'a i32) -> &'a i32 {
[INFO] [stdout]    |    ^^^^^^^
[INFO] [stdout] 
[INFO] [stdout] 
[INFO] [stdout] warning: field `salary` is never read
[INFO] [stdout]  --> src/structs.rs:6:5
[INFO] [stdout]   |
[INFO] [stdout] 1 | struct Person {
[INFO] [stdout]   |        ------ field in this struct
[INFO] [stdout] ...
[INFO] [stdout] 6 |     salary: i32,
[INFO] [stdout]   |     ^^^^^^
[INFO] [stdout] 
[INFO] [stdout] 
[INFO] [stdout] warning: function `main` is never used
[INFO] [stdout]    --> src/structs.rs:111:4
[INFO] [stdout]     |
[INFO] [stdout] 111 | fn main() {
[INFO] [stdout]     |    ^^^^
[INFO] [stdout] 
[INFO] [stdout] 
[INFO] [stdout] warning: 37 warnings emitted
[INFO] [stdout] 
[INFO] [stdout] 
[INFO] [stderr]     Finished test [unoptimized + debuginfo] target(s) in 0.27s
[INFO] running `Command { std: "docker" "inspect" "b240f7fe9a0e55b4a3026e8dcccc13d8eb1cfbc5b812619e6b45427d27b72bdb", kill_on_drop: false }`
[INFO] running `Command { std: "docker" "rm" "-f" "b240f7fe9a0e55b4a3026e8dcccc13d8eb1cfbc5b812619e6b45427d27b72bdb", kill_on_drop: false }`
[INFO] [stdout] b240f7fe9a0e55b4a3026e8dcccc13d8eb1cfbc5b812619e6b45427d27b72bdb
[INFO] running `Command { std: "docker" "create" "-v" "/var/lib/crater-agent-workspace/builds/worker-6-tc2/target:/opt/rustwide/target:rw,Z" "-v" "/var/lib/crater-agent-workspace/builds/worker-6-tc2/source:/opt/rustwide/workdir:ro,Z" "-v" "/var/lib/crater-agent-workspace/cargo-home:/opt/rustwide/cargo-home:ro,Z" "-v" "/var/lib/crater-agent-workspace/rustup-home:/opt/rustwide/rustup-home:ro,Z" "-e" "SOURCE_DIR=/opt/rustwide/workdir" "-e" "CARGO_TARGET_DIR=/opt/rustwide/target" "-e" "CARGO_INCREMENTAL=0" "-e" "RUST_BACKTRACE=full" "-e" "RUSTFLAGS=--cap-lints=warn" "-e" "RUSTDOCFLAGS=--cap-lints=warn" "-e" "CARGO_HOME=/opt/rustwide/cargo-home" "-e" "RUSTUP_HOME=/opt/rustwide/rustup-home" "-w" "/opt/rustwide/workdir" "-m" "1610612736" "--user" "0:0" "--network" "none" "ghcr.io/rust-lang/crates-build-env/linux@sha256:2788e3201cd34a07e3172128adcd8b3090168a8e3bcc40d7c032b9dda1df7d1c" "/opt/rustwide/cargo-home/bin/cargo" "+beta-2023-12-22" "test" "--frozen", kill_on_drop: false }`
[INFO] [stdout] 09f109e7757c35199ec8770e305d731a42e889b553a4bbd679f39eea9b9421e3
[INFO] running `Command { std: "docker" "start" "-a" "09f109e7757c35199ec8770e305d731a42e889b553a4bbd679f39eea9b9421e3", kill_on_drop: false }`
[INFO] [stderr] warning: unused import: `self::person::Personal_info`
[INFO] [stderr]  --> src/file_2.rs:1:5
[INFO] [stderr]   |
[INFO] [stderr] 1 | use self::person::Personal_info;
[INFO] [stderr]   |     ^^^^^^^^^^^^^^^^^^^^^^^^^^^
[INFO] [stderr]   |
[INFO] [stderr]   = note: `#[warn(unused_imports)]` on by default
[INFO] [stderr] 
[INFO] [stderr] warning: type `Personal_info` should have an upper camel case name
[INFO] [stderr]  --> src/file_2.rs:4:16
[INFO] [stderr]   |
[INFO] [stderr] 4 |     pub struct Personal_info {
[INFO] [stderr]   |                ^^^^^^^^^^^^^ help: convert the identifier to upper camel case: `PersonalInfo`
[INFO] [stderr]   |
[INFO] [stderr]   = note: `#[warn(non_camel_case_types)]` on by default
[INFO] [stderr] 
[INFO] [stderr] warning: floating-point types cannot be used in patterns
[INFO] [stderr]   --> src/enums.rs:61:9
[INFO] [stderr]    |
[INFO] [stderr] 61 |         0.0 => Err(String::from("Error encountered:: DivisionByZero Error")),
[INFO] [stderr]    |         ^^^
[INFO] [stderr]    |
[INFO] [stderr]    = warning: this was previously accepted by the compiler but is being phased out; it will become a hard error in a future release!
[INFO] [stderr]    = note: for more information, see issue #41620 <https://github.com/rust-lang/rust/issues/41620>
[INFO] [stderr]    = note: `#[warn(illegal_floating_point_literal_pattern)]` on by default
[INFO] [stderr] 
[INFO] [stderr] warning: value assigned to `disease` is never read
[INFO] [stderr]   --> src/enums.rs:89:13
[INFO] [stderr]    |
[INFO] [stderr] 89 |     let mut disease = None;
[INFO] [stderr]    |             ^^^^^^^
[INFO] [stderr]    |
[INFO] [stderr]    = help: maybe it is overwritten before being read?
[INFO] [stderr]    = note: `#[warn(unused_assignments)]` on by default
[INFO] [stderr] 
[INFO] [stderr] warning: unused variable: `somebody`
[INFO] [stderr]    --> src/enums.rs:115:9
[INFO] [stderr]     |
[INFO] [stderr] 115 |     let somebody = Some(person1);
[INFO] [stderr]     |         ^^^^^^^^ help: if this is intentional, prefix it with an underscore: `_somebody`
[INFO] [stderr]     |
[INFO] [stderr]     = note: `#[warn(unused_variables)]` on by default
[INFO] [stderr] 
[INFO] [stderr] warning: unused variable: `person2`
[INFO] [stderr]   --> src/file_2.rs:23:9
[INFO] [stderr]    |
[INFO] [stderr] 23 |     let person2 = person::Personal_info {
[INFO] [stderr]    |         ^^^^^^^ help: if this is intentional, prefix it with an underscore: `_person2`
[INFO] [stderr] 
[INFO] [stderr] warning: unused variable: `travel_1`
[INFO] [stderr]   --> src/file_3.rs:10:9
[INFO] [stderr]    |
[INFO] [stderr] 10 |     let travel_1 = travel_history::Conveyance::Car;
[INFO] [stderr]    |         ^^^^^^^^ help: if this is intentional, prefix it with an underscore: `_travel_1`
[INFO] [stderr] 
[INFO] [stderr] warning: unused variable: `travel_2`
[INFO] [stderr]   --> src/file_3.rs:11:9
[INFO] [stderr]    |
[INFO] [stderr] 11 |     let travel_2 = travel_history::Conveyance::Air;
[INFO] [stderr]    |         ^^^^^^^^ help: if this is intentional, prefix it with an underscore: `_travel_2`
[INFO] [stderr] 
[INFO] [stderr] warning: unused variable: `p1`
[INFO] [stderr]   --> src/generics.rs:30:9
[INFO] [stderr]    |
[INFO] [stderr] 30 |     let p1 = Point { x: 5, y: 5 };
[INFO] [stderr]    |         ^^ help: if this is intentional, prefix it with an underscore: `_p1`
[INFO] [stderr] 
[INFO] [stderr] warning: unused variable: `p2`
[INFO] [stderr]   --> src/generics.rs:31:9
[INFO] [stderr]    |
[INFO] [stderr] 31 |     let p2 = Point { x: 7.8, y: 8.9 };
[INFO] [stderr]    |         ^^ help: if this is intentional, prefix it with an underscore: `_p2`
[INFO] [stderr] 
[INFO] [stderr] warning: variable does not need to be mutable
[INFO] [stderr]   --> src/iterators.rs:16:9
[INFO] [stderr]    |
[INFO] [stderr] 16 |     let mut check = some_vec.iter().any(|&x| x > 2);
[INFO] [stderr]    |         ----^^^^^
[INFO] [stderr]    |         |
[INFO] [stderr]    |         help: remove this `mut`
[INFO] [stderr]    |
[INFO] [stderr]    = note: `#[warn(unused_mut)]` on by default
[INFO] [stderr] 
[INFO] [stderr] warning: unused variable: `second_str`
[INFO] [stderr]   --> src/lifetimes.rs:40:40
[INFO] [stderr]    |
[INFO] [stderr] 40 | fn some_fn<'a, 'b>(first_str: &'a str, second_str: &'b str) -> &'a str {
[INFO] [stderr]    |                                        ^^^^^^^^^^ help: if this is intentional, prefix it with an underscore: `_second_str`
[INFO] [stderr] 
[INFO] [stderr] warning: function `division` is never used
[INFO] [stderr]  --> src/closures.rs:2:4
[INFO] [stderr]   |
[INFO] [stderr] 2 | fn division<F: Fn(f32) -> bool>(x: f32, y: f32, f: F) {
[INFO] [stderr]   |    ^^^^^^^^
[INFO] [stderr]   |
[INFO] [stderr]   = note: `#[warn(dead_code)]` on by default
[INFO] [stderr] 
[INFO] [stderr] warning: function `main` is never used
[INFO] [stderr]  --> src/closures.rs:9:4
[INFO] [stderr]   |
[INFO] [stderr] 9 | fn main() {
[INFO] [stderr]   |    ^^^^
[INFO] [stderr] 
[INFO] [stderr] warning: function `prints_name` is never used
[INFO] [stderr]   --> src/closures.rs:31:4
[INFO] [stderr]    |
[INFO] [stderr] 31 | fn prints_name(name: &str) {
[INFO] [stderr]    |    ^^^^^^^^^^^
[INFO] [stderr] 
[INFO] [stderr] warning: function `prints_full_info` is never used
[INFO] [stderr]   --> src/closures.rs:35:4
[INFO] [stderr]    |
[INFO] [stderr] 35 | fn prints_full_info(f: fn(&str), some_one: &str, age: i32) {
[INFO] [stderr]    |    ^^^^^^^^^^^^^^^^
[INFO] [stderr] 
[INFO] [stderr] warning: function `main` is never used
[INFO] [stderr]  --> src/crates_io.rs:2:4
[INFO] [stderr]   |
[INFO] [stderr] 2 | fn main() {
[INFO] [stderr]   |    ^^^^
[INFO] [stderr] 
[INFO] [stderr] warning: enum `Conveyance` is never used
[INFO] [stderr]  --> src/enums.rs:1:6
[INFO] [stderr]   |
[INFO] [stderr] 1 | enum Conveyance {
[INFO] [stderr]   |      ^^^^^^^^^^
[INFO] [stderr] 
[INFO] [stderr] warning: method `travel_allowance` is never used
[INFO] [stderr]  --> src/enums.rs:8:8
[INFO] [stderr]   |
[INFO] [stderr] 7 | impl Conveyance {
[INFO] [stderr]   | --------------- method in this implementation
[INFO] [stderr] 8 |     fn travel_allowance(&self) -> f32 {
[INFO] [stderr]   |        ^^^^^^^^^^^^^^^^
[INFO] [stderr] 
[INFO] [stderr] warning: variants `Integer` and `Float` are never constructed
[INFO] [stderr]   --> src/enums.rs:21:5
[INFO] [stderr]    |
[INFO] [stderr] 20 | enum Value {
[INFO] [stderr]    |      ----- variants in this enum
[INFO] [stderr] 21 |     Integer(i32),
[INFO] [stderr]    |     ^^^^^^^
[INFO] [stderr] 22 |     Float(f32),
[INFO] [stderr]    |     ^^^^^
[INFO] [stderr]    |
[INFO] [stderr]    = note: `Value` has a derived impl for the trait `Debug`, but this is intentionally ignored during dead code analysis
[INFO] [stderr] 
[INFO] [stderr] warning: struct `Person` is never constructed
[INFO] [stderr]   --> src/enums.rs:32:8
[INFO] [stderr]    |
[INFO] [stderr] 32 | struct Person {
[INFO] [stderr]    |        ^^^^^^
[INFO] [stderr] 
[INFO] [stderr] warning: function `square` is never used
[INFO] [stderr]   --> src/enums.rs:37:4
[INFO] [stderr]    |
[INFO] [stderr] 37 | fn square(num: Option<i32>) -> Option<i32> {
[INFO] [stderr]    |    ^^^^^^
[INFO] [stderr] 
[INFO] [stderr] warning: function `division` is never used
[INFO] [stderr]   --> src/enums.rs:51:4
[INFO] [stderr]    |
[INFO] [stderr] 51 | fn division(divident: f64, divisor: f64) -> Result<f64, String> {
[INFO] [stderr]    |    ^^^^^^^^
[INFO] [stderr] 
[INFO] [stderr] warning: function `main` is never used
[INFO] [stderr]   --> src/enums.rs:65:4
[INFO] [stderr]    |
[INFO] [stderr] 65 | fn main() {
[INFO] [stderr]    |    ^^^^
[INFO] [stderr] 
[INFO] [stderr] warning: variant `Train` is never constructed
[INFO] [stderr]  --> src/file_3.rs:4:9
[INFO] [stderr]   |
[INFO] [stderr] 2 |     pub enum Conveyance {
[INFO] [stderr]   |              ---------- variant in this enum
[INFO] [stderr] 3 |         Car,
[INFO] [stderr] 4 |         Train,
[INFO] [stderr]   |         ^^^^^
[INFO] [stderr] 
[INFO] [stderr] warning: function `square` is never used
[INFO] [stderr]  --> src/generics.rs:1:4
[INFO] [stderr]   |
[INFO] [stderr] 1 | fn square<T>(x: T) -> T
[INFO] [stderr]   |    ^^^^^^
[INFO] [stderr] 
[INFO] [stderr] warning: struct `Point` is never constructed
[INFO] [stderr]  --> src/generics.rs:9:8
[INFO] [stderr]   |
[INFO] [stderr] 9 | struct Point<T, U> {
[INFO] [stderr]   |        ^^^^^
[INFO] [stderr] 
[INFO] [stderr] warning: method `printing` is never used
[INFO] [stderr]   --> src/generics.rs:19:8
[INFO] [stderr]    |
[INFO] [stderr] 14 | / impl<T, U> Point<T, U>
[INFO] [stderr] 15 | | where
[INFO] [stderr] 16 | |     T: std::fmt::Debug,
[INFO] [stderr] 17 | |     U: std::fmt::Debug,
[INFO] [stderr]    | |_______________________- method in this implementation
[INFO] [stderr] 18 |   {
[INFO] [stderr] 19 |       fn printing(&self) {
[INFO] [stderr]    |          ^^^^^^^^
[INFO] [stderr] 
[INFO] [stderr] warning: function `main` is never used
[INFO] [stderr]   --> src/generics.rs:26:4
[INFO] [stderr]    |
[INFO] [stderr] 26 | fn main() {
[INFO] [stderr]    |    ^^^^
[INFO] [stderr] 
[INFO] [stderr] warning: function `main` is never used
[INFO] [stderr]  --> src/hashmaps.rs:3:4
[INFO] [stderr]   |
[INFO] [stderr] 3 | fn main() {
[INFO] [stderr]   |    ^^^^
[INFO] [stderr] 
[INFO] [stderr] warning: function `main` is never used
[INFO] [stderr]  --> src/iterators.rs:1:4
[INFO] [stderr]   |
[INFO] [stderr] 1 | fn main() {
[INFO] [stderr]   |    ^^^^
[INFO] [stderr] 
[INFO] [stderr] warning: struct `Person` is never constructed
[INFO] [stderr]  --> src/lifetimes.rs:1:8
[INFO] [stderr]   |
[INFO] [stderr] 1 | struct Person<'a> {
[INFO] [stderr]   |        ^^^^^^
[INFO] [stderr] 
[INFO] [stderr] warning: function `main` is never used
[INFO] [stderr]  --> src/lifetimes.rs:6:4
[INFO] [stderr]   |
[INFO] [stderr] 6 | fn main() {
[INFO] [stderr]   |    ^^^^
[INFO] [stderr] 
[INFO] [stderr] warning: function `some_fn` is never used
[INFO] [stderr]   --> src/lifetimes.rs:40:4
[INFO] [stderr]    |
[INFO] [stderr] 40 | fn some_fn<'a, 'b>(first_str: &'a str, second_str: &'b str) -> &'a str {
[INFO] [stderr]    |    ^^^^^^^
[INFO] [stderr] 
[INFO] [stderr] warning: function `greater` is never used
[INFO] [stderr]   --> src/lifetimes.rs:44:4
[INFO] [stderr]    |
[INFO] [stderr] 44 | fn greater<'a, 'b>(i: &'a i32, j: &'a i32) -> &'a i32 {
[INFO] [stderr]    |    ^^^^^^^
[INFO] [stderr] 
[INFO] [stderr] warning: field `salary` is never read
[INFO] [stderr]  --> src/structs.rs:6:5
[INFO] [stderr]   |
[INFO] [stderr] 1 | struct Person {
[INFO] [stderr]   |        ------ field in this struct
[INFO] [stderr] ...
[INFO] [stderr] 6 |     salary: i32,
[INFO] [stderr]   |     ^^^^^^
[INFO] [stderr] 
[INFO] [stderr] warning: function `main` is never used
[INFO] [stderr]    --> src/structs.rs:111:4
[INFO] [stderr]     |
[INFO] [stderr] 111 | fn main() {
[INFO] [stderr]     |    ^^^^
[INFO] [stderr] 
[INFO] [stderr] warning: `practo` (bin "practo" test) generated 37 warnings (run `cargo fix --bin "practo" --tests` to apply 9 suggestions)
[INFO] [stderr]     Finished test [unoptimized + debuginfo] target(s) in 0.01s
[INFO] [stderr]      Running unittests src/lib.rs (/opt/rustwide/target/debug/deps/practo-0dfd2146f606a750)
[INFO] [stdout] 
[INFO] [stdout] running 0 tests
[INFO] [stdout] 
[INFO] [stdout] test result: ok. 0 passed; 0 failed; 0 ignored; 0 measured; 0 filtered out; finished in 0.00s
[INFO] [stdout] 
[INFO] [stderr]      Running unittests src/main.rs (/opt/rustwide/target/debug/deps/practo-84b0a649fc16a2c0)
[INFO] [stdout] 
[INFO] [stdout] running 0 tests
[INFO] [stdout] 
[INFO] [stdout] test result: ok. 0 passed; 0 failed; 0 ignored; 0 measured; 0 filtered out; finished in 0.00s
[INFO] [stdout] 
[INFO] [stderr]    Doc-tests practo
[INFO] [stdout] 
[INFO] [stdout] running 2 tests
[INFO] [stdout] test src/lib.rs - square (line 9) ... ok
[INFO] [stdout] test src/lib.rs - cube (line 30) ... FAILED
[INFO] [stdout] 
[INFO] [stdout] failures:
[INFO] [stdout] 
[INFO] [stdout] ---- src/lib.rs - cube (line 30) stdout ----
[INFO] [stdout] Test executable failed (exit status: 101).
[INFO] [stdout] 
[INFO] [stdout] stderr:
[INFO] [stdout] thread 'main' panicked at src/lib.rs:7:1:
[INFO] [stdout] assertion `left == right` failed
[INFO] [stdout]   left: 125
[INFO] [stdout]  right: 25
[INFO] [stdout] stack backtrace:
[INFO] [stdout]    0:     0x55d20cbcbea6 - std::backtrace_rs::backtrace::libunwind::trace::h261606ad26a499c1
[INFO] [stdout]                                at /rustc/0e09125c6c3c2fd70d7de961bcf0e51575235fad/library/std/src/../../backtrace/src/backtrace/libunwind.rs:104:5
[INFO] [stdout]    1:     0x55d20cbcbea6 - std::backtrace_rs::backtrace::trace_unsynchronized::hd183f0625477fb28
[INFO] [stdout]                                at /rustc/0e09125c6c3c2fd70d7de961bcf0e51575235fad/library/std/src/../../backtrace/src/backtrace/mod.rs:66:5
[INFO] [stdout]    2:     0x55d20cbcbea6 - std::sys_common::backtrace::_print_fmt::hd7f8fef21b4eda67
[INFO] [stdout]                                at /rustc/0e09125c6c3c2fd70d7de961bcf0e51575235fad/library/std/src/sys_common/backtrace.rs:68:5
[INFO] [stdout]    3:     0x55d20cbcbea6 - <std::sys_common::backtrace::_print::DisplayBacktrace as core::fmt::Display>::fmt::h623d9b51f2f453f1
[INFO] [stdout]                                at /rustc/0e09125c6c3c2fd70d7de961bcf0e51575235fad/library/std/src/sys_common/backtrace.rs:44:22
[INFO] [stdout]    4:     0x55d20cbea8d0 - core::fmt::rt::Argument::fmt::h9f417ac76a86f368
[INFO] [stdout]                                at /rustc/0e09125c6c3c2fd70d7de961bcf0e51575235fad/library/core/src/fmt/rt.rs:142:9
[INFO] [stdout]    5:     0x55d20cbea8d0 - core::fmt::write::hc9b6faf4ac2aeff7
[INFO] [stdout]                                at /rustc/0e09125c6c3c2fd70d7de961bcf0e51575235fad/library/core/src/fmt/mod.rs:1120:17
[INFO] [stdout]    6:     0x55d20cbca35f - std::io::Write::write_fmt::hfead1eee52c2e65e
[INFO] [stdout]                                at /rustc/0e09125c6c3c2fd70d7de961bcf0e51575235fad/library/std/src/io/mod.rs:1810:15
[INFO] [stdout]    7:     0x55d20cbcbc84 - std::sys_common::backtrace::_print::hd5d66399c7df88a2
[INFO] [stdout]                                at /rustc/0e09125c6c3c2fd70d7de961bcf0e51575235fad/library/std/src/sys_common/backtrace.rs:47:5
[INFO] [stdout]    8:     0x55d20cbcbc84 - std::sys_common::backtrace::print::he81ed2da642d37e5
[INFO] [stdout]                                at /rustc/0e09125c6c3c2fd70d7de961bcf0e51575235fad/library/std/src/sys_common/backtrace.rs:34:9
[INFO] [stdout]    9:     0x55d20cbcd1e7 - std::panicking::default_hook::{{closure}}::h85773f4fa117163d
[INFO] [stdout]   10:     0x55d20cbccf49 - std::panicking::default_hook::h6a1694a91d09b278
[INFO] [stdout]                                at /rustc/0e09125c6c3c2fd70d7de961bcf0e51575235fad/library/std/src/panicking.rs:292:9
[INFO] [stdout]   11:     0x55d20cbcd678 - std::panicking::rust_panic_with_hook::h0a7ad96e90f7145b
[INFO] [stdout]                                at /rustc/0e09125c6c3c2fd70d7de961bcf0e51575235fad/library/std/src/panicking.rs:779:13
[INFO] [stdout]   12:     0x55d20cbcd552 - std::panicking::begin_panic_handler::{{closure}}::h7919090525c6485e
[INFO] [stdout]                                at /rustc/0e09125c6c3c2fd70d7de961bcf0e51575235fad/library/std/src/panicking.rs:657:13
[INFO] [stdout]   13:     0x55d20cbcc3a6 - std::sys_common::backtrace::__rust_end_short_backtrace::hf3289479464f7dfe
[INFO] [stdout]                                at /rustc/0e09125c6c3c2fd70d7de961bcf0e51575235fad/library/std/src/sys_common/backtrace.rs:171:18
[INFO] [stdout]   14:     0x55d20cbcd2b0 - rust_begin_unwind
[INFO] [stdout]                                at /rustc/0e09125c6c3c2fd70d7de961bcf0e51575235fad/library/std/src/panicking.rs:645:5
[INFO] [stdout]   15:     0x55d20cbb0df5 - core::panicking::panic_fmt::hcc9f77c5c132af55
[INFO] [stdout]                                at /rustc/0e09125c6c3c2fd70d7de961bcf0e51575235fad/library/core/src/panicking.rs:72:14
[INFO] [stdout]   16:     0x55d20cbb10fb - core::panicking::assert_failed_inner::h9f13e27dd63c3a08
[INFO] [stdout]                                at /rustc/0e09125c6c3c2fd70d7de961bcf0e51575235fad/library/core/src/panicking.rs:342:17
[INFO] [stdout]   17:     0x55d20cbb17aa - core::panicking::assert_failed::hf97bd39e6f3cf739
[INFO] [stdout]   18:     0x55d20cbb1841 - rust_out::main::_doctest_main_src_lib_rs_30_0::h8f872fa59810c821
[INFO] [stdout]   19:     0x55d20cbb17c6 - rust_out::main::h71185a25be64b52e
[INFO] [stdout]   20:     0x55d20cbb1703 - core::ops::function::FnOnce::call_once::h0a5e8bc522cf7e26
[INFO] [stdout]   21:     0x55d20cbb15f6 - std::sys_common::backtrace::__rust_begin_short_backtrace::h904992c6a2208b49
[INFO] [stdout]   22:     0x55d20cbb1649 - std::rt::lang_start::{{closure}}::h95a4dad7805b7c7c
[INFO] [stdout]   23:     0x55d20cbc82a1 - core::ops::function::impls::<impl core::ops::function::FnOnce<A> for &F>::call_once::h4eb4c5e1620f29b0
[INFO] [stdout]                                at /rustc/0e09125c6c3c2fd70d7de961bcf0e51575235fad/library/core/src/ops/function.rs:284:13
[INFO] [stdout]   24:     0x55d20cbc82a1 - std::panicking::try::do_call::h73fd26535faffcdf
[INFO] [stdout]                                at /rustc/0e09125c6c3c2fd70d7de961bcf0e51575235fad/library/std/src/panicking.rs:552:40
[INFO] [stdout]   25:     0x55d20cbc82a1 - std::panicking::try::h77ff1d98f0fb9f39
[INFO] [stdout]                                at /rustc/0e09125c6c3c2fd70d7de961bcf0e51575235fad/library/std/src/panicking.rs:516:19
[INFO] [stdout]   26:     0x55d20cbc82a1 - std::panic::catch_unwind::hab3caf2448b95e37
[INFO] [stdout]                                at /rustc/0e09125c6c3c2fd70d7de961bcf0e51575235fad/library/std/src/panic.rs:142:14
[INFO] [stdout]   27:     0x55d20cbc82a1 - std::rt::lang_start_internal::{{closure}}::h8086711f9c783f78
[INFO] [stdout]                                at /rustc/0e09125c6c3c2fd70d7de961bcf0e51575235fad/library/std/src/rt.rs:148:48
[INFO] [stdout]   28:     0x55d20cbc82a1 - std::panicking::try::do_call::hf920d4dc291cd6ca
[INFO] [stdout]                                at /rustc/0e09125c6c3c2fd70d7de961bcf0e51575235fad/library/std/src/panicking.rs:552:40
[INFO] [stdout]   29:     0x55d20cbc82a1 - std::panicking::try::h2b806ccc0a85db74
[INFO] [stdout]                                at /rustc/0e09125c6c3c2fd70d7de961bcf0e51575235fad/library/std/src/panicking.rs:516:19
[INFO] [stdout]   30:     0x55d20cbc82a1 - std::panic::catch_unwind::h038489539c507df2
[INFO] [stdout]                                at /rustc/0e09125c6c3c2fd70d7de961bcf0e51575235fad/library/std/src/panic.rs:142:14
[INFO] [stdout]   31:     0x55d20cbc82a1 - std::rt::lang_start_internal::h28503b88912e8a5c
[INFO] [stdout]                                at /rustc/0e09125c6c3c2fd70d7de961bcf0e51575235fad/library/std/src/rt.rs:148:20
[INFO] [stdout]   32:     0x55d20cbb1627 - std::rt::lang_start::h9942cc54b4d5350a
[INFO] [stdout]   33:     0x55d20cbb1865 - main
[INFO] [stdout]   34:     0x7ff19bdfed90 - <unknown>
[INFO] [stdout]   35:     0x7ff19bdfee40 - __libc_start_main
[INFO] [stdout]   36:     0x55d20cbb1525 - _start
[INFO] [stdout]   37:                0x0 - <unknown>
[INFO] [stdout] 
[INFO] [stdout] 
[INFO] [stdout] 
[INFO] [stdout] failures:
[INFO] [stdout]     src/lib.rs - cube (line 30)
[INFO] [stdout] 
[INFO] [stdout] test result: FAILED. 1 passed; 1 failed; 0 ignored; 0 measured; 0 filtered out; finished in 0.17s
[INFO] [stdout] 
[INFO] [stderr] error: doctest failed, to rerun pass `--doc`
[INFO] running `Command { std: "docker" "inspect" "09f109e7757c35199ec8770e305d731a42e889b553a4bbd679f39eea9b9421e3", kill_on_drop: false }`
[INFO] running `Command { std: "docker" "rm" "-f" "09f109e7757c35199ec8770e305d731a42e889b553a4bbd679f39eea9b9421e3", kill_on_drop: false }`
[INFO] [stdout] 09f109e7757c35199ec8770e305d731a42e889b553a4bbd679f39eea9b9421e3
