[INFO] fetching crate pqcrypto-ntru-wasi 0.5.11...
[INFO] testing pqcrypto-ntru-wasi-0.5.11 against 1.75.0 for beta-1.76-1
[INFO] extracting crate pqcrypto-ntru-wasi 0.5.11 into /workspace/builds/worker-5-tc1/source
[INFO] validating manifest of crates.io crate pqcrypto-ntru-wasi 0.5.11 on toolchain 1.75.0
[INFO] running `Command { std: CARGO_HOME="/workspace/cargo-home" RUSTUP_HOME="/workspace/rustup-home" "/workspace/cargo-home/bin/cargo" "+1.75.0" "metadata" "--manifest-path" "Cargo.toml" "--no-deps", kill_on_drop: false }`
[INFO] started tweaking crates.io crate pqcrypto-ntru-wasi 0.5.11
[INFO] finished tweaking crates.io crate pqcrypto-ntru-wasi 0.5.11
[INFO] tweaked toml for crates.io crate pqcrypto-ntru-wasi 0.5.11 written to /workspace/builds/worker-5-tc1/source/Cargo.toml
[INFO] running `Command { std: CARGO_HOME="/workspace/cargo-home" RUSTUP_HOME="/workspace/rustup-home" "/workspace/cargo-home/bin/cargo" "+1.75.0" "generate-lockfile" "--manifest-path" "Cargo.toml", kill_on_drop: false }`
[INFO] [stderr]     Updating crates.io index
[INFO] running `Command { std: CARGO_HOME="/workspace/cargo-home" RUSTUP_HOME="/workspace/rustup-home" "/workspace/cargo-home/bin/cargo" "+1.75.0" "fetch" "--manifest-path" "Cargo.toml", kill_on_drop: false }`
[INFO] [stderr]  Downloading crates ...
[INFO] [stderr]   Downloaded pqcrypto-traits-wasi v0.3.4
[INFO] [stderr]   Downloaded pqcrypto-internals-wasi v0.2.5
[INFO] running `Command { std: "docker" "create" "-v" "/var/lib/crater-agent-workspace/builds/worker-5-tc1/target:/opt/rustwide/target:rw,Z" "-v" "/var/lib/crater-agent-workspace/builds/worker-5-tc1/source:/opt/rustwide/workdir:ro,Z" "-v" "/var/lib/crater-agent-workspace/cargo-home:/opt/rustwide/cargo-home:ro,Z" "-v" "/var/lib/crater-agent-workspace/rustup-home:/opt/rustwide/rustup-home:ro,Z" "-e" "SOURCE_DIR=/opt/rustwide/workdir" "-e" "CARGO_TARGET_DIR=/opt/rustwide/target" "-e" "CARGO_HOME=/opt/rustwide/cargo-home" "-e" "RUSTUP_HOME=/opt/rustwide/rustup-home" "-w" "/opt/rustwide/workdir" "-m" "1610612736" "--user" "0:0" "--network" "none" "ghcr.io/rust-lang/crates-build-env/linux@sha256:2788e3201cd34a07e3172128adcd8b3090168a8e3bcc40d7c032b9dda1df7d1c" "/opt/rustwide/cargo-home/bin/cargo" "+1.75.0" "metadata" "--no-deps" "--format-version=1", kill_on_drop: false }`
[INFO] [stdout] 3481d1199535e7102566a24caab0725a6e4986b34bd9b7c45d4faeebf158fc79
[INFO] running `Command { std: "docker" "start" "-a" "3481d1199535e7102566a24caab0725a6e4986b34bd9b7c45d4faeebf158fc79", kill_on_drop: false }`
[INFO] running `Command { std: "docker" "inspect" "3481d1199535e7102566a24caab0725a6e4986b34bd9b7c45d4faeebf158fc79", kill_on_drop: false }`
[INFO] running `Command { std: "docker" "rm" "-f" "3481d1199535e7102566a24caab0725a6e4986b34bd9b7c45d4faeebf158fc79", kill_on_drop: false }`
[INFO] [stdout] 3481d1199535e7102566a24caab0725a6e4986b34bd9b7c45d4faeebf158fc79
[INFO] running `Command { std: "docker" "create" "-v" "/var/lib/crater-agent-workspace/builds/worker-5-tc1/target:/opt/rustwide/target:rw,Z" "-v" "/var/lib/crater-agent-workspace/builds/worker-5-tc1/source:/opt/rustwide/workdir:ro,Z" "-v" "/var/lib/crater-agent-workspace/cargo-home:/opt/rustwide/cargo-home:ro,Z" "-v" "/var/lib/crater-agent-workspace/rustup-home:/opt/rustwide/rustup-home:ro,Z" "-e" "SOURCE_DIR=/opt/rustwide/workdir" "-e" "CARGO_TARGET_DIR=/opt/rustwide/target" "-e" "CARGO_INCREMENTAL=0" "-e" "RUST_BACKTRACE=full" "-e" "RUSTFLAGS=--cap-lints=warn" "-e" "RUSTDOCFLAGS=--cap-lints=warn" "-e" "CARGO_HOME=/opt/rustwide/cargo-home" "-e" "RUSTUP_HOME=/opt/rustwide/rustup-home" "-w" "/opt/rustwide/workdir" "-m" "1610612736" "--user" "0:0" "--network" "none" "ghcr.io/rust-lang/crates-build-env/linux@sha256:2788e3201cd34a07e3172128adcd8b3090168a8e3bcc40d7c032b9dda1df7d1c" "/opt/rustwide/cargo-home/bin/cargo" "+1.75.0" "build" "--frozen" "--message-format=json", kill_on_drop: false }`
[INFO] [stdout] e5b22e544e1580832a9b103ed614491bac2da3ffb6073a7545a9538f682e203d
[INFO] running `Command { std: "docker" "start" "-a" "e5b22e544e1580832a9b103ed614491bac2da3ffb6073a7545a9538f682e203d", kill_on_drop: false }`
[INFO] [stderr]    Compiling pqcrypto-traits-wasi v0.3.4
[INFO] [stderr]    Compiling jobserver v0.1.27
[INFO] [stderr]    Compiling getrandom v0.2.11
[INFO] [stderr]    Compiling cc v1.0.83
[INFO] [stderr]    Compiling pqcrypto-internals-wasi v0.2.5
[INFO] [stderr]    Compiling pqcrypto-ntru-wasi v0.5.11 (/opt/rustwide/workdir)
[INFO] [stderr]     Finished dev [unoptimized + debuginfo] target(s) in 16.99s
[INFO] running `Command { std: "docker" "inspect" "e5b22e544e1580832a9b103ed614491bac2da3ffb6073a7545a9538f682e203d", kill_on_drop: false }`
[INFO] running `Command { std: "docker" "rm" "-f" "e5b22e544e1580832a9b103ed614491bac2da3ffb6073a7545a9538f682e203d", kill_on_drop: false }`
[INFO] [stdout] e5b22e544e1580832a9b103ed614491bac2da3ffb6073a7545a9538f682e203d
[INFO] running `Command { std: "docker" "create" "-v" "/var/lib/crater-agent-workspace/builds/worker-5-tc1/target:/opt/rustwide/target:rw,Z" "-v" "/var/lib/crater-agent-workspace/builds/worker-5-tc1/source:/opt/rustwide/workdir:ro,Z" "-v" "/var/lib/crater-agent-workspace/cargo-home:/opt/rustwide/cargo-home:ro,Z" "-v" "/var/lib/crater-agent-workspace/rustup-home:/opt/rustwide/rustup-home:ro,Z" "-e" "SOURCE_DIR=/opt/rustwide/workdir" "-e" "CARGO_TARGET_DIR=/opt/rustwide/target" "-e" "CARGO_INCREMENTAL=0" "-e" "RUST_BACKTRACE=full" "-e" "RUSTFLAGS=--cap-lints=warn" "-e" "RUSTDOCFLAGS=--cap-lints=warn" "-e" "CARGO_HOME=/opt/rustwide/cargo-home" "-e" "RUSTUP_HOME=/opt/rustwide/rustup-home" "-w" "/opt/rustwide/workdir" "-m" "1610612736" "--user" "0:0" "--network" "none" "ghcr.io/rust-lang/crates-build-env/linux@sha256:2788e3201cd34a07e3172128adcd8b3090168a8e3bcc40d7c032b9dda1df7d1c" "/opt/rustwide/cargo-home/bin/cargo" "+1.75.0" "test" "--frozen" "--no-run" "--message-format=json", kill_on_drop: false }`
[INFO] [stdout] 2f252153f466c97d5ca19a53d39eca4109f4f76e1a9af3a195e59483615919f6
[INFO] running `Command { std: "docker" "start" "-a" "2f252153f466c97d5ca19a53d39eca4109f4f76e1a9af3a195e59483615919f6", kill_on_drop: false }`
[INFO] [stderr]    Compiling pqcrypto-ntru-wasi v0.5.11 (/opt/rustwide/workdir)
[INFO] [stderr]     Finished test [unoptimized + debuginfo] target(s) in 0.77s
[INFO] running `Command { std: "docker" "inspect" "2f252153f466c97d5ca19a53d39eca4109f4f76e1a9af3a195e59483615919f6", kill_on_drop: false }`
[INFO] running `Command { std: "docker" "rm" "-f" "2f252153f466c97d5ca19a53d39eca4109f4f76e1a9af3a195e59483615919f6", kill_on_drop: false }`
[INFO] [stdout] 2f252153f466c97d5ca19a53d39eca4109f4f76e1a9af3a195e59483615919f6
[INFO] running `Command { std: "docker" "create" "-v" "/var/lib/crater-agent-workspace/builds/worker-5-tc1/target:/opt/rustwide/target:rw,Z" "-v" "/var/lib/crater-agent-workspace/builds/worker-5-tc1/source:/opt/rustwide/workdir:ro,Z" "-v" "/var/lib/crater-agent-workspace/cargo-home:/opt/rustwide/cargo-home:ro,Z" "-v" "/var/lib/crater-agent-workspace/rustup-home:/opt/rustwide/rustup-home:ro,Z" "-e" "SOURCE_DIR=/opt/rustwide/workdir" "-e" "CARGO_TARGET_DIR=/opt/rustwide/target" "-e" "CARGO_INCREMENTAL=0" "-e" "RUST_BACKTRACE=full" "-e" "RUSTFLAGS=--cap-lints=warn" "-e" "RUSTDOCFLAGS=--cap-lints=warn" "-e" "CARGO_HOME=/opt/rustwide/cargo-home" "-e" "RUSTUP_HOME=/opt/rustwide/rustup-home" "-w" "/opt/rustwide/workdir" "-m" "1610612736" "--user" "0:0" "--network" "none" "ghcr.io/rust-lang/crates-build-env/linux@sha256:2788e3201cd34a07e3172128adcd8b3090168a8e3bcc40d7c032b9dda1df7d1c" "/opt/rustwide/cargo-home/bin/cargo" "+1.75.0" "test" "--frozen", kill_on_drop: false }`
[INFO] [stdout] 7ec5c519072c08d18d2af28aa5ec1e3561c54f1041bf6a9d0d90d4e1c75e13bd
[INFO] running `Command { std: "docker" "start" "-a" "7ec5c519072c08d18d2af28aa5ec1e3561c54f1041bf6a9d0d90d4e1c75e13bd", kill_on_drop: false }`
[INFO] [stderr]     Finished test [unoptimized + debuginfo] target(s) in 0.02s
[INFO] [stderr]      Running unittests src/lib.rs (/opt/rustwide/target/debug/deps/pqcrypto_ntru_wasi-30d45343cd83ae3f)
[INFO] [stdout] 
[INFO] [stdout] running 16 tests
[INFO] [stdout] test ffi::test_ntruhps2048509_avx2::test_ffi ... ok
[INFO] [stdout] test ffi::test_ntruhps2048677_avx2::test_ffi ... ok
[INFO] [stdout] test ffi::test_ntruhps4096821_avx2::test_ffi ... ok
[INFO] [stdout] test ffi::test_ntruhrss701_avx2::test_ffi ... ok
[INFO] [stdout] test ntruhps2048509::test::test_kem ... ok
[INFO] [stdout] test ntruhps2048677::test::test_kem ... ok
[INFO] [stdout] test ntruhps4096821::test::test_kem ... ok
[INFO] [stdout] test ffi::test_ntruhps2048509_clean::test_ffi ... ok
[INFO] [stdout] test ntruhrss701::test::test_kem ... ok
[INFO] [stdout] test ffi::test_ntruhrss701_clean::test_ffi ... ok
[INFO] [stdout] test ffi::test_ntruhps2048677_clean::test_ffi ... ok
[INFO] [stdout] test ffi::test_ntruhps4096821_clean::test_ffi ... ok
[INFO] [stdout] test ffi::test_ntruhrss1373_clean::test_ffi ... ok
[INFO] [stdout] test ffi::test_ntruhps40961229_clean::test_ffi ... ok
[INFO] [stdout] test ntruhps40961229::test::test_kem ... ok
[INFO] [stdout] test ntruhrss1373::test::test_kem ... ok
[INFO] [stdout] 
[INFO] [stdout] test result: ok. 16 passed; 0 failed; 0 ignored; 0 measured; 0 filtered out; finished in 0.63s
[INFO] [stdout] 
[INFO] [stderr]    Doc-tests pqcrypto-ntru-wasi
[INFO] [stdout] 
[INFO] [stdout] running 6 tests
[INFO] [stdout] test src/ntruhps2048677.rs - ntruhps2048677 (line 6) ... FAILED
[INFO] [stdout] test src/ntruhps4096821.rs - ntruhps4096821 (line 6) ... FAILED
[INFO] [stdout] test src/ntruhps2048509.rs - ntruhps2048509 (line 6) ... FAILED
[INFO] [stdout] test src/ntruhps40961229.rs - ntruhps40961229 (line 6) ... FAILED
[INFO] [stdout] test src/ntruhrss701.rs - ntruhrss701 (line 6) ... FAILED
[INFO] [stderr] error: doctest failed, to rerun pass `--doc`
[INFO] [stdout] test src/ntruhrss1373.rs - ntruhrss1373 (line 6) ... FAILED
[INFO] [stdout] 
[INFO] [stdout] failures:
[INFO] [stdout] 
[INFO] [stdout] ---- src/ntruhps2048677.rs - ntruhps2048677 (line 6) stdout ----
[INFO] [stdout] error[E0433]: failed to resolve: use of undeclared crate or module `pqcrypto_ntru`
[INFO] [stdout]  --> src/ntruhps2048677.rs:7:5
[INFO] [stdout]   |
[INFO] [stdout] 3 | use pqcrypto_ntru::ntruhps2048677::*;
[INFO] [stdout]   |     ^^^^^^^^^^^^^ use of undeclared crate or module `pqcrypto_ntru`
[INFO] [stdout] 
[INFO] [stdout] error[E0425]: cannot find function `keypair` in this scope
[INFO] [stdout]  --> src/ntruhps2048677.rs:8:16
[INFO] [stdout]   |
[INFO] [stdout] 4 | let (pk, sk) = keypair();
[INFO] [stdout]   |                ^^^^^^^ not found in this scope
[INFO] [stdout]   |
[INFO] [stdout] help: consider importing one of these items
[INFO] [stdout]   |
[INFO] [stdout] 2 + use pqcrypto_ntru_wasi::ntruhps2048509::keypair;
[INFO] [stdout]   |
[INFO] [stdout] 2 + use pqcrypto_ntru_wasi::ntruhps2048677::keypair;
[INFO] [stdout]   |
[INFO] [stdout] 2 + use pqcrypto_ntru_wasi::ntruhps40961229::keypair;
[INFO] [stdout]   |
[INFO] [stdout] 2 + use pqcrypto_ntru_wasi::ntruhps4096821::keypair;
[INFO] [stdout]   |
[INFO] [stdout]     and 2 other candidates
[INFO] [stdout] 
[INFO] [stdout] error[E0425]: cannot find function `encapsulate` in this scope
[INFO] [stdout]  --> src/ntruhps2048677.rs:9:17
[INFO] [stdout]   |
[INFO] [stdout] 5 | let (ss1, ct) = encapsulate(&pk);
[INFO] [stdout]   |                 ^^^^^^^^^^^ not found in this scope
[INFO] [stdout]   |
[INFO] [stdout] help: consider importing one of these items
[INFO] [stdout]   |
[INFO] [stdout] 2 + use pqcrypto_ntru_wasi::ntruhps2048509::encapsulate;
[INFO] [stdout]   |
[INFO] [stdout] 2 + use pqcrypto_ntru_wasi::ntruhps2048677::encapsulate;
[INFO] [stdout]   |
[INFO] [stdout] 2 + use pqcrypto_ntru_wasi::ntruhps40961229::encapsulate;
[INFO] [stdout]   |
[INFO] [stdout] 2 + use pqcrypto_ntru_wasi::ntruhps4096821::encapsulate;
[INFO] [stdout]   |
[INFO] [stdout]     and 2 other candidates
[INFO] [stdout] 
[INFO] [stdout] error[E0425]: cannot find function `decapsulate` in this scope
[INFO] [stdout]  --> src/ntruhps2048677.rs:10:11
[INFO] [stdout]   |
[INFO] [stdout] 6 | let ss2 = decapsulate(&ct, &sk);
[INFO] [stdout]   |           ^^^^^^^^^^^ not found in this scope
[INFO] [stdout]   |
[INFO] [stdout] help: consider importing one of these items
[INFO] [stdout]   |
[INFO] [stdout] 2 + use pqcrypto_ntru_wasi::ntruhps2048509::decapsulate;
[INFO] [stdout]   |
[INFO] [stdout] 2 + use pqcrypto_ntru_wasi::ntruhps2048677::decapsulate;
[INFO] [stdout]   |
[INFO] [stdout] 2 + use pqcrypto_ntru_wasi::ntruhps40961229::decapsulate;
[INFO] [stdout]   |
[INFO] [stdout] 2 + use pqcrypto_ntru_wasi::ntruhps4096821::decapsulate;
[INFO] [stdout]   |
[INFO] [stdout]     and 2 other candidates
[INFO] [stdout] 
[INFO] [stdout] error: aborting due to 4 previous errors
[INFO] [stdout] 
[INFO] [stdout] Some errors have detailed explanations: E0425, E0433.
[INFO] [stdout] For more information about an error, try `rustc --explain E0425`.
[INFO] [stdout] Couldn't compile the test.
[INFO] [stdout] ---- src/ntruhps4096821.rs - ntruhps4096821 (line 6) stdout ----
[INFO] [stdout] error[E0433]: failed to resolve: use of undeclared crate or module `pqcrypto_ntru`
[INFO] [stdout]  --> src/ntruhps4096821.rs:7:5
[INFO] [stdout]   |
[INFO] [stdout] 3 | use pqcrypto_ntru::ntruhps4096821::*;
[INFO] [stdout]   |     ^^^^^^^^^^^^^ use of undeclared crate or module `pqcrypto_ntru`
[INFO] [stdout] 
[INFO] [stdout] error[E0425]: cannot find function `keypair` in this scope
[INFO] [stdout]  --> src/ntruhps4096821.rs:8:16
[INFO] [stdout]   |
[INFO] [stdout] 4 | let (pk, sk) = keypair();
[INFO] [stdout]   |                ^^^^^^^ not found in this scope
[INFO] [stdout]   |
[INFO] [stdout] help: consider importing one of these items
[INFO] [stdout]   |
[INFO] [stdout] 2 + use pqcrypto_ntru_wasi::ntruhps2048509::keypair;
[INFO] [stdout]   |
[INFO] [stdout] 2 + use pqcrypto_ntru_wasi::ntruhps2048677::keypair;
[INFO] [stdout]   |
[INFO] [stdout] 2 + use pqcrypto_ntru_wasi::ntruhps40961229::keypair;
[INFO] [stdout]   |
[INFO] [stdout] 2 + use pqcrypto_ntru_wasi::ntruhps4096821::keypair;
[INFO] [stdout]   |
[INFO] [stdout]     and 2 other candidates
[INFO] [stdout] 
[INFO] [stdout] error[E0425]: cannot find function `encapsulate` in this scope
[INFO] [stdout]  --> src/ntruhps4096821.rs:9:17
[INFO] [stdout]   |
[INFO] [stdout] 5 | let (ss1, ct) = encapsulate(&pk);
[INFO] [stdout]   |                 ^^^^^^^^^^^ not found in this scope
[INFO] [stdout]   |
[INFO] [stdout] help: consider importing one of these items
[INFO] [stdout]   |
[INFO] [stdout] 2 + use pqcrypto_ntru_wasi::ntruhps2048509::encapsulate;
[INFO] [stdout]   |
[INFO] [stdout] 2 + use pqcrypto_ntru_wasi::ntruhps2048677::encapsulate;
[INFO] [stdout]   |
[INFO] [stdout] 2 + use pqcrypto_ntru_wasi::ntruhps40961229::encapsulate;
[INFO] [stdout]   |
[INFO] [stdout] 2 + use pqcrypto_ntru_wasi::ntruhps4096821::encapsulate;
[INFO] [stdout]   |
[INFO] [stdout]     and 2 other candidates
[INFO] [stdout] 
[INFO] [stdout] error[E0425]: cannot find function `decapsulate` in this scope
[INFO] [stdout]  --> src/ntruhps4096821.rs:10:11
[INFO] [stdout]   |
[INFO] [stdout] 6 | let ss2 = decapsulate(&ct, &sk);
[INFO] [stdout]   |           ^^^^^^^^^^^ not found in this scope
[INFO] [stdout]   |
[INFO] [stdout] help: consider importing one of these items
[INFO] [stdout]   |
[INFO] [stdout] 2 + use pqcrypto_ntru_wasi::ntruhps2048509::decapsulate;
[INFO] [stdout]   |
[INFO] [stdout] 2 + use pqcrypto_ntru_wasi::ntruhps2048677::decapsulate;
[INFO] [stdout]   |
[INFO] [stdout] 2 + use pqcrypto_ntru_wasi::ntruhps40961229::decapsulate;
[INFO] [stdout]   |
[INFO] [stdout] 2 + use pqcrypto_ntru_wasi::ntruhps4096821::decapsulate;
[INFO] [stdout]   |
[INFO] [stdout]     and 2 other candidates
[INFO] [stdout] 
[INFO] [stdout] error: aborting due to 4 previous errors
[INFO] [stdout] 
[INFO] [stdout] Some errors have detailed explanations: E0425, E0433.
[INFO] [stdout] For more information about an error, try `rustc --explain E0425`.
[INFO] [stdout] Couldn't compile the test.
[INFO] [stdout] ---- src/ntruhps2048509.rs - ntruhps2048509 (line 6) stdout ----
[INFO] [stdout] error[E0433]: failed to resolve: use of undeclared crate or module `pqcrypto_ntru`
[INFO] [stdout]  --> src/ntruhps2048509.rs:7:5
[INFO] [stdout]   |
[INFO] [stdout] 3 | use pqcrypto_ntru::ntruhps2048509::*;
[INFO] [stdout]   |     ^^^^^^^^^^^^^ use of undeclared crate or module `pqcrypto_ntru`
[INFO] [stdout] 
[INFO] [stdout] error[E0425]: cannot find function `keypair` in this scope
[INFO] [stdout]  --> src/ntruhps2048509.rs:8:16
[INFO] [stdout]   |
[INFO] [stdout] 4 | let (pk, sk) = keypair();
[INFO] [stdout]   |                ^^^^^^^ not found in this scope
[INFO] [stdout]   |
[INFO] [stdout] help: consider importing one of these items
[INFO] [stdout]   |
[INFO] [stdout] 2 + use pqcrypto_ntru_wasi::ntruhps2048509::keypair;
[INFO] [stdout]   |
[INFO] [stdout] 2 + use pqcrypto_ntru_wasi::ntruhps2048677::keypair;
[INFO] [stdout]   |
[INFO] [stdout] 2 + use pqcrypto_ntru_wasi::ntruhps40961229::keypair;
[INFO] [stdout]   |
[INFO] [stdout] 2 + use pqcrypto_ntru_wasi::ntruhps4096821::keypair;
[INFO] [stdout]   |
[INFO] [stdout]     and 2 other candidates
[INFO] [stdout] 
[INFO] [stdout] error[E0425]: cannot find function `encapsulate` in this scope
[INFO] [stdout]  --> src/ntruhps2048509.rs:9:17
[INFO] [stdout]   |
[INFO] [stdout] 5 | let (ss1, ct) = encapsulate(&pk);
[INFO] [stdout]   |                 ^^^^^^^^^^^ not found in this scope
[INFO] [stdout]   |
[INFO] [stdout] help: consider importing one of these items
[INFO] [stdout]   |
[INFO] [stdout] 2 + use pqcrypto_ntru_wasi::ntruhps2048509::encapsulate;
[INFO] [stdout]   |
[INFO] [stdout] 2 + use pqcrypto_ntru_wasi::ntruhps2048677::encapsulate;
[INFO] [stdout]   |
[INFO] [stdout] 2 + use pqcrypto_ntru_wasi::ntruhps40961229::encapsulate;
[INFO] [stdout]   |
[INFO] [stdout] 2 + use pqcrypto_ntru_wasi::ntruhps4096821::encapsulate;
[INFO] [stdout]   |
[INFO] [stdout]     and 2 other candidates
[INFO] [stdout] 
[INFO] [stdout] error[E0425]: cannot find function `decapsulate` in this scope
[INFO] [stdout]  --> src/ntruhps2048509.rs:10:11
[INFO] [stdout]   |
[INFO] [stdout] 6 | let ss2 = decapsulate(&ct, &sk);
[INFO] [stdout]   |           ^^^^^^^^^^^ not found in this scope
[INFO] [stdout]   |
[INFO] [stdout] help: consider importing one of these items
[INFO] [stdout]   |
[INFO] [stdout] 2 + use pqcrypto_ntru_wasi::ntruhps2048509::decapsulate;
[INFO] [stdout]   |
[INFO] [stdout] 2 + use pqcrypto_ntru_wasi::ntruhps2048677::decapsulate;
[INFO] [stdout]   |
[INFO] [stdout] 2 + use pqcrypto_ntru_wasi::ntruhps40961229::decapsulate;
[INFO] [stdout]   |
[INFO] [stdout] 2 + use pqcrypto_ntru_wasi::ntruhps4096821::decapsulate;
[INFO] [stdout]   |
[INFO] [stdout]     and 2 other candidates
[INFO] [stdout] 
[INFO] [stdout] error: aborting due to 4 previous errors
[INFO] [stdout] 
[INFO] [stdout] Some errors have detailed explanations: E0425, E0433.
[INFO] [stdout] For more information about an error, try `rustc --explain E0425`.
[INFO] [stdout] Couldn't compile the test.
[INFO] [stdout] ---- src/ntruhps40961229.rs - ntruhps40961229 (line 6) stdout ----
[INFO] [stdout] error[E0433]: failed to resolve: use of undeclared crate or module `pqcrypto_ntru`
[INFO] [stdout]  --> src/ntruhps40961229.rs:7:5
[INFO] [stdout]   |
[INFO] [stdout] 3 | use pqcrypto_ntru::ntruhps40961229::*;
[INFO] [stdout]   |     ^^^^^^^^^^^^^ use of undeclared crate or module `pqcrypto_ntru`
[INFO] [stdout] 
[INFO] [stdout] error[E0425]: cannot find function `keypair` in this scope
[INFO] [stdout]  --> src/ntruhps40961229.rs:8:16
[INFO] [stdout]   |
[INFO] [stdout] 4 | let (pk, sk) = keypair();
[INFO] [stdout]   |                ^^^^^^^ not found in this scope
[INFO] [stdout]   |
[INFO] [stdout] help: consider importing one of these items
[INFO] [stdout]   |
[INFO] [stdout] 2 + use pqcrypto_ntru_wasi::ntruhps2048509::keypair;
[INFO] [stdout]   |
[INFO] [stdout] 2 + use pqcrypto_ntru_wasi::ntruhps2048677::keypair;
[INFO] [stdout]   |
[INFO] [stdout] 2 + use pqcrypto_ntru_wasi::ntruhps40961229::keypair;
[INFO] [stdout]   |
[INFO] [stdout] 2 + use pqcrypto_ntru_wasi::ntruhps4096821::keypair;
[INFO] [stdout]   |
[INFO] [stdout]     and 2 other candidates
[INFO] [stdout] 
[INFO] [stdout] error[E0425]: cannot find function `encapsulate` in this scope
[INFO] [stdout]  --> src/ntruhps40961229.rs:9:17
[INFO] [stdout]   |
[INFO] [stdout] 5 | let (ss1, ct) = encapsulate(&pk);
[INFO] [stdout]   |                 ^^^^^^^^^^^ not found in this scope
[INFO] [stdout]   |
[INFO] [stdout] help: consider importing one of these items
[INFO] [stdout]   |
[INFO] [stdout] 2 + use pqcrypto_ntru_wasi::ntruhps2048509::encapsulate;
[INFO] [stdout]   |
[INFO] [stdout] 2 + use pqcrypto_ntru_wasi::ntruhps2048677::encapsulate;
[INFO] [stdout]   |
[INFO] [stdout] 2 + use pqcrypto_ntru_wasi::ntruhps40961229::encapsulate;
[INFO] [stdout]   |
[INFO] [stdout] 2 + use pqcrypto_ntru_wasi::ntruhps4096821::encapsulate;
[INFO] [stdout]   |
[INFO] [stdout]     and 2 other candidates
[INFO] [stdout] 
[INFO] [stdout] error[E0425]: cannot find function `decapsulate` in this scope
[INFO] [stdout]  --> src/ntruhps40961229.rs:10:11
[INFO] [stdout]   |
[INFO] [stdout] 6 | let ss2 = decapsulate(&ct, &sk);
[INFO] [stdout]   |           ^^^^^^^^^^^ not found in this scope
[INFO] [stdout]   |
[INFO] [stdout] help: consider importing one of these items
[INFO] [stdout]   |
[INFO] [stdout] 2 + use pqcrypto_ntru_wasi::ntruhps2048509::decapsulate;
[INFO] [stdout]   |
[INFO] [stdout] 2 + use pqcrypto_ntru_wasi::ntruhps2048677::decapsulate;
[INFO] [stdout]   |
[INFO] [stdout] 2 + use pqcrypto_ntru_wasi::ntruhps40961229::decapsulate;
[INFO] [stdout]   |
[INFO] [stdout] 2 + use pqcrypto_ntru_wasi::ntruhps4096821::decapsulate;
[INFO] [stdout]   |
[INFO] [stdout]     and 2 other candidates
[INFO] [stdout] 
[INFO] [stdout] error: aborting due to 4 previous errors
[INFO] [stdout] 
[INFO] [stdout] Some errors have detailed explanations: E0425, E0433.
[INFO] [stdout] For more information about an error, try `rustc --explain E0425`.
[INFO] [stdout] Couldn't compile the test.
[INFO] [stdout] ---- src/ntruhrss701.rs - ntruhrss701 (line 6) stdout ----
[INFO] [stdout] error[E0433]: failed to resolve: use of undeclared crate or module `pqcrypto_ntru`
[INFO] [stdout]  --> src/ntruhrss701.rs:7:5
[INFO] [stdout]   |
[INFO] [stdout] 3 | use pqcrypto_ntru::ntruhrss701::*;
[INFO] [stdout]   |     ^^^^^^^^^^^^^ use of undeclared crate or module `pqcrypto_ntru`
[INFO] [stdout] 
[INFO] [stdout] error[E0425]: cannot find function `keypair` in this scope
[INFO] [stdout]  --> src/ntruhrss701.rs:8:16
[INFO] [stdout]   |
[INFO] [stdout] 4 | let (pk, sk) = keypair();
[INFO] [stdout]   |                ^^^^^^^ not found in this scope
[INFO] [stdout]   |
[INFO] [stdout] help: consider importing one of these items
[INFO] [stdout]   |
[INFO] [stdout] 2 + use pqcrypto_ntru_wasi::ntruhps2048509::keypair;
[INFO] [stdout]   |
[INFO] [stdout] 2 + use pqcrypto_ntru_wasi::ntruhps2048677::keypair;
[INFO] [stdout]   |
[INFO] [stdout] 2 + use pqcrypto_ntru_wasi::ntruhps40961229::keypair;
[INFO] [stdout]   |
[INFO] [stdout] 2 + use pqcrypto_ntru_wasi::ntruhps4096821::keypair;
[INFO] [stdout]   |
[INFO] [stdout]     and 2 other candidates
[INFO] [stdout] 
[INFO] [stdout] error[E0425]: cannot find function `encapsulate` in this scope
[INFO] [stdout]  --> src/ntruhrss701.rs:9:17
[INFO] [stdout]   |
[INFO] [stdout] 5 | let (ss1, ct) = encapsulate(&pk);
[INFO] [stdout]   |                 ^^^^^^^^^^^ not found in this scope
[INFO] [stdout]   |
[INFO] [stdout] help: consider importing one of these items
[INFO] [stdout]   |
[INFO] [stdout] 2 + use pqcrypto_ntru_wasi::ntruhps2048509::encapsulate;
[INFO] [stdout]   |
[INFO] [stdout] 2 + use pqcrypto_ntru_wasi::ntruhps2048677::encapsulate;
[INFO] [stdout]   |
[INFO] [stdout] 2 + use pqcrypto_ntru_wasi::ntruhps40961229::encapsulate;
[INFO] [stdout]   |
[INFO] [stdout] 2 + use pqcrypto_ntru_wasi::ntruhps4096821::encapsulate;
[INFO] [stdout]   |
[INFO] [stdout]     and 2 other candidates
[INFO] [stdout] 
[INFO] [stdout] error[E0425]: cannot find function `decapsulate` in this scope
[INFO] [stdout]  --> src/ntruhrss701.rs:10:11
[INFO] [stdout]   |
[INFO] [stdout] 6 | let ss2 = decapsulate(&ct, &sk);
[INFO] [stdout]   |           ^^^^^^^^^^^ not found in this scope
[INFO] [stdout]   |
[INFO] [stdout] help: consider importing one of these items
[INFO] [stdout]   |
[INFO] [stdout] 2 + use pqcrypto_ntru_wasi::ntruhps2048509::decapsulate;
[INFO] [stdout]   |
[INFO] [stdout] 2 + use pqcrypto_ntru_wasi::ntruhps2048677::decapsulate;
[INFO] [stdout]   |
[INFO] [stdout] 2 + use pqcrypto_ntru_wasi::ntruhps40961229::decapsulate;
[INFO] [stdout]   |
[INFO] [stdout] 2 + use pqcrypto_ntru_wasi::ntruhps4096821::decapsulate;
[INFO] [stdout]   |
[INFO] [stdout]     and 2 other candidates
[INFO] [stdout] 
[INFO] [stdout] error: aborting due to 4 previous errors
[INFO] [stdout] 
[INFO] [stdout] Some errors have detailed explanations: E0425, E0433.
[INFO] [stdout] For more information about an error, try `rustc --explain E0425`.
[INFO] [stdout] Couldn't compile the test.
[INFO] [stdout] ---- src/ntruhrss1373.rs - ntruhrss1373 (line 6) stdout ----
[INFO] [stdout] error[E0433]: failed to resolve: use of undeclared crate or module `pqcrypto_ntru`
[INFO] [stdout]  --> src/ntruhrss1373.rs:7:5
[INFO] [stdout]   |
[INFO] [stdout] 3 | use pqcrypto_ntru::ntruhrss1373::*;
[INFO] [stdout]   |     ^^^^^^^^^^^^^ use of undeclared crate or module `pqcrypto_ntru`
[INFO] [stdout] 
[INFO] [stdout] error[E0425]: cannot find function `keypair` in this scope
[INFO] [stdout]  --> src/ntruhrss1373.rs:8:16
[INFO] [stdout]   |
[INFO] [stdout] 4 | let (pk, sk) = keypair();
[INFO] [stdout]   |                ^^^^^^^ not found in this scope
[INFO] [stdout]   |
[INFO] [stdout] help: consider importing one of these items
[INFO] [stdout]   |
[INFO] [stdout] 2 + use pqcrypto_ntru_wasi::ntruhps2048509::keypair;
[INFO] [stdout]   |
[INFO] [stdout] 2 + use pqcrypto_ntru_wasi::ntruhps2048677::keypair;
[INFO] [stdout]   |
[INFO] [stdout] 2 + use pqcrypto_ntru_wasi::ntruhps40961229::keypair;
[INFO] [stdout]   |
[INFO] [stdout] 2 + use pqcrypto_ntru_wasi::ntruhps4096821::keypair;
[INFO] [stdout]   |
[INFO] [stdout]     and 2 other candidates
[INFO] [stdout] 
[INFO] [stdout] error[E0425]: cannot find function `encapsulate` in this scope
[INFO] [stdout]  --> src/ntruhrss1373.rs:9:17
[INFO] [stdout]   |
[INFO] [stdout] 5 | let (ss1, ct) = encapsulate(&pk);
[INFO] [stdout]   |                 ^^^^^^^^^^^ not found in this scope
[INFO] [stdout]   |
[INFO] [stdout] help: consider importing one of these items
[INFO] [stdout]   |
[INFO] [stdout] 2 + use pqcrypto_ntru_wasi::ntruhps2048509::encapsulate;
[INFO] [stdout]   |
[INFO] [stdout] 2 + use pqcrypto_ntru_wasi::ntruhps2048677::encapsulate;
[INFO] [stdout]   |
[INFO] [stdout] 2 + use pqcrypto_ntru_wasi::ntruhps40961229::encapsulate;
[INFO] [stdout]   |
[INFO] [stdout] 2 + use pqcrypto_ntru_wasi::ntruhps4096821::encapsulate;
[INFO] [stdout]   |
[INFO] [stdout]     and 2 other candidates
[INFO] [stdout] 
[INFO] [stdout] error[E0425]: cannot find function `decapsulate` in this scope
[INFO] [stdout]  --> src/ntruhrss1373.rs:10:11
[INFO] [stdout]   |
[INFO] [stdout] 6 | let ss2 = decapsulate(&ct, &sk);
[INFO] [stdout]   |           ^^^^^^^^^^^ not found in this scope
[INFO] [stdout]   |
[INFO] [stdout] help: consider importing one of these items
[INFO] [stdout]   |
[INFO] [stdout] 2 + use pqcrypto_ntru_wasi::ntruhps2048509::decapsulate;
[INFO] [stdout]   |
[INFO] [stdout] 2 + use pqcrypto_ntru_wasi::ntruhps2048677::decapsulate;
[INFO] [stdout]   |
[INFO] [stdout] 2 + use pqcrypto_ntru_wasi::ntruhps40961229::decapsulate;
[INFO] [stdout]   |
[INFO] [stdout] 2 + use pqcrypto_ntru_wasi::ntruhps4096821::decapsulate;
[INFO] [stdout]   |
[INFO] [stdout]     and 2 other candidates
[INFO] [stdout] 
[INFO] [stdout] error: aborting due to 4 previous errors
[INFO] [stdout] 
[INFO] [stdout] Some errors have detailed explanations: E0425, E0433.
[INFO] [stdout] For more information about an error, try `rustc --explain E0425`.
[INFO] [stdout] Couldn't compile the test.
[INFO] [stdout] 
[INFO] [stdout] failures:
[INFO] [stdout]     src/ntruhps2048509.rs - ntruhps2048509 (line 6)
[INFO] [stdout]     src/ntruhps2048677.rs - ntruhps2048677 (line 6)
[INFO] [stdout]     src/ntruhps40961229.rs - ntruhps40961229 (line 6)
[INFO] [stdout]     src/ntruhps4096821.rs - ntruhps4096821 (line 6)
[INFO] [stdout]     src/ntruhrss1373.rs - ntruhrss1373 (line 6)
[INFO] [stdout]     src/ntruhrss701.rs - ntruhrss701 (line 6)
[INFO] [stdout] 
[INFO] [stdout] test result: FAILED. 0 passed; 6 failed; 0 ignored; 0 measured; 0 filtered out; finished in 0.23s
[INFO] [stdout] 
[INFO] running `Command { std: "docker" "inspect" "7ec5c519072c08d18d2af28aa5ec1e3561c54f1041bf6a9d0d90d4e1c75e13bd", kill_on_drop: false }`
[INFO] running `Command { std: "docker" "rm" "-f" "7ec5c519072c08d18d2af28aa5ec1e3561c54f1041bf6a9d0d90d4e1c75e13bd", kill_on_drop: false }`
[INFO] [stdout] 7ec5c519072c08d18d2af28aa5ec1e3561c54f1041bf6a9d0d90d4e1c75e13bd
[INFO] testing pqcrypto-ntru-wasi-0.5.11 against beta-2023-12-22 for beta-1.76-1
[INFO] extracting crate pqcrypto-ntru-wasi 0.5.11 into /workspace/builds/worker-5-tc2/source
[INFO] validating manifest of crates.io crate pqcrypto-ntru-wasi 0.5.11 on toolchain beta-2023-12-22
[INFO] running `Command { std: CARGO_HOME="/workspace/cargo-home" RUSTUP_HOME="/workspace/rustup-home" "/workspace/cargo-home/bin/cargo" "+beta-2023-12-22" "metadata" "--manifest-path" "Cargo.toml" "--no-deps", kill_on_drop: false }`
[INFO] started tweaking crates.io crate pqcrypto-ntru-wasi 0.5.11
[INFO] finished tweaking crates.io crate pqcrypto-ntru-wasi 0.5.11
[INFO] tweaked toml for crates.io crate pqcrypto-ntru-wasi 0.5.11 written to /workspace/builds/worker-5-tc2/source/Cargo.toml
[INFO] running `Command { std: CARGO_HOME="/workspace/cargo-home" RUSTUP_HOME="/workspace/rustup-home" "/workspace/cargo-home/bin/cargo" "+beta-2023-12-22" "generate-lockfile" "--manifest-path" "Cargo.toml", kill_on_drop: false }`
[INFO] [stderr]     Updating crates.io index
[INFO] running `Command { std: CARGO_HOME="/workspace/cargo-home" RUSTUP_HOME="/workspace/rustup-home" "/workspace/cargo-home/bin/cargo" "+beta-2023-12-22" "fetch" "--manifest-path" "Cargo.toml", kill_on_drop: false }`
[INFO] running `Command { std: "docker" "create" "-v" "/var/lib/crater-agent-workspace/builds/worker-5-tc2/target:/opt/rustwide/target:rw,Z" "-v" "/var/lib/crater-agent-workspace/builds/worker-5-tc2/source:/opt/rustwide/workdir:ro,Z" "-v" "/var/lib/crater-agent-workspace/cargo-home:/opt/rustwide/cargo-home:ro,Z" "-v" "/var/lib/crater-agent-workspace/rustup-home:/opt/rustwide/rustup-home:ro,Z" "-e" "SOURCE_DIR=/opt/rustwide/workdir" "-e" "CARGO_TARGET_DIR=/opt/rustwide/target" "-e" "CARGO_HOME=/opt/rustwide/cargo-home" "-e" "RUSTUP_HOME=/opt/rustwide/rustup-home" "-w" "/opt/rustwide/workdir" "-m" "1610612736" "--user" "0:0" "--network" "none" "ghcr.io/rust-lang/crates-build-env/linux@sha256:2788e3201cd34a07e3172128adcd8b3090168a8e3bcc40d7c032b9dda1df7d1c" "/opt/rustwide/cargo-home/bin/cargo" "+beta-2023-12-22" "metadata" "--no-deps" "--format-version=1", kill_on_drop: false }`
[INFO] [stdout] 33bdb1da4c329842977318130cbc656df0e803cefccbc36d83d1f3c3449165d5
[INFO] running `Command { std: "docker" "start" "-a" "33bdb1da4c329842977318130cbc656df0e803cefccbc36d83d1f3c3449165d5", kill_on_drop: false }`
[INFO] running `Command { std: "docker" "inspect" "33bdb1da4c329842977318130cbc656df0e803cefccbc36d83d1f3c3449165d5", kill_on_drop: false }`
[INFO] running `Command { std: "docker" "rm" "-f" "33bdb1da4c329842977318130cbc656df0e803cefccbc36d83d1f3c3449165d5", kill_on_drop: false }`
[INFO] [stdout] 33bdb1da4c329842977318130cbc656df0e803cefccbc36d83d1f3c3449165d5
[INFO] running `Command { std: "docker" "create" "-v" "/var/lib/crater-agent-workspace/builds/worker-5-tc2/target:/opt/rustwide/target:rw,Z" "-v" "/var/lib/crater-agent-workspace/builds/worker-5-tc2/source:/opt/rustwide/workdir:ro,Z" "-v" "/var/lib/crater-agent-workspace/cargo-home:/opt/rustwide/cargo-home:ro,Z" "-v" "/var/lib/crater-agent-workspace/rustup-home:/opt/rustwide/rustup-home:ro,Z" "-e" "SOURCE_DIR=/opt/rustwide/workdir" "-e" "CARGO_TARGET_DIR=/opt/rustwide/target" "-e" "CARGO_INCREMENTAL=0" "-e" "RUST_BACKTRACE=full" "-e" "RUSTFLAGS=--cap-lints=warn" "-e" "RUSTDOCFLAGS=--cap-lints=warn" "-e" "CARGO_HOME=/opt/rustwide/cargo-home" "-e" "RUSTUP_HOME=/opt/rustwide/rustup-home" "-w" "/opt/rustwide/workdir" "-m" "1610612736" "--user" "0:0" "--network" "none" "ghcr.io/rust-lang/crates-build-env/linux@sha256:2788e3201cd34a07e3172128adcd8b3090168a8e3bcc40d7c032b9dda1df7d1c" "/opt/rustwide/cargo-home/bin/cargo" "+beta-2023-12-22" "build" "--frozen" "--message-format=json", kill_on_drop: false }`
[INFO] [stdout] 574b69ec89451eaf86f0ea83c798a132603783cada31fbfe6c3cab1fa4aa6610
[INFO] running `Command { std: "docker" "start" "-a" "574b69ec89451eaf86f0ea83c798a132603783cada31fbfe6c3cab1fa4aa6610", kill_on_drop: false }`
[INFO] [stderr]    Compiling jobserver v0.1.27
[INFO] [stderr]    Compiling pqcrypto-traits-wasi v0.3.4
[INFO] [stderr]    Compiling getrandom v0.2.11
[INFO] [stderr]    Compiling cc v1.0.83
[INFO] [stderr]    Compiling pqcrypto-internals-wasi v0.2.5
[INFO] [stderr]    Compiling pqcrypto-ntru-wasi v0.5.11 (/opt/rustwide/workdir)
[INFO] [stderr]     Finished dev [unoptimized + debuginfo] target(s) in 16.17s
[INFO] running `Command { std: "docker" "inspect" "574b69ec89451eaf86f0ea83c798a132603783cada31fbfe6c3cab1fa4aa6610", kill_on_drop: false }`
[INFO] running `Command { std: "docker" "rm" "-f" "574b69ec89451eaf86f0ea83c798a132603783cada31fbfe6c3cab1fa4aa6610", kill_on_drop: false }`
[INFO] [stdout] 574b69ec89451eaf86f0ea83c798a132603783cada31fbfe6c3cab1fa4aa6610
[INFO] running `Command { std: "docker" "create" "-v" "/var/lib/crater-agent-workspace/builds/worker-5-tc2/target:/opt/rustwide/target:rw,Z" "-v" "/var/lib/crater-agent-workspace/builds/worker-5-tc2/source:/opt/rustwide/workdir:ro,Z" "-v" "/var/lib/crater-agent-workspace/cargo-home:/opt/rustwide/cargo-home:ro,Z" "-v" "/var/lib/crater-agent-workspace/rustup-home:/opt/rustwide/rustup-home:ro,Z" "-e" "SOURCE_DIR=/opt/rustwide/workdir" "-e" "CARGO_TARGET_DIR=/opt/rustwide/target" "-e" "CARGO_INCREMENTAL=0" "-e" "RUST_BACKTRACE=full" "-e" "RUSTFLAGS=--cap-lints=warn" "-e" "RUSTDOCFLAGS=--cap-lints=warn" "-e" "CARGO_HOME=/opt/rustwide/cargo-home" "-e" "RUSTUP_HOME=/opt/rustwide/rustup-home" "-w" "/opt/rustwide/workdir" "-m" "1610612736" "--user" "0:0" "--network" "none" "ghcr.io/rust-lang/crates-build-env/linux@sha256:2788e3201cd34a07e3172128adcd8b3090168a8e3bcc40d7c032b9dda1df7d1c" "/opt/rustwide/cargo-home/bin/cargo" "+beta-2023-12-22" "test" "--frozen" "--no-run" "--message-format=json", kill_on_drop: false }`
[INFO] [stdout] fd66c4e4bc49608df971ce5d64624942249e2b9fd8aa72f55d24178151489aac
[INFO] running `Command { std: "docker" "start" "-a" "fd66c4e4bc49608df971ce5d64624942249e2b9fd8aa72f55d24178151489aac", kill_on_drop: false }`
[INFO] [stderr]    Compiling pqcrypto-ntru-wasi v0.5.11 (/opt/rustwide/workdir)
[INFO] [stderr]     Finished test [unoptimized + debuginfo] target(s) in 0.79s
[INFO] running `Command { std: "docker" "inspect" "fd66c4e4bc49608df971ce5d64624942249e2b9fd8aa72f55d24178151489aac", kill_on_drop: false }`
[INFO] running `Command { std: "docker" "rm" "-f" "fd66c4e4bc49608df971ce5d64624942249e2b9fd8aa72f55d24178151489aac", kill_on_drop: false }`
[INFO] [stdout] fd66c4e4bc49608df971ce5d64624942249e2b9fd8aa72f55d24178151489aac
[INFO] running `Command { std: "docker" "create" "-v" "/var/lib/crater-agent-workspace/builds/worker-5-tc2/target:/opt/rustwide/target:rw,Z" "-v" "/var/lib/crater-agent-workspace/builds/worker-5-tc2/source:/opt/rustwide/workdir:ro,Z" "-v" "/var/lib/crater-agent-workspace/cargo-home:/opt/rustwide/cargo-home:ro,Z" "-v" "/var/lib/crater-agent-workspace/rustup-home:/opt/rustwide/rustup-home:ro,Z" "-e" "SOURCE_DIR=/opt/rustwide/workdir" "-e" "CARGO_TARGET_DIR=/opt/rustwide/target" "-e" "CARGO_INCREMENTAL=0" "-e" "RUST_BACKTRACE=full" "-e" "RUSTFLAGS=--cap-lints=warn" "-e" "RUSTDOCFLAGS=--cap-lints=warn" "-e" "CARGO_HOME=/opt/rustwide/cargo-home" "-e" "RUSTUP_HOME=/opt/rustwide/rustup-home" "-w" "/opt/rustwide/workdir" "-m" "1610612736" "--user" "0:0" "--network" "none" "ghcr.io/rust-lang/crates-build-env/linux@sha256:2788e3201cd34a07e3172128adcd8b3090168a8e3bcc40d7c032b9dda1df7d1c" "/opt/rustwide/cargo-home/bin/cargo" "+beta-2023-12-22" "test" "--frozen", kill_on_drop: false }`
[INFO] [stdout] de4c1893e0dc55b44c96f4210bff6fb76944785c829f2251c655944700aa8bb2
[INFO] running `Command { std: "docker" "start" "-a" "de4c1893e0dc55b44c96f4210bff6fb76944785c829f2251c655944700aa8bb2", kill_on_drop: false }`
[INFO] [stderr]     Finished test [unoptimized + debuginfo] target(s) in 0.02s
[INFO] [stderr]      Running unittests src/lib.rs (/opt/rustwide/target/debug/deps/pqcrypto_ntru_wasi-ad759b7edd04a680)
[INFO] [stdout] 
[INFO] [stdout] running 16 tests
[INFO] [stdout] test ffi::test_ntruhps2048509_avx2::test_ffi ... ok
[INFO] [stdout] test ffi::test_ntruhrss701_avx2::test_ffi ... ok
[INFO] [stdout] test ffi::test_ntruhps4096821_avx2::test_ffi ... ok
[INFO] [stdout] test ffi::test_ntruhps2048677_avx2::test_ffi ... ok
[INFO] [stdout] test ntruhps2048677::test::test_kem ... ok
[INFO] [stdout] test ntruhps2048509::test::test_kem ... ok
[INFO] [stdout] test ntruhps4096821::test::test_kem ... ok
[INFO] [stdout] test ffi::test_ntruhps2048509_clean::test_ffi ... ok
[INFO] [stdout] test ntruhrss701::test::test_kem ... ok
[INFO] [stdout] test ffi::test_ntruhps2048677_clean::test_ffi ... ok
[INFO] [stdout] test ffi::test_ntruhps4096821_clean::test_ffi ... ok
[INFO] [stdout] test ffi::test_ntruhrss701_clean::test_ffi ... ok
[INFO] [stdout] test ffi::test_ntruhrss1373_clean::test_ffi ... ok
[INFO] [stdout] test ntruhps40961229::test::test_kem ... ok
[INFO] [stdout] test ffi::test_ntruhps40961229_clean::test_ffi ... ok
[INFO] [stderr]    Doc-tests pqcrypto-ntru-wasi
[INFO] [stdout] test ntruhrss1373::test::test_kem ... ok
[INFO] [stdout] 
[INFO] [stdout] test result: ok. 16 passed; 0 failed; 0 ignored; 0 measured; 0 filtered out; finished in 0.59s
[INFO] [stdout] 
[INFO] [stdout] 
[INFO] [stdout] running 6 tests
[INFO] [stdout] test src/ntruhrss701.rs - ntruhrss701 (line 6) ... FAILED
[INFO] [stdout] test src/ntruhps2048677.rs - ntruhps2048677 (line 6) ... FAILED
[INFO] [stdout] test src/ntruhps4096821.rs - ntruhps4096821 (line 6) ... FAILED
[INFO] [stdout] test src/ntruhps40961229.rs - ntruhps40961229 (line 6) ... FAILED
[INFO] [stdout] test src/ntruhps2048509.rs - ntruhps2048509 (line 6) ... FAILED
[INFO] [stderr] error: doctest failed, to rerun pass `--doc`
[INFO] [stdout] test src/ntruhrss1373.rs - ntruhrss1373 (line 6) ... FAILED
[INFO] [stdout] 
[INFO] [stdout] failures:
[INFO] [stdout] 
[INFO] [stdout] ---- src/ntruhrss701.rs - ntruhrss701 (line 6) stdout ----
[INFO] [stdout] error[E0433]: failed to resolve: use of undeclared crate or module `pqcrypto_ntru`
[INFO] [stdout]  --> src/ntruhrss701.rs:7:5
[INFO] [stdout]   |
[INFO] [stdout] 3 | use pqcrypto_ntru::ntruhrss701::*;
[INFO] [stdout]   |     ^^^^^^^^^^^^^ use of undeclared crate or module `pqcrypto_ntru`
[INFO] [stdout] 
[INFO] [stdout] error[E0425]: cannot find function `keypair` in this scope
[INFO] [stdout]  --> src/ntruhrss701.rs:8:16
[INFO] [stdout]   |
[INFO] [stdout] 4 | let (pk, sk) = keypair();
[INFO] [stdout]   |                ^^^^^^^ not found in this scope
[INFO] [stdout]   |
[INFO] [stdout] help: consider importing one of these items
[INFO] [stdout]   |
[INFO] [stdout] 2 + use pqcrypto_ntru_wasi::ntruhps2048509::keypair;
[INFO] [stdout]   |
[INFO] [stdout] 2 + use pqcrypto_ntru_wasi::ntruhps2048677::keypair;
[INFO] [stdout]   |
[INFO] [stdout] 2 + use pqcrypto_ntru_wasi::ntruhps40961229::keypair;
[INFO] [stdout]   |
[INFO] [stdout] 2 + use pqcrypto_ntru_wasi::ntruhps4096821::keypair;
[INFO] [stdout]   |
[INFO] [stdout]     and 2 other candidates
[INFO] [stdout] 
[INFO] [stdout] error[E0425]: cannot find function `encapsulate` in this scope
[INFO] [stdout]  --> src/ntruhrss701.rs:9:17
[INFO] [stdout]   |
[INFO] [stdout] 5 | let (ss1, ct) = encapsulate(&pk);
[INFO] [stdout]   |                 ^^^^^^^^^^^ not found in this scope
[INFO] [stdout]   |
[INFO] [stdout] help: consider importing one of these items
[INFO] [stdout]   |
[INFO] [stdout] 2 + use pqcrypto_ntru_wasi::ntruhps2048509::encapsulate;
[INFO] [stdout]   |
[INFO] [stdout] 2 + use pqcrypto_ntru_wasi::ntruhps2048677::encapsulate;
[INFO] [stdout]   |
[INFO] [stdout] 2 + use pqcrypto_ntru_wasi::ntruhps40961229::encapsulate;
[INFO] [stdout]   |
[INFO] [stdout] 2 + use pqcrypto_ntru_wasi::ntruhps4096821::encapsulate;
[INFO] [stdout]   |
[INFO] [stdout]     and 2 other candidates
[INFO] [stdout] 
[INFO] [stdout] error[E0425]: cannot find function `decapsulate` in this scope
[INFO] [stdout]  --> src/ntruhrss701.rs:10:11
[INFO] [stdout]   |
[INFO] [stdout] 6 | let ss2 = decapsulate(&ct, &sk);
[INFO] [stdout]   |           ^^^^^^^^^^^ not found in this scope
[INFO] [stdout]   |
[INFO] [stdout] help: consider importing one of these items
[INFO] [stdout]   |
[INFO] [stdout] 2 + use pqcrypto_ntru_wasi::ntruhps2048509::decapsulate;
[INFO] [stdout]   |
[INFO] [stdout] 2 + use pqcrypto_ntru_wasi::ntruhps2048677::decapsulate;
[INFO] [stdout]   |
[INFO] [stdout] 2 + use pqcrypto_ntru_wasi::ntruhps40961229::decapsulate;
[INFO] [stdout]   |
[INFO] [stdout] 2 + use pqcrypto_ntru_wasi::ntruhps4096821::decapsulate;
[INFO] [stdout]   |
[INFO] [stdout]     and 2 other candidates
[INFO] [stdout] 
[INFO] [stdout] error: aborting due to 4 previous errors
[INFO] [stdout] 
[INFO] [stdout] Some errors have detailed explanations: E0425, E0433.
[INFO] [stdout] For more information about an error, try `rustc --explain E0425`.
[INFO] [stdout] Couldn't compile the test.
[INFO] [stdout] ---- src/ntruhps2048677.rs - ntruhps2048677 (line 6) stdout ----
[INFO] [stdout] error[E0433]: failed to resolve: use of undeclared crate or module `pqcrypto_ntru`
[INFO] [stdout]  --> src/ntruhps2048677.rs:7:5
[INFO] [stdout]   |
[INFO] [stdout] 3 | use pqcrypto_ntru::ntruhps2048677::*;
[INFO] [stdout]   |     ^^^^^^^^^^^^^ use of undeclared crate or module `pqcrypto_ntru`
[INFO] [stdout] 
[INFO] [stdout] error[E0425]: cannot find function `keypair` in this scope
[INFO] [stdout]  --> src/ntruhps2048677.rs:8:16
[INFO] [stdout]   |
[INFO] [stdout] 4 | let (pk, sk) = keypair();
[INFO] [stdout]   |                ^^^^^^^ not found in this scope
[INFO] [stdout]   |
[INFO] [stdout] help: consider importing one of these items
[INFO] [stdout]   |
[INFO] [stdout] 2 + use pqcrypto_ntru_wasi::ntruhps2048509::keypair;
[INFO] [stdout]   |
[INFO] [stdout] 2 + use pqcrypto_ntru_wasi::ntruhps2048677::keypair;
[INFO] [stdout]   |
[INFO] [stdout] 2 + use pqcrypto_ntru_wasi::ntruhps40961229::keypair;
[INFO] [stdout]   |
[INFO] [stdout] 2 + use pqcrypto_ntru_wasi::ntruhps4096821::keypair;
[INFO] [stdout]   |
[INFO] [stdout]     and 2 other candidates
[INFO] [stdout] 
[INFO] [stdout] error[E0425]: cannot find function `encapsulate` in this scope
[INFO] [stdout]  --> src/ntruhps2048677.rs:9:17
[INFO] [stdout]   |
[INFO] [stdout] 5 | let (ss1, ct) = encapsulate(&pk);
[INFO] [stdout]   |                 ^^^^^^^^^^^ not found in this scope
[INFO] [stdout]   |
[INFO] [stdout] help: consider importing one of these items
[INFO] [stdout]   |
[INFO] [stdout] 2 + use pqcrypto_ntru_wasi::ntruhps2048509::encapsulate;
[INFO] [stdout]   |
[INFO] [stdout] 2 + use pqcrypto_ntru_wasi::ntruhps2048677::encapsulate;
[INFO] [stdout]   |
[INFO] [stdout] 2 + use pqcrypto_ntru_wasi::ntruhps40961229::encapsulate;
[INFO] [stdout]   |
[INFO] [stdout] 2 + use pqcrypto_ntru_wasi::ntruhps4096821::encapsulate;
[INFO] [stdout]   |
[INFO] [stdout]     and 2 other candidates
[INFO] [stdout] 
[INFO] [stdout] error[E0425]: cannot find function `decapsulate` in this scope
[INFO] [stdout]  --> src/ntruhps2048677.rs:10:11
[INFO] [stdout]   |
[INFO] [stdout] 6 | let ss2 = decapsulate(&ct, &sk);
[INFO] [stdout]   |           ^^^^^^^^^^^ not found in this scope
[INFO] [stdout]   |
[INFO] [stdout] help: consider importing one of these items
[INFO] [stdout]   |
[INFO] [stdout] 2 + use pqcrypto_ntru_wasi::ntruhps2048509::decapsulate;
[INFO] [stdout]   |
[INFO] [stdout] 2 + use pqcrypto_ntru_wasi::ntruhps2048677::decapsulate;
[INFO] [stdout]   |
[INFO] [stdout] 2 + use pqcrypto_ntru_wasi::ntruhps40961229::decapsulate;
[INFO] [stdout]   |
[INFO] [stdout] 2 + use pqcrypto_ntru_wasi::ntruhps4096821::decapsulate;
[INFO] [stdout]   |
[INFO] [stdout]     and 2 other candidates
[INFO] [stdout] 
[INFO] [stdout] error: aborting due to 4 previous errors
[INFO] [stdout] 
[INFO] [stdout] Some errors have detailed explanations: E0425, E0433.
[INFO] [stdout] For more information about an error, try `rustc --explain E0425`.
[INFO] [stdout] Couldn't compile the test.
[INFO] [stdout] ---- src/ntruhps4096821.rs - ntruhps4096821 (line 6) stdout ----
[INFO] [stdout] error[E0433]: failed to resolve: use of undeclared crate or module `pqcrypto_ntru`
[INFO] [stdout]  --> src/ntruhps4096821.rs:7:5
[INFO] [stdout]   |
[INFO] [stdout] 3 | use pqcrypto_ntru::ntruhps4096821::*;
[INFO] [stdout]   |     ^^^^^^^^^^^^^ use of undeclared crate or module `pqcrypto_ntru`
[INFO] [stdout] 
[INFO] [stdout] error[E0425]: cannot find function `keypair` in this scope
[INFO] [stdout]  --> src/ntruhps4096821.rs:8:16
[INFO] [stdout]   |
[INFO] [stdout] 4 | let (pk, sk) = keypair();
[INFO] [stdout]   |                ^^^^^^^ not found in this scope
[INFO] [stdout]   |
[INFO] [stdout] help: consider importing one of these items
[INFO] [stdout]   |
[INFO] [stdout] 2 + use pqcrypto_ntru_wasi::ntruhps2048509::keypair;
[INFO] [stdout]   |
[INFO] [stdout] 2 + use pqcrypto_ntru_wasi::ntruhps2048677::keypair;
[INFO] [stdout]   |
[INFO] [stdout] 2 + use pqcrypto_ntru_wasi::ntruhps40961229::keypair;
[INFO] [stdout]   |
[INFO] [stdout] 2 + use pqcrypto_ntru_wasi::ntruhps4096821::keypair;
[INFO] [stdout]   |
[INFO] [stdout]     and 2 other candidates
[INFO] [stdout] 
[INFO] [stdout] error[E0425]: cannot find function `encapsulate` in this scope
[INFO] [stdout]  --> src/ntruhps4096821.rs:9:17
[INFO] [stdout]   |
[INFO] [stdout] 5 | let (ss1, ct) = encapsulate(&pk);
[INFO] [stdout]   |                 ^^^^^^^^^^^ not found in this scope
[INFO] [stdout]   |
[INFO] [stdout] help: consider importing one of these items
[INFO] [stdout]   |
[INFO] [stdout] 2 + use pqcrypto_ntru_wasi::ntruhps2048509::encapsulate;
[INFO] [stdout]   |
[INFO] [stdout] 2 + use pqcrypto_ntru_wasi::ntruhps2048677::encapsulate;
[INFO] [stdout]   |
[INFO] [stdout] 2 + use pqcrypto_ntru_wasi::ntruhps40961229::encapsulate;
[INFO] [stdout]   |
[INFO] [stdout] 2 + use pqcrypto_ntru_wasi::ntruhps4096821::encapsulate;
[INFO] [stdout]   |
[INFO] [stdout]     and 2 other candidates
[INFO] [stdout] 
[INFO] [stdout] error[E0425]: cannot find function `decapsulate` in this scope
[INFO] [stdout]  --> src/ntruhps4096821.rs:10:11
[INFO] [stdout]   |
[INFO] [stdout] 6 | let ss2 = decapsulate(&ct, &sk);
[INFO] [stdout]   |           ^^^^^^^^^^^ not found in this scope
[INFO] [stdout]   |
[INFO] [stdout] help: consider importing one of these items
[INFO] [stdout]   |
[INFO] [stdout] 2 + use pqcrypto_ntru_wasi::ntruhps2048509::decapsulate;
[INFO] [stdout]   |
[INFO] [stdout] 2 + use pqcrypto_ntru_wasi::ntruhps2048677::decapsulate;
[INFO] [stdout]   |
[INFO] [stdout] 2 + use pqcrypto_ntru_wasi::ntruhps40961229::decapsulate;
[INFO] [stdout]   |
[INFO] [stdout] 2 + use pqcrypto_ntru_wasi::ntruhps4096821::decapsulate;
[INFO] [stdout]   |
[INFO] [stdout]     and 2 other candidates
[INFO] [stdout] 
[INFO] [stdout] error: aborting due to 4 previous errors
[INFO] [stdout] 
[INFO] [stdout] Some errors have detailed explanations: E0425, E0433.
[INFO] [stdout] For more information about an error, try `rustc --explain E0425`.
[INFO] [stdout] Couldn't compile the test.
[INFO] [stdout] ---- src/ntruhps40961229.rs - ntruhps40961229 (line 6) stdout ----
[INFO] [stdout] error[E0433]: failed to resolve: use of undeclared crate or module `pqcrypto_ntru`
[INFO] [stdout]  --> src/ntruhps40961229.rs:7:5
[INFO] [stdout]   |
[INFO] [stdout] 3 | use pqcrypto_ntru::ntruhps40961229::*;
[INFO] [stdout]   |     ^^^^^^^^^^^^^ use of undeclared crate or module `pqcrypto_ntru`
[INFO] [stdout] 
[INFO] [stdout] error[E0425]: cannot find function `keypair` in this scope
[INFO] [stdout]  --> src/ntruhps40961229.rs:8:16
[INFO] [stdout]   |
[INFO] [stdout] 4 | let (pk, sk) = keypair();
[INFO] [stdout]   |                ^^^^^^^ not found in this scope
[INFO] [stdout]   |
[INFO] [stdout] help: consider importing one of these items
[INFO] [stdout]   |
[INFO] [stdout] 2 + use pqcrypto_ntru_wasi::ntruhps2048509::keypair;
[INFO] [stdout]   |
[INFO] [stdout] 2 + use pqcrypto_ntru_wasi::ntruhps2048677::keypair;
[INFO] [stdout]   |
[INFO] [stdout] 2 + use pqcrypto_ntru_wasi::ntruhps40961229::keypair;
[INFO] [stdout]   |
[INFO] [stdout] 2 + use pqcrypto_ntru_wasi::ntruhps4096821::keypair;
[INFO] [stdout]   |
[INFO] [stdout]     and 2 other candidates
[INFO] [stdout] 
[INFO] [stdout] error[E0425]: cannot find function `encapsulate` in this scope
[INFO] [stdout]  --> src/ntruhps40961229.rs:9:17
[INFO] [stdout]   |
[INFO] [stdout] 5 | let (ss1, ct) = encapsulate(&pk);
[INFO] [stdout]   |                 ^^^^^^^^^^^ not found in this scope
[INFO] [stdout]   |
[INFO] [stdout] help: consider importing one of these items
[INFO] [stdout]   |
[INFO] [stdout] 2 + use pqcrypto_ntru_wasi::ntruhps2048509::encapsulate;
[INFO] [stdout]   |
[INFO] [stdout] 2 + use pqcrypto_ntru_wasi::ntruhps2048677::encapsulate;
[INFO] [stdout]   |
[INFO] [stdout] 2 + use pqcrypto_ntru_wasi::ntruhps40961229::encapsulate;
[INFO] [stdout]   |
[INFO] [stdout] 2 + use pqcrypto_ntru_wasi::ntruhps4096821::encapsulate;
[INFO] [stdout]   |
[INFO] [stdout]     and 2 other candidates
[INFO] [stdout] 
[INFO] [stdout] error[E0425]: cannot find function `decapsulate` in this scope
[INFO] [stdout]  --> src/ntruhps40961229.rs:10:11
[INFO] [stdout]   |
[INFO] [stdout] 6 | let ss2 = decapsulate(&ct, &sk);
[INFO] [stdout]   |           ^^^^^^^^^^^ not found in this scope
[INFO] [stdout]   |
[INFO] [stdout] help: consider importing one of these items
[INFO] [stdout]   |
[INFO] [stdout] 2 + use pqcrypto_ntru_wasi::ntruhps2048509::decapsulate;
[INFO] [stdout]   |
[INFO] [stdout] 2 + use pqcrypto_ntru_wasi::ntruhps2048677::decapsulate;
[INFO] [stdout]   |
[INFO] [stdout] 2 + use pqcrypto_ntru_wasi::ntruhps40961229::decapsulate;
[INFO] [stdout]   |
[INFO] [stdout] 2 + use pqcrypto_ntru_wasi::ntruhps4096821::decapsulate;
[INFO] [stdout]   |
[INFO] [stdout]     and 2 other candidates
[INFO] [stdout] 
[INFO] [stdout] error: aborting due to 4 previous errors
[INFO] [stdout] 
[INFO] [stdout] Some errors have detailed explanations: E0425, E0433.
[INFO] [stdout] For more information about an error, try `rustc --explain E0425`.
[INFO] [stdout] Couldn't compile the test.
[INFO] [stdout] ---- src/ntruhps2048509.rs - ntruhps2048509 (line 6) stdout ----
[INFO] [stdout] error[E0433]: failed to resolve: use of undeclared crate or module `pqcrypto_ntru`
[INFO] [stdout]  --> src/ntruhps2048509.rs:7:5
[INFO] [stdout]   |
[INFO] [stdout] 3 | use pqcrypto_ntru::ntruhps2048509::*;
[INFO] [stdout]   |     ^^^^^^^^^^^^^ use of undeclared crate or module `pqcrypto_ntru`
[INFO] [stdout] 
[INFO] [stdout] error[E0425]: cannot find function `keypair` in this scope
[INFO] [stdout]  --> src/ntruhps2048509.rs:8:16
[INFO] [stdout]   |
[INFO] [stdout] 4 | let (pk, sk) = keypair();
[INFO] [stdout]   |                ^^^^^^^ not found in this scope
[INFO] [stdout]   |
[INFO] [stdout] help: consider importing one of these items
[INFO] [stdout]   |
[INFO] [stdout] 2 + use pqcrypto_ntru_wasi::ntruhps2048509::keypair;
[INFO] [stdout]   |
[INFO] [stdout] 2 + use pqcrypto_ntru_wasi::ntruhps2048677::keypair;
[INFO] [stdout]   |
[INFO] [stdout] 2 + use pqcrypto_ntru_wasi::ntruhps40961229::keypair;
[INFO] [stdout]   |
[INFO] [stdout] 2 + use pqcrypto_ntru_wasi::ntruhps4096821::keypair;
[INFO] [stdout]   |
[INFO] [stdout]     and 2 other candidates
[INFO] [stdout] 
[INFO] [stdout] error[E0425]: cannot find function `encapsulate` in this scope
[INFO] [stdout]  --> src/ntruhps2048509.rs:9:17
[INFO] [stdout]   |
[INFO] [stdout] 5 | let (ss1, ct) = encapsulate(&pk);
[INFO] [stdout]   |                 ^^^^^^^^^^^ not found in this scope
[INFO] [stdout]   |
[INFO] [stdout] help: consider importing one of these items
[INFO] [stdout]   |
[INFO] [stdout] 2 + use pqcrypto_ntru_wasi::ntruhps2048509::encapsulate;
[INFO] [stdout]   |
[INFO] [stdout] 2 + use pqcrypto_ntru_wasi::ntruhps2048677::encapsulate;
[INFO] [stdout]   |
[INFO] [stdout] 2 + use pqcrypto_ntru_wasi::ntruhps40961229::encapsulate;
[INFO] [stdout]   |
[INFO] [stdout] 2 + use pqcrypto_ntru_wasi::ntruhps4096821::encapsulate;
[INFO] [stdout]   |
[INFO] [stdout]     and 2 other candidates
[INFO] [stdout] 
[INFO] [stdout] error[E0425]: cannot find function `decapsulate` in this scope
[INFO] [stdout]  --> src/ntruhps2048509.rs:10:11
[INFO] [stdout]   |
[INFO] [stdout] 6 | let ss2 = decapsulate(&ct, &sk);
[INFO] [stdout]   |           ^^^^^^^^^^^ not found in this scope
[INFO] [stdout]   |
[INFO] [stdout] help: consider importing one of these items
[INFO] [stdout]   |
[INFO] [stdout] 2 + use pqcrypto_ntru_wasi::ntruhps2048509::decapsulate;
[INFO] [stdout]   |
[INFO] [stdout] 2 + use pqcrypto_ntru_wasi::ntruhps2048677::decapsulate;
[INFO] [stdout]   |
[INFO] [stdout] 2 + use pqcrypto_ntru_wasi::ntruhps40961229::decapsulate;
[INFO] [stdout]   |
[INFO] [stdout] 2 + use pqcrypto_ntru_wasi::ntruhps4096821::decapsulate;
[INFO] [stdout]   |
[INFO] [stdout]     and 2 other candidates
[INFO] [stdout] 
[INFO] [stdout] error: aborting due to 4 previous errors
[INFO] [stdout] 
[INFO] [stdout] Some errors have detailed explanations: E0425, E0433.
[INFO] [stdout] For more information about an error, try `rustc --explain E0425`.
[INFO] [stdout] Couldn't compile the test.
[INFO] [stdout] ---- src/ntruhrss1373.rs - ntruhrss1373 (line 6) stdout ----
[INFO] [stdout] error[E0433]: failed to resolve: use of undeclared crate or module `pqcrypto_ntru`
[INFO] [stdout]  --> src/ntruhrss1373.rs:7:5
[INFO] [stdout]   |
[INFO] [stdout] 3 | use pqcrypto_ntru::ntruhrss1373::*;
[INFO] [stdout]   |     ^^^^^^^^^^^^^ use of undeclared crate or module `pqcrypto_ntru`
[INFO] [stdout] 
[INFO] [stdout] error[E0425]: cannot find function `keypair` in this scope
[INFO] [stdout]  --> src/ntruhrss1373.rs:8:16
[INFO] [stdout]   |
[INFO] [stdout] 4 | let (pk, sk) = keypair();
[INFO] [stdout]   |                ^^^^^^^ not found in this scope
[INFO] [stdout]   |
[INFO] [stdout] help: consider importing one of these items
[INFO] [stdout]   |
[INFO] [stdout] 2 + use pqcrypto_ntru_wasi::ntruhps2048509::keypair;
[INFO] [stdout]   |
[INFO] [stdout] 2 + use pqcrypto_ntru_wasi::ntruhps2048677::keypair;
[INFO] [stdout]   |
[INFO] [stdout] 2 + use pqcrypto_ntru_wasi::ntruhps40961229::keypair;
[INFO] [stdout]   |
[INFO] [stdout] 2 + use pqcrypto_ntru_wasi::ntruhps4096821::keypair;
[INFO] [stdout]   |
[INFO] [stdout]     and 2 other candidates
[INFO] [stdout] 
[INFO] [stdout] error[E0425]: cannot find function `encapsulate` in this scope
[INFO] [stdout]  --> src/ntruhrss1373.rs:9:17
[INFO] [stdout]   |
[INFO] [stdout] 5 | let (ss1, ct) = encapsulate(&pk);
[INFO] [stdout]   |                 ^^^^^^^^^^^ not found in this scope
[INFO] [stdout]   |
[INFO] [stdout] help: consider importing one of these items
[INFO] [stdout]   |
[INFO] [stdout] 2 + use pqcrypto_ntru_wasi::ntruhps2048509::encapsulate;
[INFO] [stdout]   |
[INFO] [stdout] 2 + use pqcrypto_ntru_wasi::ntruhps2048677::encapsulate;
[INFO] [stdout]   |
[INFO] [stdout] 2 + use pqcrypto_ntru_wasi::ntruhps40961229::encapsulate;
[INFO] [stdout]   |
[INFO] [stdout] 2 + use pqcrypto_ntru_wasi::ntruhps4096821::encapsulate;
[INFO] [stdout]   |
[INFO] [stdout]     and 2 other candidates
[INFO] [stdout] 
[INFO] [stdout] error[E0425]: cannot find function `decapsulate` in this scope
[INFO] [stdout]  --> src/ntruhrss1373.rs:10:11
[INFO] [stdout]   |
[INFO] [stdout] 6 | let ss2 = decapsulate(&ct, &sk);
[INFO] [stdout]   |           ^^^^^^^^^^^ not found in this scope
[INFO] [stdout]   |
[INFO] [stdout] help: consider importing one of these items
[INFO] [stdout]   |
[INFO] [stdout] 2 + use pqcrypto_ntru_wasi::ntruhps2048509::decapsulate;
[INFO] [stdout]   |
[INFO] [stdout] 2 + use pqcrypto_ntru_wasi::ntruhps2048677::decapsulate;
[INFO] [stdout]   |
[INFO] [stdout] 2 + use pqcrypto_ntru_wasi::ntruhps40961229::decapsulate;
[INFO] [stdout]   |
[INFO] [stdout] 2 + use pqcrypto_ntru_wasi::ntruhps4096821::decapsulate;
[INFO] [stdout]   |
[INFO] [stdout]     and 2 other candidates
[INFO] [stdout] 
[INFO] [stdout] error: aborting due to 4 previous errors
[INFO] [stdout] 
[INFO] [stdout] Some errors have detailed explanations: E0425, E0433.
[INFO] [stdout] For more information about an error, try `rustc --explain E0425`.
[INFO] [stdout] Couldn't compile the test.
[INFO] [stdout] 
[INFO] [stdout] failures:
[INFO] [stdout]     src/ntruhps2048509.rs - ntruhps2048509 (line 6)
[INFO] [stdout]     src/ntruhps2048677.rs - ntruhps2048677 (line 6)
[INFO] [stdout]     src/ntruhps40961229.rs - ntruhps40961229 (line 6)
[INFO] [stdout]     src/ntruhps4096821.rs - ntruhps4096821 (line 6)
[INFO] [stdout]     src/ntruhrss1373.rs - ntruhrss1373 (line 6)
[INFO] [stdout]     src/ntruhrss701.rs - ntruhrss701 (line 6)
[INFO] [stdout] 
[INFO] [stdout] test result: FAILED. 0 passed; 6 failed; 0 ignored; 0 measured; 0 filtered out; finished in 0.22s
[INFO] [stdout] 
[INFO] running `Command { std: "docker" "inspect" "de4c1893e0dc55b44c96f4210bff6fb76944785c829f2251c655944700aa8bb2", kill_on_drop: false }`
[INFO] running `Command { std: "docker" "rm" "-f" "de4c1893e0dc55b44c96f4210bff6fb76944785c829f2251c655944700aa8bb2", kill_on_drop: false }`
[INFO] [stdout] de4c1893e0dc55b44c96f4210bff6fb76944785c829f2251c655944700aa8bb2
