[INFO] fetching crate pprint_derive 0.1.0...
[INFO] testing pprint_derive-0.1.0 against 1.75.0 for beta-1.76-1
[INFO] extracting crate pprint_derive 0.1.0 into /workspace/builds/worker-6-tc1/source
[INFO] validating manifest of crates.io crate pprint_derive 0.1.0 on toolchain 1.75.0
[INFO] running `Command { std: CARGO_HOME="/workspace/cargo-home" RUSTUP_HOME="/workspace/rustup-home" "/workspace/cargo-home/bin/cargo" "+1.75.0" "metadata" "--manifest-path" "Cargo.toml" "--no-deps", kill_on_drop: false }`
[INFO] started tweaking crates.io crate pprint_derive 0.1.0
[INFO] finished tweaking crates.io crate pprint_derive 0.1.0
[INFO] tweaked toml for crates.io crate pprint_derive 0.1.0 written to /workspace/builds/worker-6-tc1/source/Cargo.toml
[INFO] running `Command { std: CARGO_HOME="/workspace/cargo-home" RUSTUP_HOME="/workspace/rustup-home" "/workspace/cargo-home/bin/cargo" "+1.75.0" "generate-lockfile" "--manifest-path" "Cargo.toml", kill_on_drop: false }`
[INFO] [stderr]     Updating crates.io index
[INFO] running `Command { std: CARGO_HOME="/workspace/cargo-home" RUSTUP_HOME="/workspace/rustup-home" "/workspace/cargo-home/bin/cargo" "+1.75.0" "fetch" "--manifest-path" "Cargo.toml", kill_on_drop: false }`
[INFO] running `Command { std: "docker" "create" "-v" "/var/lib/crater-agent-workspace/builds/worker-6-tc1/target:/opt/rustwide/target:rw,Z" "-v" "/var/lib/crater-agent-workspace/builds/worker-6-tc1/source:/opt/rustwide/workdir:ro,Z" "-v" "/var/lib/crater-agent-workspace/cargo-home:/opt/rustwide/cargo-home:ro,Z" "-v" "/var/lib/crater-agent-workspace/rustup-home:/opt/rustwide/rustup-home:ro,Z" "-e" "SOURCE_DIR=/opt/rustwide/workdir" "-e" "CARGO_TARGET_DIR=/opt/rustwide/target" "-e" "CARGO_HOME=/opt/rustwide/cargo-home" "-e" "RUSTUP_HOME=/opt/rustwide/rustup-home" "-w" "/opt/rustwide/workdir" "-m" "1610612736" "--user" "0:0" "--network" "none" "ghcr.io/rust-lang/crates-build-env/linux@sha256:2788e3201cd34a07e3172128adcd8b3090168a8e3bcc40d7c032b9dda1df7d1c" "/opt/rustwide/cargo-home/bin/cargo" "+1.75.0" "metadata" "--no-deps" "--format-version=1", kill_on_drop: false }`
[INFO] [stdout] d8b34f8afac872387a87b9c318c9e4725ebaac91bff126fa75b7e709fa1cd0ad
[INFO] running `Command { std: "docker" "start" "-a" "d8b34f8afac872387a87b9c318c9e4725ebaac91bff126fa75b7e709fa1cd0ad", kill_on_drop: false }`
[INFO] running `Command { std: "docker" "inspect" "d8b34f8afac872387a87b9c318c9e4725ebaac91bff126fa75b7e709fa1cd0ad", kill_on_drop: false }`
[INFO] running `Command { std: "docker" "rm" "-f" "d8b34f8afac872387a87b9c318c9e4725ebaac91bff126fa75b7e709fa1cd0ad", kill_on_drop: false }`
[INFO] [stdout] d8b34f8afac872387a87b9c318c9e4725ebaac91bff126fa75b7e709fa1cd0ad
[INFO] running `Command { std: "docker" "create" "-v" "/var/lib/crater-agent-workspace/builds/worker-6-tc1/target:/opt/rustwide/target:rw,Z" "-v" "/var/lib/crater-agent-workspace/builds/worker-6-tc1/source:/opt/rustwide/workdir:ro,Z" "-v" "/var/lib/crater-agent-workspace/cargo-home:/opt/rustwide/cargo-home:ro,Z" "-v" "/var/lib/crater-agent-workspace/rustup-home:/opt/rustwide/rustup-home:ro,Z" "-e" "SOURCE_DIR=/opt/rustwide/workdir" "-e" "CARGO_TARGET_DIR=/opt/rustwide/target" "-e" "CARGO_INCREMENTAL=0" "-e" "RUST_BACKTRACE=full" "-e" "RUSTFLAGS=--cap-lints=warn" "-e" "RUSTDOCFLAGS=--cap-lints=warn" "-e" "CARGO_HOME=/opt/rustwide/cargo-home" "-e" "RUSTUP_HOME=/opt/rustwide/rustup-home" "-w" "/opt/rustwide/workdir" "-m" "1610612736" "--user" "0:0" "--network" "none" "ghcr.io/rust-lang/crates-build-env/linux@sha256:2788e3201cd34a07e3172128adcd8b3090168a8e3bcc40d7c032b9dda1df7d1c" "/opt/rustwide/cargo-home/bin/cargo" "+1.75.0" "build" "--frozen" "--message-format=json", kill_on_drop: false }`
[INFO] [stdout] b835da7231b62026b8d72a7ac7ddaa1d82c699e5dab06ee78d3aedb46f894319
[INFO] running `Command { std: "docker" "start" "-a" "b835da7231b62026b8d72a7ac7ddaa1d82c699e5dab06ee78d3aedb46f894319", kill_on_drop: false }`
[INFO] [stderr]    Compiling syn v1.0.109
[INFO] [stderr]    Compiling pprint_derive v0.1.0 (/opt/rustwide/workdir)
[INFO] [stderr]     Finished dev [unoptimized + debuginfo] target(s) in 1.92s
[INFO] running `Command { std: "docker" "inspect" "b835da7231b62026b8d72a7ac7ddaa1d82c699e5dab06ee78d3aedb46f894319", kill_on_drop: false }`
[INFO] running `Command { std: "docker" "rm" "-f" "b835da7231b62026b8d72a7ac7ddaa1d82c699e5dab06ee78d3aedb46f894319", kill_on_drop: false }`
[INFO] [stdout] b835da7231b62026b8d72a7ac7ddaa1d82c699e5dab06ee78d3aedb46f894319
[INFO] running `Command { std: "docker" "create" "-v" "/var/lib/crater-agent-workspace/builds/worker-6-tc1/target:/opt/rustwide/target:rw,Z" "-v" "/var/lib/crater-agent-workspace/builds/worker-6-tc1/source:/opt/rustwide/workdir:ro,Z" "-v" "/var/lib/crater-agent-workspace/cargo-home:/opt/rustwide/cargo-home:ro,Z" "-v" "/var/lib/crater-agent-workspace/rustup-home:/opt/rustwide/rustup-home:ro,Z" "-e" "SOURCE_DIR=/opt/rustwide/workdir" "-e" "CARGO_TARGET_DIR=/opt/rustwide/target" "-e" "CARGO_INCREMENTAL=0" "-e" "RUST_BACKTRACE=full" "-e" "RUSTFLAGS=--cap-lints=warn" "-e" "RUSTDOCFLAGS=--cap-lints=warn" "-e" "CARGO_HOME=/opt/rustwide/cargo-home" "-e" "RUSTUP_HOME=/opt/rustwide/rustup-home" "-w" "/opt/rustwide/workdir" "-m" "1610612736" "--user" "0:0" "--network" "none" "ghcr.io/rust-lang/crates-build-env/linux@sha256:2788e3201cd34a07e3172128adcd8b3090168a8e3bcc40d7c032b9dda1df7d1c" "/opt/rustwide/cargo-home/bin/cargo" "+1.75.0" "test" "--frozen" "--no-run" "--message-format=json", kill_on_drop: false }`
[INFO] [stdout] d0be63916e84b405c35c236062be8cb64dbf70312964a69e4ff012e8abeae483
[INFO] running `Command { std: "docker" "start" "-a" "d0be63916e84b405c35c236062be8cb64dbf70312964a69e4ff012e8abeae483", kill_on_drop: false }`
[INFO] [stderr]    Compiling pprint_derive v0.1.0 (/opt/rustwide/workdir)
[INFO] [stderr]     Finished test [unoptimized + debuginfo] target(s) in 0.44s
[INFO] running `Command { std: "docker" "inspect" "d0be63916e84b405c35c236062be8cb64dbf70312964a69e4ff012e8abeae483", kill_on_drop: false }`
[INFO] running `Command { std: "docker" "rm" "-f" "d0be63916e84b405c35c236062be8cb64dbf70312964a69e4ff012e8abeae483", kill_on_drop: false }`
[INFO] [stdout] d0be63916e84b405c35c236062be8cb64dbf70312964a69e4ff012e8abeae483
[INFO] running `Command { std: "docker" "create" "-v" "/var/lib/crater-agent-workspace/builds/worker-6-tc1/target:/opt/rustwide/target:rw,Z" "-v" "/var/lib/crater-agent-workspace/builds/worker-6-tc1/source:/opt/rustwide/workdir:ro,Z" "-v" "/var/lib/crater-agent-workspace/cargo-home:/opt/rustwide/cargo-home:ro,Z" "-v" "/var/lib/crater-agent-workspace/rustup-home:/opt/rustwide/rustup-home:ro,Z" "-e" "SOURCE_DIR=/opt/rustwide/workdir" "-e" "CARGO_TARGET_DIR=/opt/rustwide/target" "-e" "CARGO_INCREMENTAL=0" "-e" "RUST_BACKTRACE=full" "-e" "RUSTFLAGS=--cap-lints=warn" "-e" "RUSTDOCFLAGS=--cap-lints=warn" "-e" "CARGO_HOME=/opt/rustwide/cargo-home" "-e" "RUSTUP_HOME=/opt/rustwide/rustup-home" "-w" "/opt/rustwide/workdir" "-m" "1610612736" "--user" "0:0" "--network" "none" "ghcr.io/rust-lang/crates-build-env/linux@sha256:2788e3201cd34a07e3172128adcd8b3090168a8e3bcc40d7c032b9dda1df7d1c" "/opt/rustwide/cargo-home/bin/cargo" "+1.75.0" "test" "--frozen", kill_on_drop: false }`
[INFO] [stdout] 4e9c360d9474c54a89fe56ff9e3d8270c73a49df49dc776b765fc9d686f7ef0a
[INFO] running `Command { std: "docker" "start" "-a" "4e9c360d9474c54a89fe56ff9e3d8270c73a49df49dc776b765fc9d686f7ef0a", kill_on_drop: false }`
[INFO] [stderr]     Finished test [unoptimized + debuginfo] target(s) in 0.01s
[INFO] [stderr]      Running unittests lib.rs (/opt/rustwide/target/debug/deps/pprint_derive-a3ca3276c0df9d28)
[INFO] [stdout] 
[INFO] [stdout] running 0 tests
[INFO] [stdout] 
[INFO] [stdout] test result: ok. 0 passed; 0 failed; 0 ignored; 0 measured; 0 filtered out; finished in 0.00s
[INFO] [stdout] 
[INFO] [stderr]    Doc-tests pprint_derive
[INFO] [stdout] 
[INFO] [stdout] running 1 test
[INFO] [stdout] test lib.rs - pretty_derive (line 85) ... FAILED
[INFO] [stdout] 
[INFO] [stdout] failures:
[INFO] [stdout] 
[INFO] [stdout] ---- lib.rs - pretty_derive (line 85) stdout ----
[INFO] [stdout] error[E0432]: unresolved import `pretty`
[INFO] [stdout]  --> lib.rs:86:5
[INFO] [stdout]   |
[INFO] [stdout] 3 | use pretty::Doc;
[INFO] [stdout]   |     ^^^^^^ use of undeclared crate or module `pretty`
[INFO] [stdout] 
[INFO] [stdout] error[E0432]: unresolved import `pretty_derive`
[INFO] [stdout]  --> lib.rs:87:5
[INFO] [stdout]   |
[INFO] [stdout] 4 | use pretty_derive::Pretty;
[INFO] [stdout]   |     ^^^^^^^^^^^^^ use of undeclared crate or module `pretty_derive`
[INFO] [stdout]   |
[INFO] [stdout] help: there is a crate or module with a similar name
[INFO] [stdout]   |
[INFO] [stdout] 4 | use pprint_derive::Pretty;
[INFO] [stdout]   |     ~~~~~~~~~~~~~
[INFO] [stdout] 
[INFO] [stdout] error: cannot determine resolution for the derive macro `Pretty`
[INFO] [stdout]  --> lib.rs:88:10
[INFO] [stdout]   |
[INFO] [stdout] 5 | #[derive(Pretty)]
[INFO] [stdout]   |          ^^^^^^
[INFO] [stdout]   |
[INFO] [stdout]   = note: import resolution is stuck, try simplifying macro imports
[INFO] [stdout] 
[INFO] [stdout] error: aborting due to 3 previous errors
[INFO] [stdout] 
[INFO] [stdout] For more information about this error, try `rustc --explain E0432`.
[INFO] [stdout] Couldn't compile the test.
[INFO] [stdout] 
[INFO] [stdout] failures:
[INFO] [stdout]     lib.rs - pretty_derive (line 85)
[INFO] [stdout] 
[INFO] [stdout] test result: FAILED. 0 passed; 1 failed; 0 ignored; 0 measured; 0 filtered out; finished in 0.04s
[INFO] [stdout] 
[INFO] [stderr] error: doctest failed, to rerun pass `--doc`
[INFO] running `Command { std: "docker" "inspect" "4e9c360d9474c54a89fe56ff9e3d8270c73a49df49dc776b765fc9d686f7ef0a", kill_on_drop: false }`
[INFO] running `Command { std: "docker" "rm" "-f" "4e9c360d9474c54a89fe56ff9e3d8270c73a49df49dc776b765fc9d686f7ef0a", kill_on_drop: false }`
[INFO] [stdout] 4e9c360d9474c54a89fe56ff9e3d8270c73a49df49dc776b765fc9d686f7ef0a
[INFO] testing pprint_derive-0.1.0 against beta-2023-12-22 for beta-1.76-1
[INFO] extracting crate pprint_derive 0.1.0 into /workspace/builds/worker-6-tc2/source
[INFO] validating manifest of crates.io crate pprint_derive 0.1.0 on toolchain beta-2023-12-22
[INFO] running `Command { std: CARGO_HOME="/workspace/cargo-home" RUSTUP_HOME="/workspace/rustup-home" "/workspace/cargo-home/bin/cargo" "+beta-2023-12-22" "metadata" "--manifest-path" "Cargo.toml" "--no-deps", kill_on_drop: false }`
[INFO] started tweaking crates.io crate pprint_derive 0.1.0
[INFO] finished tweaking crates.io crate pprint_derive 0.1.0
[INFO] tweaked toml for crates.io crate pprint_derive 0.1.0 written to /workspace/builds/worker-6-tc2/source/Cargo.toml
[INFO] running `Command { std: CARGO_HOME="/workspace/cargo-home" RUSTUP_HOME="/workspace/rustup-home" "/workspace/cargo-home/bin/cargo" "+beta-2023-12-22" "generate-lockfile" "--manifest-path" "Cargo.toml", kill_on_drop: false }`
[INFO] [stderr]     Updating crates.io index
[INFO] running `Command { std: CARGO_HOME="/workspace/cargo-home" RUSTUP_HOME="/workspace/rustup-home" "/workspace/cargo-home/bin/cargo" "+beta-2023-12-22" "fetch" "--manifest-path" "Cargo.toml", kill_on_drop: false }`
[INFO] running `Command { std: "docker" "create" "-v" "/var/lib/crater-agent-workspace/builds/worker-6-tc2/target:/opt/rustwide/target:rw,Z" "-v" "/var/lib/crater-agent-workspace/builds/worker-6-tc2/source:/opt/rustwide/workdir:ro,Z" "-v" "/var/lib/crater-agent-workspace/cargo-home:/opt/rustwide/cargo-home:ro,Z" "-v" "/var/lib/crater-agent-workspace/rustup-home:/opt/rustwide/rustup-home:ro,Z" "-e" "SOURCE_DIR=/opt/rustwide/workdir" "-e" "CARGO_TARGET_DIR=/opt/rustwide/target" "-e" "CARGO_HOME=/opt/rustwide/cargo-home" "-e" "RUSTUP_HOME=/opt/rustwide/rustup-home" "-w" "/opt/rustwide/workdir" "-m" "1610612736" "--user" "0:0" "--network" "none" "ghcr.io/rust-lang/crates-build-env/linux@sha256:2788e3201cd34a07e3172128adcd8b3090168a8e3bcc40d7c032b9dda1df7d1c" "/opt/rustwide/cargo-home/bin/cargo" "+beta-2023-12-22" "metadata" "--no-deps" "--format-version=1", kill_on_drop: false }`
[INFO] [stdout] 8eb5e8c1fb959de6f0f0348fad7de5f2cab5346efbd5f67d220e4cca6970d83e
[INFO] running `Command { std: "docker" "start" "-a" "8eb5e8c1fb959de6f0f0348fad7de5f2cab5346efbd5f67d220e4cca6970d83e", kill_on_drop: false }`
[INFO] running `Command { std: "docker" "inspect" "8eb5e8c1fb959de6f0f0348fad7de5f2cab5346efbd5f67d220e4cca6970d83e", kill_on_drop: false }`
[INFO] running `Command { std: "docker" "rm" "-f" "8eb5e8c1fb959de6f0f0348fad7de5f2cab5346efbd5f67d220e4cca6970d83e", kill_on_drop: false }`
[INFO] [stdout] 8eb5e8c1fb959de6f0f0348fad7de5f2cab5346efbd5f67d220e4cca6970d83e
[INFO] running `Command { std: "docker" "create" "-v" "/var/lib/crater-agent-workspace/builds/worker-6-tc2/target:/opt/rustwide/target:rw,Z" "-v" "/var/lib/crater-agent-workspace/builds/worker-6-tc2/source:/opt/rustwide/workdir:ro,Z" "-v" "/var/lib/crater-agent-workspace/cargo-home:/opt/rustwide/cargo-home:ro,Z" "-v" "/var/lib/crater-agent-workspace/rustup-home:/opt/rustwide/rustup-home:ro,Z" "-e" "SOURCE_DIR=/opt/rustwide/workdir" "-e" "CARGO_TARGET_DIR=/opt/rustwide/target" "-e" "CARGO_INCREMENTAL=0" "-e" "RUST_BACKTRACE=full" "-e" "RUSTFLAGS=--cap-lints=warn" "-e" "RUSTDOCFLAGS=--cap-lints=warn" "-e" "CARGO_HOME=/opt/rustwide/cargo-home" "-e" "RUSTUP_HOME=/opt/rustwide/rustup-home" "-w" "/opt/rustwide/workdir" "-m" "1610612736" "--user" "0:0" "--network" "none" "ghcr.io/rust-lang/crates-build-env/linux@sha256:2788e3201cd34a07e3172128adcd8b3090168a8e3bcc40d7c032b9dda1df7d1c" "/opt/rustwide/cargo-home/bin/cargo" "+beta-2023-12-22" "build" "--frozen" "--message-format=json", kill_on_drop: false }`
[INFO] [stdout] fcb6fa1a29d9bf9832c01a7a82e9e489df68d8b36941e3dd9b5b47a6b654d965
[INFO] running `Command { std: "docker" "start" "-a" "fcb6fa1a29d9bf9832c01a7a82e9e489df68d8b36941e3dd9b5b47a6b654d965", kill_on_drop: false }`
[INFO] [stderr]    Compiling syn v1.0.109
[INFO] [stderr]    Compiling pprint_derive v0.1.0 (/opt/rustwide/workdir)
[INFO] [stderr]     Finished dev [unoptimized + debuginfo] target(s) in 2.03s
[INFO] running `Command { std: "docker" "inspect" "fcb6fa1a29d9bf9832c01a7a82e9e489df68d8b36941e3dd9b5b47a6b654d965", kill_on_drop: false }`
[INFO] running `Command { std: "docker" "rm" "-f" "fcb6fa1a29d9bf9832c01a7a82e9e489df68d8b36941e3dd9b5b47a6b654d965", kill_on_drop: false }`
[INFO] [stdout] fcb6fa1a29d9bf9832c01a7a82e9e489df68d8b36941e3dd9b5b47a6b654d965
[INFO] running `Command { std: "docker" "create" "-v" "/var/lib/crater-agent-workspace/builds/worker-6-tc2/target:/opt/rustwide/target:rw,Z" "-v" "/var/lib/crater-agent-workspace/builds/worker-6-tc2/source:/opt/rustwide/workdir:ro,Z" "-v" "/var/lib/crater-agent-workspace/cargo-home:/opt/rustwide/cargo-home:ro,Z" "-v" "/var/lib/crater-agent-workspace/rustup-home:/opt/rustwide/rustup-home:ro,Z" "-e" "SOURCE_DIR=/opt/rustwide/workdir" "-e" "CARGO_TARGET_DIR=/opt/rustwide/target" "-e" "CARGO_INCREMENTAL=0" "-e" "RUST_BACKTRACE=full" "-e" "RUSTFLAGS=--cap-lints=warn" "-e" "RUSTDOCFLAGS=--cap-lints=warn" "-e" "CARGO_HOME=/opt/rustwide/cargo-home" "-e" "RUSTUP_HOME=/opt/rustwide/rustup-home" "-w" "/opt/rustwide/workdir" "-m" "1610612736" "--user" "0:0" "--network" "none" "ghcr.io/rust-lang/crates-build-env/linux@sha256:2788e3201cd34a07e3172128adcd8b3090168a8e3bcc40d7c032b9dda1df7d1c" "/opt/rustwide/cargo-home/bin/cargo" "+beta-2023-12-22" "test" "--frozen" "--no-run" "--message-format=json", kill_on_drop: false }`
[INFO] [stdout] 28ea642348daea4696d09497e0bc01c39443df75c477329ee8d7b8b9d77be2ce
[INFO] running `Command { std: "docker" "start" "-a" "28ea642348daea4696d09497e0bc01c39443df75c477329ee8d7b8b9d77be2ce", kill_on_drop: false }`
[INFO] [stderr]    Compiling pprint_derive v0.1.0 (/opt/rustwide/workdir)
[INFO] [stderr]     Finished test [unoptimized + debuginfo] target(s) in 0.44s
[INFO] running `Command { std: "docker" "inspect" "28ea642348daea4696d09497e0bc01c39443df75c477329ee8d7b8b9d77be2ce", kill_on_drop: false }`
[INFO] running `Command { std: "docker" "rm" "-f" "28ea642348daea4696d09497e0bc01c39443df75c477329ee8d7b8b9d77be2ce", kill_on_drop: false }`
[INFO] [stdout] 28ea642348daea4696d09497e0bc01c39443df75c477329ee8d7b8b9d77be2ce
[INFO] running `Command { std: "docker" "create" "-v" "/var/lib/crater-agent-workspace/builds/worker-6-tc2/target:/opt/rustwide/target:rw,Z" "-v" "/var/lib/crater-agent-workspace/builds/worker-6-tc2/source:/opt/rustwide/workdir:ro,Z" "-v" "/var/lib/crater-agent-workspace/cargo-home:/opt/rustwide/cargo-home:ro,Z" "-v" "/var/lib/crater-agent-workspace/rustup-home:/opt/rustwide/rustup-home:ro,Z" "-e" "SOURCE_DIR=/opt/rustwide/workdir" "-e" "CARGO_TARGET_DIR=/opt/rustwide/target" "-e" "CARGO_INCREMENTAL=0" "-e" "RUST_BACKTRACE=full" "-e" "RUSTFLAGS=--cap-lints=warn" "-e" "RUSTDOCFLAGS=--cap-lints=warn" "-e" "CARGO_HOME=/opt/rustwide/cargo-home" "-e" "RUSTUP_HOME=/opt/rustwide/rustup-home" "-w" "/opt/rustwide/workdir" "-m" "1610612736" "--user" "0:0" "--network" "none" "ghcr.io/rust-lang/crates-build-env/linux@sha256:2788e3201cd34a07e3172128adcd8b3090168a8e3bcc40d7c032b9dda1df7d1c" "/opt/rustwide/cargo-home/bin/cargo" "+beta-2023-12-22" "test" "--frozen", kill_on_drop: false }`
[INFO] [stdout] 3663291f4ca61ec95a49a65c505f98a70e32dc65a710dea7a485d8eec7437f96
[INFO] running `Command { std: "docker" "start" "-a" "3663291f4ca61ec95a49a65c505f98a70e32dc65a710dea7a485d8eec7437f96", kill_on_drop: false }`
[INFO] [stderr]     Finished test [unoptimized + debuginfo] target(s) in 0.01s
[INFO] [stderr]      Running unittests lib.rs (/opt/rustwide/target/debug/deps/pprint_derive-5a5bc0341d7c498f)
[INFO] [stdout] 
[INFO] [stdout] running 0 tests
[INFO] [stdout] 
[INFO] [stdout] test result: ok. 0 passed; 0 failed; 0 ignored; 0 measured; 0 filtered out; finished in 0.00s
[INFO] [stdout] 
[INFO] [stderr]    Doc-tests pprint_derive
[INFO] [stdout] 
[INFO] [stdout] running 1 test
[INFO] [stdout] test lib.rs - pretty_derive (line 85) ... FAILED
[INFO] [stdout] 
[INFO] [stdout] failures:
[INFO] [stdout] 
[INFO] [stdout] ---- lib.rs - pretty_derive (line 85) stdout ----
[INFO] [stdout] error[E0432]: unresolved import `pretty`
[INFO] [stdout]  --> lib.rs:86:5
[INFO] [stdout]   |
[INFO] [stdout] 3 | use pretty::Doc;
[INFO] [stdout]   |     ^^^^^^ use of undeclared crate or module `pretty`
[INFO] [stdout] 
[INFO] [stdout] error[E0432]: unresolved import `pretty_derive`
[INFO] [stdout]  --> lib.rs:87:5
[INFO] [stdout]   |
[INFO] [stdout] 4 | use pretty_derive::Pretty;
[INFO] [stdout]   |     ^^^^^^^^^^^^^ use of undeclared crate or module `pretty_derive`
[INFO] [stdout]   |
[INFO] [stdout] help: there is a crate or module with a similar name
[INFO] [stdout]   |
[INFO] [stdout] 4 | use pprint_derive::Pretty;
[INFO] [stdout]   |     ~~~~~~~~~~~~~
[INFO] [stdout] 
[INFO] [stdout] error: cannot determine resolution for the derive macro `Pretty`
[INFO] [stdout]  --> lib.rs:88:10
[INFO] [stdout]   |
[INFO] [stdout] 5 | #[derive(Pretty)]
[INFO] [stdout]   |          ^^^^^^
[INFO] [stdout]   |
[INFO] [stdout]   = note: import resolution is stuck, try simplifying macro imports
[INFO] [stdout] 
[INFO] [stdout] error: aborting due to 3 previous errors
[INFO] [stdout] 
[INFO] [stdout] For more information about this error, try `rustc --explain E0432`.
[INFO] [stdout] Couldn't compile the test.
[INFO] [stdout] 
[INFO] [stdout] failures:
[INFO] [stdout]     lib.rs - pretty_derive (line 85)
[INFO] [stdout] 
[INFO] [stdout] test result: FAILED. 0 passed; 1 failed; 0 ignored; 0 measured; 0 filtered out; finished in 0.04s
[INFO] [stdout] 
[INFO] [stderr] error: doctest failed, to rerun pass `--doc`
[INFO] running `Command { std: "docker" "inspect" "3663291f4ca61ec95a49a65c505f98a70e32dc65a710dea7a485d8eec7437f96", kill_on_drop: false }`
[INFO] running `Command { std: "docker" "rm" "-f" "3663291f4ca61ec95a49a65c505f98a70e32dc65a710dea7a485d8eec7437f96", kill_on_drop: false }`
[INFO] [stdout] 3663291f4ca61ec95a49a65c505f98a70e32dc65a710dea7a485d8eec7437f96
