[INFO] fetching crate postcode 0.1.1...
[INFO] testing postcode-0.1.1 against 1.75.0 for beta-1.76-1
[INFO] extracting crate postcode 0.1.1 into /workspace/builds/worker-3-tc1/source
[INFO] validating manifest of crates.io crate postcode 0.1.1 on toolchain 1.75.0
[INFO] running `Command { std: CARGO_HOME="/workspace/cargo-home" RUSTUP_HOME="/workspace/rustup-home" "/workspace/cargo-home/bin/cargo" "+1.75.0" "metadata" "--manifest-path" "Cargo.toml" "--no-deps", kill_on_drop: false }`
[INFO] started tweaking crates.io crate postcode 0.1.1
[INFO] finished tweaking crates.io crate postcode 0.1.1
[INFO] tweaked toml for crates.io crate postcode 0.1.1 written to /workspace/builds/worker-3-tc1/source/Cargo.toml
[INFO] crate crates.io crate postcode 0.1.1 already has a lockfile, it will not be regenerated
[INFO] running `Command { std: CARGO_HOME="/workspace/cargo-home" RUSTUP_HOME="/workspace/rustup-home" "/workspace/cargo-home/bin/cargo" "+1.75.0" "fetch" "--manifest-path" "Cargo.toml", kill_on_drop: false }`
[INFO] [stderr]  Downloading crates ...
[INFO] [stderr]   Downloaded http-client v6.4.1
[INFO] [stderr]   Downloaded surf v2.2.0
[INFO] [stderr]   Downloaded sluice v0.5.4
[INFO] [stderr]   Downloaded serde_qs v0.7.2
[INFO] [stderr]   Downloaded http-types v2.11.1
[INFO] [stderr]   Downloaded libnghttp2-sys v0.1.6+1.43.0
[INFO] [stderr]   Downloaded curl v0.4.38
[INFO] [stderr]   Downloaded curl-sys v0.4.44+curl-7.77.0
[INFO] running `Command { std: "docker" "create" "-v" "/var/lib/crater-agent-workspace/builds/worker-3-tc1/target:/opt/rustwide/target:rw,Z" "-v" "/var/lib/crater-agent-workspace/builds/worker-3-tc1/source:/opt/rustwide/workdir:ro,Z" "-v" "/var/lib/crater-agent-workspace/cargo-home:/opt/rustwide/cargo-home:ro,Z" "-v" "/var/lib/crater-agent-workspace/rustup-home:/opt/rustwide/rustup-home:ro,Z" "-e" "SOURCE_DIR=/opt/rustwide/workdir" "-e" "CARGO_TARGET_DIR=/opt/rustwide/target" "-e" "CARGO_HOME=/opt/rustwide/cargo-home" "-e" "RUSTUP_HOME=/opt/rustwide/rustup-home" "-w" "/opt/rustwide/workdir" "-m" "1610612736" "--user" "0:0" "--network" "none" "ghcr.io/rust-lang/crates-build-env/linux@sha256:2788e3201cd34a07e3172128adcd8b3090168a8e3bcc40d7c032b9dda1df7d1c" "/opt/rustwide/cargo-home/bin/cargo" "+1.75.0" "metadata" "--no-deps" "--format-version=1", kill_on_drop: false }`
[INFO] [stdout] fbe99a42b1ffc43b7a15af2e9db00dd379dd0fa48a220e8b36d4d3d96bc9375c
[INFO] running `Command { std: "docker" "start" "-a" "fbe99a42b1ffc43b7a15af2e9db00dd379dd0fa48a220e8b36d4d3d96bc9375c", kill_on_drop: false }`
[INFO] running `Command { std: "docker" "inspect" "fbe99a42b1ffc43b7a15af2e9db00dd379dd0fa48a220e8b36d4d3d96bc9375c", kill_on_drop: false }`
[INFO] running `Command { std: "docker" "rm" "-f" "fbe99a42b1ffc43b7a15af2e9db00dd379dd0fa48a220e8b36d4d3d96bc9375c", kill_on_drop: false }`
[INFO] [stdout] fbe99a42b1ffc43b7a15af2e9db00dd379dd0fa48a220e8b36d4d3d96bc9375c
[INFO] running `Command { std: "docker" "create" "-v" "/var/lib/crater-agent-workspace/builds/worker-3-tc1/target:/opt/rustwide/target:rw,Z" "-v" "/var/lib/crater-agent-workspace/builds/worker-3-tc1/source:/opt/rustwide/workdir:ro,Z" "-v" "/var/lib/crater-agent-workspace/cargo-home:/opt/rustwide/cargo-home:ro,Z" "-v" "/var/lib/crater-agent-workspace/rustup-home:/opt/rustwide/rustup-home:ro,Z" "-e" "SOURCE_DIR=/opt/rustwide/workdir" "-e" "CARGO_TARGET_DIR=/opt/rustwide/target" "-e" "CARGO_INCREMENTAL=0" "-e" "RUST_BACKTRACE=full" "-e" "RUSTFLAGS=--cap-lints=warn" "-e" "RUSTDOCFLAGS=--cap-lints=warn" "-e" "CARGO_HOME=/opt/rustwide/cargo-home" "-e" "RUSTUP_HOME=/opt/rustwide/rustup-home" "-w" "/opt/rustwide/workdir" "-m" "1610612736" "--user" "0:0" "--network" "none" "ghcr.io/rust-lang/crates-build-env/linux@sha256:2788e3201cd34a07e3172128adcd8b3090168a8e3bcc40d7c032b9dda1df7d1c" "/opt/rustwide/cargo-home/bin/cargo" "+1.75.0" "build" "--frozen" "--message-format=json", kill_on_drop: false }`
[INFO] [stdout] 35e08ad5175b7e34e17aa7f397abc3527b2cfd3a2a29954f9afc2701af736ef3
[INFO] running `Command { std: "docker" "start" "-a" "35e08ad5175b7e34e17aa7f397abc3527b2cfd3a2a29954f9afc2701af736ef3", kill_on_drop: false }`
[INFO] [stderr]    Compiling version_check v0.9.3
[INFO] [stderr]    Compiling proc-macro2 v1.0.27
[INFO] [stderr]    Compiling unicode-xid v0.2.2
[INFO] [stderr]    Compiling syn v1.0.73
[INFO] [stderr]    Compiling libc v0.2.97
[INFO] [stderr]    Compiling typenum v1.13.0
[INFO] [stderr]    Compiling cc v1.0.68
[INFO] [stderr]    Compiling futures-core v0.3.15
[INFO] [stderr]    Compiling autocfg v1.0.1
[INFO] [stderr]    Compiling pkg-config v0.3.19
[INFO] [stderr]    Compiling log v0.4.14
[INFO] [stderr]    Compiling memchr v2.4.0
[INFO] [stderr]    Compiling pin-project-lite v0.2.6
[INFO] [stderr]    Compiling futures-io v0.3.15
[INFO] [stderr]    Compiling proc-macro-hack v0.5.19
[INFO] [stderr]    Compiling serde_derive v1.0.126
[INFO] [stderr]    Compiling subtle v2.4.0
[INFO] [stderr]    Compiling fastrand v1.4.1
[INFO] [stderr]    Compiling parking v2.0.0
[INFO] [stderr]    Compiling cache-padded v1.1.1
[INFO] [stderr]    Compiling waker-fn v1.1.0
[INFO] [stderr]    Compiling opaque-debug v0.3.0
[INFO] [stderr]    Compiling serde v1.0.126
[INFO] [stderr]    Compiling generic-array v0.14.4
[INFO] [stderr]    Compiling value-bag v1.0.0-alpha.7
[INFO] [stderr]    Compiling standback v0.2.17
[INFO] [stderr]    Compiling concurrent-queue v1.2.2
[INFO] [stderr]    Compiling percent-encoding v2.1.0
[INFO] [stderr]    Compiling event-listener v2.5.1
[INFO] [stderr]    Compiling matches v0.1.8
[INFO] [stderr]    Compiling once_cell v1.8.0
[INFO] [stderr]    Compiling slab v0.4.3
[INFO] [stderr]    Compiling tinyvec_macros v0.1.0
[INFO] [stderr]    Compiling ppv-lite86 v0.2.10
[INFO] [stderr]    Compiling getrandom v0.1.16
[INFO] [stderr]    Compiling tinyvec v1.2.0
[INFO] [stderr]    Compiling crossbeam-utils v0.8.5
[INFO] [stderr]    Compiling ryu v1.0.5
[INFO] [stderr]    Compiling const_fn v0.4.8
[INFO] [stderr]    Compiling cpuid-bool v0.2.0
[INFO] [stderr]    Compiling itoa v0.4.7
[INFO] [stderr]    Compiling futures-lite v1.12.0
[INFO] [stderr]    Compiling async-task v4.0.3
[INFO] [stderr]    Compiling async-channel v1.6.1
[INFO] [stderr]    Compiling form_urlencoded v1.0.1
[INFO] [stderr]    Compiling quote v1.0.9
[INFO] [stderr]    Compiling socket2 v0.4.0
[INFO] [stderr]    Compiling getrandom v0.2.3
[INFO] [stderr]    Compiling num_cpus v1.13.0
[INFO] [stderr]    Compiling unicode-bidi v0.3.5
[INFO] [stderr]    Compiling unicase v2.6.0
[INFO] [stderr]    Compiling time v0.2.27
[INFO] [stderr]    Compiling futures-channel v0.3.15
[INFO] [stderr]    Compiling rand_core v0.6.3
[INFO] [stderr]    Compiling atomic-waker v1.0.0
[INFO] [stderr]    Compiling lock_api v0.4.4
[INFO] [stderr]    Compiling rand_core v0.5.1
[INFO] [stderr]    Compiling libnghttp2-sys v0.1.6+1.43.0
[INFO] [stderr]    Compiling openssl-sys v0.9.65
[INFO] [stderr]    Compiling libz-sys v1.1.3
[INFO] [stderr]    Compiling curl-sys v0.4.44+curl-7.77.0
[INFO] [stderr]    Compiling rand_chacha v0.3.1
[INFO] [stderr]    Compiling unicode-normalization v0.1.19
[INFO] [stderr]    Compiling blocking v1.0.2
[INFO] [stderr]    Compiling async-executor v1.4.1
[INFO] [stderr]    Compiling async-mutex v1.4.0
[INFO] [stderr]    Compiling tracing-core v0.1.18
[INFO] [stderr]    Compiling cookie v0.14.4
[INFO] [stderr]    Compiling curl v0.4.38
[INFO] [stderr]    Compiling cipher v0.2.5
[INFO] [stderr]    Compiling universal-hash v0.4.0
[INFO] [stderr]    Compiling digest v0.9.0
[INFO] [stderr]    Compiling crypto-mac v0.10.0
[INFO] [stderr]    Compiling polyval v0.4.5
[INFO] [stderr]    Compiling aead v0.3.2
[INFO] [stderr]    Compiling hmac v0.10.1
[INFO] [stderr]    Compiling block-buffer v0.9.0
[INFO] [stderr]    Compiling aes-soft v0.6.4
[INFO] [stderr]    Compiling ctr v0.6.0
[INFO] [stderr]    Compiling serde_json v1.0.64
[INFO] [stderr]    Compiling cpufeatures v0.1.5
[INFO] [stderr]    Compiling anyhow v1.0.41
[INFO] [stderr]    Compiling ghash v0.3.1
[INFO] [stderr]    Compiling hkdf v0.10.0
[INFO] [stderr]    Compiling sha2 v0.9.5
[INFO] [stderr]    Compiling rand v0.8.4
[INFO] [stderr]    Compiling spinning_top v0.2.4
[INFO] [stderr]    Compiling rand_chacha v0.2.2
[INFO] [stderr]    Compiling async-lock v2.4.0
[INFO] [stderr]    Compiling futures-macro v0.3.15
[INFO] [stderr]    Compiling aes v0.6.0
[INFO] [stderr]    Compiling aes-gcm v0.8.0
[INFO] [stderr]    Compiling idna v0.2.3
[INFO] [stderr]    Compiling proc-macro-nested v0.1.7
[INFO] [stderr]    Compiling openssl-probe v0.1.4
[INFO] [stderr]    Compiling isahc v0.9.14
[INFO] [stderr]    Compiling http-types v2.11.1
[INFO] [stderr]    Compiling async-trait v0.1.50
[INFO] [stderr]    Compiling futures-task v0.3.15
[INFO] [stderr]    Compiling base64 v0.13.0
[INFO] [stderr]    Compiling bytes v1.0.1
[INFO] [stderr]    Compiling futures-sink v0.3.15
[INFO] [stderr]    Compiling data-encoding v2.3.2
[INFO] [stderr]    Compiling flume v0.9.2
[INFO] [stderr]    Compiling mime_guess v2.0.3
[INFO] [stderr]    Compiling sluice v0.5.4
[INFO] [stderr]    Compiling rand v0.7.3
[INFO] [stderr]    Compiling futures-util v0.3.15
[INFO] [stderr]    Compiling infer v0.2.3
[INFO] [stderr]    Compiling bytes v0.5.6
[INFO] [stderr]    Compiling encoding_rs v0.8.28
[INFO] [stderr]    Compiling dashmap v4.0.2
[INFO] [stderr]    Compiling mime v0.3.16
[INFO] [stderr]    Compiling http v0.2.4
[INFO] [stderr]    Compiling ctor v0.1.20
[INFO] [stderr]    Compiling time-macros-impl v0.1.2
[INFO] [stderr]    Compiling tracing-attributes v0.1.15
[INFO] [stderr]    Compiling pin-project-internal v1.0.7
[INFO] [stderr]    Compiling thiserror-impl v1.0.25
[INFO] [stderr]    Compiling async-attributes v1.1.2
[INFO] [stderr]    Compiling time-macros v0.1.1
[INFO] [stderr]    Compiling thiserror v1.0.25
[INFO] [stderr]    Compiling polling v2.1.0
[INFO] [stderr]    Compiling kv-log-macro v1.0.7
[INFO] [stderr]    Compiling pin-project v1.0.7
[INFO] [stderr]    Compiling tracing v0.1.26
[INFO] [stderr]    Compiling async-io v1.4.1
[INFO] [stderr]    Compiling tracing-futures v0.2.5
[INFO] [stderr]    Compiling async-global-executor v2.0.2
[INFO] [stderr]    Compiling async-std v1.9.0
[INFO] [stderr]    Compiling url v2.2.2
[INFO] [stderr]    Compiling serde_qs v0.7.2
[INFO] [stderr]    Compiling serde_urlencoded v0.7.0
[INFO] [stderr]    Compiling http-client v6.4.1
[INFO] [stderr]    Compiling surf v2.2.0
[INFO] [stderr]    Compiling postcode v0.1.1 (/opt/rustwide/workdir)
[INFO] [stderr]     Finished dev [unoptimized + debuginfo] target(s) in 12.90s
[INFO] [stderr] warning: the following packages contain code that will be rejected by a future version of Rust: http-types v2.11.1
[INFO] [stderr] note: to see what the problems were, use the option `--future-incompat-report`, or run `cargo report future-incompatibilities --id 1`
[INFO] running `Command { std: "docker" "inspect" "35e08ad5175b7e34e17aa7f397abc3527b2cfd3a2a29954f9afc2701af736ef3", kill_on_drop: false }`
[INFO] running `Command { std: "docker" "rm" "-f" "35e08ad5175b7e34e17aa7f397abc3527b2cfd3a2a29954f9afc2701af736ef3", kill_on_drop: false }`
[INFO] [stdout] 35e08ad5175b7e34e17aa7f397abc3527b2cfd3a2a29954f9afc2701af736ef3
[INFO] running `Command { std: "docker" "create" "-v" "/var/lib/crater-agent-workspace/builds/worker-3-tc1/target:/opt/rustwide/target:rw,Z" "-v" "/var/lib/crater-agent-workspace/builds/worker-3-tc1/source:/opt/rustwide/workdir:ro,Z" "-v" "/var/lib/crater-agent-workspace/cargo-home:/opt/rustwide/cargo-home:ro,Z" "-v" "/var/lib/crater-agent-workspace/rustup-home:/opt/rustwide/rustup-home:ro,Z" "-e" "SOURCE_DIR=/opt/rustwide/workdir" "-e" "CARGO_TARGET_DIR=/opt/rustwide/target" "-e" "CARGO_INCREMENTAL=0" "-e" "RUST_BACKTRACE=full" "-e" "RUSTFLAGS=--cap-lints=warn" "-e" "RUSTDOCFLAGS=--cap-lints=warn" "-e" "CARGO_HOME=/opt/rustwide/cargo-home" "-e" "RUSTUP_HOME=/opt/rustwide/rustup-home" "-w" "/opt/rustwide/workdir" "-m" "1610612736" "--user" "0:0" "--network" "none" "ghcr.io/rust-lang/crates-build-env/linux@sha256:2788e3201cd34a07e3172128adcd8b3090168a8e3bcc40d7c032b9dda1df7d1c" "/opt/rustwide/cargo-home/bin/cargo" "+1.75.0" "test" "--frozen" "--no-run" "--message-format=json", kill_on_drop: false }`
[INFO] [stdout] 44abab6bd58bd3b308bac2bc37364809c070e4b96f93ba615e345d276f314a0d
[INFO] running `Command { std: "docker" "start" "-a" "44abab6bd58bd3b308bac2bc37364809c070e4b96f93ba615e345d276f314a0d", kill_on_drop: false }`
[INFO] [stderr]    Compiling postcode v0.1.1 (/opt/rustwide/workdir)
[INFO] [stderr]     Finished test [unoptimized + debuginfo] target(s) in 2.46s
[INFO] [stderr] warning: the following packages contain code that will be rejected by a future version of Rust: http-types v2.11.1
[INFO] [stderr] note: to see what the problems were, use the option `--future-incompat-report`, or run `cargo report future-incompatibilities --id 1`
[INFO] running `Command { std: "docker" "inspect" "44abab6bd58bd3b308bac2bc37364809c070e4b96f93ba615e345d276f314a0d", kill_on_drop: false }`
[INFO] running `Command { std: "docker" "rm" "-f" "44abab6bd58bd3b308bac2bc37364809c070e4b96f93ba615e345d276f314a0d", kill_on_drop: false }`
[INFO] [stdout] 44abab6bd58bd3b308bac2bc37364809c070e4b96f93ba615e345d276f314a0d
[INFO] running `Command { std: "docker" "create" "-v" "/var/lib/crater-agent-workspace/builds/worker-3-tc1/target:/opt/rustwide/target:rw,Z" "-v" "/var/lib/crater-agent-workspace/builds/worker-3-tc1/source:/opt/rustwide/workdir:ro,Z" "-v" "/var/lib/crater-agent-workspace/cargo-home:/opt/rustwide/cargo-home:ro,Z" "-v" "/var/lib/crater-agent-workspace/rustup-home:/opt/rustwide/rustup-home:ro,Z" "-e" "SOURCE_DIR=/opt/rustwide/workdir" "-e" "CARGO_TARGET_DIR=/opt/rustwide/target" "-e" "CARGO_INCREMENTAL=0" "-e" "RUST_BACKTRACE=full" "-e" "RUSTFLAGS=--cap-lints=warn" "-e" "RUSTDOCFLAGS=--cap-lints=warn" "-e" "CARGO_HOME=/opt/rustwide/cargo-home" "-e" "RUSTUP_HOME=/opt/rustwide/rustup-home" "-w" "/opt/rustwide/workdir" "-m" "1610612736" "--user" "0:0" "--network" "none" "ghcr.io/rust-lang/crates-build-env/linux@sha256:2788e3201cd34a07e3172128adcd8b3090168a8e3bcc40d7c032b9dda1df7d1c" "/opt/rustwide/cargo-home/bin/cargo" "+1.75.0" "test" "--frozen", kill_on_drop: false }`
[INFO] [stdout] c2ec4baf8e62cbce7584c6808431e4497cb2543da152eafec27339309a4dfcb2
[INFO] running `Command { std: "docker" "start" "-a" "c2ec4baf8e62cbce7584c6808431e4497cb2543da152eafec27339309a4dfcb2", kill_on_drop: false }`
[INFO] [stderr]     Finished test [unoptimized + debuginfo] target(s) in 0.13s
[INFO] [stderr] warning: the following packages contain code that will be rejected by a future version of Rust: http-types v2.11.1
[INFO] [stderr] note: to see what the problems were, use the option `--future-incompat-report`, or run `cargo report future-incompatibilities --id 1`
[INFO] [stderr]      Running unittests src/lib.rs (/opt/rustwide/target/debug/deps/postcode-050bcb381ae4a2b4)
[INFO] [stdout] 
[INFO] [stdout] running 0 tests
[INFO] [stdout] 
[INFO] [stdout] test result: ok. 0 passed; 0 failed; 0 ignored; 0 measured; 0 filtered out; finished in 0.00s
[INFO] [stdout] 
[INFO] [stderr]    Doc-tests postcode
[INFO] [stdout] 
[INFO] [stdout] running 3 tests
[INFO] [stdout] test src/lib.rs - (line 25) ... FAILED
[INFO] [stdout] test src/lib.rs - (line 8) ... FAILED
[INFO] [stdout] test src/lib.rs - (line 13) ... FAILED
[INFO] [stdout] 
[INFO] [stdout] failures:
[INFO] [stdout] 
[INFO] [stdout] ---- src/lib.rs - (line 25) stdout ----
[INFO] [stdout] error: expected one of `.`, `;`, `?`, `}`, or an operator, found `->`
[INFO] [stdout]  --> src/lib.rs:26:27
[INFO] [stdout]   |
[INFO] [stdout] 3 | SW1W0NY (London, England) -> (51.495373, -0.147421)
[INFO] [stdout]   |                           ^^ expected one of `.`, `;`, `?`, `}`, or an operator
[INFO] [stdout] 
[INFO] [stdout] error: aborting due to previous error
[INFO] [stdout] 
[INFO] [stdout] Couldn't compile the test.
[INFO] [stdout] ---- src/lib.rs - (line 8) stdout ----
[INFO] [stdout] error[E0423]: expected value, found crate `postcode`
[INFO] [stdout]  --> src/lib.rs:10:1
[INFO] [stdout]   |
[INFO] [stdout] 5 | postcode = "0.1.1"
[INFO] [stdout]   | ^^^^^^^^
[INFO] [stdout]   |
[INFO] [stdout] help: you might have meant to introduce a new binding
[INFO] [stdout]   |
[INFO] [stdout] 5 | let postcode = "0.1.1"
[INFO] [stdout]   | +++
[INFO] [stdout] 
[INFO] [stdout] error: aborting due to previous error
[INFO] [stdout] 
[INFO] [stdout] For more information about this error, try `rustc --explain E0423`.
[INFO] [stdout] Couldn't compile the test.
[INFO] [stdout] ---- src/lib.rs - (line 13) stdout ----
[INFO] [stdout] Test executable failed (exit status: 101).
[INFO] [stdout] 
[INFO] [stdout] stderr:
[INFO] [stdout] thread 'main' panicked at src/lib.rs:10:48:
[INFO] [stdout] called `Result::unwrap()` on an `Err` value: Http("CouldntResolveHost: couldn't resolve host name")
[INFO] [stdout] stack backtrace:
[INFO] [stdout]    0:     0x5630096a335c - std::backtrace_rs::backtrace::libunwind::trace::ha637c64ce894333a
[INFO] [stdout]                                at /rustc/82e1608dfa6e0b5569232559e3d385fea5a93112/library/std/src/../../backtrace/src/backtrace/libunwind.rs:104:5
[INFO] [stdout]    1:     0x5630096a335c - std::backtrace_rs::backtrace::trace_unsynchronized::h47f62dea28e0c88d
[INFO] [stdout]                                at /rustc/82e1608dfa6e0b5569232559e3d385fea5a93112/library/std/src/../../backtrace/src/backtrace/mod.rs:66:5
[INFO] [stdout]    2:     0x5630096a335c - std::sys_common::backtrace::_print_fmt::h9eef0abe20ede486
[INFO] [stdout]                                at /rustc/82e1608dfa6e0b5569232559e3d385fea5a93112/library/std/src/sys_common/backtrace.rs:67:5
[INFO] [stdout]    3:     0x5630096a335c - <std::sys_common::backtrace::_print::DisplayBacktrace as core::fmt::Display>::fmt::hed7f999df88cc644
[INFO] [stdout]                                at /rustc/82e1608dfa6e0b5569232559e3d385fea5a93112/library/std/src/sys_common/backtrace.rs:44:22
[INFO] [stdout]    4:     0x5630096cb6e0 - core::fmt::rt::Argument::fmt::h1539a9308b8d058d
[INFO] [stdout]                                at /rustc/82e1608dfa6e0b5569232559e3d385fea5a93112/library/core/src/fmt/rt.rs:142:9
[INFO] [stdout]    5:     0x5630096cb6e0 - core::fmt::write::h3a39390d8560d9c9
[INFO] [stdout]                                at /rustc/82e1608dfa6e0b5569232559e3d385fea5a93112/library/core/src/fmt/mod.rs:1120:17
[INFO] [stdout]    6:     0x5630096a0f8f - std::io::Write::write_fmt::h5fc9997dfe05f882
[INFO] [stdout]                                at /rustc/82e1608dfa6e0b5569232559e3d385fea5a93112/library/std/src/io/mod.rs:1762:15
[INFO] [stdout]    7:     0x5630096a3144 - std::sys_common::backtrace::_print::h894006fb5c6f3d45
[INFO] [stdout]                                at /rustc/82e1608dfa6e0b5569232559e3d385fea5a93112/library/std/src/sys_common/backtrace.rs:47:5
[INFO] [stdout]    8:     0x5630096a3144 - std::sys_common::backtrace::print::h23a2d212c6fff936
[INFO] [stdout]                                at /rustc/82e1608dfa6e0b5569232559e3d385fea5a93112/library/std/src/sys_common/backtrace.rs:34:9
[INFO] [stdout]    9:     0x5630096a4747 - std::panicking::default_hook::{{closure}}::h8a1d2ee00185001a
[INFO] [stdout]   10:     0x5630096a44af - std::panicking::default_hook::h6038f2eba384e475
[INFO] [stdout]                                at /rustc/82e1608dfa6e0b5569232559e3d385fea5a93112/library/std/src/panicking.rs:292:9
[INFO] [stdout]   11:     0x5630096a4bc8 - std::panicking::rust_panic_with_hook::h2b5517d590cab22e
[INFO] [stdout]                                at /rustc/82e1608dfa6e0b5569232559e3d385fea5a93112/library/std/src/panicking.rs:779:13
[INFO] [stdout]   12:     0x5630096a4aae - std::panicking::begin_panic_handler::{{closure}}::h233112c06e0ef43e
[INFO] [stdout]                                at /rustc/82e1608dfa6e0b5569232559e3d385fea5a93112/library/std/src/panicking.rs:657:13
[INFO] [stdout]   13:     0x5630096a3826 - std::sys_common::backtrace::__rust_end_short_backtrace::h6e893f24d7ebbff8
[INFO] [stdout]                                at /rustc/82e1608dfa6e0b5569232559e3d385fea5a93112/library/std/src/sys_common/backtrace.rs:170:18
[INFO] [stdout]   14:     0x5630096a4812 - rust_begin_unwind
[INFO] [stdout]                                at /rustc/82e1608dfa6e0b5569232559e3d385fea5a93112/library/std/src/panicking.rs:645:5
[INFO] [stdout]   15:     0x563009363745 - core::panicking::panic_fmt::hbf0e066aabfa482c
[INFO] [stdout]                                at /rustc/82e1608dfa6e0b5569232559e3d385fea5a93112/library/core/src/panicking.rs:72:14
[INFO] [stdout]   16:     0x563009363cd3 - core::result::unwrap_failed::hddb4fea594200c52
[INFO] [stdout]                                at /rustc/82e1608dfa6e0b5569232559e3d385fea5a93112/library/core/src/result.rs:1653:5
[INFO] [stdout]   17:     0x563009369c69 - core::result::Result<T,E>::unwrap::h0b2455414e0769fd
[INFO] [stdout]   18:     0x56300936f032 - rust_out::main::main::{{closure}}::h062401be2a83dd9f
[INFO] [stdout]   19:     0x56300936f461 - rust_out::main::{{closure}}::hd0e9fb49b6a8fe2b
[INFO] [stdout]   20:     0x563009364d58 - <async_std::task::builder::SupportTaskLocals<F> as core::future::future::Future>::poll::{{closure}}::hdd900db7a0e625d7
[INFO] [stdout]   21:     0x56300936e3b3 - async_std::task::task_locals_wrapper::TaskLocalsWrapper::set_current::{{closure}}::hffda2d05b57b10fe
[INFO] [stdout]   22:     0x56300936787e - std::thread::local::LocalKey<T>::try_with::hb820e896d09fd40c
[INFO] [stdout]   23:     0x563009366cd6 - std::thread::local::LocalKey<T>::with::hbcbc06d156092083
[INFO] [stdout]   24:     0x56300936e15e - async_std::task::task_locals_wrapper::TaskLocalsWrapper::set_current::h03ee1063a9e8256f
[INFO] [stdout]   25:     0x563009364d1e - <async_std::task::builder::SupportTaskLocals<F> as core::future::future::Future>::poll::h56edaa9cae11b920
[INFO] [stdout]   26:     0x56300936c1ae - <futures_lite::future::Or<F1,F2> as core::future::future::Future>::poll::h2692ffe9478326fe
[INFO] [stdout]   27:     0x56300936646a - async_executor::Executor::run::{{closure}}::h9473a388fe018cf8
[INFO] [stdout]   28:     0x5630093660c1 - async_executor::LocalExecutor::run::{{closure}}::ha931985606ea3601
[INFO] [stdout]   29:     0x56300936c686 - async_io::driver::block_on::hb7b779cc2382fc33
[INFO] [stdout]   30:     0x563009366a8d - async_global_executor::reactor::block_on::{{closure}}::h43541dccae661b24
[INFO] [stdout]   31:     0x563009366a3d - async_global_executor::reactor::block_on::h47219258a5886740
[INFO] [stdout]   32:     0x563009366b61 - async_global_executor::executor::block_on::{{closure}}::hc7687ab8d14ff956
[INFO] [stdout]   33:     0x563009367257 - std::thread::local::LocalKey<T>::try_with::h74f6a1939f0e6994
[INFO] [stdout]   34:     0x563009366d36 - std::thread::local::LocalKey<T>::with::hdbd1bbf980061671
[INFO] [stdout]   35:     0x563009366af6 - async_global_executor::executor::block_on::h6e361d97ec2e2568
[INFO] [stdout]   36:     0x56300936ec3f - async_std::task::builder::Builder::blocking::{{closure}}::{{closure}}::hea9f1c9eb8871a95
[INFO] [stdout]   37:     0x56300936e28f - async_std::task::task_locals_wrapper::TaskLocalsWrapper::set_current::{{closure}}::h04dea3483a8676b2
[INFO] [stdout]   38:     0x563009366fc5 - std::thread::local::LocalKey<T>::try_with::h45639cefb1003177
[INFO] [stdout]   39:     0x563009366d06 - std::thread::local::LocalKey<T>::with::hc1b54a1a936452a5
[INFO] [stdout]   40:     0x56300936e1a7 - async_std::task::task_locals_wrapper::TaskLocalsWrapper::set_current::h9507301319f161c6
[INFO] [stdout]   41:     0x56300936eb8c - async_std::task::builder::Builder::blocking::{{closure}}::h688db622e9633bb2
[INFO] [stdout]   42:     0x563009367617 - std::thread::local::LocalKey<T>::try_with::h9137ce580ba23163
[INFO] [stdout]   43:     0x563009366d66 - std::thread::local::LocalKey<T>::with::he1c67ad8119261f8
[INFO] [stdout]   44:     0x56300936e857 - async_std::task::builder::Builder::blocking::h0c3768c8f14e5a39
[INFO] [stdout]   45:     0x56300936ed5e - async_std::task::block_on::block_on::h2ce6518209688169
[INFO] [stdout]   46:     0x56300936eda9 - rust_out::main::hc20c0d07e2402830
[INFO] [stdout]   47:     0x5630093680e3 - core::ops::function::FnOnce::call_once::hbc459743598298c4
[INFO] [stdout]   48:     0x563009366b76 - std::sys_common::backtrace::__rust_begin_short_backtrace::h62debe7d3058b76a
[INFO] [stdout]   49:     0x563009366bc9 - std::rt::lang_start::{{closure}}::h8f486f3e1e6418b2
[INFO] [stdout]   50:     0x56300969d9b7 - core::ops::function::impls::<impl core::ops::function::FnOnce<A> for &F>::call_once::hd95060ecd5e1ca24
[INFO] [stdout]                                at /rustc/82e1608dfa6e0b5569232559e3d385fea5a93112/library/core/src/ops/function.rs:284:13
[INFO] [stdout]   51:     0x56300969d9b7 - std::panicking::try::do_call::h6e8cf51db32a6e4b
[INFO] [stdout]                                at /rustc/82e1608dfa6e0b5569232559e3d385fea5a93112/library/std/src/panicking.rs:552:40
[INFO] [stdout]   52:     0x56300969d9b7 - std::panicking::try::h3a52eefe24fe3c29
[INFO] [stdout]                                at /rustc/82e1608dfa6e0b5569232559e3d385fea5a93112/library/std/src/panicking.rs:516:19
[INFO] [stdout]   53:     0x56300969d9b7 - std::panic::catch_unwind::h24c28c23c02c3841
[INFO] [stdout]                                at /rustc/82e1608dfa6e0b5569232559e3d385fea5a93112/library/std/src/panic.rs:142:14
[INFO] [stdout]   54:     0x56300969d9b7 - std::rt::lang_start_internal::{{closure}}::h705d3c9cbc06ef47
[INFO] [stdout]                                at /rustc/82e1608dfa6e0b5569232559e3d385fea5a93112/library/std/src/rt.rs:148:48
[INFO] [stdout]   55:     0x56300969d9b7 - std::panicking::try::do_call::ha21f52ba13158470
[INFO] [stdout]                                at /rustc/82e1608dfa6e0b5569232559e3d385fea5a93112/library/std/src/panicking.rs:552:40
[INFO] [stdout]   56:     0x56300969d9b7 - std::panicking::try::h5581346bf6aeb1f8
[INFO] [stdout]                                at /rustc/82e1608dfa6e0b5569232559e3d385fea5a93112/library/std/src/panicking.rs:516:19
[INFO] [stdout]   57:     0x56300969d9b7 - std::panic::catch_unwind::h7919645a6b72e25b
[INFO] [stdout]                                at /rustc/82e1608dfa6e0b5569232559e3d385fea5a93112/library/std/src/panic.rs:142:14
[INFO] [stdout]   58:     0x56300969d9b7 - std::rt::lang_start_internal::h12de51168669836e
[INFO] [stdout]                                at /rustc/82e1608dfa6e0b5569232559e3d385fea5a93112/library/std/src/rt.rs:148:20
[INFO] [stdout]   59:     0x563009366ba7 - std::rt::lang_start::h2c48f91a7bf85629
[INFO] [stdout]   60:     0x56300936f505 - main
[INFO] [stdout]   61:     0x7fb9550abd90 - <unknown>
[INFO] [stdout]   62:     0x7fb9550abe40 - __libc_start_main
[INFO] [stdout]   63:     0x563009364c15 - _start
[INFO] [stdout]   64:                0x0 - <unknown>
[INFO] [stdout] 
[INFO] [stdout] 
[INFO] [stdout] 
[INFO] [stdout] failures:
[INFO] [stdout]     src/lib.rs - (line 13)
[INFO] [stdout]     src/lib.rs - (line 25)
[INFO] [stdout]     src/lib.rs - (line 8)
[INFO] [stdout] 
[INFO] [stdout] test result: FAILED. 0 passed; 3 failed; 0 ignored; 0 measured; 0 filtered out; finished in 1.42s
[INFO] [stdout] 
[INFO] [stderr] error: doctest failed, to rerun pass `--doc`
[INFO] running `Command { std: "docker" "inspect" "c2ec4baf8e62cbce7584c6808431e4497cb2543da152eafec27339309a4dfcb2", kill_on_drop: false }`
[INFO] running `Command { std: "docker" "rm" "-f" "c2ec4baf8e62cbce7584c6808431e4497cb2543da152eafec27339309a4dfcb2", kill_on_drop: false }`
[INFO] [stdout] c2ec4baf8e62cbce7584c6808431e4497cb2543da152eafec27339309a4dfcb2
