[INFO] fetching crate postcard-bindgen 0.3.2...
[INFO] testing postcard-bindgen-0.3.2 against 1.75.0 for beta-1.76-1
[INFO] extracting crate postcard-bindgen 0.3.2 into /workspace/builds/worker-4-tc1/source
[INFO] validating manifest of crates.io crate postcard-bindgen 0.3.2 on toolchain 1.75.0
[INFO] running `Command { std: CARGO_HOME="/workspace/cargo-home" RUSTUP_HOME="/workspace/rustup-home" "/workspace/cargo-home/bin/cargo" "+1.75.0" "metadata" "--manifest-path" "Cargo.toml" "--no-deps", kill_on_drop: false }`
[INFO] started tweaking crates.io crate postcard-bindgen 0.3.2
[INFO] removed 0 missing examples
[INFO] finished tweaking crates.io crate postcard-bindgen 0.3.2
[INFO] tweaked toml for crates.io crate postcard-bindgen 0.3.2 written to /workspace/builds/worker-4-tc1/source/Cargo.toml
[INFO] crate crates.io crate postcard-bindgen 0.3.2 already has a lockfile, it will not be regenerated
[INFO] running `Command { std: CARGO_HOME="/workspace/cargo-home" RUSTUP_HOME="/workspace/rustup-home" "/workspace/cargo-home/bin/cargo" "+1.75.0" "fetch" "--manifest-path" "Cargo.toml", kill_on_drop: false }`
[INFO] [stderr]     Updating crates.io index
[INFO] [stderr]  Downloading crates ...
[INFO] [stderr]   Downloaded relative-path v1.8.0
[INFO] [stderr]   Downloaded critical-section v1.1.1
[INFO] [stderr]   Downloaded genco v0.17.5
[INFO] [stderr]   Downloaded genco-macros v0.17.5
[INFO] [stderr]   Downloaded postcard v1.0.4
[INFO] [stderr]   Downloaded postcard-bindgen-core v0.3.2
[INFO] [stderr]   Downloaded postcard-bindgen-derive v0.3.2
[INFO] running `Command { std: "docker" "create" "-v" "/var/lib/crater-agent-workspace/builds/worker-4-tc1/target:/opt/rustwide/target:rw,Z" "-v" "/var/lib/crater-agent-workspace/builds/worker-4-tc1/source:/opt/rustwide/workdir:ro,Z" "-v" "/var/lib/crater-agent-workspace/cargo-home:/opt/rustwide/cargo-home:ro,Z" "-v" "/var/lib/crater-agent-workspace/rustup-home:/opt/rustwide/rustup-home:ro,Z" "-e" "SOURCE_DIR=/opt/rustwide/workdir" "-e" "CARGO_TARGET_DIR=/opt/rustwide/target" "-e" "CARGO_HOME=/opt/rustwide/cargo-home" "-e" "RUSTUP_HOME=/opt/rustwide/rustup-home" "-w" "/opt/rustwide/workdir" "-m" "1610612736" "--user" "0:0" "--network" "none" "ghcr.io/rust-lang/crates-build-env/linux@sha256:2788e3201cd34a07e3172128adcd8b3090168a8e3bcc40d7c032b9dda1df7d1c" "/opt/rustwide/cargo-home/bin/cargo" "+1.75.0" "metadata" "--no-deps" "--format-version=1", kill_on_drop: false }`
[INFO] [stdout] 0a250a8cc6b034bde60318c2e1c8b17e98b3c52c5843b727c0821b9726a6e637
[INFO] running `Command { std: "docker" "start" "-a" "0a250a8cc6b034bde60318c2e1c8b17e98b3c52c5843b727c0821b9726a6e637", kill_on_drop: false }`
[INFO] running `Command { std: "docker" "inspect" "0a250a8cc6b034bde60318c2e1c8b17e98b3c52c5843b727c0821b9726a6e637", kill_on_drop: false }`
[INFO] running `Command { std: "docker" "rm" "-f" "0a250a8cc6b034bde60318c2e1c8b17e98b3c52c5843b727c0821b9726a6e637", kill_on_drop: false }`
[INFO] [stdout] 0a250a8cc6b034bde60318c2e1c8b17e98b3c52c5843b727c0821b9726a6e637
[INFO] running `Command { std: "docker" "create" "-v" "/var/lib/crater-agent-workspace/builds/worker-4-tc1/target:/opt/rustwide/target:rw,Z" "-v" "/var/lib/crater-agent-workspace/builds/worker-4-tc1/source:/opt/rustwide/workdir:ro,Z" "-v" "/var/lib/crater-agent-workspace/cargo-home:/opt/rustwide/cargo-home:ro,Z" "-v" "/var/lib/crater-agent-workspace/rustup-home:/opt/rustwide/rustup-home:ro,Z" "-e" "SOURCE_DIR=/opt/rustwide/workdir" "-e" "CARGO_TARGET_DIR=/opt/rustwide/target" "-e" "CARGO_INCREMENTAL=0" "-e" "RUST_BACKTRACE=full" "-e" "RUSTFLAGS=--cap-lints=warn" "-e" "RUSTDOCFLAGS=--cap-lints=warn" "-e" "CARGO_HOME=/opt/rustwide/cargo-home" "-e" "RUSTUP_HOME=/opt/rustwide/rustup-home" "-w" "/opt/rustwide/workdir" "-m" "1610612736" "--user" "0:0" "--network" "none" "ghcr.io/rust-lang/crates-build-env/linux@sha256:2788e3201cd34a07e3172128adcd8b3090168a8e3bcc40d7c032b9dda1df7d1c" "/opt/rustwide/cargo-home/bin/cargo" "+1.75.0" "build" "--frozen" "--message-format=json", kill_on_drop: false }`
[INFO] [stdout] 156ed8d6fcbbd5961694b164f8614cb032fbfe95583c8177a4a142392efcdbf1
[INFO] running `Command { std: "docker" "start" "-a" "156ed8d6fcbbd5961694b164f8614cb032fbfe95583c8177a4a142392efcdbf1", kill_on_drop: false }`
[INFO] [stderr]    Compiling proc-macro2 v1.0.56
[INFO] [stderr]    Compiling unicode-ident v1.0.8
[INFO] [stderr]    Compiling quote v1.0.26
[INFO] [stderr]    Compiling syn v1.0.109
[INFO] [stderr]    Compiling memchr v2.5.0
[INFO] [stderr]    Compiling serde_derive v1.0.160
[INFO] [stderr]    Compiling regex-syntax v0.7.1
[INFO] [stderr]    Compiling serde v1.0.160
[INFO] [stderr]    Compiling once_cell v1.17.1
[INFO] [stderr]    Compiling smallvec v1.10.0
[INFO] [stderr]    Compiling relative-path v1.8.0
[INFO] [stderr]    Compiling unicode-segmentation v1.10.1
[INFO] [stderr]    Compiling postcard-bindgen-core v0.3.2
[INFO] [stderr]    Compiling convert_case v0.6.0
[INFO] [stderr]    Compiling aho-corasick v1.0.1
[INFO] [stderr]    Compiling syn v2.0.15
[INFO] [stderr]    Compiling regex v1.8.1
[INFO] [stderr]    Compiling regex-macro v0.2.0
[INFO] [stderr]    Compiling serde_derive_internals v0.26.0
[INFO] [stderr]    Compiling genco-macros v0.17.5
[INFO] [stderr]    Compiling genco v0.17.5
[INFO] [stderr]    Compiling postcard-bindgen-derive v0.3.2
[INFO] [stderr]    Compiling postcard-bindgen v0.3.2 (/opt/rustwide/workdir)
[INFO] [stderr]     Finished dev [unoptimized + debuginfo] target(s) in 25.98s
[INFO] running `Command { std: "docker" "inspect" "156ed8d6fcbbd5961694b164f8614cb032fbfe95583c8177a4a142392efcdbf1", kill_on_drop: false }`
[INFO] running `Command { std: "docker" "rm" "-f" "156ed8d6fcbbd5961694b164f8614cb032fbfe95583c8177a4a142392efcdbf1", kill_on_drop: false }`
[INFO] [stdout] 156ed8d6fcbbd5961694b164f8614cb032fbfe95583c8177a4a142392efcdbf1
[INFO] running `Command { std: "docker" "create" "-v" "/var/lib/crater-agent-workspace/builds/worker-4-tc1/target:/opt/rustwide/target:rw,Z" "-v" "/var/lib/crater-agent-workspace/builds/worker-4-tc1/source:/opt/rustwide/workdir:ro,Z" "-v" "/var/lib/crater-agent-workspace/cargo-home:/opt/rustwide/cargo-home:ro,Z" "-v" "/var/lib/crater-agent-workspace/rustup-home:/opt/rustwide/rustup-home:ro,Z" "-e" "SOURCE_DIR=/opt/rustwide/workdir" "-e" "CARGO_TARGET_DIR=/opt/rustwide/target" "-e" "CARGO_INCREMENTAL=0" "-e" "RUST_BACKTRACE=full" "-e" "RUSTFLAGS=--cap-lints=warn" "-e" "RUSTDOCFLAGS=--cap-lints=warn" "-e" "CARGO_HOME=/opt/rustwide/cargo-home" "-e" "RUSTUP_HOME=/opt/rustwide/rustup-home" "-w" "/opt/rustwide/workdir" "-m" "1610612736" "--user" "0:0" "--network" "none" "ghcr.io/rust-lang/crates-build-env/linux@sha256:2788e3201cd34a07e3172128adcd8b3090168a8e3bcc40d7c032b9dda1df7d1c" "/opt/rustwide/cargo-home/bin/cargo" "+1.75.0" "test" "--frozen" "--no-run" "--message-format=json", kill_on_drop: false }`
[INFO] [stdout] 80175df77fae80479b852a37a41381840f20b49bbba80e97f8a9d19a0785a09d
[INFO] running `Command { std: "docker" "start" "-a" "80175df77fae80479b852a37a41381840f20b49bbba80e97f8a9d19a0785a09d", kill_on_drop: false }`
[INFO] [stderr]    Compiling semver v1.0.17
[INFO] [stderr]    Compiling lock_api v0.4.9
[INFO] [stderr]    Compiling serde v1.0.160
[INFO] [stderr]    Compiling scopeguard v1.1.0
[INFO] [stderr]    Compiling byteorder v1.4.3
[INFO] [stderr]    Compiling stable_deref_trait v1.2.0
[INFO] [stderr]    Compiling cobs v0.2.3
[INFO] [stderr]    Compiling hash32 v0.2.1
[INFO] [stderr]    Compiling spin v0.9.8
[INFO] [stderr]    Compiling rustc_version v0.4.0
[INFO] [stderr]    Compiling heapless v0.7.16
[INFO] [stderr]    Compiling postcard-bindgen-derive v0.3.2
[INFO] [stderr]    Compiling postcard v1.0.4
[INFO] [stderr]    Compiling postcard-bindgen v0.3.2 (/opt/rustwide/workdir)
[INFO] [stderr]     Finished test [unoptimized + debuginfo] target(s) in 6.10s
[INFO] running `Command { std: "docker" "inspect" "80175df77fae80479b852a37a41381840f20b49bbba80e97f8a9d19a0785a09d", kill_on_drop: false }`
[INFO] running `Command { std: "docker" "rm" "-f" "80175df77fae80479b852a37a41381840f20b49bbba80e97f8a9d19a0785a09d", kill_on_drop: false }`
[INFO] [stdout] 80175df77fae80479b852a37a41381840f20b49bbba80e97f8a9d19a0785a09d
[INFO] running `Command { std: "docker" "create" "-v" "/var/lib/crater-agent-workspace/builds/worker-4-tc1/target:/opt/rustwide/target:rw,Z" "-v" "/var/lib/crater-agent-workspace/builds/worker-4-tc1/source:/opt/rustwide/workdir:ro,Z" "-v" "/var/lib/crater-agent-workspace/cargo-home:/opt/rustwide/cargo-home:ro,Z" "-v" "/var/lib/crater-agent-workspace/rustup-home:/opt/rustwide/rustup-home:ro,Z" "-e" "SOURCE_DIR=/opt/rustwide/workdir" "-e" "CARGO_TARGET_DIR=/opt/rustwide/target" "-e" "CARGO_INCREMENTAL=0" "-e" "RUST_BACKTRACE=full" "-e" "RUSTFLAGS=--cap-lints=warn" "-e" "RUSTDOCFLAGS=--cap-lints=warn" "-e" "CARGO_HOME=/opt/rustwide/cargo-home" "-e" "RUSTUP_HOME=/opt/rustwide/rustup-home" "-w" "/opt/rustwide/workdir" "-m" "1610612736" "--user" "0:0" "--network" "none" "ghcr.io/rust-lang/crates-build-env/linux@sha256:2788e3201cd34a07e3172128adcd8b3090168a8e3bcc40d7c032b9dda1df7d1c" "/opt/rustwide/cargo-home/bin/cargo" "+1.75.0" "test" "--frozen", kill_on_drop: false }`
[INFO] [stdout] 72eb91be5c288827165fc0da3c7bdfffd1b9ccd82c7ae85314b2e169830d9ce9
[INFO] running `Command { std: "docker" "start" "-a" "72eb91be5c288827165fc0da3c7bdfffd1b9ccd82c7ae85314b2e169830d9ce9", kill_on_drop: false }`
[INFO] [stderr]     Finished test [unoptimized + debuginfo] target(s) in 0.05s
[INFO] [stdout] 
[INFO] [stderr]      Running unittests src/lib.rs (/opt/rustwide/target/debug/deps/postcard_bindgen-fc0346e9638d9c9c)
[INFO] [stdout] running 0 tests
[INFO] [stderr]    Doc-tests postcard-bindgen
[INFO] [stdout] 
[INFO] [stdout] test result: ok. 0 passed; 0 failed; 0 ignored; 0 measured; 0 filtered out; finished in 0.00s
[INFO] [stdout] 
[INFO] [stdout] 
[INFO] [stdout] running 2 tests
[INFO] [stdout] test src/lib.rs - (line 13) ... FAILED
[INFO] [stdout] test src/lib.rs - PostcardBindings (line 88) ... ok
[INFO] [stdout] 
[INFO] [stdout] failures:
[INFO] [stdout] 
[INFO] [stdout] ---- src/lib.rs - (line 13) stdout ----
[INFO] [stdout] error[E0432]: unresolved imports `postcard_bindgen::generate_bindings`, `postcard_bindgen::build_npm_package`, `postcard_bindgen::PackageInfo`
[INFO] [stdout]    --> src/lib.rs:15:42
[INFO] [stdout]     |
[INFO] [stdout] 4   | use postcard_bindgen::{PostcardBindings, generate_bindings, build_npm_package, PackageInfo};
[INFO] [stdout]     |                                          ^^^^^^^^^^^^^^^^^  ^^^^^^^^^^^^^^^^^  ^^^^^^^^^^^ no `PackageInfo` in the root
[INFO] [stdout]     |                                          |                  |
[INFO] [stdout]     |                                          |                  no `build_npm_package` in the root
[INFO] [stdout]     |                                          no `generate_bindings` in the root
[INFO] [stdout]     |
[INFO] [stdout] note: found an item that was configured out
[INFO] [stdout]    --> /opt/rustwide/workdir/src/lib.rs:129:14
[INFO] [stdout]     |
[INFO] [stdout] 129 | macro_rules! generate_bindings {
[INFO] [stdout]     |              ^^^^^^^^^^^^^^^^^
[INFO] [stdout]     = note: the item is gated behind the `generating` feature
[INFO] [stdout] note: found an item that was configured out
[INFO] [stdout]    --> /opt/rustwide/workdir/src/lib.rs:78:23
[INFO] [stdout]     |
[INFO] [stdout] 78  | pub use npm_package::{build_npm_package, PackageInfo, Version, VersionFromStrError};
[INFO] [stdout]     |                       ^^^^^^^^^^^^^^^^^
[INFO] [stdout]     = note: the item is gated behind the `generating` feature
[INFO] [stdout] note: found an item that was configured out
[INFO] [stdout]    --> /opt/rustwide/workdir/src/lib.rs:78:42
[INFO] [stdout]     |
[INFO] [stdout] 78  | pub use npm_package::{build_npm_package, PackageInfo, Version, VersionFromStrError};
[INFO] [stdout]     |                                          ^^^^^^^^^^^
[INFO] [stdout]     = note: the item is gated behind the `generating` feature
[INFO] [stdout] 
[INFO] [stdout] error: cannot determine resolution for the macro `generate_bindings`
[INFO] [stdout]   --> src/lib.rs:41:9
[INFO] [stdout]    |
[INFO] [stdout] 30 |         generate_bindings!(A, B, C),
[INFO] [stdout]    |         ^^^^^^^^^^^^^^^^^
[INFO] [stdout]    |
[INFO] [stdout]    = note: import resolution is stuck, try simplifying macro imports
[INFO] [stdout] 
[INFO] [stdout] error: aborting due to 2 previous errors
[INFO] [stdout] 
[INFO] [stdout] For more information about this error, try `rustc --explain E0432`.
[INFO] [stdout] Couldn't compile the test.
[INFO] [stdout] 
[INFO] [stdout] failures:
[INFO] [stdout]     src/lib.rs - (line 13)
[INFO] [stdout] 
[INFO] [stdout] test result: FAILED. 1 passed; 1 failed; 0 ignored; 0 measured; 0 filtered out; finished in 0.30s
[INFO] [stdout] 
[INFO] [stderr] error: doctest failed, to rerun pass `--doc`
[INFO] running `Command { std: "docker" "inspect" "72eb91be5c288827165fc0da3c7bdfffd1b9ccd82c7ae85314b2e169830d9ce9", kill_on_drop: false }`
[INFO] running `Command { std: "docker" "rm" "-f" "72eb91be5c288827165fc0da3c7bdfffd1b9ccd82c7ae85314b2e169830d9ce9", kill_on_drop: false }`
[INFO] [stdout] 72eb91be5c288827165fc0da3c7bdfffd1b9ccd82c7ae85314b2e169830d9ce9
[INFO] testing postcard-bindgen-0.3.2 against beta-2023-12-22 for beta-1.76-1
[INFO] extracting crate postcard-bindgen 0.3.2 into /workspace/builds/worker-4-tc2/source
[INFO] validating manifest of crates.io crate postcard-bindgen 0.3.2 on toolchain beta-2023-12-22
[INFO] running `Command { std: CARGO_HOME="/workspace/cargo-home" RUSTUP_HOME="/workspace/rustup-home" "/workspace/cargo-home/bin/cargo" "+beta-2023-12-22" "metadata" "--manifest-path" "Cargo.toml" "--no-deps", kill_on_drop: false }`
[INFO] started tweaking crates.io crate postcard-bindgen 0.3.2
[INFO] removed 0 missing examples
[INFO] finished tweaking crates.io crate postcard-bindgen 0.3.2
[INFO] tweaked toml for crates.io crate postcard-bindgen 0.3.2 written to /workspace/builds/worker-4-tc2/source/Cargo.toml
[INFO] crate crates.io crate postcard-bindgen 0.3.2 already has a lockfile, it will not be regenerated
[INFO] running `Command { std: CARGO_HOME="/workspace/cargo-home" RUSTUP_HOME="/workspace/rustup-home" "/workspace/cargo-home/bin/cargo" "+beta-2023-12-22" "fetch" "--manifest-path" "Cargo.toml", kill_on_drop: false }`
[INFO] running `Command { std: "docker" "create" "-v" "/var/lib/crater-agent-workspace/builds/worker-4-tc2/target:/opt/rustwide/target:rw,Z" "-v" "/var/lib/crater-agent-workspace/builds/worker-4-tc2/source:/opt/rustwide/workdir:ro,Z" "-v" "/var/lib/crater-agent-workspace/cargo-home:/opt/rustwide/cargo-home:ro,Z" "-v" "/var/lib/crater-agent-workspace/rustup-home:/opt/rustwide/rustup-home:ro,Z" "-e" "SOURCE_DIR=/opt/rustwide/workdir" "-e" "CARGO_TARGET_DIR=/opt/rustwide/target" "-e" "CARGO_HOME=/opt/rustwide/cargo-home" "-e" "RUSTUP_HOME=/opt/rustwide/rustup-home" "-w" "/opt/rustwide/workdir" "-m" "1610612736" "--user" "0:0" "--network" "none" "ghcr.io/rust-lang/crates-build-env/linux@sha256:2788e3201cd34a07e3172128adcd8b3090168a8e3bcc40d7c032b9dda1df7d1c" "/opt/rustwide/cargo-home/bin/cargo" "+beta-2023-12-22" "metadata" "--no-deps" "--format-version=1", kill_on_drop: false }`
[INFO] [stdout] 10b4b19e828e005a23c047563870d31dc4bedc9f7897af40a7fec24127641ea8
[INFO] running `Command { std: "docker" "start" "-a" "10b4b19e828e005a23c047563870d31dc4bedc9f7897af40a7fec24127641ea8", kill_on_drop: false }`
[INFO] running `Command { std: "docker" "inspect" "10b4b19e828e005a23c047563870d31dc4bedc9f7897af40a7fec24127641ea8", kill_on_drop: false }`
[INFO] running `Command { std: "docker" "rm" "-f" "10b4b19e828e005a23c047563870d31dc4bedc9f7897af40a7fec24127641ea8", kill_on_drop: false }`
[INFO] [stdout] 10b4b19e828e005a23c047563870d31dc4bedc9f7897af40a7fec24127641ea8
[INFO] running `Command { std: "docker" "create" "-v" "/var/lib/crater-agent-workspace/builds/worker-4-tc2/target:/opt/rustwide/target:rw,Z" "-v" "/var/lib/crater-agent-workspace/builds/worker-4-tc2/source:/opt/rustwide/workdir:ro,Z" "-v" "/var/lib/crater-agent-workspace/cargo-home:/opt/rustwide/cargo-home:ro,Z" "-v" "/var/lib/crater-agent-workspace/rustup-home:/opt/rustwide/rustup-home:ro,Z" "-e" "SOURCE_DIR=/opt/rustwide/workdir" "-e" "CARGO_TARGET_DIR=/opt/rustwide/target" "-e" "CARGO_INCREMENTAL=0" "-e" "RUST_BACKTRACE=full" "-e" "RUSTFLAGS=--cap-lints=warn" "-e" "RUSTDOCFLAGS=--cap-lints=warn" "-e" "CARGO_HOME=/opt/rustwide/cargo-home" "-e" "RUSTUP_HOME=/opt/rustwide/rustup-home" "-w" "/opt/rustwide/workdir" "-m" "1610612736" "--user" "0:0" "--network" "none" "ghcr.io/rust-lang/crates-build-env/linux@sha256:2788e3201cd34a07e3172128adcd8b3090168a8e3bcc40d7c032b9dda1df7d1c" "/opt/rustwide/cargo-home/bin/cargo" "+beta-2023-12-22" "build" "--frozen" "--message-format=json", kill_on_drop: false }`
[INFO] [stdout] 59fb95f5326c9422c77ce26a577742dff360bdf235d293875eb1c7f5c254bf4c
[INFO] running `Command { std: "docker" "start" "-a" "59fb95f5326c9422c77ce26a577742dff360bdf235d293875eb1c7f5c254bf4c", kill_on_drop: false }`
[INFO] [stderr]    Compiling proc-macro2 v1.0.56
[INFO] [stderr]    Compiling quote v1.0.26
[INFO] [stderr]    Compiling unicode-ident v1.0.8
[INFO] [stderr]    Compiling syn v1.0.109
[INFO] [stderr]    Compiling memchr v2.5.0
[INFO] [stderr]    Compiling serde_derive v1.0.160
[INFO] [stderr]    Compiling regex-syntax v0.7.1
[INFO] [stderr]    Compiling serde v1.0.160
[INFO] [stderr]    Compiling unicode-segmentation v1.10.1
[INFO] [stderr]    Compiling relative-path v1.8.0
[INFO] [stderr]    Compiling smallvec v1.10.0
[INFO] [stderr]    Compiling once_cell v1.17.1
[INFO] [stderr]    Compiling postcard-bindgen-core v0.3.2
[INFO] [stderr]    Compiling convert_case v0.6.0
[INFO] [stderr]    Compiling aho-corasick v1.0.1
[INFO] [stderr]    Compiling syn v2.0.15
[INFO] [stderr]    Compiling regex v1.8.1
[INFO] [stderr]    Compiling regex-macro v0.2.0
[INFO] [stderr]    Compiling serde_derive_internals v0.26.0
[INFO] [stderr]    Compiling genco-macros v0.17.5
[INFO] [stderr]    Compiling genco v0.17.5
[INFO] [stderr]    Compiling postcard-bindgen-derive v0.3.2
[INFO] [stderr]    Compiling postcard-bindgen v0.3.2 (/opt/rustwide/workdir)
[INFO] [stderr]     Finished dev [unoptimized + debuginfo] target(s) in 22.60s
[INFO] running `Command { std: "docker" "inspect" "59fb95f5326c9422c77ce26a577742dff360bdf235d293875eb1c7f5c254bf4c", kill_on_drop: false }`
[INFO] running `Command { std: "docker" "rm" "-f" "59fb95f5326c9422c77ce26a577742dff360bdf235d293875eb1c7f5c254bf4c", kill_on_drop: false }`
[INFO] [stdout] 59fb95f5326c9422c77ce26a577742dff360bdf235d293875eb1c7f5c254bf4c
[INFO] running `Command { std: "docker" "create" "-v" "/var/lib/crater-agent-workspace/builds/worker-4-tc2/target:/opt/rustwide/target:rw,Z" "-v" "/var/lib/crater-agent-workspace/builds/worker-4-tc2/source:/opt/rustwide/workdir:ro,Z" "-v" "/var/lib/crater-agent-workspace/cargo-home:/opt/rustwide/cargo-home:ro,Z" "-v" "/var/lib/crater-agent-workspace/rustup-home:/opt/rustwide/rustup-home:ro,Z" "-e" "SOURCE_DIR=/opt/rustwide/workdir" "-e" "CARGO_TARGET_DIR=/opt/rustwide/target" "-e" "CARGO_INCREMENTAL=0" "-e" "RUST_BACKTRACE=full" "-e" "RUSTFLAGS=--cap-lints=warn" "-e" "RUSTDOCFLAGS=--cap-lints=warn" "-e" "CARGO_HOME=/opt/rustwide/cargo-home" "-e" "RUSTUP_HOME=/opt/rustwide/rustup-home" "-w" "/opt/rustwide/workdir" "-m" "1610612736" "--user" "0:0" "--network" "none" "ghcr.io/rust-lang/crates-build-env/linux@sha256:2788e3201cd34a07e3172128adcd8b3090168a8e3bcc40d7c032b9dda1df7d1c" "/opt/rustwide/cargo-home/bin/cargo" "+beta-2023-12-22" "test" "--frozen" "--no-run" "--message-format=json", kill_on_drop: false }`
[INFO] [stdout] c37adc4f9b861f38302b46e10fbc411996ea04d6f9768ea270f8f915513f14b9
[INFO] running `Command { std: "docker" "start" "-a" "c37adc4f9b861f38302b46e10fbc411996ea04d6f9768ea270f8f915513f14b9", kill_on_drop: false }`
[INFO] [stderr]    Compiling semver v1.0.17
[INFO] [stderr]    Compiling serde v1.0.160
[INFO] [stderr]    Compiling lock_api v0.4.9
[INFO] [stderr]    Compiling scopeguard v1.1.0
[INFO] [stderr]    Compiling byteorder v1.4.3
[INFO] [stderr]    Compiling stable_deref_trait v1.2.0
[INFO] [stderr]    Compiling cobs v0.2.3
[INFO] [stderr]    Compiling hash32 v0.2.1
[INFO] [stderr]    Compiling rustc_version v0.4.0
[INFO] [stderr]    Compiling spin v0.9.8
[INFO] [stderr]    Compiling heapless v0.7.16
[INFO] [stderr]    Compiling postcard-bindgen-derive v0.3.2
[INFO] [stderr]    Compiling postcard v1.0.4
[INFO] [stderr]    Compiling postcard-bindgen v0.3.2 (/opt/rustwide/workdir)
[INFO] [stderr]     Finished test [unoptimized + debuginfo] target(s) in 4.67s
[INFO] running `Command { std: "docker" "inspect" "c37adc4f9b861f38302b46e10fbc411996ea04d6f9768ea270f8f915513f14b9", kill_on_drop: false }`
[INFO] running `Command { std: "docker" "rm" "-f" "c37adc4f9b861f38302b46e10fbc411996ea04d6f9768ea270f8f915513f14b9", kill_on_drop: false }`
[INFO] [stdout] c37adc4f9b861f38302b46e10fbc411996ea04d6f9768ea270f8f915513f14b9
[INFO] running `Command { std: "docker" "create" "-v" "/var/lib/crater-agent-workspace/builds/worker-4-tc2/target:/opt/rustwide/target:rw,Z" "-v" "/var/lib/crater-agent-workspace/builds/worker-4-tc2/source:/opt/rustwide/workdir:ro,Z" "-v" "/var/lib/crater-agent-workspace/cargo-home:/opt/rustwide/cargo-home:ro,Z" "-v" "/var/lib/crater-agent-workspace/rustup-home:/opt/rustwide/rustup-home:ro,Z" "-e" "SOURCE_DIR=/opt/rustwide/workdir" "-e" "CARGO_TARGET_DIR=/opt/rustwide/target" "-e" "CARGO_INCREMENTAL=0" "-e" "RUST_BACKTRACE=full" "-e" "RUSTFLAGS=--cap-lints=warn" "-e" "RUSTDOCFLAGS=--cap-lints=warn" "-e" "CARGO_HOME=/opt/rustwide/cargo-home" "-e" "RUSTUP_HOME=/opt/rustwide/rustup-home" "-w" "/opt/rustwide/workdir" "-m" "1610612736" "--user" "0:0" "--network" "none" "ghcr.io/rust-lang/crates-build-env/linux@sha256:2788e3201cd34a07e3172128adcd8b3090168a8e3bcc40d7c032b9dda1df7d1c" "/opt/rustwide/cargo-home/bin/cargo" "+beta-2023-12-22" "test" "--frozen", kill_on_drop: false }`
[INFO] [stdout] 3ce7e38560483d44787224a30ce1121464b988fb2a57c0b751e0edf9b5d7ccbe
[INFO] running `Command { std: "docker" "start" "-a" "3ce7e38560483d44787224a30ce1121464b988fb2a57c0b751e0edf9b5d7ccbe", kill_on_drop: false }`
[INFO] [stdout] 
[INFO] [stderr]     Finished test [unoptimized + debuginfo] target(s) in 0.04s
[INFO] [stdout] running 0 tests
[INFO] [stderr]      Running unittests src/lib.rs (/opt/rustwide/target/debug/deps/postcard_bindgen-964c7e99ddb0dfb9)
[INFO] [stdout] 
[INFO] [stderr]    Doc-tests postcard-bindgen
[INFO] [stdout] test result: ok. 0 passed; 0 failed; 0 ignored; 0 measured; 0 filtered out; finished in 0.00s
[INFO] [stdout] 
[INFO] [stdout] 
[INFO] [stdout] running 2 tests
[INFO] [stdout] test src/lib.rs - (line 13) ... FAILED
[INFO] [stdout] test src/lib.rs - PostcardBindings (line 88) ... ok
[INFO] [stdout] 
[INFO] [stdout] failures:
[INFO] [stdout] 
[INFO] [stdout] ---- src/lib.rs - (line 13) stdout ----
[INFO] [stdout] error[E0432]: unresolved imports `postcard_bindgen::generate_bindings`, `postcard_bindgen::build_npm_package`, `postcard_bindgen::PackageInfo`
[INFO] [stdout]    --> src/lib.rs:15:42
[INFO] [stdout]     |
[INFO] [stdout] 4   | use postcard_bindgen::{PostcardBindings, generate_bindings, build_npm_package, PackageInfo};
[INFO] [stdout]     |                                          ^^^^^^^^^^^^^^^^^  ^^^^^^^^^^^^^^^^^  ^^^^^^^^^^^ no `PackageInfo` in the root
[INFO] [stdout]     |                                          |                  |
[INFO] [stdout]     |                                          |                  no `build_npm_package` in the root
[INFO] [stdout]     |                                          no `generate_bindings` in the root
[INFO] [stdout]     |
[INFO] [stdout] note: found an item that was configured out
[INFO] [stdout]    --> /opt/rustwide/workdir/src/lib.rs:129:14
[INFO] [stdout]     |
[INFO] [stdout] 129 | macro_rules! generate_bindings {
[INFO] [stdout]     |              ^^^^^^^^^^^^^^^^^
[INFO] [stdout]     = note: the item is gated behind the `generating` feature
[INFO] [stdout] note: found an item that was configured out
[INFO] [stdout]    --> /opt/rustwide/workdir/src/lib.rs:78:23
[INFO] [stdout]     |
[INFO] [stdout] 78  | pub use npm_package::{build_npm_package, PackageInfo, Version, VersionFromStrError};
[INFO] [stdout]     |                       ^^^^^^^^^^^^^^^^^
[INFO] [stdout]     = note: the item is gated behind the `generating` feature
[INFO] [stdout] note: found an item that was configured out
[INFO] [stdout]    --> /opt/rustwide/workdir/src/lib.rs:78:42
[INFO] [stdout]     |
[INFO] [stdout] 78  | pub use npm_package::{build_npm_package, PackageInfo, Version, VersionFromStrError};
[INFO] [stdout]     |                                          ^^^^^^^^^^^
[INFO] [stdout]     = note: the item is gated behind the `generating` feature
[INFO] [stdout] 
[INFO] [stdout] error: cannot determine resolution for the macro `generate_bindings`
[INFO] [stdout]   --> src/lib.rs:41:9
[INFO] [stdout]    |
[INFO] [stdout] 30 |         generate_bindings!(A, B, C),
[INFO] [stdout]    |         ^^^^^^^^^^^^^^^^^
[INFO] [stdout]    |
[INFO] [stdout]    = note: import resolution is stuck, try simplifying macro imports
[INFO] [stdout] 
[INFO] [stdout] error: aborting due to 2 previous errors
[INFO] [stdout] 
[INFO] [stdout] For more information about this error, try `rustc --explain E0432`.
[INFO] [stdout] Couldn't compile the test.
[INFO] [stdout] 
[INFO] [stdout] failures:
[INFO] [stdout]     src/lib.rs - (line 13)
[INFO] [stdout] 
[INFO] [stdout] test result: FAILED. 1 passed; 1 failed; 0 ignored; 0 measured; 0 filtered out; finished in 0.30s
[INFO] [stdout] 
[INFO] [stderr] error: doctest failed, to rerun pass `--doc`
[INFO] running `Command { std: "docker" "inspect" "3ce7e38560483d44787224a30ce1121464b988fb2a57c0b751e0edf9b5d7ccbe", kill_on_drop: false }`
[INFO] running `Command { std: "docker" "rm" "-f" "3ce7e38560483d44787224a30ce1121464b988fb2a57c0b751e0edf9b5d7ccbe", kill_on_drop: false }`
[INFO] [stdout] 3ce7e38560483d44787224a30ce1121464b988fb2a57c0b751e0edf9b5d7ccbe
