[INFO] fetching crate portable_atomic_enum_macros 0.2.0...
[INFO] testing portable_atomic_enum_macros-0.2.0 against 1.75.0 for beta-1.76-1
[INFO] extracting crate portable_atomic_enum_macros 0.2.0 into /workspace/builds/worker-2-tc1/source
[INFO] validating manifest of crates.io crate portable_atomic_enum_macros 0.2.0 on toolchain 1.75.0
[INFO] running `Command { std: CARGO_HOME="/workspace/cargo-home" RUSTUP_HOME="/workspace/rustup-home" "/workspace/cargo-home/bin/cargo" "+1.75.0" "metadata" "--manifest-path" "Cargo.toml" "--no-deps", kill_on_drop: false }`
[INFO] started tweaking crates.io crate portable_atomic_enum_macros 0.2.0
[INFO] finished tweaking crates.io crate portable_atomic_enum_macros 0.2.0
[INFO] tweaked toml for crates.io crate portable_atomic_enum_macros 0.2.0 written to /workspace/builds/worker-2-tc1/source/Cargo.toml
[INFO] running `Command { std: CARGO_HOME="/workspace/cargo-home" RUSTUP_HOME="/workspace/rustup-home" "/workspace/cargo-home/bin/cargo" "+1.75.0" "generate-lockfile" "--manifest-path" "Cargo.toml", kill_on_drop: false }`
[INFO] [stderr]     Updating crates.io index
[INFO] running `Command { std: CARGO_HOME="/workspace/cargo-home" RUSTUP_HOME="/workspace/rustup-home" "/workspace/cargo-home/bin/cargo" "+1.75.0" "fetch" "--manifest-path" "Cargo.toml", kill_on_drop: false }`
[INFO] running `Command { std: "docker" "create" "-v" "/var/lib/crater-agent-workspace/builds/worker-2-tc1/target:/opt/rustwide/target:rw,Z" "-v" "/var/lib/crater-agent-workspace/builds/worker-2-tc1/source:/opt/rustwide/workdir:ro,Z" "-v" "/var/lib/crater-agent-workspace/cargo-home:/opt/rustwide/cargo-home:ro,Z" "-v" "/var/lib/crater-agent-workspace/rustup-home:/opt/rustwide/rustup-home:ro,Z" "-e" "SOURCE_DIR=/opt/rustwide/workdir" "-e" "CARGO_TARGET_DIR=/opt/rustwide/target" "-e" "CARGO_HOME=/opt/rustwide/cargo-home" "-e" "RUSTUP_HOME=/opt/rustwide/rustup-home" "-w" "/opt/rustwide/workdir" "-m" "1610612736" "--user" "0:0" "--network" "none" "ghcr.io/rust-lang/crates-build-env/linux@sha256:2788e3201cd34a07e3172128adcd8b3090168a8e3bcc40d7c032b9dda1df7d1c" "/opt/rustwide/cargo-home/bin/cargo" "+1.75.0" "metadata" "--no-deps" "--format-version=1", kill_on_drop: false }`
[INFO] [stdout] 32504dd7322cdf2b3d32fa8ac5aebf4ef198d40bda48eb01a77391281c00b7aa
[INFO] running `Command { std: "docker" "start" "-a" "32504dd7322cdf2b3d32fa8ac5aebf4ef198d40bda48eb01a77391281c00b7aa", kill_on_drop: false }`
[INFO] running `Command { std: "docker" "inspect" "32504dd7322cdf2b3d32fa8ac5aebf4ef198d40bda48eb01a77391281c00b7aa", kill_on_drop: false }`
[INFO] running `Command { std: "docker" "rm" "-f" "32504dd7322cdf2b3d32fa8ac5aebf4ef198d40bda48eb01a77391281c00b7aa", kill_on_drop: false }`
[INFO] [stdout] 32504dd7322cdf2b3d32fa8ac5aebf4ef198d40bda48eb01a77391281c00b7aa
[INFO] running `Command { std: "docker" "create" "-v" "/var/lib/crater-agent-workspace/builds/worker-2-tc1/target:/opt/rustwide/target:rw,Z" "-v" "/var/lib/crater-agent-workspace/builds/worker-2-tc1/source:/opt/rustwide/workdir:ro,Z" "-v" "/var/lib/crater-agent-workspace/cargo-home:/opt/rustwide/cargo-home:ro,Z" "-v" "/var/lib/crater-agent-workspace/rustup-home:/opt/rustwide/rustup-home:ro,Z" "-e" "SOURCE_DIR=/opt/rustwide/workdir" "-e" "CARGO_TARGET_DIR=/opt/rustwide/target" "-e" "CARGO_INCREMENTAL=0" "-e" "RUST_BACKTRACE=full" "-e" "RUSTFLAGS=--cap-lints=warn" "-e" "RUSTDOCFLAGS=--cap-lints=warn" "-e" "CARGO_HOME=/opt/rustwide/cargo-home" "-e" "RUSTUP_HOME=/opt/rustwide/rustup-home" "-w" "/opt/rustwide/workdir" "-m" "1610612736" "--user" "0:0" "--network" "none" "ghcr.io/rust-lang/crates-build-env/linux@sha256:2788e3201cd34a07e3172128adcd8b3090168a8e3bcc40d7c032b9dda1df7d1c" "/opt/rustwide/cargo-home/bin/cargo" "+1.75.0" "build" "--frozen" "--message-format=json", kill_on_drop: false }`
[INFO] [stdout] 574e5e05fd06b3f727a6827a3e1f2c99344d074db5b29d3358d19b0bdc80d1a5
[INFO] running `Command { std: "docker" "start" "-a" "574e5e05fd06b3f727a6827a3e1f2c99344d074db5b29d3358d19b0bdc80d1a5", kill_on_drop: false }`
[INFO] [stderr]    Compiling proc-macro2 v1.0.75
[INFO] [stderr]    Compiling unicode-ident v1.0.12
[INFO] [stderr]    Compiling quote v1.0.35
[INFO] [stderr]    Compiling syn v2.0.48
[INFO] [stderr]    Compiling portable_atomic_enum_macros v0.2.0 (/opt/rustwide/workdir)
[INFO] [stderr]     Finished dev [unoptimized + debuginfo] target(s) in 2.62s
[INFO] running `Command { std: "docker" "inspect" "574e5e05fd06b3f727a6827a3e1f2c99344d074db5b29d3358d19b0bdc80d1a5", kill_on_drop: false }`
[INFO] running `Command { std: "docker" "rm" "-f" "574e5e05fd06b3f727a6827a3e1f2c99344d074db5b29d3358d19b0bdc80d1a5", kill_on_drop: false }`
[INFO] [stdout] 574e5e05fd06b3f727a6827a3e1f2c99344d074db5b29d3358d19b0bdc80d1a5
[INFO] running `Command { std: "docker" "create" "-v" "/var/lib/crater-agent-workspace/builds/worker-2-tc1/target:/opt/rustwide/target:rw,Z" "-v" "/var/lib/crater-agent-workspace/builds/worker-2-tc1/source:/opt/rustwide/workdir:ro,Z" "-v" "/var/lib/crater-agent-workspace/cargo-home:/opt/rustwide/cargo-home:ro,Z" "-v" "/var/lib/crater-agent-workspace/rustup-home:/opt/rustwide/rustup-home:ro,Z" "-e" "SOURCE_DIR=/opt/rustwide/workdir" "-e" "CARGO_TARGET_DIR=/opt/rustwide/target" "-e" "CARGO_INCREMENTAL=0" "-e" "RUST_BACKTRACE=full" "-e" "RUSTFLAGS=--cap-lints=warn" "-e" "RUSTDOCFLAGS=--cap-lints=warn" "-e" "CARGO_HOME=/opt/rustwide/cargo-home" "-e" "RUSTUP_HOME=/opt/rustwide/rustup-home" "-w" "/opt/rustwide/workdir" "-m" "1610612736" "--user" "0:0" "--network" "none" "ghcr.io/rust-lang/crates-build-env/linux@sha256:2788e3201cd34a07e3172128adcd8b3090168a8e3bcc40d7c032b9dda1df7d1c" "/opt/rustwide/cargo-home/bin/cargo" "+1.75.0" "test" "--frozen" "--no-run" "--message-format=json", kill_on_drop: false }`
[INFO] [stdout] ee04e70f9bac26a6460dbd62e3df1dfd9756a43d16601c7560700a815d10fb1f
[INFO] running `Command { std: "docker" "start" "-a" "ee04e70f9bac26a6460dbd62e3df1dfd9756a43d16601c7560700a815d10fb1f", kill_on_drop: false }`
[INFO] [stderr]    Compiling portable_atomic_enum_macros v0.2.0 (/opt/rustwide/workdir)
[INFO] [stderr]     Finished test [unoptimized + debuginfo] target(s) in 0.40s
[INFO] running `Command { std: "docker" "inspect" "ee04e70f9bac26a6460dbd62e3df1dfd9756a43d16601c7560700a815d10fb1f", kill_on_drop: false }`
[INFO] running `Command { std: "docker" "rm" "-f" "ee04e70f9bac26a6460dbd62e3df1dfd9756a43d16601c7560700a815d10fb1f", kill_on_drop: false }`
[INFO] [stdout] ee04e70f9bac26a6460dbd62e3df1dfd9756a43d16601c7560700a815d10fb1f
[INFO] running `Command { std: "docker" "create" "-v" "/var/lib/crater-agent-workspace/builds/worker-2-tc1/target:/opt/rustwide/target:rw,Z" "-v" "/var/lib/crater-agent-workspace/builds/worker-2-tc1/source:/opt/rustwide/workdir:ro,Z" "-v" "/var/lib/crater-agent-workspace/cargo-home:/opt/rustwide/cargo-home:ro,Z" "-v" "/var/lib/crater-agent-workspace/rustup-home:/opt/rustwide/rustup-home:ro,Z" "-e" "SOURCE_DIR=/opt/rustwide/workdir" "-e" "CARGO_TARGET_DIR=/opt/rustwide/target" "-e" "CARGO_INCREMENTAL=0" "-e" "RUST_BACKTRACE=full" "-e" "RUSTFLAGS=--cap-lints=warn" "-e" "RUSTDOCFLAGS=--cap-lints=warn" "-e" "CARGO_HOME=/opt/rustwide/cargo-home" "-e" "RUSTUP_HOME=/opt/rustwide/rustup-home" "-w" "/opt/rustwide/workdir" "-m" "1610612736" "--user" "0:0" "--network" "none" "ghcr.io/rust-lang/crates-build-env/linux@sha256:2788e3201cd34a07e3172128adcd8b3090168a8e3bcc40d7c032b9dda1df7d1c" "/opt/rustwide/cargo-home/bin/cargo" "+1.75.0" "test" "--frozen", kill_on_drop: false }`
[INFO] [stdout] 8acca8314ef712247dbafd4836e681f945febf4ed8f4022890bf724ab949a1b9
[INFO] running `Command { std: "docker" "start" "-a" "8acca8314ef712247dbafd4836e681f945febf4ed8f4022890bf724ab949a1b9", kill_on_drop: false }`
[INFO] [stderr]     Finished test [unoptimized + debuginfo] target(s) in 0.00s
[INFO] [stderr]      Running unittests src/lib.rs (/opt/rustwide/target/debug/deps/portable_atomic_enum_macros-eaf984be644784c8)
[INFO] [stdout] 
[INFO] [stdout] running 0 tests
[INFO] [stdout] 
[INFO] [stdout] test result: ok. 0 passed; 0 failed; 0 ignored; 0 measured; 0 filtered out; finished in 0.00s
[INFO] [stdout] 
[INFO] [stderr]    Doc-tests portable_atomic_enum_macros
[INFO] [stdout] 
[INFO] [stdout] running 3 tests
[INFO] [stdout] test src/lib.rs - atomic_enum (line 324) ... FAILED
[INFO] [stdout] test src/lib.rs - atomic_enum (line 338) ... FAILED
[INFO] [stdout] test src/lib.rs - (line 25) ... FAILED
[INFO] [stdout] 
[INFO] [stdout] failures:
[INFO] [stdout] 
[INFO] [stdout] ---- src/lib.rs - atomic_enum (line 324) stdout ----
[INFO] [stdout] error[E0432]: unresolved import `portable_atomic_enum`
[INFO] [stdout]  --> src/lib.rs:325:5
[INFO] [stdout]   |
[INFO] [stdout] 3 | use portable_atomic_enum::atomic_enum;
[INFO] [stdout]   |     ^^^^^^^^^^^^^^^^^^^^ use of undeclared crate or module `portable_atomic_enum`
[INFO] [stdout] 
[INFO] [stdout] error: cannot determine resolution for the attribute macro `atomic_enum`
[INFO] [stdout]  --> src/lib.rs:326:3
[INFO] [stdout]   |
[INFO] [stdout] 4 | #[atomic_enum]
[INFO] [stdout]   |   ^^^^^^^^^^^
[INFO] [stdout]   |
[INFO] [stdout]   = note: import resolution is stuck, try simplifying macro imports
[INFO] [stdout] 
[INFO] [stdout] error[E0433]: failed to resolve: use of undeclared type `AtomicState`
[INFO] [stdout]   --> src/lib.rs:332:13
[INFO] [stdout]    |
[INFO] [stdout] 10 | let state = AtomicState::new(State::Off);
[INFO] [stdout]    |             ^^^^^^^^^^^ use of undeclared type `AtomicState`
[INFO] [stdout] 
[INFO] [stdout] error: aborting due to 3 previous errors
[INFO] [stdout] 
[INFO] [stdout] Some errors have detailed explanations: E0432, E0433.
[INFO] [stdout] For more information about an error, try `rustc --explain E0432`.
[INFO] [stdout] Couldn't compile the test.
[INFO] [stdout] ---- src/lib.rs - atomic_enum (line 338) stdout ----
[INFO] [stdout] error[E0432]: unresolved import `portable_atomic_enum`
[INFO] [stdout]  --> src/lib.rs:339:5
[INFO] [stdout]   |
[INFO] [stdout] 3 | use portable_atomic_enum::atomic_enum;
[INFO] [stdout]   |     ^^^^^^^^^^^^^^^^^^^^ use of undeclared crate or module `portable_atomic_enum`
[INFO] [stdout] 
[INFO] [stdout] error: cannot determine resolution for the attribute macro `atomic_enum`
[INFO] [stdout]  --> src/lib.rs:340:3
[INFO] [stdout]   |
[INFO] [stdout] 4 | #[atomic_enum(StateAtomic)]
[INFO] [stdout]   |   ^^^^^^^^^^^
[INFO] [stdout]   |
[INFO] [stdout]   = note: import resolution is stuck, try simplifying macro imports
[INFO] [stdout] 
[INFO] [stdout] error[E0433]: failed to resolve: use of undeclared type `StateAtomic`
[INFO] [stdout]   --> src/lib.rs:346:13
[INFO] [stdout]    |
[INFO] [stdout] 10 | let state = StateAtomic::new(State::Off);
[INFO] [stdout]    |             ^^^^^^^^^^^ use of undeclared type `StateAtomic`
[INFO] [stdout] 
[INFO] [stdout] error: aborting due to 3 previous errors
[INFO] [stdout] 
[INFO] [stdout] Some errors have detailed explanations: E0432, E0433.
[INFO] [stdout] For more information about an error, try `rustc --explain E0432`.
[INFO] [stdout] Couldn't compile the test.
[INFO] [stdout] ---- src/lib.rs - (line 25) stdout ----
[INFO] [stdout] error[E0432]: unresolved import `portable_atomic_enum`
[INFO] [stdout]  --> src/lib.rs:26:5
[INFO] [stdout]   |
[INFO] [stdout] 3 | use portable_atomic_enum::atomic_enum;
[INFO] [stdout]   |     ^^^^^^^^^^^^^^^^^^^^ use of undeclared crate or module `portable_atomic_enum`
[INFO] [stdout] 
[INFO] [stdout] error: cannot determine resolution for the attribute macro `atomic_enum`
[INFO] [stdout]  --> src/lib.rs:28:3
[INFO] [stdout]   |
[INFO] [stdout] 5 | #[atomic_enum]
[INFO] [stdout]   |   ^^^^^^^^^^^
[INFO] [stdout]   |
[INFO] [stdout]   = note: import resolution is stuck, try simplifying macro imports
[INFO] [stdout] 
[INFO] [stdout] error[E0433]: failed to resolve: use of undeclared type `AtomicCatState`
[INFO] [stdout]   --> src/lib.rs:36:13
[INFO] [stdout]    |
[INFO] [stdout] 13 | let state = AtomicCatState::new(CatState::Dead);
[INFO] [stdout]    |             ^^^^^^^^^^^^^^ use of undeclared type `AtomicCatState`
[INFO] [stdout] 
[INFO] [stdout] error: aborting due to 3 previous errors
[INFO] [stdout] 
[INFO] [stdout] Some errors have detailed explanations: E0432, E0433.
[INFO] [stdout] For more information about an error, try `rustc --explain E0432`.
[INFO] [stdout] Couldn't compile the test.
[INFO] [stdout] 
[INFO] [stdout] failures:
[INFO] [stdout]     src/lib.rs - (line 25)
[INFO] [stdout]     src/lib.rs - atomic_enum (line 324)
[INFO] [stdout]     src/lib.rs - atomic_enum (line 338)
[INFO] [stdout] 
[INFO] [stdout] test result: FAILED. 0 passed; 3 failed; 0 ignored; 0 measured; 0 filtered out; finished in 0.04s
[INFO] [stdout] 
[INFO] [stderr] error: doctest failed, to rerun pass `--doc`
[INFO] running `Command { std: "docker" "inspect" "8acca8314ef712247dbafd4836e681f945febf4ed8f4022890bf724ab949a1b9", kill_on_drop: false }`
[INFO] running `Command { std: "docker" "rm" "-f" "8acca8314ef712247dbafd4836e681f945febf4ed8f4022890bf724ab949a1b9", kill_on_drop: false }`
[INFO] [stdout] 8acca8314ef712247dbafd4836e681f945febf4ed8f4022890bf724ab949a1b9
[INFO] testing portable_atomic_enum_macros-0.2.0 against beta-2023-12-22 for beta-1.76-1
[INFO] extracting crate portable_atomic_enum_macros 0.2.0 into /workspace/builds/worker-2-tc2/source
[INFO] validating manifest of crates.io crate portable_atomic_enum_macros 0.2.0 on toolchain beta-2023-12-22
[INFO] running `Command { std: CARGO_HOME="/workspace/cargo-home" RUSTUP_HOME="/workspace/rustup-home" "/workspace/cargo-home/bin/cargo" "+beta-2023-12-22" "metadata" "--manifest-path" "Cargo.toml" "--no-deps", kill_on_drop: false }`
[INFO] started tweaking crates.io crate portable_atomic_enum_macros 0.2.0
[INFO] finished tweaking crates.io crate portable_atomic_enum_macros 0.2.0
[INFO] tweaked toml for crates.io crate portable_atomic_enum_macros 0.2.0 written to /workspace/builds/worker-2-tc2/source/Cargo.toml
[INFO] running `Command { std: CARGO_HOME="/workspace/cargo-home" RUSTUP_HOME="/workspace/rustup-home" "/workspace/cargo-home/bin/cargo" "+beta-2023-12-22" "generate-lockfile" "--manifest-path" "Cargo.toml", kill_on_drop: false }`
[INFO] [stderr]     Updating crates.io index
[INFO] running `Command { std: CARGO_HOME="/workspace/cargo-home" RUSTUP_HOME="/workspace/rustup-home" "/workspace/cargo-home/bin/cargo" "+beta-2023-12-22" "fetch" "--manifest-path" "Cargo.toml", kill_on_drop: false }`
[INFO] running `Command { std: "docker" "create" "-v" "/var/lib/crater-agent-workspace/builds/worker-2-tc2/target:/opt/rustwide/target:rw,Z" "-v" "/var/lib/crater-agent-workspace/builds/worker-2-tc2/source:/opt/rustwide/workdir:ro,Z" "-v" "/var/lib/crater-agent-workspace/cargo-home:/opt/rustwide/cargo-home:ro,Z" "-v" "/var/lib/crater-agent-workspace/rustup-home:/opt/rustwide/rustup-home:ro,Z" "-e" "SOURCE_DIR=/opt/rustwide/workdir" "-e" "CARGO_TARGET_DIR=/opt/rustwide/target" "-e" "CARGO_HOME=/opt/rustwide/cargo-home" "-e" "RUSTUP_HOME=/opt/rustwide/rustup-home" "-w" "/opt/rustwide/workdir" "-m" "1610612736" "--user" "0:0" "--network" "none" "ghcr.io/rust-lang/crates-build-env/linux@sha256:2788e3201cd34a07e3172128adcd8b3090168a8e3bcc40d7c032b9dda1df7d1c" "/opt/rustwide/cargo-home/bin/cargo" "+beta-2023-12-22" "metadata" "--no-deps" "--format-version=1", kill_on_drop: false }`
[INFO] [stdout] 6581b262e1710ebd1ddf5536c023b448a2a5203b073a1f0d508f4c43a6e91090
[INFO] running `Command { std: "docker" "start" "-a" "6581b262e1710ebd1ddf5536c023b448a2a5203b073a1f0d508f4c43a6e91090", kill_on_drop: false }`
[INFO] running `Command { std: "docker" "inspect" "6581b262e1710ebd1ddf5536c023b448a2a5203b073a1f0d508f4c43a6e91090", kill_on_drop: false }`
[INFO] running `Command { std: "docker" "rm" "-f" "6581b262e1710ebd1ddf5536c023b448a2a5203b073a1f0d508f4c43a6e91090", kill_on_drop: false }`
[INFO] [stdout] 6581b262e1710ebd1ddf5536c023b448a2a5203b073a1f0d508f4c43a6e91090
[INFO] running `Command { std: "docker" "create" "-v" "/var/lib/crater-agent-workspace/builds/worker-2-tc2/target:/opt/rustwide/target:rw,Z" "-v" "/var/lib/crater-agent-workspace/builds/worker-2-tc2/source:/opt/rustwide/workdir:ro,Z" "-v" "/var/lib/crater-agent-workspace/cargo-home:/opt/rustwide/cargo-home:ro,Z" "-v" "/var/lib/crater-agent-workspace/rustup-home:/opt/rustwide/rustup-home:ro,Z" "-e" "SOURCE_DIR=/opt/rustwide/workdir" "-e" "CARGO_TARGET_DIR=/opt/rustwide/target" "-e" "CARGO_INCREMENTAL=0" "-e" "RUST_BACKTRACE=full" "-e" "RUSTFLAGS=--cap-lints=warn" "-e" "RUSTDOCFLAGS=--cap-lints=warn" "-e" "CARGO_HOME=/opt/rustwide/cargo-home" "-e" "RUSTUP_HOME=/opt/rustwide/rustup-home" "-w" "/opt/rustwide/workdir" "-m" "1610612736" "--user" "0:0" "--network" "none" "ghcr.io/rust-lang/crates-build-env/linux@sha256:2788e3201cd34a07e3172128adcd8b3090168a8e3bcc40d7c032b9dda1df7d1c" "/opt/rustwide/cargo-home/bin/cargo" "+beta-2023-12-22" "build" "--frozen" "--message-format=json", kill_on_drop: false }`
[INFO] [stdout] a1d853cccf1ef6cf2f54fd036d09292eb11e6953ef164adf275a2770f303868c
[INFO] running `Command { std: "docker" "start" "-a" "a1d853cccf1ef6cf2f54fd036d09292eb11e6953ef164adf275a2770f303868c", kill_on_drop: false }`
[INFO] [stderr]    Compiling proc-macro2 v1.0.75
[INFO] [stderr]    Compiling unicode-ident v1.0.12
[INFO] [stderr]    Compiling quote v1.0.35
[INFO] [stderr]    Compiling syn v2.0.48
[INFO] [stderr]    Compiling portable_atomic_enum_macros v0.2.0 (/opt/rustwide/workdir)
[INFO] [stderr]     Finished dev [unoptimized + debuginfo] target(s) in 2.86s
[INFO] running `Command { std: "docker" "inspect" "a1d853cccf1ef6cf2f54fd036d09292eb11e6953ef164adf275a2770f303868c", kill_on_drop: false }`
[INFO] running `Command { std: "docker" "rm" "-f" "a1d853cccf1ef6cf2f54fd036d09292eb11e6953ef164adf275a2770f303868c", kill_on_drop: false }`
[INFO] [stdout] a1d853cccf1ef6cf2f54fd036d09292eb11e6953ef164adf275a2770f303868c
[INFO] running `Command { std: "docker" "create" "-v" "/var/lib/crater-agent-workspace/builds/worker-2-tc2/target:/opt/rustwide/target:rw,Z" "-v" "/var/lib/crater-agent-workspace/builds/worker-2-tc2/source:/opt/rustwide/workdir:ro,Z" "-v" "/var/lib/crater-agent-workspace/cargo-home:/opt/rustwide/cargo-home:ro,Z" "-v" "/var/lib/crater-agent-workspace/rustup-home:/opt/rustwide/rustup-home:ro,Z" "-e" "SOURCE_DIR=/opt/rustwide/workdir" "-e" "CARGO_TARGET_DIR=/opt/rustwide/target" "-e" "CARGO_INCREMENTAL=0" "-e" "RUST_BACKTRACE=full" "-e" "RUSTFLAGS=--cap-lints=warn" "-e" "RUSTDOCFLAGS=--cap-lints=warn" "-e" "CARGO_HOME=/opt/rustwide/cargo-home" "-e" "RUSTUP_HOME=/opt/rustwide/rustup-home" "-w" "/opt/rustwide/workdir" "-m" "1610612736" "--user" "0:0" "--network" "none" "ghcr.io/rust-lang/crates-build-env/linux@sha256:2788e3201cd34a07e3172128adcd8b3090168a8e3bcc40d7c032b9dda1df7d1c" "/opt/rustwide/cargo-home/bin/cargo" "+beta-2023-12-22" "test" "--frozen" "--no-run" "--message-format=json", kill_on_drop: false }`
[INFO] [stdout] db15243e1d4d3609f1aa76af828ddd9f27f764ad533da7930e91e01e5f417dcd
[INFO] running `Command { std: "docker" "start" "-a" "db15243e1d4d3609f1aa76af828ddd9f27f764ad533da7930e91e01e5f417dcd", kill_on_drop: false }`
[INFO] [stderr]    Compiling portable_atomic_enum_macros v0.2.0 (/opt/rustwide/workdir)
[INFO] [stderr]     Finished test [unoptimized + debuginfo] target(s) in 0.45s
[INFO] running `Command { std: "docker" "inspect" "db15243e1d4d3609f1aa76af828ddd9f27f764ad533da7930e91e01e5f417dcd", kill_on_drop: false }`
[INFO] running `Command { std: "docker" "rm" "-f" "db15243e1d4d3609f1aa76af828ddd9f27f764ad533da7930e91e01e5f417dcd", kill_on_drop: false }`
[INFO] [stdout] db15243e1d4d3609f1aa76af828ddd9f27f764ad533da7930e91e01e5f417dcd
[INFO] running `Command { std: "docker" "create" "-v" "/var/lib/crater-agent-workspace/builds/worker-2-tc2/target:/opt/rustwide/target:rw,Z" "-v" "/var/lib/crater-agent-workspace/builds/worker-2-tc2/source:/opt/rustwide/workdir:ro,Z" "-v" "/var/lib/crater-agent-workspace/cargo-home:/opt/rustwide/cargo-home:ro,Z" "-v" "/var/lib/crater-agent-workspace/rustup-home:/opt/rustwide/rustup-home:ro,Z" "-e" "SOURCE_DIR=/opt/rustwide/workdir" "-e" "CARGO_TARGET_DIR=/opt/rustwide/target" "-e" "CARGO_INCREMENTAL=0" "-e" "RUST_BACKTRACE=full" "-e" "RUSTFLAGS=--cap-lints=warn" "-e" "RUSTDOCFLAGS=--cap-lints=warn" "-e" "CARGO_HOME=/opt/rustwide/cargo-home" "-e" "RUSTUP_HOME=/opt/rustwide/rustup-home" "-w" "/opt/rustwide/workdir" "-m" "1610612736" "--user" "0:0" "--network" "none" "ghcr.io/rust-lang/crates-build-env/linux@sha256:2788e3201cd34a07e3172128adcd8b3090168a8e3bcc40d7c032b9dda1df7d1c" "/opt/rustwide/cargo-home/bin/cargo" "+beta-2023-12-22" "test" "--frozen", kill_on_drop: false }`
[INFO] [stdout] 7bbd07a108cb72ed4f38481e56699c38402509a0dbb6b2d1d7b9441f178c0dad
[INFO] running `Command { std: "docker" "start" "-a" "7bbd07a108cb72ed4f38481e56699c38402509a0dbb6b2d1d7b9441f178c0dad", kill_on_drop: false }`
[INFO] [stderr]     Finished test [unoptimized + debuginfo] target(s) in 0.00s
[INFO] [stderr]      Running unittests src/lib.rs (/opt/rustwide/target/debug/deps/portable_atomic_enum_macros-9a1ef0aac443a026)
[INFO] [stdout] 
[INFO] [stdout] running 0 tests
[INFO] [stdout] 
[INFO] [stdout] test result: ok. 0 passed; 0 failed; 0 ignored; 0 measured; 0 filtered out; finished in 0.00s
[INFO] [stdout] 
[INFO] [stderr]    Doc-tests portable_atomic_enum_macros
[INFO] [stdout] 
[INFO] [stdout] running 3 tests
[INFO] [stdout] test src/lib.rs - atomic_enum (line 324) ... FAILED
[INFO] [stdout] test src/lib.rs - atomic_enum (line 338) ... FAILED
[INFO] [stdout] test src/lib.rs - (line 25) ... FAILED
[INFO] [stdout] 
[INFO] [stdout] failures:
[INFO] [stdout] 
[INFO] [stdout] ---- src/lib.rs - atomic_enum (line 324) stdout ----
[INFO] [stdout] error[E0432]: unresolved import `portable_atomic_enum`
[INFO] [stdout]  --> src/lib.rs:325:5
[INFO] [stdout]   |
[INFO] [stdout] 3 | use portable_atomic_enum::atomic_enum;
[INFO] [stdout]   |     ^^^^^^^^^^^^^^^^^^^^ use of undeclared crate or module `portable_atomic_enum`
[INFO] [stdout] 
[INFO] [stdout] error: cannot determine resolution for the attribute macro `atomic_enum`
[INFO] [stdout]  --> src/lib.rs:326:3
[INFO] [stdout]   |
[INFO] [stdout] 4 | #[atomic_enum]
[INFO] [stdout]   |   ^^^^^^^^^^^
[INFO] [stdout]   |
[INFO] [stdout]   = note: import resolution is stuck, try simplifying macro imports
[INFO] [stdout] 
[INFO] [stdout] error[E0433]: failed to resolve: use of undeclared type `AtomicState`
[INFO] [stdout]   --> src/lib.rs:332:13
[INFO] [stdout]    |
[INFO] [stdout] 10 | let state = AtomicState::new(State::Off);
[INFO] [stdout]    |             ^^^^^^^^^^^ use of undeclared type `AtomicState`
[INFO] [stdout] 
[INFO] [stdout] error: aborting due to 3 previous errors
[INFO] [stdout] 
[INFO] [stdout] Some errors have detailed explanations: E0432, E0433.
[INFO] [stdout] For more information about an error, try `rustc --explain E0432`.
[INFO] [stdout] Couldn't compile the test.
[INFO] [stdout] ---- src/lib.rs - atomic_enum (line 338) stdout ----
[INFO] [stdout] error[E0432]: unresolved import `portable_atomic_enum`
[INFO] [stdout]  --> src/lib.rs:339:5
[INFO] [stdout]   |
[INFO] [stdout] 3 | use portable_atomic_enum::atomic_enum;
[INFO] [stdout]   |     ^^^^^^^^^^^^^^^^^^^^ use of undeclared crate or module `portable_atomic_enum`
[INFO] [stdout] 
[INFO] [stdout] error: cannot determine resolution for the attribute macro `atomic_enum`
[INFO] [stdout]  --> src/lib.rs:340:3
[INFO] [stdout]   |
[INFO] [stdout] 4 | #[atomic_enum(StateAtomic)]
[INFO] [stdout]   |   ^^^^^^^^^^^
[INFO] [stdout]   |
[INFO] [stdout]   = note: import resolution is stuck, try simplifying macro imports
[INFO] [stdout] 
[INFO] [stdout] error[E0433]: failed to resolve: use of undeclared type `StateAtomic`
[INFO] [stdout]   --> src/lib.rs:346:13
[INFO] [stdout]    |
[INFO] [stdout] 10 | let state = StateAtomic::new(State::Off);
[INFO] [stdout]    |             ^^^^^^^^^^^ use of undeclared type `StateAtomic`
[INFO] [stdout] 
[INFO] [stdout] error: aborting due to 3 previous errors
[INFO] [stdout] 
[INFO] [stdout] Some errors have detailed explanations: E0432, E0433.
[INFO] [stdout] For more information about an error, try `rustc --explain E0432`.
[INFO] [stdout] Couldn't compile the test.
[INFO] [stdout] ---- src/lib.rs - (line 25) stdout ----
[INFO] [stdout] error[E0432]: unresolved import `portable_atomic_enum`
[INFO] [stdout]  --> src/lib.rs:26:5
[INFO] [stdout]   |
[INFO] [stdout] 3 | use portable_atomic_enum::atomic_enum;
[INFO] [stdout]   |     ^^^^^^^^^^^^^^^^^^^^ use of undeclared crate or module `portable_atomic_enum`
[INFO] [stdout] 
[INFO] [stdout] error: cannot determine resolution for the attribute macro `atomic_enum`
[INFO] [stdout]  --> src/lib.rs:28:3
[INFO] [stdout]   |
[INFO] [stdout] 5 | #[atomic_enum]
[INFO] [stdout]   |   ^^^^^^^^^^^
[INFO] [stdout]   |
[INFO] [stdout]   = note: import resolution is stuck, try simplifying macro imports
[INFO] [stdout] 
[INFO] [stdout] error[E0433]: failed to resolve: use of undeclared type `AtomicCatState`
[INFO] [stdout]   --> src/lib.rs:36:13
[INFO] [stdout]    |
[INFO] [stdout] 13 | let state = AtomicCatState::new(CatState::Dead);
[INFO] [stdout]    |             ^^^^^^^^^^^^^^ use of undeclared type `AtomicCatState`
[INFO] [stdout] 
[INFO] [stdout] error: aborting due to 3 previous errors
[INFO] [stdout] 
[INFO] [stdout] Some errors have detailed explanations: E0432, E0433.
[INFO] [stdout] For more information about an error, try `rustc --explain E0432`.
[INFO] [stdout] Couldn't compile the test.
[INFO] [stdout] 
[INFO] [stdout] failures:
[INFO] [stdout]     src/lib.rs - (line 25)
[INFO] [stdout]     src/lib.rs - atomic_enum (line 324)
[INFO] [stdout]     src/lib.rs - atomic_enum (line 338)
[INFO] [stdout] 
[INFO] [stdout] test result: FAILED. 0 passed; 3 failed; 0 ignored; 0 measured; 0 filtered out; finished in 0.05s
[INFO] [stdout] 
[INFO] [stderr] error: doctest failed, to rerun pass `--doc`
[INFO] running `Command { std: "docker" "inspect" "7bbd07a108cb72ed4f38481e56699c38402509a0dbb6b2d1d7b9441f178c0dad", kill_on_drop: false }`
[INFO] running `Command { std: "docker" "rm" "-f" "7bbd07a108cb72ed4f38481e56699c38402509a0dbb6b2d1d7b9441f178c0dad", kill_on_drop: false }`
[INFO] [stdout] 7bbd07a108cb72ed4f38481e56699c38402509a0dbb6b2d1d7b9441f178c0dad
