[INFO] fetching crate pomprt 0.4.0...
[INFO] testing pomprt-0.4.0 against 1.75.0 for beta-1.76-1
[INFO] extracting crate pomprt 0.4.0 into /workspace/builds/worker-2-tc1/source
[INFO] validating manifest of crates.io crate pomprt 0.4.0 on toolchain 1.75.0
[INFO] running `Command { std: CARGO_HOME="/workspace/cargo-home" RUSTUP_HOME="/workspace/rustup-home" "/workspace/cargo-home/bin/cargo" "+1.75.0" "metadata" "--manifest-path" "Cargo.toml" "--no-deps", kill_on_drop: false }`
[INFO] started tweaking crates.io crate pomprt 0.4.0
[INFO] finished tweaking crates.io crate pomprt 0.4.0
[INFO] tweaked toml for crates.io crate pomprt 0.4.0 written to /workspace/builds/worker-2-tc1/source/Cargo.toml
[INFO] crate crates.io crate pomprt 0.4.0 already has a lockfile, it will not be regenerated
[INFO] running `Command { std: CARGO_HOME="/workspace/cargo-home" RUSTUP_HOME="/workspace/rustup-home" "/workspace/cargo-home/bin/cargo" "+1.75.0" "fetch" "--manifest-path" "Cargo.toml", kill_on_drop: false }`
[INFO] running `Command { std: "docker" "create" "-v" "/var/lib/crater-agent-workspace/builds/worker-2-tc1/target:/opt/rustwide/target:rw,Z" "-v" "/var/lib/crater-agent-workspace/builds/worker-2-tc1/source:/opt/rustwide/workdir:ro,Z" "-v" "/var/lib/crater-agent-workspace/cargo-home:/opt/rustwide/cargo-home:ro,Z" "-v" "/var/lib/crater-agent-workspace/rustup-home:/opt/rustwide/rustup-home:ro,Z" "-e" "SOURCE_DIR=/opt/rustwide/workdir" "-e" "CARGO_TARGET_DIR=/opt/rustwide/target" "-e" "CARGO_HOME=/opt/rustwide/cargo-home" "-e" "RUSTUP_HOME=/opt/rustwide/rustup-home" "-w" "/opt/rustwide/workdir" "-m" "1610612736" "--user" "0:0" "--network" "none" "ghcr.io/rust-lang/crates-build-env/linux@sha256:2788e3201cd34a07e3172128adcd8b3090168a8e3bcc40d7c032b9dda1df7d1c" "/opt/rustwide/cargo-home/bin/cargo" "+1.75.0" "metadata" "--no-deps" "--format-version=1", kill_on_drop: false }`
[INFO] [stdout] 6fda028576f6bea3dfd14f5e4e2d78f919be0658f943c6cdbe9a31fc865a4887
[INFO] running `Command { std: "docker" "start" "-a" "6fda028576f6bea3dfd14f5e4e2d78f919be0658f943c6cdbe9a31fc865a4887", kill_on_drop: false }`
[INFO] running `Command { std: "docker" "inspect" "6fda028576f6bea3dfd14f5e4e2d78f919be0658f943c6cdbe9a31fc865a4887", kill_on_drop: false }`
[INFO] running `Command { std: "docker" "rm" "-f" "6fda028576f6bea3dfd14f5e4e2d78f919be0658f943c6cdbe9a31fc865a4887", kill_on_drop: false }`
[INFO] [stdout] 6fda028576f6bea3dfd14f5e4e2d78f919be0658f943c6cdbe9a31fc865a4887
[INFO] running `Command { std: "docker" "create" "-v" "/var/lib/crater-agent-workspace/builds/worker-2-tc1/target:/opt/rustwide/target:rw,Z" "-v" "/var/lib/crater-agent-workspace/builds/worker-2-tc1/source:/opt/rustwide/workdir:ro,Z" "-v" "/var/lib/crater-agent-workspace/cargo-home:/opt/rustwide/cargo-home:ro,Z" "-v" "/var/lib/crater-agent-workspace/rustup-home:/opt/rustwide/rustup-home:ro,Z" "-e" "SOURCE_DIR=/opt/rustwide/workdir" "-e" "CARGO_TARGET_DIR=/opt/rustwide/target" "-e" "CARGO_INCREMENTAL=0" "-e" "RUST_BACKTRACE=full" "-e" "RUSTFLAGS=--cap-lints=warn" "-e" "RUSTDOCFLAGS=--cap-lints=warn" "-e" "CARGO_HOME=/opt/rustwide/cargo-home" "-e" "RUSTUP_HOME=/opt/rustwide/rustup-home" "-w" "/opt/rustwide/workdir" "-m" "1610612736" "--user" "0:0" "--network" "none" "ghcr.io/rust-lang/crates-build-env/linux@sha256:2788e3201cd34a07e3172128adcd8b3090168a8e3bcc40d7c032b9dda1df7d1c" "/opt/rustwide/cargo-home/bin/cargo" "+1.75.0" "build" "--frozen" "--message-format=json", kill_on_drop: false }`
[INFO] [stdout] cb2838b0fa6df8189bc9d8ac29443b4fc118ef66604873719990fe17c790b7c3
[INFO] running `Command { std: "docker" "start" "-a" "cb2838b0fa6df8189bc9d8ac29443b4fc118ef66604873719990fe17c790b7c3", kill_on_drop: false }`
[INFO] [stderr]    Compiling libc v0.2.147
[INFO] [stderr]    Compiling pomprt v0.4.0 (/opt/rustwide/workdir)
[INFO] [stderr]     Finished dev [unoptimized + debuginfo] target(s) in 1.14s
[INFO] running `Command { std: "docker" "inspect" "cb2838b0fa6df8189bc9d8ac29443b4fc118ef66604873719990fe17c790b7c3", kill_on_drop: false }`
[INFO] running `Command { std: "docker" "rm" "-f" "cb2838b0fa6df8189bc9d8ac29443b4fc118ef66604873719990fe17c790b7c3", kill_on_drop: false }`
[INFO] [stdout] cb2838b0fa6df8189bc9d8ac29443b4fc118ef66604873719990fe17c790b7c3
[INFO] running `Command { std: "docker" "create" "-v" "/var/lib/crater-agent-workspace/builds/worker-2-tc1/target:/opt/rustwide/target:rw,Z" "-v" "/var/lib/crater-agent-workspace/builds/worker-2-tc1/source:/opt/rustwide/workdir:ro,Z" "-v" "/var/lib/crater-agent-workspace/cargo-home:/opt/rustwide/cargo-home:ro,Z" "-v" "/var/lib/crater-agent-workspace/rustup-home:/opt/rustwide/rustup-home:ro,Z" "-e" "SOURCE_DIR=/opt/rustwide/workdir" "-e" "CARGO_TARGET_DIR=/opt/rustwide/target" "-e" "CARGO_INCREMENTAL=0" "-e" "RUST_BACKTRACE=full" "-e" "RUSTFLAGS=--cap-lints=warn" "-e" "RUSTDOCFLAGS=--cap-lints=warn" "-e" "CARGO_HOME=/opt/rustwide/cargo-home" "-e" "RUSTUP_HOME=/opt/rustwide/rustup-home" "-w" "/opt/rustwide/workdir" "-m" "1610612736" "--user" "0:0" "--network" "none" "ghcr.io/rust-lang/crates-build-env/linux@sha256:2788e3201cd34a07e3172128adcd8b3090168a8e3bcc40d7c032b9dda1df7d1c" "/opt/rustwide/cargo-home/bin/cargo" "+1.75.0" "test" "--frozen" "--no-run" "--message-format=json", kill_on_drop: false }`
[INFO] [stdout] 9cc4a3f3ddf05f71014a73c719e95f2f57133233912a4125664c1dc91ca4bc39
[INFO] running `Command { std: "docker" "start" "-a" "9cc4a3f3ddf05f71014a73c719e95f2f57133233912a4125664c1dc91ca4bc39", kill_on_drop: false }`
[INFO] [stderr]    Compiling pomprt v0.4.0 (/opt/rustwide/workdir)
[INFO] [stderr]     Finished test [unoptimized + debuginfo] target(s) in 0.75s
[INFO] running `Command { std: "docker" "inspect" "9cc4a3f3ddf05f71014a73c719e95f2f57133233912a4125664c1dc91ca4bc39", kill_on_drop: false }`
[INFO] running `Command { std: "docker" "rm" "-f" "9cc4a3f3ddf05f71014a73c719e95f2f57133233912a4125664c1dc91ca4bc39", kill_on_drop: false }`
[INFO] [stdout] 9cc4a3f3ddf05f71014a73c719e95f2f57133233912a4125664c1dc91ca4bc39
[INFO] running `Command { std: "docker" "create" "-v" "/var/lib/crater-agent-workspace/builds/worker-2-tc1/target:/opt/rustwide/target:rw,Z" "-v" "/var/lib/crater-agent-workspace/builds/worker-2-tc1/source:/opt/rustwide/workdir:ro,Z" "-v" "/var/lib/crater-agent-workspace/cargo-home:/opt/rustwide/cargo-home:ro,Z" "-v" "/var/lib/crater-agent-workspace/rustup-home:/opt/rustwide/rustup-home:ro,Z" "-e" "SOURCE_DIR=/opt/rustwide/workdir" "-e" "CARGO_TARGET_DIR=/opt/rustwide/target" "-e" "CARGO_INCREMENTAL=0" "-e" "RUST_BACKTRACE=full" "-e" "RUSTFLAGS=--cap-lints=warn" "-e" "RUSTDOCFLAGS=--cap-lints=warn" "-e" "CARGO_HOME=/opt/rustwide/cargo-home" "-e" "RUSTUP_HOME=/opt/rustwide/rustup-home" "-w" "/opt/rustwide/workdir" "-m" "1610612736" "--user" "0:0" "--network" "none" "ghcr.io/rust-lang/crates-build-env/linux@sha256:2788e3201cd34a07e3172128adcd8b3090168a8e3bcc40d7c032b9dda1df7d1c" "/opt/rustwide/cargo-home/bin/cargo" "+1.75.0" "test" "--frozen", kill_on_drop: false }`
[INFO] [stdout] 96e11d64f262021a8f2de23fe85153943150803a451ce3d326cbc2eb50dc2422
[INFO] running `Command { std: "docker" "start" "-a" "96e11d64f262021a8f2de23fe85153943150803a451ce3d326cbc2eb50dc2422", kill_on_drop: false }`
[INFO] [stdout] 
[INFO] [stderr]     Finished test [unoptimized + debuginfo] target(s) in 0.01s
[INFO] [stdout] running 0 tests
[INFO] [stderr]      Running unittests src/lib.rs (/opt/rustwide/target/debug/deps/pomprt-fa9ac949fa08d034)
[INFO] [stdout] 
[INFO] [stderr]    Doc-tests pomprt
[INFO] [stdout] test result: ok. 0 passed; 0 failed; 0 ignored; 0 measured; 0 filtered out; finished in 0.00s
[INFO] [stdout] 
[INFO] [stdout] 
[INFO] [stdout] running 2 tests
[INFO] [stdout] test src/lib.rs - (line 30) ... FAILED
[INFO] [stdout] test src/lib.rs - (line 16) ... ok
[INFO] [stdout] 
[INFO] [stdout] failures:
[INFO] [stdout] 
[INFO] [stdout] ---- src/lib.rs - (line 30) stdout ----
[INFO] [stdout] error[E0053]: method `highlight_prompt` has an incompatible type for trait
[INFO] [stdout]   --> src/lib.rs:37:58
[INFO] [stdout]    |
[INFO] [stdout] 10 |     fn highlight_prompt(&self, prompt: &str, _multiline: &str) {
[INFO] [stdout]    |                                                          ^^^^
[INFO] [stdout]    |                                                          |
[INFO] [stdout]    |                                                          expected `bool`, found `&str`
[INFO] [stdout]    |                                                          help: change the parameter type to match the trait: `bool`
[INFO] [stdout]    |
[INFO] [stdout]    = note: expected signature `fn(&MyEditor, &str, bool) -> String`
[INFO] [stdout]               found signature `fn(&MyEditor, &str, &str)`
[INFO] [stdout] 
[INFO] [stdout] error[E0308]: mismatched types
[INFO] [stdout]   --> src/lib.rs:38:9
[INFO] [stdout]    |
[INFO] [stdout] 10 |     fn highlight_prompt(&self, prompt: &str, _multiline: &str) {
[INFO] [stdout]    |                                                               - expected `()` because of default return type
[INFO] [stdout] 11 |         format!("\x1b[36m{prompt}")
[INFO] [stdout]    |         ^^^^^^^^^^^^^^^^^^^^^^^^^^^ expected `()`, found `String`
[INFO] [stdout]    |
[INFO] [stdout]    = note: this error originates in the macro `format` (in Nightly builds, run with -Z macro-backtrace for more info)
[INFO] [stdout] 
[INFO] [stdout] error: aborting due to 2 previous errors
[INFO] [stdout] 
[INFO] [stdout] Some errors have detailed explanations: E0053, E0308.
[INFO] [stdout] For more information about an error, try `rustc --explain E0053`.
[INFO] [stdout] Couldn't compile the test.
[INFO] [stdout] 
[INFO] [stdout] failures:
[INFO] [stdout]     src/lib.rs - (line 30)
[INFO] [stdout] 
[INFO] [stdout] test result: FAILED. 1 passed; 1 failed; 0 ignored; 0 measured; 0 filtered out; finished in 0.39s
[INFO] [stdout] 
[INFO] [stderr] error: doctest failed, to rerun pass `--doc`
[INFO] running `Command { std: "docker" "inspect" "96e11d64f262021a8f2de23fe85153943150803a451ce3d326cbc2eb50dc2422", kill_on_drop: false }`
[INFO] running `Command { std: "docker" "rm" "-f" "96e11d64f262021a8f2de23fe85153943150803a451ce3d326cbc2eb50dc2422", kill_on_drop: false }`
[INFO] [stdout] 96e11d64f262021a8f2de23fe85153943150803a451ce3d326cbc2eb50dc2422
