[INFO] fetching crate pocky 0.5.2...
[INFO] testing pocky-0.5.2 against 1.75.0 for beta-1.76-1
[INFO] extracting crate pocky 0.5.2 into /workspace/builds/worker-2-tc1/source
[INFO] validating manifest of crates.io crate pocky 0.5.2 on toolchain 1.75.0
[INFO] running `Command { std: CARGO_HOME="/workspace/cargo-home" RUSTUP_HOME="/workspace/rustup-home" "/workspace/cargo-home/bin/cargo" "+1.75.0" "metadata" "--manifest-path" "Cargo.toml" "--no-deps", kill_on_drop: false }`
[INFO] removed /workspace/builds/worker-2-tc1/source/.cargo/config.toml
[INFO] started tweaking crates.io crate pocky 0.5.2
[INFO] finished tweaking crates.io crate pocky 0.5.2
[INFO] tweaked toml for crates.io crate pocky 0.5.2 written to /workspace/builds/worker-2-tc1/source/Cargo.toml
[INFO] running `Command { std: CARGO_HOME="/workspace/cargo-home" RUSTUP_HOME="/workspace/rustup-home" "/workspace/cargo-home/bin/cargo" "+1.75.0" "generate-lockfile" "--manifest-path" "Cargo.toml", kill_on_drop: false }`
[INFO] [stderr]     Updating crates.io index
[INFO] running `Command { std: CARGO_HOME="/workspace/cargo-home" RUSTUP_HOME="/workspace/rustup-home" "/workspace/cargo-home/bin/cargo" "+1.75.0" "fetch" "--manifest-path" "Cargo.toml", kill_on_drop: false }`
[INFO] running `Command { std: "docker" "create" "-v" "/var/lib/crater-agent-workspace/builds/worker-2-tc1/target:/opt/rustwide/target:rw,Z" "-v" "/var/lib/crater-agent-workspace/builds/worker-2-tc1/source:/opt/rustwide/workdir:ro,Z" "-v" "/var/lib/crater-agent-workspace/cargo-home:/opt/rustwide/cargo-home:ro,Z" "-v" "/var/lib/crater-agent-workspace/rustup-home:/opt/rustwide/rustup-home:ro,Z" "-e" "SOURCE_DIR=/opt/rustwide/workdir" "-e" "CARGO_TARGET_DIR=/opt/rustwide/target" "-e" "CARGO_HOME=/opt/rustwide/cargo-home" "-e" "RUSTUP_HOME=/opt/rustwide/rustup-home" "-w" "/opt/rustwide/workdir" "-m" "1610612736" "--user" "0:0" "--network" "none" "ghcr.io/rust-lang/crates-build-env/linux@sha256:2788e3201cd34a07e3172128adcd8b3090168a8e3bcc40d7c032b9dda1df7d1c" "/opt/rustwide/cargo-home/bin/cargo" "+1.75.0" "metadata" "--no-deps" "--format-version=1", kill_on_drop: false }`
[INFO] [stdout] d1b1becba0319b1bc75801e2295ca0219e61e2efc572520dc3d819a19f32cd87
[INFO] running `Command { std: "docker" "start" "-a" "d1b1becba0319b1bc75801e2295ca0219e61e2efc572520dc3d819a19f32cd87", kill_on_drop: false }`
[INFO] running `Command { std: "docker" "inspect" "d1b1becba0319b1bc75801e2295ca0219e61e2efc572520dc3d819a19f32cd87", kill_on_drop: false }`
[INFO] running `Command { std: "docker" "rm" "-f" "d1b1becba0319b1bc75801e2295ca0219e61e2efc572520dc3d819a19f32cd87", kill_on_drop: false }`
[INFO] [stdout] d1b1becba0319b1bc75801e2295ca0219e61e2efc572520dc3d819a19f32cd87
[INFO] running `Command { std: "docker" "create" "-v" "/var/lib/crater-agent-workspace/builds/worker-2-tc1/target:/opt/rustwide/target:rw,Z" "-v" "/var/lib/crater-agent-workspace/builds/worker-2-tc1/source:/opt/rustwide/workdir:ro,Z" "-v" "/var/lib/crater-agent-workspace/cargo-home:/opt/rustwide/cargo-home:ro,Z" "-v" "/var/lib/crater-agent-workspace/rustup-home:/opt/rustwide/rustup-home:ro,Z" "-e" "SOURCE_DIR=/opt/rustwide/workdir" "-e" "CARGO_TARGET_DIR=/opt/rustwide/target" "-e" "CARGO_INCREMENTAL=0" "-e" "RUST_BACKTRACE=full" "-e" "RUSTFLAGS=--cap-lints=warn" "-e" "RUSTDOCFLAGS=--cap-lints=warn" "-e" "CARGO_HOME=/opt/rustwide/cargo-home" "-e" "RUSTUP_HOME=/opt/rustwide/rustup-home" "-w" "/opt/rustwide/workdir" "-m" "1610612736" "--user" "0:0" "--network" "none" "ghcr.io/rust-lang/crates-build-env/linux@sha256:2788e3201cd34a07e3172128adcd8b3090168a8e3bcc40d7c032b9dda1df7d1c" "/opt/rustwide/cargo-home/bin/cargo" "+1.75.0" "build" "--frozen" "--message-format=json", kill_on_drop: false }`
[INFO] [stdout] 2d67043cf5ae5440965da57df24166334e80e79da8d89880d2243c3276240338
[INFO] running `Command { std: "docker" "start" "-a" "2d67043cf5ae5440965da57df24166334e80e79da8d89880d2243c3276240338", kill_on_drop: false }`
[INFO] [stderr]    Compiling serde v1.0.171
[INFO] [stderr]    Compiling pulldown-cmark v0.9.3
[INFO] [stderr]    Compiling getopts v0.2.21
[INFO] [stderr]    Compiling unicase v2.7.0
[INFO] [stderr]    Compiling serde_derive v1.0.171
[INFO] [stderr]    Compiling serde_yaml v0.9.25
[INFO] [stderr]    Compiling pocky v0.5.2 (/opt/rustwide/workdir)
[INFO] [stderr]     Finished dev [unoptimized + debuginfo] target(s) in 11.37s
[INFO] running `Command { std: "docker" "inspect" "2d67043cf5ae5440965da57df24166334e80e79da8d89880d2243c3276240338", kill_on_drop: false }`
[INFO] running `Command { std: "docker" "rm" "-f" "2d67043cf5ae5440965da57df24166334e80e79da8d89880d2243c3276240338", kill_on_drop: false }`
[INFO] [stdout] 2d67043cf5ae5440965da57df24166334e80e79da8d89880d2243c3276240338
[INFO] running `Command { std: "docker" "create" "-v" "/var/lib/crater-agent-workspace/builds/worker-2-tc1/target:/opt/rustwide/target:rw,Z" "-v" "/var/lib/crater-agent-workspace/builds/worker-2-tc1/source:/opt/rustwide/workdir:ro,Z" "-v" "/var/lib/crater-agent-workspace/cargo-home:/opt/rustwide/cargo-home:ro,Z" "-v" "/var/lib/crater-agent-workspace/rustup-home:/opt/rustwide/rustup-home:ro,Z" "-e" "SOURCE_DIR=/opt/rustwide/workdir" "-e" "CARGO_TARGET_DIR=/opt/rustwide/target" "-e" "CARGO_INCREMENTAL=0" "-e" "RUST_BACKTRACE=full" "-e" "RUSTFLAGS=--cap-lints=warn" "-e" "RUSTDOCFLAGS=--cap-lints=warn" "-e" "CARGO_HOME=/opt/rustwide/cargo-home" "-e" "RUSTUP_HOME=/opt/rustwide/rustup-home" "-w" "/opt/rustwide/workdir" "-m" "1610612736" "--user" "0:0" "--network" "none" "ghcr.io/rust-lang/crates-build-env/linux@sha256:2788e3201cd34a07e3172128adcd8b3090168a8e3bcc40d7c032b9dda1df7d1c" "/opt/rustwide/cargo-home/bin/cargo" "+1.75.0" "test" "--frozen" "--no-run" "--message-format=json", kill_on_drop: false }`
[INFO] [stdout] b1fbecca9719b8c98363664907ebde70fbc7cbfcef207e2ff9008d0d5ce2805c
[INFO] running `Command { std: "docker" "start" "-a" "b1fbecca9719b8c98363664907ebde70fbc7cbfcef207e2ff9008d0d5ce2805c", kill_on_drop: false }`
[INFO] [stderr]    Compiling pocky v0.5.2 (/opt/rustwide/workdir)
[INFO] [stderr]     Finished test [unoptimized + debuginfo] target(s) in 1.26s
[INFO] running `Command { std: "docker" "inspect" "b1fbecca9719b8c98363664907ebde70fbc7cbfcef207e2ff9008d0d5ce2805c", kill_on_drop: false }`
[INFO] running `Command { std: "docker" "rm" "-f" "b1fbecca9719b8c98363664907ebde70fbc7cbfcef207e2ff9008d0d5ce2805c", kill_on_drop: false }`
[INFO] [stdout] b1fbecca9719b8c98363664907ebde70fbc7cbfcef207e2ff9008d0d5ce2805c
[INFO] running `Command { std: "docker" "create" "-v" "/var/lib/crater-agent-workspace/builds/worker-2-tc1/target:/opt/rustwide/target:rw,Z" "-v" "/var/lib/crater-agent-workspace/builds/worker-2-tc1/source:/opt/rustwide/workdir:ro,Z" "-v" "/var/lib/crater-agent-workspace/cargo-home:/opt/rustwide/cargo-home:ro,Z" "-v" "/var/lib/crater-agent-workspace/rustup-home:/opt/rustwide/rustup-home:ro,Z" "-e" "SOURCE_DIR=/opt/rustwide/workdir" "-e" "CARGO_TARGET_DIR=/opt/rustwide/target" "-e" "CARGO_INCREMENTAL=0" "-e" "RUST_BACKTRACE=full" "-e" "RUSTFLAGS=--cap-lints=warn" "-e" "RUSTDOCFLAGS=--cap-lints=warn" "-e" "CARGO_HOME=/opt/rustwide/cargo-home" "-e" "RUSTUP_HOME=/opt/rustwide/rustup-home" "-w" "/opt/rustwide/workdir" "-m" "1610612736" "--user" "0:0" "--network" "none" "ghcr.io/rust-lang/crates-build-env/linux@sha256:2788e3201cd34a07e3172128adcd8b3090168a8e3bcc40d7c032b9dda1df7d1c" "/opt/rustwide/cargo-home/bin/cargo" "+1.75.0" "test" "--frozen", kill_on_drop: false }`
[INFO] [stdout] cc91ae71a3d6e758e33be6626e3ea950bbddad4c3cb67fa7d717c631dd4a2bc0
[INFO] running `Command { std: "docker" "start" "-a" "cc91ae71a3d6e758e33be6626e3ea950bbddad4c3cb67fa7d717c631dd4a2bc0", kill_on_drop: false }`
[INFO] [stderr]     Finished test [unoptimized + debuginfo] target(s) in 0.02s
[INFO] [stderr]      Running unittests src/lib.rs (/opt/rustwide/target/debug/deps/pocky-9c3b8239d92650a5)
[INFO] [stdout] 
[INFO] [stdout] running 4 tests
[INFO] [stdout] test page::html::tests::from_string ... ok
[INFO] [stdout] test page::md::tests::no_frontmatter ... ok
[INFO] [stdout] test page::md::tests::with_frontmatter ... ok
[INFO] [stdout] test page::md::tests::with_frontmatter_deserialize ... ok
[INFO] [stdout] 
[INFO] [stdout] test result: ok. 4 passed; 0 failed; 0 ignored; 0 measured; 0 filtered out; finished in 0.00s
[INFO] [stdout] 
[INFO] [stderr]      Running tests/main.rs (/opt/rustwide/target/debug/deps/main-c94e1575fbccab4c)
[INFO] [stdout] 
[INFO] [stdout] running 1 test
[INFO] [stdout] test generate_html_for_sample_blog_post ... FAILED
[INFO] [stdout] 
[INFO] [stdout] failures:
[INFO] [stdout] 
[INFO] [stdout] ---- generate_html_for_sample_blog_post stdout ----
[INFO] [stdout] Error: Os { code: 30, kind: ReadOnlyFilesystem, message: "Read-only file system" }
[INFO] [stdout] 
[INFO] [stdout] 
[INFO] [stdout] failures:
[INFO] [stdout]     generate_html_for_sample_blog_post
[INFO] [stdout] 
[INFO] [stdout] test result: FAILED. 0 passed; 1 failed; 0 ignored; 0 measured; 0 filtered out; finished in 0.00s
[INFO] [stdout] 
[INFO] [stderr] error: test failed, to rerun pass `--test main`
[INFO] running `Command { std: "docker" "inspect" "cc91ae71a3d6e758e33be6626e3ea950bbddad4c3cb67fa7d717c631dd4a2bc0", kill_on_drop: false }`
[INFO] running `Command { std: "docker" "rm" "-f" "cc91ae71a3d6e758e33be6626e3ea950bbddad4c3cb67fa7d717c631dd4a2bc0", kill_on_drop: false }`
[INFO] [stdout] cc91ae71a3d6e758e33be6626e3ea950bbddad4c3cb67fa7d717c631dd4a2bc0
[INFO] testing pocky-0.5.2 against beta-2023-12-22 for beta-1.76-1
[INFO] extracting crate pocky 0.5.2 into /workspace/builds/worker-2-tc2/source
[INFO] validating manifest of crates.io crate pocky 0.5.2 on toolchain beta-2023-12-22
[INFO] running `Command { std: CARGO_HOME="/workspace/cargo-home" RUSTUP_HOME="/workspace/rustup-home" "/workspace/cargo-home/bin/cargo" "+beta-2023-12-22" "metadata" "--manifest-path" "Cargo.toml" "--no-deps", kill_on_drop: false }`
[INFO] removed /workspace/builds/worker-2-tc2/source/.cargo/config.toml
[INFO] started tweaking crates.io crate pocky 0.5.2
[INFO] finished tweaking crates.io crate pocky 0.5.2
[INFO] tweaked toml for crates.io crate pocky 0.5.2 written to /workspace/builds/worker-2-tc2/source/Cargo.toml
[INFO] running `Command { std: CARGO_HOME="/workspace/cargo-home" RUSTUP_HOME="/workspace/rustup-home" "/workspace/cargo-home/bin/cargo" "+beta-2023-12-22" "generate-lockfile" "--manifest-path" "Cargo.toml", kill_on_drop: false }`
[INFO] [stderr]     Updating crates.io index
[INFO] running `Command { std: CARGO_HOME="/workspace/cargo-home" RUSTUP_HOME="/workspace/rustup-home" "/workspace/cargo-home/bin/cargo" "+beta-2023-12-22" "fetch" "--manifest-path" "Cargo.toml", kill_on_drop: false }`
[INFO] running `Command { std: "docker" "create" "-v" "/var/lib/crater-agent-workspace/builds/worker-2-tc2/target:/opt/rustwide/target:rw,Z" "-v" "/var/lib/crater-agent-workspace/builds/worker-2-tc2/source:/opt/rustwide/workdir:ro,Z" "-v" "/var/lib/crater-agent-workspace/cargo-home:/opt/rustwide/cargo-home:ro,Z" "-v" "/var/lib/crater-agent-workspace/rustup-home:/opt/rustwide/rustup-home:ro,Z" "-e" "SOURCE_DIR=/opt/rustwide/workdir" "-e" "CARGO_TARGET_DIR=/opt/rustwide/target" "-e" "CARGO_HOME=/opt/rustwide/cargo-home" "-e" "RUSTUP_HOME=/opt/rustwide/rustup-home" "-w" "/opt/rustwide/workdir" "-m" "1610612736" "--user" "0:0" "--network" "none" "ghcr.io/rust-lang/crates-build-env/linux@sha256:2788e3201cd34a07e3172128adcd8b3090168a8e3bcc40d7c032b9dda1df7d1c" "/opt/rustwide/cargo-home/bin/cargo" "+beta-2023-12-22" "metadata" "--no-deps" "--format-version=1", kill_on_drop: false }`
[INFO] [stdout] 11c37c03902d3be96dbe9f49fb3e0f6fc25b9e69d841688ae4e5bb9fb55a99ca
[INFO] running `Command { std: "docker" "start" "-a" "11c37c03902d3be96dbe9f49fb3e0f6fc25b9e69d841688ae4e5bb9fb55a99ca", kill_on_drop: false }`
[INFO] running `Command { std: "docker" "inspect" "11c37c03902d3be96dbe9f49fb3e0f6fc25b9e69d841688ae4e5bb9fb55a99ca", kill_on_drop: false }`
[INFO] running `Command { std: "docker" "rm" "-f" "11c37c03902d3be96dbe9f49fb3e0f6fc25b9e69d841688ae4e5bb9fb55a99ca", kill_on_drop: false }`
[INFO] [stdout] 11c37c03902d3be96dbe9f49fb3e0f6fc25b9e69d841688ae4e5bb9fb55a99ca
[INFO] running `Command { std: "docker" "create" "-v" "/var/lib/crater-agent-workspace/builds/worker-2-tc2/target:/opt/rustwide/target:rw,Z" "-v" "/var/lib/crater-agent-workspace/builds/worker-2-tc2/source:/opt/rustwide/workdir:ro,Z" "-v" "/var/lib/crater-agent-workspace/cargo-home:/opt/rustwide/cargo-home:ro,Z" "-v" "/var/lib/crater-agent-workspace/rustup-home:/opt/rustwide/rustup-home:ro,Z" "-e" "SOURCE_DIR=/opt/rustwide/workdir" "-e" "CARGO_TARGET_DIR=/opt/rustwide/target" "-e" "CARGO_INCREMENTAL=0" "-e" "RUST_BACKTRACE=full" "-e" "RUSTFLAGS=--cap-lints=warn" "-e" "RUSTDOCFLAGS=--cap-lints=warn" "-e" "CARGO_HOME=/opt/rustwide/cargo-home" "-e" "RUSTUP_HOME=/opt/rustwide/rustup-home" "-w" "/opt/rustwide/workdir" "-m" "1610612736" "--user" "0:0" "--network" "none" "ghcr.io/rust-lang/crates-build-env/linux@sha256:2788e3201cd34a07e3172128adcd8b3090168a8e3bcc40d7c032b9dda1df7d1c" "/opt/rustwide/cargo-home/bin/cargo" "+beta-2023-12-22" "build" "--frozen" "--message-format=json", kill_on_drop: false }`
[INFO] [stdout] 83f7576229cdfd9f0807bbf3e8e3dd7e8de74e4b835334627abe6657765f4923
[INFO] running `Command { std: "docker" "start" "-a" "83f7576229cdfd9f0807bbf3e8e3dd7e8de74e4b835334627abe6657765f4923", kill_on_drop: false }`
[INFO] [stderr]    Compiling serde v1.0.171
[INFO] [stderr]    Compiling pulldown-cmark v0.9.3
[INFO] [stderr]    Compiling getopts v0.2.21
[INFO] [stderr]    Compiling unicase v2.7.0
[INFO] [stderr]    Compiling serde_derive v1.0.171
[INFO] [stderr]    Compiling serde_yaml v0.9.25
[INFO] [stderr]    Compiling pocky v0.5.2 (/opt/rustwide/workdir)
[INFO] [stderr]     Finished dev [unoptimized + debuginfo] target(s) in 6.84s
[INFO] running `Command { std: "docker" "inspect" "83f7576229cdfd9f0807bbf3e8e3dd7e8de74e4b835334627abe6657765f4923", kill_on_drop: false }`
[INFO] running `Command { std: "docker" "rm" "-f" "83f7576229cdfd9f0807bbf3e8e3dd7e8de74e4b835334627abe6657765f4923", kill_on_drop: false }`
[INFO] [stdout] 83f7576229cdfd9f0807bbf3e8e3dd7e8de74e4b835334627abe6657765f4923
[INFO] running `Command { std: "docker" "create" "-v" "/var/lib/crater-agent-workspace/builds/worker-2-tc2/target:/opt/rustwide/target:rw,Z" "-v" "/var/lib/crater-agent-workspace/builds/worker-2-tc2/source:/opt/rustwide/workdir:ro,Z" "-v" "/var/lib/crater-agent-workspace/cargo-home:/opt/rustwide/cargo-home:ro,Z" "-v" "/var/lib/crater-agent-workspace/rustup-home:/opt/rustwide/rustup-home:ro,Z" "-e" "SOURCE_DIR=/opt/rustwide/workdir" "-e" "CARGO_TARGET_DIR=/opt/rustwide/target" "-e" "CARGO_INCREMENTAL=0" "-e" "RUST_BACKTRACE=full" "-e" "RUSTFLAGS=--cap-lints=warn" "-e" "RUSTDOCFLAGS=--cap-lints=warn" "-e" "CARGO_HOME=/opt/rustwide/cargo-home" "-e" "RUSTUP_HOME=/opt/rustwide/rustup-home" "-w" "/opt/rustwide/workdir" "-m" "1610612736" "--user" "0:0" "--network" "none" "ghcr.io/rust-lang/crates-build-env/linux@sha256:2788e3201cd34a07e3172128adcd8b3090168a8e3bcc40d7c032b9dda1df7d1c" "/opt/rustwide/cargo-home/bin/cargo" "+beta-2023-12-22" "test" "--frozen" "--no-run" "--message-format=json", kill_on_drop: false }`
[INFO] [stdout] bb7052052b63fa585cff76513c065e7b46d840f6d02e52841b0045d9b49c6ad3
[INFO] running `Command { std: "docker" "start" "-a" "bb7052052b63fa585cff76513c065e7b46d840f6d02e52841b0045d9b49c6ad3", kill_on_drop: false }`
[INFO] [stderr]    Compiling pocky v0.5.2 (/opt/rustwide/workdir)
[INFO] [stderr]     Finished test [unoptimized + debuginfo] target(s) in 0.65s
[INFO] running `Command { std: "docker" "inspect" "bb7052052b63fa585cff76513c065e7b46d840f6d02e52841b0045d9b49c6ad3", kill_on_drop: false }`
[INFO] running `Command { std: "docker" "rm" "-f" "bb7052052b63fa585cff76513c065e7b46d840f6d02e52841b0045d9b49c6ad3", kill_on_drop: false }`
[INFO] [stdout] bb7052052b63fa585cff76513c065e7b46d840f6d02e52841b0045d9b49c6ad3
[INFO] running `Command { std: "docker" "create" "-v" "/var/lib/crater-agent-workspace/builds/worker-2-tc2/target:/opt/rustwide/target:rw,Z" "-v" "/var/lib/crater-agent-workspace/builds/worker-2-tc2/source:/opt/rustwide/workdir:ro,Z" "-v" "/var/lib/crater-agent-workspace/cargo-home:/opt/rustwide/cargo-home:ro,Z" "-v" "/var/lib/crater-agent-workspace/rustup-home:/opt/rustwide/rustup-home:ro,Z" "-e" "SOURCE_DIR=/opt/rustwide/workdir" "-e" "CARGO_TARGET_DIR=/opt/rustwide/target" "-e" "CARGO_INCREMENTAL=0" "-e" "RUST_BACKTRACE=full" "-e" "RUSTFLAGS=--cap-lints=warn" "-e" "RUSTDOCFLAGS=--cap-lints=warn" "-e" "CARGO_HOME=/opt/rustwide/cargo-home" "-e" "RUSTUP_HOME=/opt/rustwide/rustup-home" "-w" "/opt/rustwide/workdir" "-m" "1610612736" "--user" "0:0" "--network" "none" "ghcr.io/rust-lang/crates-build-env/linux@sha256:2788e3201cd34a07e3172128adcd8b3090168a8e3bcc40d7c032b9dda1df7d1c" "/opt/rustwide/cargo-home/bin/cargo" "+beta-2023-12-22" "test" "--frozen", kill_on_drop: false }`
[INFO] [stdout] 9b9feebdb216633324ca8a52333817b1c2a21a7db3ab4f43b3df222ee34d75b9
[INFO] running `Command { std: "docker" "start" "-a" "9b9feebdb216633324ca8a52333817b1c2a21a7db3ab4f43b3df222ee34d75b9", kill_on_drop: false }`
[INFO] [stderr]     Finished test [unoptimized + debuginfo] target(s) in 0.01s
[INFO] [stderr]      Running unittests src/lib.rs (/opt/rustwide/target/debug/deps/pocky-7d4729c461d52e88)
[INFO] [stdout] 
[INFO] [stdout] running 4 tests
[INFO] [stdout] test page::html::tests::from_string ... ok
[INFO] [stdout] test page::md::tests::no_frontmatter ... ok
[INFO] [stdout] test page::md::tests::with_frontmatter ... ok
[INFO] [stdout] test page::md::tests::with_frontmatter_deserialize ... ok
[INFO] [stdout] 
[INFO] [stdout] test result: ok. 4 passed; 0 failed; 0 ignored; 0 measured; 0 filtered out; finished in 0.00s
[INFO] [stdout] 
[INFO] [stderr]      Running tests/main.rs (/opt/rustwide/target/debug/deps/main-fe297169f574f23c)
[INFO] [stdout] 
[INFO] [stdout] running 1 test
[INFO] [stdout] test generate_html_for_sample_blog_post ... FAILED
[INFO] [stdout] 
[INFO] [stdout] failures:
[INFO] [stdout] 
[INFO] [stdout] ---- generate_html_for_sample_blog_post stdout ----
[INFO] [stdout] Error: Os { code: 30, kind: ReadOnlyFilesystem, message: "Read-only file system" }
[INFO] [stdout] 
[INFO] [stdout] 
[INFO] [stdout] failures:
[INFO] [stdout]     generate_html_for_sample_blog_post
[INFO] [stdout] 
[INFO] [stdout] test result: FAILED. 0 passed; 1 failed; 0 ignored; 0 measured; 0 filtered out; finished in 0.00s
[INFO] [stdout] 
[INFO] [stderr] error: test failed, to rerun pass `--test main`
[INFO] running `Command { std: "docker" "inspect" "9b9feebdb216633324ca8a52333817b1c2a21a7db3ab4f43b3df222ee34d75b9", kill_on_drop: false }`
[INFO] running `Command { std: "docker" "rm" "-f" "9b9feebdb216633324ca8a52333817b1c2a21a7db3ab4f43b3df222ee34d75b9", kill_on_drop: false }`
[INFO] [stdout] 9b9feebdb216633324ca8a52333817b1c2a21a7db3ab4f43b3df222ee34d75b9
