[INFO] fetching crate plugy 0.2.1...
[INFO] testing plugy-0.2.1 against 1.75.0 for beta-1.76-1
[INFO] extracting crate plugy 0.2.1 into /workspace/builds/worker-2-tc1/source
[INFO] validating manifest of crates.io crate plugy 0.2.1 on toolchain 1.75.0
[INFO] running `Command { std: CARGO_HOME="/workspace/cargo-home" RUSTUP_HOME="/workspace/rustup-home" "/workspace/cargo-home/bin/cargo" "+1.75.0" "metadata" "--manifest-path" "Cargo.toml" "--no-deps", kill_on_drop: false }`
[INFO] started tweaking crates.io crate plugy 0.2.1
[INFO] finished tweaking crates.io crate plugy 0.2.1
[INFO] tweaked toml for crates.io crate plugy 0.2.1 written to /workspace/builds/worker-2-tc1/source/Cargo.toml
[INFO] running `Command { std: CARGO_HOME="/workspace/cargo-home" RUSTUP_HOME="/workspace/rustup-home" "/workspace/cargo-home/bin/cargo" "+1.75.0" "generate-lockfile" "--manifest-path" "Cargo.toml", kill_on_drop: false }`
[INFO] [stderr]     Updating crates.io index
[INFO] running `Command { std: CARGO_HOME="/workspace/cargo-home" RUSTUP_HOME="/workspace/rustup-home" "/workspace/cargo-home/bin/cargo" "+1.75.0" "fetch" "--manifest-path" "Cargo.toml", kill_on_drop: false }`
[INFO] [stderr]  Downloading crates ...
[INFO] [stderr]   Downloaded wasmtime-jit-debug v10.0.2
[INFO] [stderr]   Downloaded wasmtime-types v10.0.2
[INFO] [stderr]   Downloaded wasmtime-asm-macros v10.0.2
[INFO] [stderr]   Downloaded plugy-runtime v0.2.1
[INFO] [stderr]   Downloaded wasmtime-fiber v10.0.2
[INFO] [stderr]   Downloaded wasmtime-environ v10.0.2
[INFO] [stderr]   Downloaded wasmtime v10.0.2
[INFO] [stderr]   Downloaded wasmtime-runtime v10.0.2
[INFO] [stderr]   Downloaded cranelift-codegen-meta v0.97.2
[INFO] [stderr]   Downloaded cranelift-isle v0.97.2
[INFO] [stderr]   Downloaded wasmtime-component-util v10.0.2
[INFO] [stderr]   Downloaded wasmtime-wit-bindgen v10.0.2
[INFO] [stderr]   Downloaded fxprof-processed-profile v0.6.0
[INFO] [stderr]   Downloaded cranelift-frontend v0.97.2
[INFO] [stderr]   Downloaded cranelift-codegen-shared v0.97.2
[INFO] [stderr]   Downloaded cranelift-wasm v0.97.2
[INFO] [stderr]   Downloaded plugy-macros v0.2.1
[INFO] [stderr]   Downloaded file-per-thread-logger v0.2.0
[INFO] [stderr]   Downloaded wit-parser v0.8.0
[INFO] [stderr]   Downloaded cranelift-bforest v0.97.2
[INFO] [stderr]   Downloaded wasmtime-jit-icache-coherence v10.0.2
[INFO] [stderr]   Downloaded wasmtime-jit v10.0.2
[INFO] [stderr]   Downloaded cranelift-control v0.97.2
[INFO] [stderr]   Downloaded cranelift-native v0.97.2
[INFO] [stderr]   Downloaded wasmtime-cranelift v10.0.2
[INFO] [stderr]   Downloaded wasmparser v0.107.0
[INFO] [stderr]   Downloaded plugy-core v0.2.1
[INFO] [stderr]   Downloaded wasmtime-cache v10.0.2
[INFO] [stderr]   Downloaded wasmtime-component-macro v10.0.2
[INFO] [stderr]   Downloaded cranelift-codegen v0.97.2
[INFO] [stderr]   Downloaded regalloc2 v0.9.3
[INFO] [stderr]   Downloaded wasmtime-cranelift-shared v10.0.2
[INFO] [stderr]   Downloaded cranelift-entity v0.97.2
[INFO] running `Command { std: "docker" "create" "-v" "/var/lib/crater-agent-workspace/builds/worker-2-tc1/target:/opt/rustwide/target:rw,Z" "-v" "/var/lib/crater-agent-workspace/builds/worker-2-tc1/source:/opt/rustwide/workdir:ro,Z" "-v" "/var/lib/crater-agent-workspace/cargo-home:/opt/rustwide/cargo-home:ro,Z" "-v" "/var/lib/crater-agent-workspace/rustup-home:/opt/rustwide/rustup-home:ro,Z" "-e" "SOURCE_DIR=/opt/rustwide/workdir" "-e" "CARGO_TARGET_DIR=/opt/rustwide/target" "-e" "CARGO_HOME=/opt/rustwide/cargo-home" "-e" "RUSTUP_HOME=/opt/rustwide/rustup-home" "-w" "/opt/rustwide/workdir" "-m" "1610612736" "--user" "0:0" "--network" "none" "ghcr.io/rust-lang/crates-build-env/linux@sha256:2788e3201cd34a07e3172128adcd8b3090168a8e3bcc40d7c032b9dda1df7d1c" "/opt/rustwide/cargo-home/bin/cargo" "+1.75.0" "metadata" "--no-deps" "--format-version=1", kill_on_drop: false }`
[INFO] [stdout] 8653888e483737512e8aca64faae993fdd0d7cb89295593521bfbed4681a0d7c
[INFO] running `Command { std: "docker" "start" "-a" "8653888e483737512e8aca64faae993fdd0d7cb89295593521bfbed4681a0d7c", kill_on_drop: false }`
[INFO] running `Command { std: "docker" "inspect" "8653888e483737512e8aca64faae993fdd0d7cb89295593521bfbed4681a0d7c", kill_on_drop: false }`
[INFO] running `Command { std: "docker" "rm" "-f" "8653888e483737512e8aca64faae993fdd0d7cb89295593521bfbed4681a0d7c", kill_on_drop: false }`
[INFO] [stdout] 8653888e483737512e8aca64faae993fdd0d7cb89295593521bfbed4681a0d7c
[INFO] running `Command { std: "docker" "create" "-v" "/var/lib/crater-agent-workspace/builds/worker-2-tc1/target:/opt/rustwide/target:rw,Z" "-v" "/var/lib/crater-agent-workspace/builds/worker-2-tc1/source:/opt/rustwide/workdir:ro,Z" "-v" "/var/lib/crater-agent-workspace/cargo-home:/opt/rustwide/cargo-home:ro,Z" "-v" "/var/lib/crater-agent-workspace/rustup-home:/opt/rustwide/rustup-home:ro,Z" "-e" "SOURCE_DIR=/opt/rustwide/workdir" "-e" "CARGO_TARGET_DIR=/opt/rustwide/target" "-e" "CARGO_INCREMENTAL=0" "-e" "RUST_BACKTRACE=full" "-e" "RUSTFLAGS=--cap-lints=warn" "-e" "RUSTDOCFLAGS=--cap-lints=warn" "-e" "CARGO_HOME=/opt/rustwide/cargo-home" "-e" "RUSTUP_HOME=/opt/rustwide/rustup-home" "-w" "/opt/rustwide/workdir" "-m" "1610612736" "--user" "0:0" "--network" "none" "ghcr.io/rust-lang/crates-build-env/linux@sha256:2788e3201cd34a07e3172128adcd8b3090168a8e3bcc40d7c032b9dda1df7d1c" "/opt/rustwide/cargo-home/bin/cargo" "+1.75.0" "build" "--frozen" "--message-format=json", kill_on_drop: false }`
[INFO] [stdout] f6a34f0d26fc2a394f403981243cd769239b1acddc5a95cd59f22ad13f34bdaa
[INFO] running `Command { std: "docker" "start" "-a" "f6a34f0d26fc2a394f403981243cd769239b1acddc5a95cd59f22ad13f34bdaa", kill_on_drop: false }`
[INFO] [stderr]    Compiling proc-macro2 v1.0.75
[INFO] [stderr]    Compiling ident_case v1.0.1
[INFO] [stderr]    Compiling fnv v1.0.7
[INFO] [stderr]    Compiling strsim v0.10.0
[INFO] [stderr]    Compiling serde v1.0.194
[INFO] [stderr]    Compiling anyhow v1.0.79
[INFO] [stderr]    Compiling quote v1.0.35
[INFO] [stderr]    Compiling syn v2.0.48
[INFO] [stderr]    Compiling darling_core v0.20.3
[INFO] [stderr]    Compiling serde_derive v1.0.194
[INFO] [stderr]    Compiling darling_macro v0.20.3
[INFO] [stderr]    Compiling darling v0.20.3
[INFO] [stderr]    Compiling plugy-macros v0.2.1
[INFO] [stderr]    Compiling bincode v1.3.3
[INFO] [stderr]    Compiling plugy-core v0.2.1
[INFO] [stderr]    Compiling plugy v0.2.1 (/opt/rustwide/workdir)
[INFO] [stderr]     Finished dev [unoptimized + debuginfo] target(s) in 7.07s
[INFO] running `Command { std: "docker" "inspect" "f6a34f0d26fc2a394f403981243cd769239b1acddc5a95cd59f22ad13f34bdaa", kill_on_drop: false }`
[INFO] running `Command { std: "docker" "rm" "-f" "f6a34f0d26fc2a394f403981243cd769239b1acddc5a95cd59f22ad13f34bdaa", kill_on_drop: false }`
[INFO] [stdout] f6a34f0d26fc2a394f403981243cd769239b1acddc5a95cd59f22ad13f34bdaa
[INFO] running `Command { std: "docker" "create" "-v" "/var/lib/crater-agent-workspace/builds/worker-2-tc1/target:/opt/rustwide/target:rw,Z" "-v" "/var/lib/crater-agent-workspace/builds/worker-2-tc1/source:/opt/rustwide/workdir:ro,Z" "-v" "/var/lib/crater-agent-workspace/cargo-home:/opt/rustwide/cargo-home:ro,Z" "-v" "/var/lib/crater-agent-workspace/rustup-home:/opt/rustwide/rustup-home:ro,Z" "-e" "SOURCE_DIR=/opt/rustwide/workdir" "-e" "CARGO_TARGET_DIR=/opt/rustwide/target" "-e" "CARGO_INCREMENTAL=0" "-e" "RUST_BACKTRACE=full" "-e" "RUSTFLAGS=--cap-lints=warn" "-e" "RUSTDOCFLAGS=--cap-lints=warn" "-e" "CARGO_HOME=/opt/rustwide/cargo-home" "-e" "RUSTUP_HOME=/opt/rustwide/rustup-home" "-w" "/opt/rustwide/workdir" "-m" "1610612736" "--user" "0:0" "--network" "none" "ghcr.io/rust-lang/crates-build-env/linux@sha256:2788e3201cd34a07e3172128adcd8b3090168a8e3bcc40d7c032b9dda1df7d1c" "/opt/rustwide/cargo-home/bin/cargo" "+1.75.0" "test" "--frozen" "--no-run" "--message-format=json", kill_on_drop: false }`
[INFO] [stdout] 2db2e6458ba8f7c159f2bd575a0801fe3fe0a1d8a3d3dcf84b1c661385946d96
[INFO] running `Command { std: "docker" "start" "-a" "2db2e6458ba8f7c159f2bd575a0801fe3fe0a1d8a3d3dcf84b1c661385946d96", kill_on_drop: false }`
[INFO] [stderr]    Compiling plugy v0.2.1 (/opt/rustwide/workdir)
[INFO] [stderr]     Finished test [unoptimized + debuginfo] target(s) in 0.21s
[INFO] running `Command { std: "docker" "inspect" "2db2e6458ba8f7c159f2bd575a0801fe3fe0a1d8a3d3dcf84b1c661385946d96", kill_on_drop: false }`
[INFO] running `Command { std: "docker" "rm" "-f" "2db2e6458ba8f7c159f2bd575a0801fe3fe0a1d8a3d3dcf84b1c661385946d96", kill_on_drop: false }`
[INFO] [stdout] 2db2e6458ba8f7c159f2bd575a0801fe3fe0a1d8a3d3dcf84b1c661385946d96
[INFO] running `Command { std: "docker" "create" "-v" "/var/lib/crater-agent-workspace/builds/worker-2-tc1/target:/opt/rustwide/target:rw,Z" "-v" "/var/lib/crater-agent-workspace/builds/worker-2-tc1/source:/opt/rustwide/workdir:ro,Z" "-v" "/var/lib/crater-agent-workspace/cargo-home:/opt/rustwide/cargo-home:ro,Z" "-v" "/var/lib/crater-agent-workspace/rustup-home:/opt/rustwide/rustup-home:ro,Z" "-e" "SOURCE_DIR=/opt/rustwide/workdir" "-e" "CARGO_TARGET_DIR=/opt/rustwide/target" "-e" "CARGO_INCREMENTAL=0" "-e" "RUST_BACKTRACE=full" "-e" "RUSTFLAGS=--cap-lints=warn" "-e" "RUSTDOCFLAGS=--cap-lints=warn" "-e" "CARGO_HOME=/opt/rustwide/cargo-home" "-e" "RUSTUP_HOME=/opt/rustwide/rustup-home" "-w" "/opt/rustwide/workdir" "-m" "1610612736" "--user" "0:0" "--network" "none" "ghcr.io/rust-lang/crates-build-env/linux@sha256:2788e3201cd34a07e3172128adcd8b3090168a8e3bcc40d7c032b9dda1df7d1c" "/opt/rustwide/cargo-home/bin/cargo" "+1.75.0" "test" "--frozen", kill_on_drop: false }`
[INFO] [stdout] 155bcd492e055d03b74b19ca1c541039ec4dc585a656d633e8f0f02b9486eb0d
[INFO] running `Command { std: "docker" "start" "-a" "155bcd492e055d03b74b19ca1c541039ec4dc585a656d633e8f0f02b9486eb0d", kill_on_drop: false }`
[INFO] [stderr]     Finished test [unoptimized + debuginfo] target(s) in 0.04s
[INFO] [stderr]      Running unittests src/lib.rs (/opt/rustwide/target/debug/deps/plugy-f024882b4226c684)
[INFO] [stdout] 
[INFO] [stdout] running 0 tests
[INFO] [stdout] 
[INFO] [stdout] test result: ok. 0 passed; 0 failed; 0 ignored; 0 measured; 0 filtered out; finished in 0.00s
[INFO] [stdout] 
[INFO] [stderr]    Doc-tests plugy
[INFO] [stdout] 
[INFO] [stdout] running 4 tests
[INFO] [stdout] test src/lib.rs - (line 23) ... FAILED
[INFO] [stdout] test src/lib.rs - (line 46) ... FAILED
[INFO] [stdout] test src/lib.rs - (line 32) ... FAILED
[INFO] [stdout] test src/lib.rs - (line 52) ... FAILED
[INFO] [stdout] 
[INFO] [stdout] failures:
[INFO] [stdout] 
[INFO] [stdout] ---- src/lib.rs - (line 23) stdout ----
[INFO] [stdout] error[E0433]: failed to resolve: could not find `plugin` in `plugy`
[INFO] [stdout]  --> src/lib.rs:25:10
[INFO] [stdout]   |
[INFO] [stdout] 5 | #[plugy::plugin]
[INFO] [stdout]   |          ^^^^^^ could not find `plugin` in `plugy`
[INFO] [stdout] 
[INFO] [stdout] error: aborting due to previous error
[INFO] [stdout] 
[INFO] [stdout] For more information about this error, try `rustc --explain E0433`.
[INFO] [stdout] Couldn't compile the test.
[INFO] [stdout] ---- src/lib.rs - (line 46) stdout ----
[INFO] [stdout] error: expected one of `!`, `.`, `::`, `;`, `?`, `{`, `}`, or an operator, found `build`
[INFO] [stdout]  --> src/lib.rs:47:7
[INFO] [stdout]   |
[INFO] [stdout] 3 | cargo build --target wasm32-unknown-unknown
[INFO] [stdout]   |       ^^^^^ expected one of 8 possible tokens
[INFO] [stdout] 
[INFO] [stdout] error: aborting due to previous error
[INFO] [stdout] 
[INFO] [stdout] Couldn't compile the test.
[INFO] [stdout] ---- src/lib.rs - (line 32) stdout ----
[INFO] [stdout] error: cannot find attribute `plugin_impl` in this scope
[INFO] [stdout]  --> src/lib.rs:36:3
[INFO] [stdout]   |
[INFO] [stdout] 6 | #[plugin_impl]
[INFO] [stdout]   |   ^^^^^^^^^^^
[INFO] [stdout]   |
[INFO] [stdout] help: consider importing one of these items
[INFO] [stdout]   |
[INFO] [stdout] 2 + use plugy::macros::plugin_impl;
[INFO] [stdout]   |
[INFO] [stdout] 2 + use plugy_macros::plugin_impl;
[INFO] [stdout]   |
[INFO] [stdout] 
[INFO] [stdout] error: cannot find derive macro `Deserialize` in this scope
[INFO] [stdout]  --> src/lib.rs:33:17
[INFO] [stdout]   |
[INFO] [stdout] 3 | #[derive(Debug, Deserialize)]
[INFO] [stdout]   |                 ^^^^^^^^^^^
[INFO] [stdout] 
[INFO] [stdout] error[E0405]: cannot find trait `Greeter` in this scope
[INFO] [stdout]  --> src/lib.rs:37:6
[INFO] [stdout]   |
[INFO] [stdout] 7 | impl Greeter for FooPlugin {
[INFO] [stdout]   |      ^^^^^^^ not found in this scope
[INFO] [stdout] 
[INFO] [stdout] error: aborting due to 3 previous errors
[INFO] [stdout] 
[INFO] [stdout] For more information about this error, try `rustc --explain E0405`.
[INFO] [stdout] Couldn't compile the test.
[INFO] [stdout] ---- src/lib.rs - (line 52) stdout ----
[INFO] [stdout] error[E0433]: failed to resolve: use of undeclared crate or module `tokio`
[INFO] [stdout]  --> src/lib.rs:56:3
[INFO] [stdout]   |
[INFO] [stdout] 5 | #[tokio::main]
[INFO] [stdout]   |   ^^^^^ use of undeclared crate or module `tokio`
[INFO] [stdout] 
[INFO] [stdout] error: cannot find attribute `plugin_import` in this scope
[INFO] [stdout]  --> src/lib.rs:53:3
[INFO] [stdout]   |
[INFO] [stdout] 2 | #[plugin_import(file = "target/wasm32-unknown-unknown/debug/foo_plugin.wasm")]
[INFO] [stdout]   |   ^^^^^^^^^^^^^
[INFO] [stdout]   |
[INFO] [stdout] help: consider importing one of these items
[INFO] [stdout]   |
[INFO] [stdout] 2 + use plugy::macros::plugin_import;
[INFO] [stdout]   |
[INFO] [stdout] 2 + use plugy_macros::plugin_import;
[INFO] [stdout]   |
[INFO] [stdout] 
[INFO] [stdout] error[E0405]: cannot find trait `Greeter` in this scope
[INFO] [stdout]  --> src/lib.rs:58:37
[INFO] [stdout]   |
[INFO] [stdout] 7 |     let runtime = Runtime::<Box<dyn Greeter>>::new().unwrap();
[INFO] [stdout]   |                                     ^^^^^^^ not found in this scope
[INFO] [stdout] 
[INFO] [stdout] error[E0433]: failed to resolve: use of undeclared type `Runtime`
[INFO] [stdout]  --> src/lib.rs:58:19
[INFO] [stdout]   |
[INFO] [stdout] 7 |     let runtime = Runtime::<Box<dyn Greeter>>::new().unwrap();
[INFO] [stdout]   |                   ^^^^^^^ use of undeclared type `Runtime`
[INFO] [stdout] 
[INFO] [stdout] error[E0752]: `main` function is not allowed to be `async`
[INFO] [stdout]  --> src/lib.rs:57:1
[INFO] [stdout]   |
[INFO] [stdout] 6 | async fn main() {
[INFO] [stdout]   | ^^^^^^^^^^^^^^^ `main` function is not allowed to be `async`
[INFO] [stdout] 
[INFO] [stdout] error: aborting due to 5 previous errors
[INFO] [stdout] 
[INFO] [stdout] Some errors have detailed explanations: E0405, E0433, E0752.
[INFO] [stdout] For more information about an error, try `rustc --explain E0405`.
[INFO] [stdout] Couldn't compile the test.
[INFO] [stdout] 
[INFO] [stdout] failures:
[INFO] [stdout]     src/lib.rs - (line 23)
[INFO] [stdout]     src/lib.rs - (line 32)
[INFO] [stdout]     src/lib.rs - (line 46)
[INFO] [stdout]     src/lib.rs - (line 52)
[INFO] [stdout] 
[INFO] [stdout] test result: FAILED. 0 passed; 4 failed; 0 ignored; 0 measured; 0 filtered out; finished in 0.05s
[INFO] [stdout] 
[INFO] [stderr] error: doctest failed, to rerun pass `--doc`
[INFO] running `Command { std: "docker" "inspect" "155bcd492e055d03b74b19ca1c541039ec4dc585a656d633e8f0f02b9486eb0d", kill_on_drop: false }`
[INFO] running `Command { std: "docker" "rm" "-f" "155bcd492e055d03b74b19ca1c541039ec4dc585a656d633e8f0f02b9486eb0d", kill_on_drop: false }`
[INFO] [stdout] 155bcd492e055d03b74b19ca1c541039ec4dc585a656d633e8f0f02b9486eb0d
