[INFO] fetching crate pkg_compile_time 0.1.3...
[INFO] testing pkg_compile_time-0.1.3 against 1.75.0 for beta-1.76-1
[INFO] extracting crate pkg_compile_time 0.1.3 into /workspace/builds/worker-6-tc1/source
[INFO] validating manifest of crates.io crate pkg_compile_time 0.1.3 on toolchain 1.75.0
[INFO] running `Command { std: CARGO_HOME="/workspace/cargo-home" RUSTUP_HOME="/workspace/rustup-home" "/workspace/cargo-home/bin/cargo" "+1.75.0" "metadata" "--manifest-path" "Cargo.toml" "--no-deps", kill_on_drop: false }`
[INFO] started tweaking crates.io crate pkg_compile_time 0.1.3
[INFO] finished tweaking crates.io crate pkg_compile_time 0.1.3
[INFO] tweaked toml for crates.io crate pkg_compile_time 0.1.3 written to /workspace/builds/worker-6-tc1/source/Cargo.toml
[INFO] running `Command { std: CARGO_HOME="/workspace/cargo-home" RUSTUP_HOME="/workspace/rustup-home" "/workspace/cargo-home/bin/cargo" "+1.75.0" "generate-lockfile" "--manifest-path" "Cargo.toml", kill_on_drop: false }`
[INFO] [stderr]     Updating crates.io index
[INFO] running `Command { std: CARGO_HOME="/workspace/cargo-home" RUSTUP_HOME="/workspace/rustup-home" "/workspace/cargo-home/bin/cargo" "+1.75.0" "fetch" "--manifest-path" "Cargo.toml", kill_on_drop: false }`
[INFO] running `Command { std: "docker" "create" "-v" "/var/lib/crater-agent-workspace/builds/worker-6-tc1/target:/opt/rustwide/target:rw,Z" "-v" "/var/lib/crater-agent-workspace/builds/worker-6-tc1/source:/opt/rustwide/workdir:ro,Z" "-v" "/var/lib/crater-agent-workspace/cargo-home:/opt/rustwide/cargo-home:ro,Z" "-v" "/var/lib/crater-agent-workspace/rustup-home:/opt/rustwide/rustup-home:ro,Z" "-e" "SOURCE_DIR=/opt/rustwide/workdir" "-e" "CARGO_TARGET_DIR=/opt/rustwide/target" "-e" "CARGO_HOME=/opt/rustwide/cargo-home" "-e" "RUSTUP_HOME=/opt/rustwide/rustup-home" "-w" "/opt/rustwide/workdir" "-m" "1610612736" "--user" "0:0" "--network" "none" "ghcr.io/rust-lang/crates-build-env/linux@sha256:2788e3201cd34a07e3172128adcd8b3090168a8e3bcc40d7c032b9dda1df7d1c" "/opt/rustwide/cargo-home/bin/cargo" "+1.75.0" "metadata" "--no-deps" "--format-version=1", kill_on_drop: false }`
[INFO] [stdout] c506a66ebfa83c27cc3514d61a5032f40bb6226753846604bc4c443c5eae4b3c
[INFO] running `Command { std: "docker" "start" "-a" "c506a66ebfa83c27cc3514d61a5032f40bb6226753846604bc4c443c5eae4b3c", kill_on_drop: false }`
[INFO] running `Command { std: "docker" "inspect" "c506a66ebfa83c27cc3514d61a5032f40bb6226753846604bc4c443c5eae4b3c", kill_on_drop: false }`
[INFO] running `Command { std: "docker" "rm" "-f" "c506a66ebfa83c27cc3514d61a5032f40bb6226753846604bc4c443c5eae4b3c", kill_on_drop: false }`
[INFO] [stdout] c506a66ebfa83c27cc3514d61a5032f40bb6226753846604bc4c443c5eae4b3c
[INFO] running `Command { std: "docker" "create" "-v" "/var/lib/crater-agent-workspace/builds/worker-6-tc1/target:/opt/rustwide/target:rw,Z" "-v" "/var/lib/crater-agent-workspace/builds/worker-6-tc1/source:/opt/rustwide/workdir:ro,Z" "-v" "/var/lib/crater-agent-workspace/cargo-home:/opt/rustwide/cargo-home:ro,Z" "-v" "/var/lib/crater-agent-workspace/rustup-home:/opt/rustwide/rustup-home:ro,Z" "-e" "SOURCE_DIR=/opt/rustwide/workdir" "-e" "CARGO_TARGET_DIR=/opt/rustwide/target" "-e" "CARGO_INCREMENTAL=0" "-e" "RUST_BACKTRACE=full" "-e" "RUSTFLAGS=--cap-lints=warn" "-e" "RUSTDOCFLAGS=--cap-lints=warn" "-e" "CARGO_HOME=/opt/rustwide/cargo-home" "-e" "RUSTUP_HOME=/opt/rustwide/rustup-home" "-w" "/opt/rustwide/workdir" "-m" "1610612736" "--user" "0:0" "--network" "none" "ghcr.io/rust-lang/crates-build-env/linux@sha256:2788e3201cd34a07e3172128adcd8b3090168a8e3bcc40d7c032b9dda1df7d1c" "/opt/rustwide/cargo-home/bin/cargo" "+1.75.0" "build" "--frozen" "--message-format=json", kill_on_drop: false }`
[INFO] [stdout] df74cf91ab72316df9ddb993f691d2202b78bb5038d54fa09da9010e6a2dfb77
[INFO] running `Command { std: "docker" "start" "-a" "df74cf91ab72316df9ddb993f691d2202b78bb5038d54fa09da9010e6a2dfb77", kill_on_drop: false }`
[INFO] [stderr]    Compiling standback v0.2.17
[INFO] [stderr]    Compiling syn v1.0.109
[INFO] [stderr]    Compiling proc-macro-hack v0.5.20+deprecated
[INFO] [stderr]    Compiling const_fn v0.4.9
[INFO] [stderr]    Compiling time v0.2.27
[INFO] [stderr]    Compiling libc v0.2.151
[INFO] [stderr]    Compiling time-macros-impl v0.1.2
[INFO] [stderr]    Compiling time-macros v0.1.1
[INFO] [stderr]    Compiling pkg_compile_time v0.1.3 (/opt/rustwide/workdir)
[INFO] [stdout] warning: use of deprecated associated function `time::OffsetDateTime::now_local`: UTC is returned if the local offset cannot be determined
[INFO] [stdout]   --> src/lib.rs:23:38
[INFO] [stdout]    |
[INFO] [stdout] 23 |     let date = time::OffsetDateTime::now_local().format("%Y-%m-%d");
[INFO] [stdout]    |                                      ^^^^^^^^^
[INFO] [stdout]    |
[INFO] [stdout]    = note: `#[warn(deprecated)]` on by default
[INFO] [stdout] 
[INFO] [stdout] 
[INFO] [stdout] warning: use of deprecated associated function `time::OffsetDateTime::now_local`: UTC is returned if the local offset cannot be determined
[INFO] [stdout]   --> src/lib.rs:30:38
[INFO] [stdout]    |
[INFO] [stdout] 30 |     let time = time::OffsetDateTime::now_local().format("%H:%M:%S");
[INFO] [stdout]    |                                      ^^^^^^^^^
[INFO] [stdout] 
[INFO] [stdout] 
[INFO] [stdout] warning: 2 warnings emitted
[INFO] [stdout] 
[INFO] [stdout] 
[INFO] [stderr]     Finished dev [unoptimized + debuginfo] target(s) in 3.48s
[INFO] running `Command { std: "docker" "inspect" "df74cf91ab72316df9ddb993f691d2202b78bb5038d54fa09da9010e6a2dfb77", kill_on_drop: false }`
[INFO] running `Command { std: "docker" "rm" "-f" "df74cf91ab72316df9ddb993f691d2202b78bb5038d54fa09da9010e6a2dfb77", kill_on_drop: false }`
[INFO] [stdout] df74cf91ab72316df9ddb993f691d2202b78bb5038d54fa09da9010e6a2dfb77
[INFO] running `Command { std: "docker" "create" "-v" "/var/lib/crater-agent-workspace/builds/worker-6-tc1/target:/opt/rustwide/target:rw,Z" "-v" "/var/lib/crater-agent-workspace/builds/worker-6-tc1/source:/opt/rustwide/workdir:ro,Z" "-v" "/var/lib/crater-agent-workspace/cargo-home:/opt/rustwide/cargo-home:ro,Z" "-v" "/var/lib/crater-agent-workspace/rustup-home:/opt/rustwide/rustup-home:ro,Z" "-e" "SOURCE_DIR=/opt/rustwide/workdir" "-e" "CARGO_TARGET_DIR=/opt/rustwide/target" "-e" "CARGO_INCREMENTAL=0" "-e" "RUST_BACKTRACE=full" "-e" "RUSTFLAGS=--cap-lints=warn" "-e" "RUSTDOCFLAGS=--cap-lints=warn" "-e" "CARGO_HOME=/opt/rustwide/cargo-home" "-e" "RUSTUP_HOME=/opt/rustwide/rustup-home" "-w" "/opt/rustwide/workdir" "-m" "1610612736" "--user" "0:0" "--network" "none" "ghcr.io/rust-lang/crates-build-env/linux@sha256:2788e3201cd34a07e3172128adcd8b3090168a8e3bcc40d7c032b9dda1df7d1c" "/opt/rustwide/cargo-home/bin/cargo" "+1.75.0" "test" "--frozen" "--no-run" "--message-format=json", kill_on_drop: false }`
[INFO] [stdout] d5579792166719f84a33eb602589fcd2eafb337f731779af32342fc9a2e7bb07
[INFO] running `Command { std: "docker" "start" "-a" "d5579792166719f84a33eb602589fcd2eafb337f731779af32342fc9a2e7bb07", kill_on_drop: false }`
[INFO] [stderr]    Compiling pkg_compile_time v0.1.3 (/opt/rustwide/workdir)
[INFO] [stdout] warning: use of deprecated associated function `time::OffsetDateTime::now_local`: UTC is returned if the local offset cannot be determined
[INFO] [stdout]   --> src/lib.rs:23:38
[INFO] [stdout]    |
[INFO] [stdout] 23 |     let date = time::OffsetDateTime::now_local().format("%Y-%m-%d");
[INFO] [stdout]    |                                      ^^^^^^^^^
[INFO] [stdout]    |
[INFO] [stdout]    = note: `#[warn(deprecated)]` on by default
[INFO] [stdout] 
[INFO] [stdout] 
[INFO] [stdout] warning: use of deprecated associated function `time::OffsetDateTime::now_local`: UTC is returned if the local offset cannot be determined
[INFO] [stdout]   --> src/lib.rs:23:38
[INFO] [stdout]    |
[INFO] [stdout] 23 |     let date = time::OffsetDateTime::now_local().format("%Y-%m-%d");
[INFO] [stdout]    |                                      ^^^^^^^^^
[INFO] [stdout]    |
[INFO] [stdout]    = note: `#[warn(deprecated)]` on by default
[INFO] [stdout] 
[INFO] [stdout] 
[INFO] [stdout] warning: use of deprecated associated function `time::OffsetDateTime::now_local`: UTC is returned if the local offset cannot be determined
[INFO] [stdout]   --> src/lib.rs:30:38
[INFO] [stdout]    |
[INFO] [stdout] 30 |     let time = time::OffsetDateTime::now_local().format("%H:%M:%S");
[INFO] [stdout]    |                                      ^^^^^^^^^
[INFO] [stdout] 
[INFO] [stdout] 
[INFO] [stdout] warning: use of deprecated associated function `time::OffsetDateTime::now_local`: UTC is returned if the local offset cannot be determined
[INFO] [stdout]   --> src/lib.rs:30:38
[INFO] [stdout]    |
[INFO] [stdout] 30 |     let time = time::OffsetDateTime::now_local().format("%H:%M:%S");
[INFO] [stdout]    |                                      ^^^^^^^^^
[INFO] [stdout] 
[INFO] [stdout] 
[INFO] [stdout] warning: 2 warnings emitted
[INFO] [stdout] 
[INFO] [stdout] 
[INFO] [stdout] warning: 2 warnings emitted
[INFO] [stdout] 
[INFO] [stdout] 
[INFO] [stderr]     Finished test [unoptimized + debuginfo] target(s) in 0.28s
[INFO] running `Command { std: "docker" "inspect" "d5579792166719f84a33eb602589fcd2eafb337f731779af32342fc9a2e7bb07", kill_on_drop: false }`
[INFO] running `Command { std: "docker" "rm" "-f" "d5579792166719f84a33eb602589fcd2eafb337f731779af32342fc9a2e7bb07", kill_on_drop: false }`
[INFO] [stdout] d5579792166719f84a33eb602589fcd2eafb337f731779af32342fc9a2e7bb07
[INFO] running `Command { std: "docker" "create" "-v" "/var/lib/crater-agent-workspace/builds/worker-6-tc1/target:/opt/rustwide/target:rw,Z" "-v" "/var/lib/crater-agent-workspace/builds/worker-6-tc1/source:/opt/rustwide/workdir:ro,Z" "-v" "/var/lib/crater-agent-workspace/cargo-home:/opt/rustwide/cargo-home:ro,Z" "-v" "/var/lib/crater-agent-workspace/rustup-home:/opt/rustwide/rustup-home:ro,Z" "-e" "SOURCE_DIR=/opt/rustwide/workdir" "-e" "CARGO_TARGET_DIR=/opt/rustwide/target" "-e" "CARGO_INCREMENTAL=0" "-e" "RUST_BACKTRACE=full" "-e" "RUSTFLAGS=--cap-lints=warn" "-e" "RUSTDOCFLAGS=--cap-lints=warn" "-e" "CARGO_HOME=/opt/rustwide/cargo-home" "-e" "RUSTUP_HOME=/opt/rustwide/rustup-home" "-w" "/opt/rustwide/workdir" "-m" "1610612736" "--user" "0:0" "--network" "none" "ghcr.io/rust-lang/crates-build-env/linux@sha256:2788e3201cd34a07e3172128adcd8b3090168a8e3bcc40d7c032b9dda1df7d1c" "/opt/rustwide/cargo-home/bin/cargo" "+1.75.0" "test" "--frozen", kill_on_drop: false }`
[INFO] [stdout] 21cf6a5cfb84886256820e3f87bb6f3028d47d5ffb9eefed33c84840da6cd183
[INFO] running `Command { std: "docker" "start" "-a" "21cf6a5cfb84886256820e3f87bb6f3028d47d5ffb9eefed33c84840da6cd183", kill_on_drop: false }`
[INFO] [stderr] warning: use of deprecated associated function `time::OffsetDateTime::now_local`: UTC is returned if the local offset cannot be determined
[INFO] [stderr]   --> src/lib.rs:23:38
[INFO] [stderr]    |
[INFO] [stderr] 23 |     let date = time::OffsetDateTime::now_local().format("%Y-%m-%d");
[INFO] [stderr]    |                                      ^^^^^^^^^
[INFO] [stderr]    |
[INFO] [stderr]    = note: `#[warn(deprecated)]` on by default
[INFO] [stderr] 
[INFO] [stderr] warning: use of deprecated associated function `time::OffsetDateTime::now_local`: UTC is returned if the local offset cannot be determined
[INFO] [stderr]   --> src/lib.rs:30:38
[INFO] [stderr]    |
[INFO] [stderr] 30 |     let time = time::OffsetDateTime::now_local().format("%H:%M:%S");
[INFO] [stderr]    |                                      ^^^^^^^^^
[INFO] [stderr] 
[INFO] [stderr] warning: `pkg_compile_time` (lib) generated 2 warnings
[INFO] [stderr] warning: `pkg_compile_time` (lib test) generated 2 warnings (2 duplicates)
[INFO] [stderr]     Finished test [unoptimized + debuginfo] target(s) in 0.02s
[INFO] [stderr]      Running unittests src/lib.rs (/opt/rustwide/target/debug/deps/pkg_compile_time-c1301759b976ea92)
[INFO] [stdout] 
[INFO] [stdout] running 0 tests
[INFO] [stdout] 
[INFO] [stdout] test result: ok. 0 passed; 0 failed; 0 ignored; 0 measured; 0 filtered out; finished in 0.00s
[INFO] [stdout] 
[INFO] [stderr]    Doc-tests pkg_compile_time
[INFO] [stdout] 
[INFO] [stdout] running 2 tests
[INFO] [stdout] test src/lib.rs - (line 13) ... FAILED
[INFO] [stdout] test src/lib.rs - (line 5) ... ok
[INFO] [stdout] 
[INFO] [stdout] failures:
[INFO] [stdout] 
[INFO] [stdout] ---- src/lib.rs - (line 13) stdout ----
[INFO] [stdout] error: expected one of `!`, `.`, `::`, `;`, `?`, `{`, `}`, or an operator, found `date`
[INFO] [stdout]  --> src/lib.rs:14:9
[INFO] [stdout]   |
[INFO] [stdout] 3 | Compile date is: 2020-10-01
[INFO] [stdout]   |         ^^^^ expected one of 8 possible tokens
[INFO] [stdout] 
[INFO] [stdout] error: aborting due to previous error
[INFO] [stdout] 
[INFO] [stdout] Couldn't compile the test.
[INFO] [stdout] 
[INFO] [stdout] failures:
[INFO] [stdout]     src/lib.rs - (line 13)
[INFO] [stdout] 
[INFO] [stdout] test result: FAILED. 1 passed; 1 failed; 0 ignored; 0 measured; 0 filtered out; finished in 0.15s
[INFO] [stdout] 
[INFO] [stderr] error: doctest failed, to rerun pass `--doc`
[INFO] running `Command { std: "docker" "inspect" "21cf6a5cfb84886256820e3f87bb6f3028d47d5ffb9eefed33c84840da6cd183", kill_on_drop: false }`
[INFO] running `Command { std: "docker" "rm" "-f" "21cf6a5cfb84886256820e3f87bb6f3028d47d5ffb9eefed33c84840da6cd183", kill_on_drop: false }`
[INFO] [stdout] 21cf6a5cfb84886256820e3f87bb6f3028d47d5ffb9eefed33c84840da6cd183
[INFO] testing pkg_compile_time-0.1.3 against beta-2023-12-22 for beta-1.76-1
[INFO] extracting crate pkg_compile_time 0.1.3 into /workspace/builds/worker-6-tc2/source
[INFO] validating manifest of crates.io crate pkg_compile_time 0.1.3 on toolchain beta-2023-12-22
[INFO] running `Command { std: CARGO_HOME="/workspace/cargo-home" RUSTUP_HOME="/workspace/rustup-home" "/workspace/cargo-home/bin/cargo" "+beta-2023-12-22" "metadata" "--manifest-path" "Cargo.toml" "--no-deps", kill_on_drop: false }`
[INFO] started tweaking crates.io crate pkg_compile_time 0.1.3
[INFO] finished tweaking crates.io crate pkg_compile_time 0.1.3
[INFO] tweaked toml for crates.io crate pkg_compile_time 0.1.3 written to /workspace/builds/worker-6-tc2/source/Cargo.toml
[INFO] running `Command { std: CARGO_HOME="/workspace/cargo-home" RUSTUP_HOME="/workspace/rustup-home" "/workspace/cargo-home/bin/cargo" "+beta-2023-12-22" "generate-lockfile" "--manifest-path" "Cargo.toml", kill_on_drop: false }`
[INFO] [stderr]     Updating crates.io index
[INFO] running `Command { std: CARGO_HOME="/workspace/cargo-home" RUSTUP_HOME="/workspace/rustup-home" "/workspace/cargo-home/bin/cargo" "+beta-2023-12-22" "fetch" "--manifest-path" "Cargo.toml", kill_on_drop: false }`
[INFO] running `Command { std: "docker" "create" "-v" "/var/lib/crater-agent-workspace/builds/worker-6-tc2/target:/opt/rustwide/target:rw,Z" "-v" "/var/lib/crater-agent-workspace/builds/worker-6-tc2/source:/opt/rustwide/workdir:ro,Z" "-v" "/var/lib/crater-agent-workspace/cargo-home:/opt/rustwide/cargo-home:ro,Z" "-v" "/var/lib/crater-agent-workspace/rustup-home:/opt/rustwide/rustup-home:ro,Z" "-e" "SOURCE_DIR=/opt/rustwide/workdir" "-e" "CARGO_TARGET_DIR=/opt/rustwide/target" "-e" "CARGO_HOME=/opt/rustwide/cargo-home" "-e" "RUSTUP_HOME=/opt/rustwide/rustup-home" "-w" "/opt/rustwide/workdir" "-m" "1610612736" "--user" "0:0" "--network" "none" "ghcr.io/rust-lang/crates-build-env/linux@sha256:2788e3201cd34a07e3172128adcd8b3090168a8e3bcc40d7c032b9dda1df7d1c" "/opt/rustwide/cargo-home/bin/cargo" "+beta-2023-12-22" "metadata" "--no-deps" "--format-version=1", kill_on_drop: false }`
[INFO] [stdout] 3b06afa50dd1e9783708f857f0a984daba9a43e5df4b9adb43013f2cbf9238b0
[INFO] running `Command { std: "docker" "start" "-a" "3b06afa50dd1e9783708f857f0a984daba9a43e5df4b9adb43013f2cbf9238b0", kill_on_drop: false }`
[INFO] running `Command { std: "docker" "inspect" "3b06afa50dd1e9783708f857f0a984daba9a43e5df4b9adb43013f2cbf9238b0", kill_on_drop: false }`
[INFO] running `Command { std: "docker" "rm" "-f" "3b06afa50dd1e9783708f857f0a984daba9a43e5df4b9adb43013f2cbf9238b0", kill_on_drop: false }`
[INFO] [stdout] 3b06afa50dd1e9783708f857f0a984daba9a43e5df4b9adb43013f2cbf9238b0
[INFO] running `Command { std: "docker" "create" "-v" "/var/lib/crater-agent-workspace/builds/worker-6-tc2/target:/opt/rustwide/target:rw,Z" "-v" "/var/lib/crater-agent-workspace/builds/worker-6-tc2/source:/opt/rustwide/workdir:ro,Z" "-v" "/var/lib/crater-agent-workspace/cargo-home:/opt/rustwide/cargo-home:ro,Z" "-v" "/var/lib/crater-agent-workspace/rustup-home:/opt/rustwide/rustup-home:ro,Z" "-e" "SOURCE_DIR=/opt/rustwide/workdir" "-e" "CARGO_TARGET_DIR=/opt/rustwide/target" "-e" "CARGO_INCREMENTAL=0" "-e" "RUST_BACKTRACE=full" "-e" "RUSTFLAGS=--cap-lints=warn" "-e" "RUSTDOCFLAGS=--cap-lints=warn" "-e" "CARGO_HOME=/opt/rustwide/cargo-home" "-e" "RUSTUP_HOME=/opt/rustwide/rustup-home" "-w" "/opt/rustwide/workdir" "-m" "1610612736" "--user" "0:0" "--network" "none" "ghcr.io/rust-lang/crates-build-env/linux@sha256:2788e3201cd34a07e3172128adcd8b3090168a8e3bcc40d7c032b9dda1df7d1c" "/opt/rustwide/cargo-home/bin/cargo" "+beta-2023-12-22" "build" "--frozen" "--message-format=json", kill_on_drop: false }`
[INFO] [stdout] 31255d9226c64d163421b6ecc4ec138b6c242648dd107849eedd3a2895c8e8cd
[INFO] running `Command { std: "docker" "start" "-a" "31255d9226c64d163421b6ecc4ec138b6c242648dd107849eedd3a2895c8e8cd", kill_on_drop: false }`
[INFO] [stderr]    Compiling standback v0.2.17
[INFO] [stderr]    Compiling proc-macro-hack v0.5.20+deprecated
[INFO] [stderr]    Compiling syn v1.0.109
[INFO] [stderr]    Compiling const_fn v0.4.9
[INFO] [stderr]    Compiling time v0.2.27
[INFO] [stderr]    Compiling libc v0.2.151
[INFO] [stderr]    Compiling time-macros-impl v0.1.2
[INFO] [stderr]    Compiling time-macros v0.1.1
[INFO] [stderr]    Compiling pkg_compile_time v0.1.3 (/opt/rustwide/workdir)
[INFO] [stdout] warning: use of deprecated associated function `time::OffsetDateTime::now_local`: UTC is returned if the local offset cannot be determined
[INFO] [stdout]   --> src/lib.rs:23:38
[INFO] [stdout]    |
[INFO] [stdout] 23 |     let date = time::OffsetDateTime::now_local().format("%Y-%m-%d");
[INFO] [stdout]    |                                      ^^^^^^^^^
[INFO] [stdout]    |
[INFO] [stdout]    = note: `#[warn(deprecated)]` on by default
[INFO] [stdout] 
[INFO] [stdout] 
[INFO] [stdout] warning: use of deprecated associated function `time::OffsetDateTime::now_local`: UTC is returned if the local offset cannot be determined
[INFO] [stdout]   --> src/lib.rs:30:38
[INFO] [stdout]    |
[INFO] [stdout] 30 |     let time = time::OffsetDateTime::now_local().format("%H:%M:%S");
[INFO] [stdout]    |                                      ^^^^^^^^^
[INFO] [stdout] 
[INFO] [stdout] 
[INFO] [stdout] warning: 2 warnings emitted
[INFO] [stdout] 
[INFO] [stdout] 
[INFO] [stderr]     Finished dev [unoptimized + debuginfo] target(s) in 3.57s
[INFO] running `Command { std: "docker" "inspect" "31255d9226c64d163421b6ecc4ec138b6c242648dd107849eedd3a2895c8e8cd", kill_on_drop: false }`
[INFO] running `Command { std: "docker" "rm" "-f" "31255d9226c64d163421b6ecc4ec138b6c242648dd107849eedd3a2895c8e8cd", kill_on_drop: false }`
[INFO] [stdout] 31255d9226c64d163421b6ecc4ec138b6c242648dd107849eedd3a2895c8e8cd
[INFO] running `Command { std: "docker" "create" "-v" "/var/lib/crater-agent-workspace/builds/worker-6-tc2/target:/opt/rustwide/target:rw,Z" "-v" "/var/lib/crater-agent-workspace/builds/worker-6-tc2/source:/opt/rustwide/workdir:ro,Z" "-v" "/var/lib/crater-agent-workspace/cargo-home:/opt/rustwide/cargo-home:ro,Z" "-v" "/var/lib/crater-agent-workspace/rustup-home:/opt/rustwide/rustup-home:ro,Z" "-e" "SOURCE_DIR=/opt/rustwide/workdir" "-e" "CARGO_TARGET_DIR=/opt/rustwide/target" "-e" "CARGO_INCREMENTAL=0" "-e" "RUST_BACKTRACE=full" "-e" "RUSTFLAGS=--cap-lints=warn" "-e" "RUSTDOCFLAGS=--cap-lints=warn" "-e" "CARGO_HOME=/opt/rustwide/cargo-home" "-e" "RUSTUP_HOME=/opt/rustwide/rustup-home" "-w" "/opt/rustwide/workdir" "-m" "1610612736" "--user" "0:0" "--network" "none" "ghcr.io/rust-lang/crates-build-env/linux@sha256:2788e3201cd34a07e3172128adcd8b3090168a8e3bcc40d7c032b9dda1df7d1c" "/opt/rustwide/cargo-home/bin/cargo" "+beta-2023-12-22" "test" "--frozen" "--no-run" "--message-format=json", kill_on_drop: false }`
[INFO] [stdout] 28331b0ef14e08c075818fed8a7872740d4fb65015ee82d70176609459924e4c
[INFO] running `Command { std: "docker" "start" "-a" "28331b0ef14e08c075818fed8a7872740d4fb65015ee82d70176609459924e4c", kill_on_drop: false }`
[INFO] [stderr]    Compiling pkg_compile_time v0.1.3 (/opt/rustwide/workdir)
[INFO] [stdout] warning: use of deprecated associated function `time::OffsetDateTime::now_local`: UTC is returned if the local offset cannot be determined
[INFO] [stdout]   --> src/lib.rs:23:38
[INFO] [stdout]    |
[INFO] [stdout] 23 |     let date = time::OffsetDateTime::now_local().format("%Y-%m-%d");
[INFO] [stdout]    |                                      ^^^^^^^^^
[INFO] [stdout]    |
[INFO] [stdout]    = note: `#[warn(deprecated)]` on by default
[INFO] [stdout] 
[INFO] [stdout] 
[INFO] [stdout] warning: use of deprecated associated function `time::OffsetDateTime::now_local`: UTC is returned if the local offset cannot be determined
[INFO] [stdout]   --> src/lib.rs:30:38
[INFO] [stdout]    |
[INFO] [stdout] 30 |     let time = time::OffsetDateTime::now_local().format("%H:%M:%S");
[INFO] [stdout]    |                                      ^^^^^^^^^
[INFO] [stdout] 
[INFO] [stdout] 
[INFO] [stdout] warning: use of deprecated associated function `time::OffsetDateTime::now_local`: UTC is returned if the local offset cannot be determined
[INFO] [stdout]   --> src/lib.rs:23:38
[INFO] [stdout]    |
[INFO] [stdout] 23 |     let date = time::OffsetDateTime::now_local().format("%Y-%m-%d");
[INFO] [stdout]    |                                      ^^^^^^^^^
[INFO] [stdout]    |
[INFO] [stdout]    = note: `#[warn(deprecated)]` on by default
[INFO] [stdout] 
[INFO] [stdout] 
[INFO] [stdout] warning: use of deprecated associated function `time::OffsetDateTime::now_local`: UTC is returned if the local offset cannot be determined
[INFO] [stdout]   --> src/lib.rs:30:38
[INFO] [stdout]    |
[INFO] [stdout] 30 |     let time = time::OffsetDateTime::now_local().format("%H:%M:%S");
[INFO] [stdout]    |                                      ^^^^^^^^^
[INFO] [stdout] 
[INFO] [stdout] 
[INFO] [stdout] warning: 2 warnings emitted
[INFO] [stdout] 
[INFO] [stdout] 
[INFO] [stdout] warning: 2 warnings emitted
[INFO] [stdout] 
[INFO] [stdout] 
[INFO] [stderr]     Finished test [unoptimized + debuginfo] target(s) in 0.28s
[INFO] running `Command { std: "docker" "inspect" "28331b0ef14e08c075818fed8a7872740d4fb65015ee82d70176609459924e4c", kill_on_drop: false }`
[INFO] running `Command { std: "docker" "rm" "-f" "28331b0ef14e08c075818fed8a7872740d4fb65015ee82d70176609459924e4c", kill_on_drop: false }`
[INFO] [stdout] 28331b0ef14e08c075818fed8a7872740d4fb65015ee82d70176609459924e4c
[INFO] running `Command { std: "docker" "create" "-v" "/var/lib/crater-agent-workspace/builds/worker-6-tc2/target:/opt/rustwide/target:rw,Z" "-v" "/var/lib/crater-agent-workspace/builds/worker-6-tc2/source:/opt/rustwide/workdir:ro,Z" "-v" "/var/lib/crater-agent-workspace/cargo-home:/opt/rustwide/cargo-home:ro,Z" "-v" "/var/lib/crater-agent-workspace/rustup-home:/opt/rustwide/rustup-home:ro,Z" "-e" "SOURCE_DIR=/opt/rustwide/workdir" "-e" "CARGO_TARGET_DIR=/opt/rustwide/target" "-e" "CARGO_INCREMENTAL=0" "-e" "RUST_BACKTRACE=full" "-e" "RUSTFLAGS=--cap-lints=warn" "-e" "RUSTDOCFLAGS=--cap-lints=warn" "-e" "CARGO_HOME=/opt/rustwide/cargo-home" "-e" "RUSTUP_HOME=/opt/rustwide/rustup-home" "-w" "/opt/rustwide/workdir" "-m" "1610612736" "--user" "0:0" "--network" "none" "ghcr.io/rust-lang/crates-build-env/linux@sha256:2788e3201cd34a07e3172128adcd8b3090168a8e3bcc40d7c032b9dda1df7d1c" "/opt/rustwide/cargo-home/bin/cargo" "+beta-2023-12-22" "test" "--frozen", kill_on_drop: false }`
[INFO] [stdout] e67d6511c7d542c0b748006d2d3d3d4d50de53b1d0a985ef880b7c787977402f
[INFO] running `Command { std: "docker" "start" "-a" "e67d6511c7d542c0b748006d2d3d3d4d50de53b1d0a985ef880b7c787977402f", kill_on_drop: false }`
[INFO] [stderr] warning: use of deprecated associated function `time::OffsetDateTime::now_local`: UTC is returned if the local offset cannot be determined
[INFO] [stderr]   --> src/lib.rs:23:38
[INFO] [stderr]    |
[INFO] [stderr] 23 |     let date = time::OffsetDateTime::now_local().format("%Y-%m-%d");
[INFO] [stderr]    |                                      ^^^^^^^^^
[INFO] [stderr]    |
[INFO] [stderr]    = note: `#[warn(deprecated)]` on by default
[INFO] [stderr] 
[INFO] [stderr] warning: use of deprecated associated function `time::OffsetDateTime::now_local`: UTC is returned if the local offset cannot be determined
[INFO] [stderr]   --> src/lib.rs:30:38
[INFO] [stderr]    |
[INFO] [stderr] 30 |     let time = time::OffsetDateTime::now_local().format("%H:%M:%S");
[INFO] [stderr]    |                                      ^^^^^^^^^
[INFO] [stderr] 
[INFO] [stderr] warning: `pkg_compile_time` (lib) generated 2 warnings
[INFO] [stderr] warning: `pkg_compile_time` (lib test) generated 2 warnings (2 duplicates)
[INFO] [stderr]     Finished test [unoptimized + debuginfo] target(s) in 0.02s
[INFO] [stderr]      Running unittests src/lib.rs (/opt/rustwide/target/debug/deps/pkg_compile_time-27ad9980a6065191)
[INFO] [stdout] 
[INFO] [stdout] running 0 tests
[INFO] [stdout] 
[INFO] [stdout] test result: ok. 0 passed; 0 failed; 0 ignored; 0 measured; 0 filtered out; finished in 0.00s
[INFO] [stdout] 
[INFO] [stderr]    Doc-tests pkg_compile_time
[INFO] [stdout] 
[INFO] [stdout] running 2 tests
[INFO] [stdout] test src/lib.rs - (line 13) ... FAILED
[INFO] [stdout] test src/lib.rs - (line 5) ... ok
[INFO] [stdout] 
[INFO] [stdout] failures:
[INFO] [stdout] 
[INFO] [stdout] ---- src/lib.rs - (line 13) stdout ----
[INFO] [stdout] error: expected one of `!`, `.`, `::`, `;`, `?`, `{`, `}`, or an operator, found `date`
[INFO] [stdout]  --> src/lib.rs:14:9
[INFO] [stdout]   |
[INFO] [stdout] 3 | Compile date is: 2020-10-01
[INFO] [stdout]   |         ^^^^ expected one of 8 possible tokens
[INFO] [stdout] 
[INFO] [stdout] error: aborting due to 1 previous error
[INFO] [stdout] 
[INFO] [stdout] Couldn't compile the test.
[INFO] [stdout] 
[INFO] [stdout] failures:
[INFO] [stdout]     src/lib.rs - (line 13)
[INFO] [stdout] 
[INFO] [stdout] test result: FAILED. 1 passed; 1 failed; 0 ignored; 0 measured; 0 filtered out; finished in 0.15s
[INFO] [stdout] 
[INFO] [stderr] error: doctest failed, to rerun pass `--doc`
[INFO] running `Command { std: "docker" "inspect" "e67d6511c7d542c0b748006d2d3d3d4d50de53b1d0a985ef880b7c787977402f", kill_on_drop: false }`
[INFO] running `Command { std: "docker" "rm" "-f" "e67d6511c7d542c0b748006d2d3d3d4d50de53b1d0a985ef880b7c787977402f", kill_on_drop: false }`
[INFO] [stdout] e67d6511c7d542c0b748006d2d3d3d4d50de53b1d0a985ef880b7c787977402f
