[INFO] fetching crate pixel_engine_draw 0.7.0...
[INFO] testing pixel_engine_draw-0.7.0 against 1.75.0 for beta-1.76-1
[INFO] extracting crate pixel_engine_draw 0.7.0 into /workspace/builds/worker-7-tc1/source
[INFO] validating manifest of crates.io crate pixel_engine_draw 0.7.0 on toolchain 1.75.0
[INFO] running `Command { std: CARGO_HOME="/workspace/cargo-home" RUSTUP_HOME="/workspace/rustup-home" "/workspace/cargo-home/bin/cargo" "+1.75.0" "metadata" "--manifest-path" "Cargo.toml" "--no-deps", kill_on_drop: false }`
[INFO] started tweaking crates.io crate pixel_engine_draw 0.7.0
[INFO] finished tweaking crates.io crate pixel_engine_draw 0.7.0
[INFO] tweaked toml for crates.io crate pixel_engine_draw 0.7.0 written to /workspace/builds/worker-7-tc1/source/Cargo.toml
[INFO] crate crates.io crate pixel_engine_draw 0.7.0 already has a lockfile, it will not be regenerated
[INFO] running `Command { std: CARGO_HOME="/workspace/cargo-home" RUSTUP_HOME="/workspace/rustup-home" "/workspace/cargo-home/bin/cargo" "+1.75.0" "fetch" "--manifest-path" "Cargo.toml", kill_on_drop: false }`
[INFO] [stderr]  Downloading crates ...
[INFO] [stderr]   Downloaded half v2.1.0
[INFO] running `Command { std: "docker" "create" "-v" "/var/lib/crater-agent-workspace/builds/worker-7-tc1/target:/opt/rustwide/target:rw,Z" "-v" "/var/lib/crater-agent-workspace/builds/worker-7-tc1/source:/opt/rustwide/workdir:ro,Z" "-v" "/var/lib/crater-agent-workspace/cargo-home:/opt/rustwide/cargo-home:ro,Z" "-v" "/var/lib/crater-agent-workspace/rustup-home:/opt/rustwide/rustup-home:ro,Z" "-e" "SOURCE_DIR=/opt/rustwide/workdir" "-e" "CARGO_TARGET_DIR=/opt/rustwide/target" "-e" "CARGO_HOME=/opt/rustwide/cargo-home" "-e" "RUSTUP_HOME=/opt/rustwide/rustup-home" "-w" "/opt/rustwide/workdir" "-m" "1610612736" "--user" "0:0" "--network" "none" "ghcr.io/rust-lang/crates-build-env/linux@sha256:2788e3201cd34a07e3172128adcd8b3090168a8e3bcc40d7c032b9dda1df7d1c" "/opt/rustwide/cargo-home/bin/cargo" "+1.75.0" "metadata" "--no-deps" "--format-version=1", kill_on_drop: false }`
[INFO] [stdout] e8a6fea46792abc091d92d4b2186afd1aa7121baaf4188a6f29f40d8591485af
[INFO] running `Command { std: "docker" "start" "-a" "e8a6fea46792abc091d92d4b2186afd1aa7121baaf4188a6f29f40d8591485af", kill_on_drop: false }`
[INFO] running `Command { std: "docker" "inspect" "e8a6fea46792abc091d92d4b2186afd1aa7121baaf4188a6f29f40d8591485af", kill_on_drop: false }`
[INFO] running `Command { std: "docker" "rm" "-f" "e8a6fea46792abc091d92d4b2186afd1aa7121baaf4188a6f29f40d8591485af", kill_on_drop: false }`
[INFO] [stdout] e8a6fea46792abc091d92d4b2186afd1aa7121baaf4188a6f29f40d8591485af
[INFO] running `Command { std: "docker" "create" "-v" "/var/lib/crater-agent-workspace/builds/worker-7-tc1/target:/opt/rustwide/target:rw,Z" "-v" "/var/lib/crater-agent-workspace/builds/worker-7-tc1/source:/opt/rustwide/workdir:ro,Z" "-v" "/var/lib/crater-agent-workspace/cargo-home:/opt/rustwide/cargo-home:ro,Z" "-v" "/var/lib/crater-agent-workspace/rustup-home:/opt/rustwide/rustup-home:ro,Z" "-e" "SOURCE_DIR=/opt/rustwide/workdir" "-e" "CARGO_TARGET_DIR=/opt/rustwide/target" "-e" "CARGO_INCREMENTAL=0" "-e" "RUST_BACKTRACE=full" "-e" "RUSTFLAGS=--cap-lints=warn" "-e" "RUSTDOCFLAGS=--cap-lints=warn" "-e" "CARGO_HOME=/opt/rustwide/cargo-home" "-e" "RUSTUP_HOME=/opt/rustwide/rustup-home" "-w" "/opt/rustwide/workdir" "-m" "1610612736" "--user" "0:0" "--network" "none" "ghcr.io/rust-lang/crates-build-env/linux@sha256:2788e3201cd34a07e3172128adcd8b3090168a8e3bcc40d7c032b9dda1df7d1c" "/opt/rustwide/cargo-home/bin/cargo" "+1.75.0" "build" "--frozen" "--message-format=json", kill_on_drop: false }`
[INFO] [stdout] 0faee9b5d2af8d84c0054ad7bfa7c093fc6bf0b383572660550008825989a01f
[INFO] running `Command { std: "docker" "start" "-a" "0faee9b5d2af8d84c0054ad7bfa7c093fc6bf0b383572660550008825989a01f", kill_on_drop: false }`
[INFO] [stderr]    Compiling libc v0.2.139
[INFO] [stderr]    Compiling crossbeam-utils v0.8.14
[INFO] [stderr]    Compiling memoffset v0.7.1
[INFO] [stderr]    Compiling proc-macro2 v1.0.49
[INFO] [stderr]    Compiling crossbeam-epoch v0.9.13
[INFO] [stderr]    Compiling unicode-ident v1.0.6
[INFO] [stderr]    Compiling quote v1.0.23
[INFO] [stderr]    Compiling lock_api v0.4.9
[INFO] [stderr]    Compiling syn v1.0.107
[INFO] [stderr]    Compiling rayon-core v1.10.1
[INFO] [stderr]    Compiling num-traits v0.2.15
[INFO] [stderr]    Compiling smallvec v1.10.0
[INFO] [stderr]    Compiling futures-core v0.3.25
[INFO] [stderr]    Compiling miniz_oxide v0.6.2
[INFO] [stderr]    Compiling num-integer v0.1.45
[INFO] [stderr]    Compiling parking_lot_core v0.9.5
[INFO] [stderr]    Compiling either v1.8.0
[INFO] [stderr]    Compiling num-rational v0.4.1
[INFO] [stderr]    Compiling futures-sink v0.3.25
[INFO] [stderr]    Compiling weezl v0.1.7
[INFO] [stderr]    Compiling slab v0.4.7
[INFO] [stderr]    Compiling bit_field v0.10.1
[INFO] [stderr]    Compiling paste v1.0.11
[INFO] [stderr]    Compiling half v2.1.0
[INFO] [stderr]    Compiling lebe v0.5.2
[INFO] [stderr]    Compiling color_quant v1.1.0
[INFO] [stderr]    Compiling scoped_threadpool v0.1.9
[INFO] [stderr]    Compiling bytemuck v1.12.3
[INFO] [stderr]    Compiling byteorder v1.4.3
[INFO] [stderr]    Compiling flate2 v1.0.25
[INFO] [stderr]    Compiling spin v0.9.4
[INFO] [stderr]    Compiling gif v0.11.4
[INFO] [stderr]    Compiling crossbeam-channel v0.5.6
[INFO] [stderr]    Compiling png v0.17.7
[INFO] [stderr]    Compiling crossbeam-deque v0.8.2
[INFO] [stderr]    Compiling num_cpus v1.15.0
[INFO] [stderr]    Compiling getrandom v0.2.8
[INFO] [stderr]    Compiling nanorand v0.7.0
[INFO] [stderr]    Compiling threadpool v1.8.1
[INFO] [stderr]    Compiling once_cell v1.16.0
[INFO] [stderr]    Compiling parking_lot v0.12.1
[INFO] [stderr]    Compiling rayon v1.6.1
[INFO] [stderr]    Compiling jpeg-decoder v0.3.0
[INFO] [stderr]    Compiling pin-project-internal v1.0.12
[INFO] [stderr]    Compiling tiff v0.8.1
[INFO] [stderr]    Compiling pin-project v1.0.12
[INFO] [stderr]    Compiling flume v0.10.14
[INFO] [stderr]    Compiling exr v1.5.2
[INFO] [stderr]    Compiling image v0.24.5
[INFO] [stderr]    Compiling pixel_engine_draw v0.7.0 (/opt/rustwide/workdir)
[INFO] [stderr]     Finished dev [unoptimized + debuginfo] target(s) in 11.11s
[INFO] running `Command { std: "docker" "inspect" "0faee9b5d2af8d84c0054ad7bfa7c093fc6bf0b383572660550008825989a01f", kill_on_drop: false }`
[INFO] running `Command { std: "docker" "rm" "-f" "0faee9b5d2af8d84c0054ad7bfa7c093fc6bf0b383572660550008825989a01f", kill_on_drop: false }`
[INFO] [stdout] 0faee9b5d2af8d84c0054ad7bfa7c093fc6bf0b383572660550008825989a01f
[INFO] running `Command { std: "docker" "create" "-v" "/var/lib/crater-agent-workspace/builds/worker-7-tc1/target:/opt/rustwide/target:rw,Z" "-v" "/var/lib/crater-agent-workspace/builds/worker-7-tc1/source:/opt/rustwide/workdir:ro,Z" "-v" "/var/lib/crater-agent-workspace/cargo-home:/opt/rustwide/cargo-home:ro,Z" "-v" "/var/lib/crater-agent-workspace/rustup-home:/opt/rustwide/rustup-home:ro,Z" "-e" "SOURCE_DIR=/opt/rustwide/workdir" "-e" "CARGO_TARGET_DIR=/opt/rustwide/target" "-e" "CARGO_INCREMENTAL=0" "-e" "RUST_BACKTRACE=full" "-e" "RUSTFLAGS=--cap-lints=warn" "-e" "RUSTDOCFLAGS=--cap-lints=warn" "-e" "CARGO_HOME=/opt/rustwide/cargo-home" "-e" "RUSTUP_HOME=/opt/rustwide/rustup-home" "-w" "/opt/rustwide/workdir" "-m" "1610612736" "--user" "0:0" "--network" "none" "ghcr.io/rust-lang/crates-build-env/linux@sha256:2788e3201cd34a07e3172128adcd8b3090168a8e3bcc40d7c032b9dda1df7d1c" "/opt/rustwide/cargo-home/bin/cargo" "+1.75.0" "test" "--frozen" "--no-run" "--message-format=json", kill_on_drop: false }`
[INFO] [stdout] b423fefbdc70a00460d4c2d66f7a3bca683c8c9f0a3ce5170cca36022245c1a6
[INFO] running `Command { std: "docker" "start" "-a" "b423fefbdc70a00460d4c2d66f7a3bca683c8c9f0a3ce5170cca36022245c1a6", kill_on_drop: false }`
[INFO] [stderr]    Compiling pixel_engine_draw v0.7.0 (/opt/rustwide/workdir)
[INFO] [stdout] warning: unused import: `DrawSpriteTrait`
[INFO] [stdout]  --> examples/_print_sprite.rs:4:32
[INFO] [stdout]   |
[INFO] [stdout] 4 | use px_draw::graphics::{Color, DrawSpriteTrait, Sprite};
[INFO] [stdout]   |                                ^^^^^^^^^^^^^^^
[INFO] [stdout]   |
[INFO] [stdout]   = note: `#[warn(unused_imports)]` on by default
[INFO] [stdout] 
[INFO] [stdout] 
[INFO] [stdout] warning: unused import: `DrawSpriteTrait`
[INFO] [stdout]  --> examples/./_print_sprite.rs:4:32
[INFO] [stdout]   |
[INFO] [stdout] 4 | use px_draw::graphics::{Color, DrawSpriteTrait, Sprite};
[INFO] [stdout]   |                                ^^^^^^^^^^^^^^^
[INFO] [stdout]   |
[INFO] [stdout]   = note: `#[warn(unused_imports)]` on by default
[INFO] [stdout] 
[INFO] [stdout] 
[INFO] [stdout] warning: unused import: `DrawSpriteTrait`
[INFO] [stdout]  --> examples/sub_sprite.rs:2:33
[INFO] [stdout]   |
[INFO] [stdout] 2 | use px_draw::{graphics::{Color, DrawSpriteTrait, Sprite}, vector2::Vu2d};
[INFO] [stdout]   |                                 ^^^^^^^^^^^^^^^
[INFO] [stdout] 
[INFO] [stdout] 
[INFO] [stdout] warning: 1 warning emitted
[INFO] [stdout] 
[INFO] [stdout] 
[INFO] [stdout] warning: 2 warnings emitted
[INFO] [stdout] 
[INFO] [stdout] 
[INFO] [stderr]     Finished test [unoptimized + debuginfo] target(s) in 1.06s
[INFO] running `Command { std: "docker" "inspect" "b423fefbdc70a00460d4c2d66f7a3bca683c8c9f0a3ce5170cca36022245c1a6", kill_on_drop: false }`
[INFO] running `Command { std: "docker" "rm" "-f" "b423fefbdc70a00460d4c2d66f7a3bca683c8c9f0a3ce5170cca36022245c1a6", kill_on_drop: false }`
[INFO] [stdout] b423fefbdc70a00460d4c2d66f7a3bca683c8c9f0a3ce5170cca36022245c1a6
[INFO] running `Command { std: "docker" "create" "-v" "/var/lib/crater-agent-workspace/builds/worker-7-tc1/target:/opt/rustwide/target:rw,Z" "-v" "/var/lib/crater-agent-workspace/builds/worker-7-tc1/source:/opt/rustwide/workdir:ro,Z" "-v" "/var/lib/crater-agent-workspace/cargo-home:/opt/rustwide/cargo-home:ro,Z" "-v" "/var/lib/crater-agent-workspace/rustup-home:/opt/rustwide/rustup-home:ro,Z" "-e" "SOURCE_DIR=/opt/rustwide/workdir" "-e" "CARGO_TARGET_DIR=/opt/rustwide/target" "-e" "CARGO_INCREMENTAL=0" "-e" "RUST_BACKTRACE=full" "-e" "RUSTFLAGS=--cap-lints=warn" "-e" "RUSTDOCFLAGS=--cap-lints=warn" "-e" "CARGO_HOME=/opt/rustwide/cargo-home" "-e" "RUSTUP_HOME=/opt/rustwide/rustup-home" "-w" "/opt/rustwide/workdir" "-m" "1610612736" "--user" "0:0" "--network" "none" "ghcr.io/rust-lang/crates-build-env/linux@sha256:2788e3201cd34a07e3172128adcd8b3090168a8e3bcc40d7c032b9dda1df7d1c" "/opt/rustwide/cargo-home/bin/cargo" "+1.75.0" "test" "--frozen", kill_on_drop: false }`
[INFO] [stdout] 0ba2d0fe203c457c96cb05cb081b21877fd3dcee49b50778ee38900f51ce7772
[INFO] running `Command { std: "docker" "start" "-a" "0ba2d0fe203c457c96cb05cb081b21877fd3dcee49b50778ee38900f51ce7772", kill_on_drop: false }`
[INFO] [stderr] warning: unused import: `DrawSpriteTrait`
[INFO] [stderr]  --> examples/_print_sprite.rs:4:32
[INFO] [stderr]   |
[INFO] [stderr] 4 | use px_draw::graphics::{Color, DrawSpriteTrait, Sprite};
[INFO] [stderr]   |                                ^^^^^^^^^^^^^^^
[INFO] [stderr]   |
[INFO] [stderr]   = note: `#[warn(unused_imports)]` on by default
[INFO] [stderr] 
[INFO] [stderr] warning: unused import: `DrawSpriteTrait`
[INFO] [stderr]  --> examples/./_print_sprite.rs:4:32
[INFO] [stderr]   |
[INFO] [stderr] 4 | use px_draw::graphics::{Color, DrawSpriteTrait, Sprite};
[INFO] [stderr]   |                                ^^^^^^^^^^^^^^^
[INFO] [stderr]   |
[INFO] [stderr]   = note: `#[warn(unused_imports)]` on by default
[INFO] [stderr] 
[INFO] [stderr] warning: unused import: `DrawSpriteTrait`
[INFO] [stderr]  --> examples/sub_sprite.rs:2:33
[INFO] [stderr]   |
[INFO] [stderr] 2 | use px_draw::{graphics::{Color, DrawSpriteTrait, Sprite}, vector2::Vu2d};
[INFO] [stderr]   |                                 ^^^^^^^^^^^^^^^
[INFO] [stderr] 
[INFO] [stderr] warning: `pixel_engine_draw` (example "_print_sprite") generated 1 warning
[INFO] [stderr] warning: `pixel_engine_draw` (example "sub_sprite") generated 2 warnings
[INFO] [stderr]     Finished test [unoptimized + debuginfo] target(s) in 0.04s
[INFO] [stderr]      Running unittests src/lib.rs (/opt/rustwide/target/debug/deps/pixel_engine_draw-039813eb91d959aa)
[INFO] [stdout] 
[INFO] [stdout] running 0 tests
[INFO] [stdout] 
[INFO] [stdout] test result: ok. 0 passed; 0 failed; 0 ignored; 0 measured; 0 filtered out; finished in 0.00s
[INFO] [stdout] 
[INFO] [stderr]    Doc-tests pixel_engine_draw
[INFO] [stdout] 
[INFO] [stdout] running 2 tests
[INFO] [stdout] test src/graphics.rs - graphics::DrawSpriteTrait::get_pixel_unchecked (line 612) ... FAILED
[INFO] [stdout] test src/graphics.rs - graphics::DrawSpriteTrait::set_pixel_unchecked (line 617) ... FAILED
[INFO] [stdout] 
[INFO] [stdout] failures:
[INFO] [stdout] 
[INFO] [stdout] ---- src/graphics.rs - graphics::DrawSpriteTrait::get_pixel_unchecked (line 612) stdout ----
[INFO] [stdout] error: expected one of `!`, `.`, `::`, `;`, `?`, `{`, `}`, or an operator, found `must`
[INFO] [stdout]  --> src/graphics.rs:613:5
[INFO] [stdout]   |
[INFO] [stdout] 3 | You must ensure that the pos in bounds
[INFO] [stdout]   |     ^^^^ expected one of 8 possible tokens
[INFO] [stdout] 
[INFO] [stdout] error: aborting due to previous error
[INFO] [stdout] 
[INFO] [stdout] Couldn't compile the test.
[INFO] [stdout] ---- src/graphics.rs - graphics::DrawSpriteTrait::set_pixel_unchecked (line 617) stdout ----
[INFO] [stdout] error: expected one of `!`, `.`, `::`, `;`, `?`, `{`, `}`, or an operator, found `must`
[INFO] [stdout]  --> src/graphics.rs:618:5
[INFO] [stdout]   |
[INFO] [stdout] 3 | You must ensure that the pos in bounds
[INFO] [stdout]   |     ^^^^ expected one of 8 possible tokens
[INFO] [stdout] 
[INFO] [stdout] error: aborting due to previous error
[INFO] [stdout] 
[INFO] [stdout] Couldn't compile the test.
[INFO] [stdout] 
[INFO] [stdout] failures:
[INFO] [stdout]     src/graphics.rs - graphics::DrawSpriteTrait::get_pixel_unchecked (line 612)
[INFO] [stdout]     src/graphics.rs - graphics::DrawSpriteTrait::set_pixel_unchecked (line 617)
[INFO] [stdout] 
[INFO] [stdout] test result: FAILED. 0 passed; 2 failed; 0 ignored; 0 measured; 0 filtered out; finished in 0.03s
[INFO] [stdout] 
[INFO] [stderr] error: doctest failed, to rerun pass `--doc`
[INFO] running `Command { std: "docker" "inspect" "0ba2d0fe203c457c96cb05cb081b21877fd3dcee49b50778ee38900f51ce7772", kill_on_drop: false }`
[INFO] running `Command { std: "docker" "rm" "-f" "0ba2d0fe203c457c96cb05cb081b21877fd3dcee49b50778ee38900f51ce7772", kill_on_drop: false }`
[INFO] [stdout] 0ba2d0fe203c457c96cb05cb081b21877fd3dcee49b50778ee38900f51ce7772
[INFO] testing pixel_engine_draw-0.7.0 against beta-2023-12-22 for beta-1.76-1
[INFO] extracting crate pixel_engine_draw 0.7.0 into /workspace/builds/worker-7-tc2/source
[INFO] validating manifest of crates.io crate pixel_engine_draw 0.7.0 on toolchain beta-2023-12-22
[INFO] running `Command { std: CARGO_HOME="/workspace/cargo-home" RUSTUP_HOME="/workspace/rustup-home" "/workspace/cargo-home/bin/cargo" "+beta-2023-12-22" "metadata" "--manifest-path" "Cargo.toml" "--no-deps", kill_on_drop: false }`
[INFO] started tweaking crates.io crate pixel_engine_draw 0.7.0
[INFO] finished tweaking crates.io crate pixel_engine_draw 0.7.0
[INFO] tweaked toml for crates.io crate pixel_engine_draw 0.7.0 written to /workspace/builds/worker-7-tc2/source/Cargo.toml
[INFO] crate crates.io crate pixel_engine_draw 0.7.0 already has a lockfile, it will not be regenerated
[INFO] running `Command { std: CARGO_HOME="/workspace/cargo-home" RUSTUP_HOME="/workspace/rustup-home" "/workspace/cargo-home/bin/cargo" "+beta-2023-12-22" "fetch" "--manifest-path" "Cargo.toml", kill_on_drop: false }`
[INFO] running `Command { std: "docker" "create" "-v" "/var/lib/crater-agent-workspace/builds/worker-7-tc2/target:/opt/rustwide/target:rw,Z" "-v" "/var/lib/crater-agent-workspace/builds/worker-7-tc2/source:/opt/rustwide/workdir:ro,Z" "-v" "/var/lib/crater-agent-workspace/cargo-home:/opt/rustwide/cargo-home:ro,Z" "-v" "/var/lib/crater-agent-workspace/rustup-home:/opt/rustwide/rustup-home:ro,Z" "-e" "SOURCE_DIR=/opt/rustwide/workdir" "-e" "CARGO_TARGET_DIR=/opt/rustwide/target" "-e" "CARGO_HOME=/opt/rustwide/cargo-home" "-e" "RUSTUP_HOME=/opt/rustwide/rustup-home" "-w" "/opt/rustwide/workdir" "-m" "1610612736" "--user" "0:0" "--network" "none" "ghcr.io/rust-lang/crates-build-env/linux@sha256:2788e3201cd34a07e3172128adcd8b3090168a8e3bcc40d7c032b9dda1df7d1c" "/opt/rustwide/cargo-home/bin/cargo" "+beta-2023-12-22" "metadata" "--no-deps" "--format-version=1", kill_on_drop: false }`
[INFO] [stdout] cb936cf474c6c3273e593e711f7e395fc5b315cb14a63e2b9f335cb3ac9f3444
[INFO] running `Command { std: "docker" "start" "-a" "cb936cf474c6c3273e593e711f7e395fc5b315cb14a63e2b9f335cb3ac9f3444", kill_on_drop: false }`
[INFO] running `Command { std: "docker" "inspect" "cb936cf474c6c3273e593e711f7e395fc5b315cb14a63e2b9f335cb3ac9f3444", kill_on_drop: false }`
[INFO] running `Command { std: "docker" "rm" "-f" "cb936cf474c6c3273e593e711f7e395fc5b315cb14a63e2b9f335cb3ac9f3444", kill_on_drop: false }`
[INFO] [stdout] cb936cf474c6c3273e593e711f7e395fc5b315cb14a63e2b9f335cb3ac9f3444
[INFO] running `Command { std: "docker" "create" "-v" "/var/lib/crater-agent-workspace/builds/worker-7-tc2/target:/opt/rustwide/target:rw,Z" "-v" "/var/lib/crater-agent-workspace/builds/worker-7-tc2/source:/opt/rustwide/workdir:ro,Z" "-v" "/var/lib/crater-agent-workspace/cargo-home:/opt/rustwide/cargo-home:ro,Z" "-v" "/var/lib/crater-agent-workspace/rustup-home:/opt/rustwide/rustup-home:ro,Z" "-e" "SOURCE_DIR=/opt/rustwide/workdir" "-e" "CARGO_TARGET_DIR=/opt/rustwide/target" "-e" "CARGO_INCREMENTAL=0" "-e" "RUST_BACKTRACE=full" "-e" "RUSTFLAGS=--cap-lints=warn" "-e" "RUSTDOCFLAGS=--cap-lints=warn" "-e" "CARGO_HOME=/opt/rustwide/cargo-home" "-e" "RUSTUP_HOME=/opt/rustwide/rustup-home" "-w" "/opt/rustwide/workdir" "-m" "1610612736" "--user" "0:0" "--network" "none" "ghcr.io/rust-lang/crates-build-env/linux@sha256:2788e3201cd34a07e3172128adcd8b3090168a8e3bcc40d7c032b9dda1df7d1c" "/opt/rustwide/cargo-home/bin/cargo" "+beta-2023-12-22" "build" "--frozen" "--message-format=json", kill_on_drop: false }`
[INFO] [stdout] 9a5952fb1558c15ccc19c86760079d1215e15dfb14984ff253cce0a857811ab8
[INFO] running `Command { std: "docker" "start" "-a" "9a5952fb1558c15ccc19c86760079d1215e15dfb14984ff253cce0a857811ab8", kill_on_drop: false }`
[INFO] [stderr]    Compiling libc v0.2.139
[INFO] [stderr]    Compiling crossbeam-utils v0.8.14
[INFO] [stderr]    Compiling memoffset v0.7.1
[INFO] [stderr]    Compiling proc-macro2 v1.0.49
[INFO] [stderr]    Compiling crossbeam-epoch v0.9.13
[INFO] [stderr]    Compiling quote v1.0.23
[INFO] [stderr]    Compiling unicode-ident v1.0.6
[INFO] [stderr]    Compiling lock_api v0.4.9
[INFO] [stderr]    Compiling syn v1.0.107
[INFO] [stderr]    Compiling rayon-core v1.10.1
[INFO] [stderr]    Compiling num-traits v0.2.15
[INFO] [stderr]    Compiling futures-core v0.3.25
[INFO] [stderr]    Compiling smallvec v1.10.0
[INFO] [stderr]    Compiling miniz_oxide v0.6.2
[INFO] [stderr]    Compiling num-integer v0.1.45
[INFO] [stderr]    Compiling parking_lot_core v0.9.5
[INFO] [stderr]    Compiling either v1.8.0
[INFO] [stderr]    Compiling num-rational v0.4.1
[INFO] [stderr]    Compiling weezl v0.1.7
[INFO] [stderr]    Compiling futures-sink v0.3.25
[INFO] [stderr]    Compiling slab v0.4.7
[INFO] [stderr]    Compiling half v2.1.0
[INFO] [stderr]    Compiling paste v1.0.11
[INFO] [stderr]    Compiling lebe v0.5.2
[INFO] [stderr]    Compiling bit_field v0.10.1
[INFO] [stderr]    Compiling color_quant v1.1.0
[INFO] [stderr]    Compiling scoped_threadpool v0.1.9
[INFO] [stderr]    Compiling bytemuck v1.12.3
[INFO] [stderr]    Compiling spin v0.9.4
[INFO] [stderr]    Compiling flate2 v1.0.25
[INFO] [stderr]    Compiling gif v0.11.4
[INFO] [stderr]    Compiling byteorder v1.4.3
[INFO] [stderr]    Compiling crossbeam-channel v0.5.6
[INFO] [stderr]    Compiling png v0.17.7
[INFO] [stderr]    Compiling crossbeam-deque v0.8.2
[INFO] [stderr]    Compiling num_cpus v1.15.0
[INFO] [stderr]    Compiling getrandom v0.2.8
[INFO] [stderr]    Compiling nanorand v0.7.0
[INFO] [stderr]    Compiling once_cell v1.16.0
[INFO] [stderr]    Compiling parking_lot v0.12.1
[INFO] [stderr]    Compiling threadpool v1.8.1
[INFO] [stderr]    Compiling rayon v1.6.1
[INFO] [stderr]    Compiling jpeg-decoder v0.3.0
[INFO] [stderr]    Compiling pin-project-internal v1.0.12
[INFO] [stderr]    Compiling tiff v0.8.1
[INFO] [stderr]    Compiling pin-project v1.0.12
[INFO] [stderr]    Compiling flume v0.10.14
[INFO] [stderr]    Compiling exr v1.5.2
[INFO] [stderr]    Compiling image v0.24.5
[INFO] [stderr]    Compiling pixel_engine_draw v0.7.0 (/opt/rustwide/workdir)
[INFO] [stderr]     Finished dev [unoptimized + debuginfo] target(s) in 10.64s
[INFO] running `Command { std: "docker" "inspect" "9a5952fb1558c15ccc19c86760079d1215e15dfb14984ff253cce0a857811ab8", kill_on_drop: false }`
[INFO] running `Command { std: "docker" "rm" "-f" "9a5952fb1558c15ccc19c86760079d1215e15dfb14984ff253cce0a857811ab8", kill_on_drop: false }`
[INFO] [stdout] 9a5952fb1558c15ccc19c86760079d1215e15dfb14984ff253cce0a857811ab8
[INFO] running `Command { std: "docker" "create" "-v" "/var/lib/crater-agent-workspace/builds/worker-7-tc2/target:/opt/rustwide/target:rw,Z" "-v" "/var/lib/crater-agent-workspace/builds/worker-7-tc2/source:/opt/rustwide/workdir:ro,Z" "-v" "/var/lib/crater-agent-workspace/cargo-home:/opt/rustwide/cargo-home:ro,Z" "-v" "/var/lib/crater-agent-workspace/rustup-home:/opt/rustwide/rustup-home:ro,Z" "-e" "SOURCE_DIR=/opt/rustwide/workdir" "-e" "CARGO_TARGET_DIR=/opt/rustwide/target" "-e" "CARGO_INCREMENTAL=0" "-e" "RUST_BACKTRACE=full" "-e" "RUSTFLAGS=--cap-lints=warn" "-e" "RUSTDOCFLAGS=--cap-lints=warn" "-e" "CARGO_HOME=/opt/rustwide/cargo-home" "-e" "RUSTUP_HOME=/opt/rustwide/rustup-home" "-w" "/opt/rustwide/workdir" "-m" "1610612736" "--user" "0:0" "--network" "none" "ghcr.io/rust-lang/crates-build-env/linux@sha256:2788e3201cd34a07e3172128adcd8b3090168a8e3bcc40d7c032b9dda1df7d1c" "/opt/rustwide/cargo-home/bin/cargo" "+beta-2023-12-22" "test" "--frozen" "--no-run" "--message-format=json", kill_on_drop: false }`
[INFO] [stdout] fd009914171195d15326e97eeab1225871a136ab614089d00bc8fbe7d50268fa
[INFO] running `Command { std: "docker" "start" "-a" "fd009914171195d15326e97eeab1225871a136ab614089d00bc8fbe7d50268fa", kill_on_drop: false }`
[INFO] [stderr]    Compiling pixel_engine_draw v0.7.0 (/opt/rustwide/workdir)
[INFO] [stdout] warning: unused import: `DrawSpriteTrait`
[INFO] [stdout]  --> examples/_print_sprite.rs:4:32
[INFO] [stdout]   |
[INFO] [stdout] 4 | use px_draw::graphics::{Color, DrawSpriteTrait, Sprite};
[INFO] [stdout]   |                                ^^^^^^^^^^^^^^^
[INFO] [stdout]   |
[INFO] [stdout]   = note: `#[warn(unused_imports)]` on by default
[INFO] [stdout] 
[INFO] [stdout] 
[INFO] [stdout] warning: unused import: `DrawSpriteTrait`
[INFO] [stdout]  --> examples/./_print_sprite.rs:4:32
[INFO] [stdout]   |
[INFO] [stdout] 4 | use px_draw::graphics::{Color, DrawSpriteTrait, Sprite};
[INFO] [stdout]   |                                ^^^^^^^^^^^^^^^
[INFO] [stdout]   |
[INFO] [stdout]   = note: `#[warn(unused_imports)]` on by default
[INFO] [stdout] 
[INFO] [stdout] 
[INFO] [stdout] warning: unused import: `DrawSpriteTrait`
[INFO] [stdout]  --> examples/sub_sprite.rs:2:33
[INFO] [stdout]   |
[INFO] [stdout] 2 | use px_draw::{graphics::{Color, DrawSpriteTrait, Sprite}, vector2::Vu2d};
[INFO] [stdout]   |                                 ^^^^^^^^^^^^^^^
[INFO] [stdout] 
[INFO] [stdout] 
[INFO] [stdout] warning: 1 warning emitted
[INFO] [stdout] 
[INFO] [stdout] 
[INFO] [stdout] warning: 2 warnings emitted
[INFO] [stdout] 
[INFO] [stdout] 
[INFO] [stderr]     Finished test [unoptimized + debuginfo] target(s) in 1.00s
[INFO] running `Command { std: "docker" "inspect" "fd009914171195d15326e97eeab1225871a136ab614089d00bc8fbe7d50268fa", kill_on_drop: false }`
[INFO] running `Command { std: "docker" "rm" "-f" "fd009914171195d15326e97eeab1225871a136ab614089d00bc8fbe7d50268fa", kill_on_drop: false }`
[INFO] [stdout] fd009914171195d15326e97eeab1225871a136ab614089d00bc8fbe7d50268fa
[INFO] running `Command { std: "docker" "create" "-v" "/var/lib/crater-agent-workspace/builds/worker-7-tc2/target:/opt/rustwide/target:rw,Z" "-v" "/var/lib/crater-agent-workspace/builds/worker-7-tc2/source:/opt/rustwide/workdir:ro,Z" "-v" "/var/lib/crater-agent-workspace/cargo-home:/opt/rustwide/cargo-home:ro,Z" "-v" "/var/lib/crater-agent-workspace/rustup-home:/opt/rustwide/rustup-home:ro,Z" "-e" "SOURCE_DIR=/opt/rustwide/workdir" "-e" "CARGO_TARGET_DIR=/opt/rustwide/target" "-e" "CARGO_INCREMENTAL=0" "-e" "RUST_BACKTRACE=full" "-e" "RUSTFLAGS=--cap-lints=warn" "-e" "RUSTDOCFLAGS=--cap-lints=warn" "-e" "CARGO_HOME=/opt/rustwide/cargo-home" "-e" "RUSTUP_HOME=/opt/rustwide/rustup-home" "-w" "/opt/rustwide/workdir" "-m" "1610612736" "--user" "0:0" "--network" "none" "ghcr.io/rust-lang/crates-build-env/linux@sha256:2788e3201cd34a07e3172128adcd8b3090168a8e3bcc40d7c032b9dda1df7d1c" "/opt/rustwide/cargo-home/bin/cargo" "+beta-2023-12-22" "test" "--frozen", kill_on_drop: false }`
[INFO] [stdout] a2a6420557a52ac2970529de3d2a53c8bbc45866f3bbd8e4ebcaca677469ca20
[INFO] running `Command { std: "docker" "start" "-a" "a2a6420557a52ac2970529de3d2a53c8bbc45866f3bbd8e4ebcaca677469ca20", kill_on_drop: false }`
[INFO] [stderr] warning: unused import: `DrawSpriteTrait`
[INFO] [stderr]  --> examples/./_print_sprite.rs:4:32
[INFO] [stderr]   |
[INFO] [stderr] 4 | use px_draw::graphics::{Color, DrawSpriteTrait, Sprite};
[INFO] [stderr]   |                                ^^^^^^^^^^^^^^^
[INFO] [stderr]   |
[INFO] [stderr]   = note: `#[warn(unused_imports)]` on by default
[INFO] [stderr] 
[INFO] [stderr] warning: unused import: `DrawSpriteTrait`
[INFO] [stderr]  --> examples/sub_sprite.rs:2:33
[INFO] [stderr]   |
[INFO] [stderr] 2 | use px_draw::{graphics::{Color, DrawSpriteTrait, Sprite}, vector2::Vu2d};
[INFO] [stderr]   |                                 ^^^^^^^^^^^^^^^
[INFO] [stderr] 
[INFO] [stderr] warning: unused import: `DrawSpriteTrait`
[INFO] [stderr]  --> examples/_print_sprite.rs:4:32
[INFO] [stderr]   |
[INFO] [stderr] 4 | use px_draw::graphics::{Color, DrawSpriteTrait, Sprite};
[INFO] [stderr]   |                                ^^^^^^^^^^^^^^^
[INFO] [stderr]   |
[INFO] [stderr]   = note: `#[warn(unused_imports)]` on by default
[INFO] [stderr] 
[INFO] [stderr] warning: `pixel_engine_draw` (example "sub_sprite") generated 2 warnings
[INFO] [stderr] warning: `pixel_engine_draw` (example "_print_sprite") generated 1 warning
[INFO] [stderr]     Finished test [unoptimized + debuginfo] target(s) in 0.04s
[INFO] [stderr]      Running unittests src/lib.rs (/opt/rustwide/target/debug/deps/pixel_engine_draw-e9b2fb6bd89d1bec)
[INFO] [stdout] 
[INFO] [stdout] running 0 tests
[INFO] [stdout] 
[INFO] [stdout] test result: ok. 0 passed; 0 failed; 0 ignored; 0 measured; 0 filtered out; finished in 0.00s
[INFO] [stdout] 
[INFO] [stderr]    Doc-tests pixel_engine_draw
[INFO] [stdout] 
[INFO] [stdout] running 2 tests
[INFO] [stdout] test src/graphics.rs - graphics::DrawSpriteTrait::get_pixel_unchecked (line 612) ... FAILED
[INFO] [stdout] test src/graphics.rs - graphics::DrawSpriteTrait::set_pixel_unchecked (line 617) ... FAILED
[INFO] [stdout] 
[INFO] [stdout] failures:
[INFO] [stdout] 
[INFO] [stdout] ---- src/graphics.rs - graphics::DrawSpriteTrait::get_pixel_unchecked (line 612) stdout ----
[INFO] [stdout] error: expected one of `!`, `.`, `::`, `;`, `?`, `{`, `}`, or an operator, found `must`
[INFO] [stdout]  --> src/graphics.rs:613:5
[INFO] [stdout]   |
[INFO] [stdout] 3 | You must ensure that the pos in bounds
[INFO] [stdout]   |     ^^^^ expected one of 8 possible tokens
[INFO] [stdout] 
[INFO] [stdout] error: aborting due to 1 previous error
[INFO] [stdout] 
[INFO] [stdout] Couldn't compile the test.
[INFO] [stdout] ---- src/graphics.rs - graphics::DrawSpriteTrait::set_pixel_unchecked (line 617) stdout ----
[INFO] [stdout] error: expected one of `!`, `.`, `::`, `;`, `?`, `{`, `}`, or an operator, found `must`
[INFO] [stdout]  --> src/graphics.rs:618:5
[INFO] [stdout]   |
[INFO] [stdout] 3 | You must ensure that the pos in bounds
[INFO] [stdout]   |     ^^^^ expected one of 8 possible tokens
[INFO] [stdout] 
[INFO] [stdout] error: aborting due to 1 previous error
[INFO] [stdout] 
[INFO] [stdout] Couldn't compile the test.
[INFO] [stdout] 
[INFO] [stdout] failures:
[INFO] [stdout]     src/graphics.rs - graphics::DrawSpriteTrait::get_pixel_unchecked (line 612)
[INFO] [stdout]     src/graphics.rs - graphics::DrawSpriteTrait::set_pixel_unchecked (line 617)
[INFO] [stdout] 
[INFO] [stdout] test result: FAILED. 0 passed; 2 failed; 0 ignored; 0 measured; 0 filtered out; finished in 0.04s
[INFO] [stdout] 
[INFO] [stderr] error: doctest failed, to rerun pass `--doc`
[INFO] running `Command { std: "docker" "inspect" "a2a6420557a52ac2970529de3d2a53c8bbc45866f3bbd8e4ebcaca677469ca20", kill_on_drop: false }`
[INFO] running `Command { std: "docker" "rm" "-f" "a2a6420557a52ac2970529de3d2a53c8bbc45866f3bbd8e4ebcaca677469ca20", kill_on_drop: false }`
[INFO] [stdout] a2a6420557a52ac2970529de3d2a53c8bbc45866f3bbd8e4ebcaca677469ca20
