[INFO] fetching crate pixel_engine_console 0.1.0...
[INFO] testing pixel_engine_console-0.1.0 against 1.75.0 for beta-1.76-1
[INFO] extracting crate pixel_engine_console 0.1.0 into /workspace/builds/worker-2-tc1/source
[INFO] validating manifest of crates.io crate pixel_engine_console 0.1.0 on toolchain 1.75.0
[INFO] running `Command { std: CARGO_HOME="/workspace/cargo-home" RUSTUP_HOME="/workspace/rustup-home" "/workspace/cargo-home/bin/cargo" "+1.75.0" "metadata" "--manifest-path" "Cargo.toml" "--no-deps", kill_on_drop: false }`
[INFO] started tweaking crates.io crate pixel_engine_console 0.1.0
[INFO] finished tweaking crates.io crate pixel_engine_console 0.1.0
[INFO] tweaked toml for crates.io crate pixel_engine_console 0.1.0 written to /workspace/builds/worker-2-tc1/source/Cargo.toml
[INFO] crate crates.io crate pixel_engine_console 0.1.0 already has a lockfile, it will not be regenerated
[INFO] running `Command { std: CARGO_HOME="/workspace/cargo-home" RUSTUP_HOME="/workspace/rustup-home" "/workspace/cargo-home/bin/cargo" "+1.75.0" "fetch" "--manifest-path" "Cargo.toml", kill_on_drop: false }`
[INFO] [stderr]     Updating crates.io index
[INFO] [stderr]  Downloading crates ...
[INFO] [stderr]   Downloaded pixel_engine_draw v0.7.0
[INFO] [stderr]   Downloaded pixel_engine_backend v0.8.0
[INFO] [stderr]   Downloaded bytemuck_derive v1.3.0
[INFO] [stderr]   Downloaded d3d12 v0.5.0
[INFO] [stderr]   Downloaded pixel_engine v0.8.0
[INFO] [stderr]   Downloaded unicode-linebreak v0.1.4
[INFO] [stderr]   Downloaded wgpu-types v0.14.1
[INFO] [stderr]   Downloaded wgpu v0.14.2
[INFO] [stderr]   Downloaded wgpu-hal v0.14.1
[INFO] [stderr]   Downloaded wgpu-core v0.14.2
[INFO] [stderr]   Downloaded ash v0.37.1+1.3.235
[INFO] [stderr]   Downloaded naga v0.10.0
[INFO] running `Command { std: "docker" "create" "-v" "/var/lib/crater-agent-workspace/builds/worker-2-tc1/target:/opt/rustwide/target:rw,Z" "-v" "/var/lib/crater-agent-workspace/builds/worker-2-tc1/source:/opt/rustwide/workdir:ro,Z" "-v" "/var/lib/crater-agent-workspace/cargo-home:/opt/rustwide/cargo-home:ro,Z" "-v" "/var/lib/crater-agent-workspace/rustup-home:/opt/rustwide/rustup-home:ro,Z" "-e" "SOURCE_DIR=/opt/rustwide/workdir" "-e" "CARGO_TARGET_DIR=/opt/rustwide/target" "-e" "CARGO_HOME=/opt/rustwide/cargo-home" "-e" "RUSTUP_HOME=/opt/rustwide/rustup-home" "-w" "/opt/rustwide/workdir" "-m" "1610612736" "--user" "0:0" "--network" "none" "ghcr.io/rust-lang/crates-build-env/linux@sha256:2788e3201cd34a07e3172128adcd8b3090168a8e3bcc40d7c032b9dda1df7d1c" "/opt/rustwide/cargo-home/bin/cargo" "+1.75.0" "metadata" "--no-deps" "--format-version=1", kill_on_drop: false }`
[INFO] [stdout] 108fddb653fbb55a1fcf8d3974a44f3fbe498bdeb6dce926205f8b30a94c0afd
[INFO] running `Command { std: "docker" "start" "-a" "108fddb653fbb55a1fcf8d3974a44f3fbe498bdeb6dce926205f8b30a94c0afd", kill_on_drop: false }`
[INFO] running `Command { std: "docker" "inspect" "108fddb653fbb55a1fcf8d3974a44f3fbe498bdeb6dce926205f8b30a94c0afd", kill_on_drop: false }`
[INFO] running `Command { std: "docker" "rm" "-f" "108fddb653fbb55a1fcf8d3974a44f3fbe498bdeb6dce926205f8b30a94c0afd", kill_on_drop: false }`
[INFO] [stdout] 108fddb653fbb55a1fcf8d3974a44f3fbe498bdeb6dce926205f8b30a94c0afd
[INFO] running `Command { std: "docker" "create" "-v" "/var/lib/crater-agent-workspace/builds/worker-2-tc1/target:/opt/rustwide/target:rw,Z" "-v" "/var/lib/crater-agent-workspace/builds/worker-2-tc1/source:/opt/rustwide/workdir:ro,Z" "-v" "/var/lib/crater-agent-workspace/cargo-home:/opt/rustwide/cargo-home:ro,Z" "-v" "/var/lib/crater-agent-workspace/rustup-home:/opt/rustwide/rustup-home:ro,Z" "-e" "SOURCE_DIR=/opt/rustwide/workdir" "-e" "CARGO_TARGET_DIR=/opt/rustwide/target" "-e" "CARGO_INCREMENTAL=0" "-e" "RUST_BACKTRACE=full" "-e" "RUSTFLAGS=--cap-lints=warn" "-e" "RUSTDOCFLAGS=--cap-lints=warn" "-e" "CARGO_HOME=/opt/rustwide/cargo-home" "-e" "RUSTUP_HOME=/opt/rustwide/rustup-home" "-w" "/opt/rustwide/workdir" "-m" "1610612736" "--user" "0:0" "--network" "none" "ghcr.io/rust-lang/crates-build-env/linux@sha256:2788e3201cd34a07e3172128adcd8b3090168a8e3bcc40d7c032b9dda1df7d1c" "/opt/rustwide/cargo-home/bin/cargo" "+1.75.0" "build" "--frozen" "--message-format=json", kill_on_drop: false }`
[INFO] [stdout] 6f8218564143a10d85de1036294629ea62922d08008e98aadb49b01d8cfbf8a0
[INFO] running `Command { std: "docker" "start" "-a" "6f8218564143a10d85de1036294629ea62922d08008e98aadb49b01d8cfbf8a0", kill_on_drop: false }`
[INFO] [stderr]    Compiling proc-macro2 v1.0.49
[INFO] [stderr]    Compiling unicode-ident v1.0.6
[INFO] [stderr]    Compiling quote v1.0.23
[INFO] [stderr]    Compiling syn v1.0.107
[INFO] [stderr]    Compiling pkg-config v0.3.26
[INFO] [stderr]    Compiling smallvec v1.10.0
[INFO] [stderr]    Compiling parking_lot_core v0.9.5
[INFO] [stderr]    Compiling ahash v0.7.6
[INFO] [stderr]    Compiling getrandom v0.2.8
[INFO] [stderr]    Compiling libloading v0.7.4
[INFO] [stderr]    Compiling cc v1.0.78
[INFO] [stderr]    Compiling lock_api v0.4.9
[INFO] [stderr]    Compiling num-traits v0.2.15
[INFO] [stderr]    Compiling xml-rs v0.8.4
[INFO] [stderr]    Compiling thiserror v1.0.38
[INFO] [stderr]    Compiling crossbeam-utils v0.8.14
[INFO] [stderr]    Compiling miniz_oxide v0.6.2
[INFO] [stderr]    Compiling memoffset v0.7.1
[INFO] [stderr]    Compiling futures-core v0.3.25
[INFO] [stderr]    Compiling dlib v0.5.0
[INFO] [stderr]    Compiling crossbeam-epoch v0.9.13
[INFO] [stderr]    Compiling nix v0.24.3
[INFO] [stderr]    Compiling num_cpus v1.15.0
[INFO] [stderr]    Compiling indexmap v1.9.2
[INFO] [stderr]    Compiling once_cell v1.16.0
[INFO] [stderr]    Compiling flate2 v1.0.25
[INFO] [stderr]    Compiling futures-sink v0.3.25
[INFO] [stderr]    Compiling libc v0.2.139
[INFO] [stderr]    Compiling cmake v0.1.49
[INFO] [stderr]    Compiling slotmap v1.0.6
[INFO] [stderr]    Compiling rayon-core v1.10.1
[INFO] [stderr]    Compiling wayland-sys v0.29.5
[INFO] [stderr]    Compiling hashbrown v0.12.3
[INFO] [stderr]    Compiling servo-fontconfig-sys v5.1.0
[INFO] [stderr]    Compiling cty v0.2.2
[INFO] [stderr]    Compiling downcast-rs v1.2.0
[INFO] [stderr]    Compiling minimal-lexical v0.2.1
[INFO] [stderr]    Compiling scoped-tls v1.0.1
[INFO] [stderr]    Compiling crossbeam-deque v0.8.2
[INFO] [stderr]    Compiling png v0.17.7
[INFO] [stderr]    Compiling wayland-scanner v0.29.5
[INFO] [stderr]    Compiling crossbeam-channel v0.5.6
[INFO] [stderr]    Compiling parking_lot v0.12.1
[INFO] [stderr]    Compiling ash v0.37.1+1.3.235
[INFO] [stderr]    Compiling bit-vec v0.6.3
[INFO] [stderr]    Compiling freetype-sys v0.13.1
[INFO] [stderr]    Compiling expat-sys v2.1.6
[INFO] [stderr]    Compiling khronos-egl v4.1.0
[INFO] [stderr]    Compiling nom v7.1.1
[INFO] [stderr]    Compiling unicode-width v0.1.10
[INFO] [stderr]    Compiling fixedbitset v0.4.2
[INFO] [stderr]    Compiling bit-set v0.5.3
[INFO] [stderr]    Compiling spirv v0.2.0+1.5.4
[INFO] [stderr]    Compiling codespan-reporting v0.11.1
[INFO] [stderr]    Compiling raw-window-handle v0.5.0
[INFO] [stderr]    Compiling smithay-client-toolkit v0.16.0
[INFO] [stderr]    Compiling crossfont v0.5.1
[INFO] [stderr]    Compiling nix v0.25.1
[INFO] [stderr]    Compiling gpu-descriptor-types v0.1.1
[INFO] [stderr]    Compiling gpu-alloc-types v0.2.0
[INFO] [stderr]    Compiling petgraph v0.6.2
[INFO] [stderr]    Compiling num-integer v0.1.45
[INFO] [stderr]    Compiling cfg_aliases v0.1.1
[INFO] [stderr]    Compiling unicode-xid v0.2.4
[INFO] [stderr]    Compiling either v1.8.0
[INFO] [stderr]    Compiling foreign-types-shared v0.3.1
[INFO] [stderr]    Compiling futures-channel v0.3.25
[INFO] [stderr]    Compiling futures-task v0.3.25
[INFO] [stderr]    Compiling hexf-parse v0.2.1
[INFO] [stderr]    Compiling arrayref v0.3.6
[INFO] [stderr]    Compiling wgpu-core v0.14.2
[INFO] [stderr]    Compiling wayland-commons v0.29.5
[INFO] [stderr]    Compiling servo-fontconfig v0.5.1
[INFO] [stderr]    Compiling gpu-alloc v0.5.3
[INFO] [stderr]    Compiling rayon v1.6.1
[INFO] [stderr]    Compiling gpu-descriptor v0.2.3
[INFO] [stderr]    Compiling freetype-rs v0.26.0
[INFO] [stderr]    Compiling fxhash v0.2.1
[INFO] [stderr]    Compiling x11-dl v2.20.1
[INFO] [stderr]    Compiling spin v0.9.4
[INFO] [stderr]    Compiling wayland-client v0.29.5
[INFO] [stderr]    Compiling wayland-protocols v0.29.5
[INFO] [stderr]    Compiling nanorand v0.7.0
[INFO] [stderr]    Compiling aho-corasick v0.7.20
[INFO] [stderr]    Compiling wgpu-types v0.14.1
[INFO] [stderr]    Compiling memmap2 v0.5.8
[INFO] [stderr]    Compiling num-rational v0.4.1
[INFO] [stderr]    Compiling renderdoc-sys v0.7.1
[INFO] [stderr]    Compiling futures-util v0.3.25
[INFO] [stderr]    Compiling weezl v0.1.7
[INFO] [stderr]    Compiling regex-syntax v0.6.28
[INFO] [stderr]    Compiling xcursor v0.3.4
[INFO] [stderr]    Compiling arrayvec v0.5.2
[INFO] [stderr]    Compiling profiling v1.0.7
[INFO] [stderr]    Compiling arrayvec v0.7.2
[INFO] [stderr]    Compiling glow v0.11.2
[INFO] [stderr]    Compiling threadpool v1.8.1
[INFO] [stderr]    Compiling futures-io v0.3.25
[INFO] [stderr]    Compiling half v2.1.0
[INFO] [stderr]    Compiling lebe v0.5.2
[INFO] [stderr]    Compiling paste v1.0.11
[INFO] [stderr]    Compiling bit_field v0.10.1
[INFO] [stderr]    Compiling gif v0.11.4
[INFO] [stderr]    Compiling raw-window-handle v0.4.3
[INFO] [stderr]    Compiling mio v0.8.5
[INFO] [stderr]    Compiling instant v0.1.12
[INFO] [stderr]    Compiling regex v1.7.0
[INFO] [stderr]    Compiling jpeg-decoder v0.3.0
[INFO] [stderr]    Compiling thiserror-impl v1.0.38
[INFO] [stderr]    Compiling bytemuck_derive v1.3.0
[INFO] [stderr]    Compiling foreign-types-macros v0.2.2
[INFO] [stderr]    Compiling pin-project-internal v1.0.12
[INFO] [stderr]    Compiling futures-macro v0.3.25
[INFO] [stderr]    Compiling tiff v0.8.1
[INFO] [stderr]    Compiling foreign-types v0.5.0
[INFO] [stderr]    Compiling bytemuck v1.12.3
[INFO] [stderr]    Compiling wayland-cursor v0.29.5
[INFO] [stderr]    Compiling safe_arch v0.5.2
[INFO] [stderr]    Compiling tiny-skia-path v0.7.0
[INFO] [stderr]    Compiling pin-project v1.0.12
[INFO] [stderr]    Compiling flume v0.10.14
[INFO] [stderr]    Compiling unicode-linebreak v0.1.4
[INFO] [stderr]    Compiling calloop v0.10.5
[INFO] [stderr]    Compiling naga v0.10.0
[INFO] [stderr]    Compiling tiny-skia v0.7.0
[INFO] [stderr]    Compiling exr v1.5.2
[INFO] [stderr]    Compiling textwrap v0.16.0
[INFO] [stderr]    Compiling futures-executor v0.3.25
[INFO] [stderr]    Compiling image v0.24.5
[INFO] [stderr]    Compiling futures v0.3.25
[INFO] [stderr]    Compiling pixel_engine_draw v0.7.0
[INFO] [stderr]    Compiling wgpu-hal v0.14.1
[INFO] [stderr]    Compiling wgpu v0.14.2
[INFO] [stderr]    Compiling sctk-adwaita v0.4.3
[INFO] [stderr]    Compiling winit v0.27.5
[INFO] [stderr]    Compiling pixel_engine_backend v0.8.0
[INFO] [stderr]    Compiling pixel_engine v0.8.0
[INFO] [stderr]    Compiling pixel_engine_console v0.1.0 (/opt/rustwide/workdir)
[INFO] [stderr]     Finished dev [unoptimized + debuginfo] target(s) in 1m 12s
[INFO] running `Command { std: "docker" "inspect" "6f8218564143a10d85de1036294629ea62922d08008e98aadb49b01d8cfbf8a0", kill_on_drop: false }`
[INFO] running `Command { std: "docker" "rm" "-f" "6f8218564143a10d85de1036294629ea62922d08008e98aadb49b01d8cfbf8a0", kill_on_drop: false }`
[INFO] [stdout] 6f8218564143a10d85de1036294629ea62922d08008e98aadb49b01d8cfbf8a0
[INFO] running `Command { std: "docker" "create" "-v" "/var/lib/crater-agent-workspace/builds/worker-2-tc1/target:/opt/rustwide/target:rw,Z" "-v" "/var/lib/crater-agent-workspace/builds/worker-2-tc1/source:/opt/rustwide/workdir:ro,Z" "-v" "/var/lib/crater-agent-workspace/cargo-home:/opt/rustwide/cargo-home:ro,Z" "-v" "/var/lib/crater-agent-workspace/rustup-home:/opt/rustwide/rustup-home:ro,Z" "-e" "SOURCE_DIR=/opt/rustwide/workdir" "-e" "CARGO_TARGET_DIR=/opt/rustwide/target" "-e" "CARGO_INCREMENTAL=0" "-e" "RUST_BACKTRACE=full" "-e" "RUSTFLAGS=--cap-lints=warn" "-e" "RUSTDOCFLAGS=--cap-lints=warn" "-e" "CARGO_HOME=/opt/rustwide/cargo-home" "-e" "RUSTUP_HOME=/opt/rustwide/rustup-home" "-w" "/opt/rustwide/workdir" "-m" "1610612736" "--user" "0:0" "--network" "none" "ghcr.io/rust-lang/crates-build-env/linux@sha256:2788e3201cd34a07e3172128adcd8b3090168a8e3bcc40d7c032b9dda1df7d1c" "/opt/rustwide/cargo-home/bin/cargo" "+1.75.0" "test" "--frozen" "--no-run" "--message-format=json", kill_on_drop: false }`
[INFO] [stdout] 16aa84efc68a2af42e6e0acdf5fdc07e3efaa732d535b8e14c11b64122ec8ad3
[INFO] running `Command { std: "docker" "start" "-a" "16aa84efc68a2af42e6e0acdf5fdc07e3efaa732d535b8e14c11b64122ec8ad3", kill_on_drop: false }`
[INFO] [stderr]    Compiling pixel_engine_console v0.1.0 (/opt/rustwide/workdir)
[INFO] [stderr]     Finished test [unoptimized + debuginfo] target(s) in 9.67s
[INFO] running `Command { std: "docker" "inspect" "16aa84efc68a2af42e6e0acdf5fdc07e3efaa732d535b8e14c11b64122ec8ad3", kill_on_drop: false }`
[INFO] running `Command { std: "docker" "rm" "-f" "16aa84efc68a2af42e6e0acdf5fdc07e3efaa732d535b8e14c11b64122ec8ad3", kill_on_drop: false }`
[INFO] [stdout] 16aa84efc68a2af42e6e0acdf5fdc07e3efaa732d535b8e14c11b64122ec8ad3
[INFO] running `Command { std: "docker" "create" "-v" "/var/lib/crater-agent-workspace/builds/worker-2-tc1/target:/opt/rustwide/target:rw,Z" "-v" "/var/lib/crater-agent-workspace/builds/worker-2-tc1/source:/opt/rustwide/workdir:ro,Z" "-v" "/var/lib/crater-agent-workspace/cargo-home:/opt/rustwide/cargo-home:ro,Z" "-v" "/var/lib/crater-agent-workspace/rustup-home:/opt/rustwide/rustup-home:ro,Z" "-e" "SOURCE_DIR=/opt/rustwide/workdir" "-e" "CARGO_TARGET_DIR=/opt/rustwide/target" "-e" "CARGO_INCREMENTAL=0" "-e" "RUST_BACKTRACE=full" "-e" "RUSTFLAGS=--cap-lints=warn" "-e" "RUSTDOCFLAGS=--cap-lints=warn" "-e" "CARGO_HOME=/opt/rustwide/cargo-home" "-e" "RUSTUP_HOME=/opt/rustwide/rustup-home" "-w" "/opt/rustwide/workdir" "-m" "1610612736" "--user" "0:0" "--network" "none" "ghcr.io/rust-lang/crates-build-env/linux@sha256:2788e3201cd34a07e3172128adcd8b3090168a8e3bcc40d7c032b9dda1df7d1c" "/opt/rustwide/cargo-home/bin/cargo" "+1.75.0" "test" "--frozen", kill_on_drop: false }`
[INFO] [stdout] 192ae5d13fb5f13fe95be8621a813d48ffb3bf806d2847c002f8e152d502e45f
[INFO] running `Command { std: "docker" "start" "-a" "192ae5d13fb5f13fe95be8621a813d48ffb3bf806d2847c002f8e152d502e45f", kill_on_drop: false }`
[INFO] [stderr]     Finished test [unoptimized + debuginfo] target(s) in 0.12s
[INFO] [stderr]      Running unittests src/lib.rs (/opt/rustwide/target/debug/deps/pixel_engine_console-811fe9227ace37f9)
[INFO] [stdout] 
[INFO] [stdout] running 0 tests
[INFO] [stdout] 
[INFO] [stdout] test result: ok. 0 passed; 0 failed; 0 ignored; 0 measured; 0 filtered out; finished in 0.00s
[INFO] [stdout] 
[INFO] [stderr]    Doc-tests pixel_engine_console
[INFO] [stdout] 
[INFO] [stdout] running 1 test
[INFO] [stdout] test src/lib.rs - (line 8) ... FAILED
[INFO] [stdout] 
[INFO] [stdout] failures:
[INFO] [stdout] 
[INFO] [stdout] ---- src/lib.rs - (line 8) stdout ----
[INFO] [stdout] error: cannot find macro `cinfo` in this scope
[INFO] [stdout]   --> src/lib.rs:26:9
[INFO] [stdout]    |
[INFO] [stdout] 19 |         cinfo!("Hello console !"); // Print a info message into the console
[INFO] [stdout]    |         ^^^^^
[INFO] [stdout]    |
[INFO] [stdout] help: consider importing this macro
[INFO] [stdout]    |
[INFO] [stdout] 2  + use pixel_engine_console::cinfo;
[INFO] [stdout]    |
[INFO] [stdout] 
[INFO] [stdout] error[E0412]: cannot find type `Engine` in this scope
[INFO] [stdout]  --> src/lib.rs:15:28
[INFO] [stdout]   |
[INFO] [stdout] 8 |     fn create(engine: &mut Engine) -> Result<Self, Box<dyn std::error::Error>> {
[INFO] [stdout]   |                            ^^^^^^ not found in this scope
[INFO] [stdout]   |
[INFO] [stdout] help: consider importing this struct
[INFO] [stdout]   |
[INFO] [stdout] 2 + use pixel_engine::Engine;
[INFO] [stdout]   |
[INFO] [stdout] 
[INFO] [stdout] error[E0412]: cannot find type `Engine` in this scope
[INFO] [stdout]   --> src/lib.rs:19:39
[INFO] [stdout]    |
[INFO] [stdout] 12 |     fn update(&mut self, engine: &mut Engine) -> Result<bool, Box<dyn std::error::Error>> {
[INFO] [stdout]    |                                       ^^^^^^ not found in this scope
[INFO] [stdout]    |
[INFO] [stdout] help: consider importing this struct
[INFO] [stdout]    |
[INFO] [stdout] 2  + use pixel_engine::Engine;
[INFO] [stdout]    |
[INFO] [stdout] 
[INFO] [stdout] error[E0433]: failed to resolve: use of undeclared type `Keycodes`
[INFO] [stdout]   --> src/lib.rs:22:13
[INFO] [stdout]    |
[INFO] [stdout] 15 |             Keycodes::Escape, // The key used to close the console
[INFO] [stdout]    |             ^^^^^^^^ use of undeclared type `Keycodes`
[INFO] [stdout]    |
[INFO] [stdout] help: consider importing this enum
[INFO] [stdout]    |
[INFO] [stdout] 2  + use pixel_engine::inputs::Keycodes;
[INFO] [stdout]    |
[INFO] [stdout] 
[INFO] [stdout] error[E0405]: cannot find trait `ConsoleGame` in this scope
[INFO] [stdout]   --> src/lib.rs:30:6
[INFO] [stdout]    |
[INFO] [stdout] 23 | impl ConsoleGame for Game {
[INFO] [stdout]    |      ^^^^^^^^^^^ not found in this scope
[INFO] [stdout]    |
[INFO] [stdout] help: consider importing this trait
[INFO] [stdout]    |
[INFO] [stdout] 2  + use pixel_engine_console::ConsoleGame;
[INFO] [stdout]    |
[INFO] [stdout] 
[INFO] [stdout] error[E0412]: cannot find type `Engine` in this scope
[INFO] [stdout]   --> src/lib.rs:31:54
[INFO] [stdout]    |
[INFO] [stdout] 24 |     fn receive_console_input(&mut self, engine: &mut Engine, input: String) {
[INFO] [stdout]    |                                                      ^^^^^^ not found in this scope
[INFO] [stdout]    |
[INFO] [stdout] help: consider importing this struct
[INFO] [stdout]    |
[INFO] [stdout] 2  + use pixel_engine::Engine;
[INFO] [stdout]    |
[INFO] [stdout] 
[INFO] [stdout] error: aborting due to 6 previous errors
[INFO] [stdout] 
[INFO] [stdout] Some errors have detailed explanations: E0405, E0412, E0433.
[INFO] [stdout] For more information about an error, try `rustc --explain E0405`.
[INFO] [stdout] Couldn't compile the test.
[INFO] [stdout] 
[INFO] [stdout] failures:
[INFO] [stdout]     src/lib.rs - (line 8)
[INFO] [stdout] 
[INFO] [stdout] test result: FAILED. 0 passed; 1 failed; 0 ignored; 0 measured; 0 filtered out; finished in 0.09s
[INFO] [stdout] 
[INFO] [stderr] error: doctest failed, to rerun pass `--doc`
[INFO] running `Command { std: "docker" "inspect" "192ae5d13fb5f13fe95be8621a813d48ffb3bf806d2847c002f8e152d502e45f", kill_on_drop: false }`
[INFO] running `Command { std: "docker" "rm" "-f" "192ae5d13fb5f13fe95be8621a813d48ffb3bf806d2847c002f8e152d502e45f", kill_on_drop: false }`
[INFO] [stdout] 192ae5d13fb5f13fe95be8621a813d48ffb3bf806d2847c002f8e152d502e45f
[INFO] testing pixel_engine_console-0.1.0 against beta-2023-12-22 for beta-1.76-1
[INFO] extracting crate pixel_engine_console 0.1.0 into /workspace/builds/worker-2-tc2/source
[INFO] validating manifest of crates.io crate pixel_engine_console 0.1.0 on toolchain beta-2023-12-22
[INFO] running `Command { std: CARGO_HOME="/workspace/cargo-home" RUSTUP_HOME="/workspace/rustup-home" "/workspace/cargo-home/bin/cargo" "+beta-2023-12-22" "metadata" "--manifest-path" "Cargo.toml" "--no-deps", kill_on_drop: false }`
[INFO] started tweaking crates.io crate pixel_engine_console 0.1.0
[INFO] finished tweaking crates.io crate pixel_engine_console 0.1.0
[INFO] tweaked toml for crates.io crate pixel_engine_console 0.1.0 written to /workspace/builds/worker-2-tc2/source/Cargo.toml
[INFO] crate crates.io crate pixel_engine_console 0.1.0 already has a lockfile, it will not be regenerated
[INFO] running `Command { std: CARGO_HOME="/workspace/cargo-home" RUSTUP_HOME="/workspace/rustup-home" "/workspace/cargo-home/bin/cargo" "+beta-2023-12-22" "fetch" "--manifest-path" "Cargo.toml", kill_on_drop: false }`
[INFO] [stderr]     Blocking waiting for file lock on package cache
[INFO] running `Command { std: "docker" "create" "-v" "/var/lib/crater-agent-workspace/builds/worker-2-tc2/target:/opt/rustwide/target:rw,Z" "-v" "/var/lib/crater-agent-workspace/builds/worker-2-tc2/source:/opt/rustwide/workdir:ro,Z" "-v" "/var/lib/crater-agent-workspace/cargo-home:/opt/rustwide/cargo-home:ro,Z" "-v" "/var/lib/crater-agent-workspace/rustup-home:/opt/rustwide/rustup-home:ro,Z" "-e" "SOURCE_DIR=/opt/rustwide/workdir" "-e" "CARGO_TARGET_DIR=/opt/rustwide/target" "-e" "CARGO_HOME=/opt/rustwide/cargo-home" "-e" "RUSTUP_HOME=/opt/rustwide/rustup-home" "-w" "/opt/rustwide/workdir" "-m" "1610612736" "--user" "0:0" "--network" "none" "ghcr.io/rust-lang/crates-build-env/linux@sha256:2788e3201cd34a07e3172128adcd8b3090168a8e3bcc40d7c032b9dda1df7d1c" "/opt/rustwide/cargo-home/bin/cargo" "+beta-2023-12-22" "metadata" "--no-deps" "--format-version=1", kill_on_drop: false }`
[INFO] [stdout] 5471c0de8e32d7f8b3d5eb7ec13acdd39b662f80ab60b964f190afae62bff425
[INFO] running `Command { std: "docker" "start" "-a" "5471c0de8e32d7f8b3d5eb7ec13acdd39b662f80ab60b964f190afae62bff425", kill_on_drop: false }`
[INFO] running `Command { std: "docker" "inspect" "5471c0de8e32d7f8b3d5eb7ec13acdd39b662f80ab60b964f190afae62bff425", kill_on_drop: false }`
[INFO] running `Command { std: "docker" "rm" "-f" "5471c0de8e32d7f8b3d5eb7ec13acdd39b662f80ab60b964f190afae62bff425", kill_on_drop: false }`
[INFO] [stdout] 5471c0de8e32d7f8b3d5eb7ec13acdd39b662f80ab60b964f190afae62bff425
[INFO] running `Command { std: "docker" "create" "-v" "/var/lib/crater-agent-workspace/builds/worker-2-tc2/target:/opt/rustwide/target:rw,Z" "-v" "/var/lib/crater-agent-workspace/builds/worker-2-tc2/source:/opt/rustwide/workdir:ro,Z" "-v" "/var/lib/crater-agent-workspace/cargo-home:/opt/rustwide/cargo-home:ro,Z" "-v" "/var/lib/crater-agent-workspace/rustup-home:/opt/rustwide/rustup-home:ro,Z" "-e" "SOURCE_DIR=/opt/rustwide/workdir" "-e" "CARGO_TARGET_DIR=/opt/rustwide/target" "-e" "CARGO_INCREMENTAL=0" "-e" "RUST_BACKTRACE=full" "-e" "RUSTFLAGS=--cap-lints=warn" "-e" "RUSTDOCFLAGS=--cap-lints=warn" "-e" "CARGO_HOME=/opt/rustwide/cargo-home" "-e" "RUSTUP_HOME=/opt/rustwide/rustup-home" "-w" "/opt/rustwide/workdir" "-m" "1610612736" "--user" "0:0" "--network" "none" "ghcr.io/rust-lang/crates-build-env/linux@sha256:2788e3201cd34a07e3172128adcd8b3090168a8e3bcc40d7c032b9dda1df7d1c" "/opt/rustwide/cargo-home/bin/cargo" "+beta-2023-12-22" "build" "--frozen" "--message-format=json", kill_on_drop: false }`
[INFO] [stdout] 995b89af6261589f61bf48176624b42aa83ccf0e7390b8a38b0a7897e91c6b15
[INFO] running `Command { std: "docker" "start" "-a" "995b89af6261589f61bf48176624b42aa83ccf0e7390b8a38b0a7897e91c6b15", kill_on_drop: false }`
[INFO] [stderr]    Compiling proc-macro2 v1.0.49
[INFO] [stderr]    Compiling quote v1.0.23
[INFO] [stderr]    Compiling unicode-ident v1.0.6
[INFO] [stderr]    Compiling syn v1.0.107
[INFO] [stderr]    Compiling pkg-config v0.3.26
[INFO] [stderr]    Compiling smallvec v1.10.0
[INFO] [stderr]    Compiling parking_lot_core v0.9.5
[INFO] [stderr]    Compiling cc v1.0.78
[INFO] [stderr]    Compiling lock_api v0.4.9
[INFO] [stderr]    Compiling ahash v0.7.6
[INFO] [stderr]    Compiling libloading v0.7.4
[INFO] [stderr]    Compiling num-traits v0.2.15
[INFO] [stderr]    Compiling xml-rs v0.8.4
[INFO] [stderr]    Compiling getrandom v0.2.8
[INFO] [stderr]    Compiling thiserror v1.0.38
[INFO] [stderr]    Compiling crossbeam-utils v0.8.14
[INFO] [stderr]    Compiling miniz_oxide v0.6.2
[INFO] [stderr]    Compiling memoffset v0.7.1
[INFO] [stderr]    Compiling futures-core v0.3.25
[INFO] [stderr]    Compiling dlib v0.5.0
[INFO] [stderr]    Compiling crossbeam-epoch v0.9.13
[INFO] [stderr]    Compiling nix v0.24.3
[INFO] [stderr]    Compiling num_cpus v1.15.0
[INFO] [stderr]    Compiling indexmap v1.9.2
[INFO] [stderr]    Compiling futures-sink v0.3.25
[INFO] [stderr]    Compiling once_cell v1.16.0
[INFO] [stderr]    Compiling flate2 v1.0.25
[INFO] [stderr]    Compiling libc v0.2.139
[INFO] [stderr]    Compiling cmake v0.1.49
[INFO] [stderr]    Compiling slotmap v1.0.6
[INFO] [stderr]    Compiling wayland-sys v0.29.5
[INFO] [stderr]    Compiling servo-fontconfig-sys v5.1.0
[INFO] [stderr]    Compiling hashbrown v0.12.3
[INFO] [stderr]    Compiling cty v0.2.2
[INFO] [stderr]    Compiling scoped-tls v1.0.1
[INFO] [stderr]    Compiling minimal-lexical v0.2.1
[INFO] [stderr]    Compiling downcast-rs v1.2.0
[INFO] [stderr]    Compiling rayon-core v1.10.1
[INFO] [stderr]    Compiling png v0.17.7
[INFO] [stderr]    Compiling crossbeam-channel v0.5.6
[INFO] [stderr]    Compiling parking_lot v0.12.1
[INFO] [stderr]    Compiling wayland-scanner v0.29.5
[INFO] [stderr]    Compiling crossbeam-deque v0.8.2
[INFO] [stderr]    Compiling nom v7.1.1
[INFO] [stderr]    Compiling ash v0.37.1+1.3.235
[INFO] [stderr]    Compiling khronos-egl v4.1.0
[INFO] [stderr]    Compiling fixedbitset v0.4.2
[INFO] [stderr]    Compiling bit-vec v0.6.3
[INFO] [stderr]    Compiling freetype-sys v0.13.1
[INFO] [stderr]    Compiling expat-sys v2.1.6
[INFO] [stderr]    Compiling unicode-width v0.1.10
[INFO] [stderr]    Compiling bit-set v0.5.3
[INFO] [stderr]    Compiling spirv v0.2.0+1.5.4
[INFO] [stderr]    Compiling raw-window-handle v0.5.0
[INFO] [stderr]    Compiling codespan-reporting v0.11.1
[INFO] [stderr]    Compiling crossfont v0.5.1
[INFO] [stderr]    Compiling smithay-client-toolkit v0.16.0
[INFO] [stderr]    Compiling nix v0.25.1
[INFO] [stderr]    Compiling gpu-alloc-types v0.2.0
[INFO] [stderr]    Compiling gpu-descriptor-types v0.1.1
[INFO] [stderr]    Compiling petgraph v0.6.2
[INFO] [stderr]    Compiling num-integer v0.1.45
[INFO] [stderr]    Compiling wayland-commons v0.29.5
[INFO] [stderr]    Compiling hexf-parse v0.2.1
[INFO] [stderr]    Compiling either v1.8.0
[INFO] [stderr]    Compiling unicode-xid v0.2.4
[INFO] [stderr]    Compiling cfg_aliases v0.1.1
[INFO] [stderr]    Compiling foreign-types-shared v0.3.1
[INFO] [stderr]    Compiling futures-channel v0.3.25
[INFO] [stderr]    Compiling futures-task v0.3.25
[INFO] [stderr]    Compiling arrayref v0.3.6
[INFO] [stderr]    Compiling wgpu-core v0.14.2
[INFO] [stderr]    Compiling servo-fontconfig v0.5.1
[INFO] [stderr]    Compiling rayon v1.6.1
[INFO] [stderr]    Compiling wayland-client v0.29.5
[INFO] [stderr]    Compiling wayland-protocols v0.29.5
[INFO] [stderr]    Compiling freetype-rs v0.26.0
[INFO] [stderr]    Compiling gpu-descriptor v0.2.3
[INFO] [stderr]    Compiling gpu-alloc v0.5.3
[INFO] [stderr]    Compiling fxhash v0.2.1
[INFO] [stderr]    Compiling x11-dl v2.20.1
[INFO] [stderr]    Compiling spin v0.9.4
[INFO] [stderr]    Compiling nanorand v0.7.0
[INFO] [stderr]    Compiling memmap2 v0.5.8
[INFO] [stderr]    Compiling aho-corasick v0.7.20
[INFO] [stderr]    Compiling wgpu-types v0.14.1
[INFO] [stderr]    Compiling num-rational v0.4.1
[INFO] [stderr]    Compiling regex-syntax v0.6.28
[INFO] [stderr]    Compiling profiling v1.0.7
[INFO] [stderr]    Compiling weezl v0.1.7
[INFO] [stderr]    Compiling futures-util v0.3.25
[INFO] [stderr]    Compiling renderdoc-sys v0.7.1
[INFO] [stderr]    Compiling xcursor v0.3.4
[INFO] [stderr]    Compiling glow v0.11.2
[INFO] [stderr]    Compiling arrayvec v0.7.2
[INFO] [stderr]    Compiling arrayvec v0.5.2
[INFO] [stderr]    Compiling threadpool v1.8.1
[INFO] [stderr]    Compiling futures-io v0.3.25
[INFO] [stderr]    Compiling paste v1.0.11
[INFO] [stderr]    Compiling half v2.1.0
[INFO] [stderr]    Compiling lebe v0.5.2
[INFO] [stderr]    Compiling bit_field v0.10.1
[INFO] [stderr]    Compiling gif v0.11.4
[INFO] [stderr]    Compiling raw-window-handle v0.4.3
[INFO] [stderr]    Compiling mio v0.8.5
[INFO] [stderr]    Compiling instant v0.1.12
[INFO] [stderr]    Compiling jpeg-decoder v0.3.0
[INFO] [stderr]    Compiling regex v1.7.0
[INFO] [stderr]    Compiling thiserror-impl v1.0.38
[INFO] [stderr]    Compiling bytemuck_derive v1.3.0
[INFO] [stderr]    Compiling pin-project-internal v1.0.12
[INFO] [stderr]    Compiling foreign-types-macros v0.2.2
[INFO] [stderr]    Compiling futures-macro v0.3.25
[INFO] [stderr]    Compiling tiff v0.8.1
[INFO] [stderr]    Compiling bytemuck v1.12.3
[INFO] [stderr]    Compiling foreign-types v0.5.0
[INFO] [stderr]    Compiling wayland-cursor v0.29.5
[INFO] [stderr]    Compiling safe_arch v0.5.2
[INFO] [stderr]    Compiling tiny-skia-path v0.7.0
[INFO] [stderr]    Compiling calloop v0.10.5
[INFO] [stderr]    Compiling naga v0.10.0
[INFO] [stderr]    Compiling tiny-skia v0.7.0
[INFO] [stderr]    Compiling pin-project v1.0.12
[INFO] [stderr]    Compiling unicode-linebreak v0.1.4
[INFO] [stderr]    Compiling flume v0.10.14
[INFO] [stderr]    Compiling exr v1.5.2
[INFO] [stderr]    Compiling textwrap v0.16.0
[INFO] [stderr]    Compiling futures-executor v0.3.25
[INFO] [stderr]    Compiling futures v0.3.25
[INFO] [stderr]    Compiling image v0.24.5
[INFO] [stderr]    Compiling wgpu-hal v0.14.1
[INFO] [stderr]    Compiling pixel_engine_draw v0.7.0
[INFO] [stderr]    Compiling wgpu v0.14.2
[INFO] [stderr]    Compiling sctk-adwaita v0.4.3
[INFO] [stderr]    Compiling winit v0.27.5
[INFO] [stderr]    Compiling pixel_engine_backend v0.8.0
[INFO] [stderr]    Compiling pixel_engine v0.8.0
[INFO] [stderr]    Compiling pixel_engine_console v0.1.0 (/opt/rustwide/workdir)
[INFO] [stderr]     Finished dev [unoptimized + debuginfo] target(s) in 58.93s
[INFO] running `Command { std: "docker" "inspect" "995b89af6261589f61bf48176624b42aa83ccf0e7390b8a38b0a7897e91c6b15", kill_on_drop: false }`
[INFO] running `Command { std: "docker" "rm" "-f" "995b89af6261589f61bf48176624b42aa83ccf0e7390b8a38b0a7897e91c6b15", kill_on_drop: false }`
[INFO] [stdout] 995b89af6261589f61bf48176624b42aa83ccf0e7390b8a38b0a7897e91c6b15
[INFO] running `Command { std: "docker" "create" "-v" "/var/lib/crater-agent-workspace/builds/worker-2-tc2/target:/opt/rustwide/target:rw,Z" "-v" "/var/lib/crater-agent-workspace/builds/worker-2-tc2/source:/opt/rustwide/workdir:ro,Z" "-v" "/var/lib/crater-agent-workspace/cargo-home:/opt/rustwide/cargo-home:ro,Z" "-v" "/var/lib/crater-agent-workspace/rustup-home:/opt/rustwide/rustup-home:ro,Z" "-e" "SOURCE_DIR=/opt/rustwide/workdir" "-e" "CARGO_TARGET_DIR=/opt/rustwide/target" "-e" "CARGO_INCREMENTAL=0" "-e" "RUST_BACKTRACE=full" "-e" "RUSTFLAGS=--cap-lints=warn" "-e" "RUSTDOCFLAGS=--cap-lints=warn" "-e" "CARGO_HOME=/opt/rustwide/cargo-home" "-e" "RUSTUP_HOME=/opt/rustwide/rustup-home" "-w" "/opt/rustwide/workdir" "-m" "1610612736" "--user" "0:0" "--network" "none" "ghcr.io/rust-lang/crates-build-env/linux@sha256:2788e3201cd34a07e3172128adcd8b3090168a8e3bcc40d7c032b9dda1df7d1c" "/opt/rustwide/cargo-home/bin/cargo" "+beta-2023-12-22" "test" "--frozen" "--no-run" "--message-format=json", kill_on_drop: false }`
[INFO] [stdout] 73cca29f13bb31e1b6ba097713c915fde90a5b6f1fd1720931a848a9f3e61914
[INFO] running `Command { std: "docker" "start" "-a" "73cca29f13bb31e1b6ba097713c915fde90a5b6f1fd1720931a848a9f3e61914", kill_on_drop: false }`
[INFO] [stderr]    Compiling pixel_engine_console v0.1.0 (/opt/rustwide/workdir)
[INFO] [stderr]     Finished test [unoptimized + debuginfo] target(s) in 10.81s
[INFO] running `Command { std: "docker" "inspect" "73cca29f13bb31e1b6ba097713c915fde90a5b6f1fd1720931a848a9f3e61914", kill_on_drop: false }`
[INFO] running `Command { std: "docker" "rm" "-f" "73cca29f13bb31e1b6ba097713c915fde90a5b6f1fd1720931a848a9f3e61914", kill_on_drop: false }`
[INFO] [stdout] 73cca29f13bb31e1b6ba097713c915fde90a5b6f1fd1720931a848a9f3e61914
[INFO] running `Command { std: "docker" "create" "-v" "/var/lib/crater-agent-workspace/builds/worker-2-tc2/target:/opt/rustwide/target:rw,Z" "-v" "/var/lib/crater-agent-workspace/builds/worker-2-tc2/source:/opt/rustwide/workdir:ro,Z" "-v" "/var/lib/crater-agent-workspace/cargo-home:/opt/rustwide/cargo-home:ro,Z" "-v" "/var/lib/crater-agent-workspace/rustup-home:/opt/rustwide/rustup-home:ro,Z" "-e" "SOURCE_DIR=/opt/rustwide/workdir" "-e" "CARGO_TARGET_DIR=/opt/rustwide/target" "-e" "CARGO_INCREMENTAL=0" "-e" "RUST_BACKTRACE=full" "-e" "RUSTFLAGS=--cap-lints=warn" "-e" "RUSTDOCFLAGS=--cap-lints=warn" "-e" "CARGO_HOME=/opt/rustwide/cargo-home" "-e" "RUSTUP_HOME=/opt/rustwide/rustup-home" "-w" "/opt/rustwide/workdir" "-m" "1610612736" "--user" "0:0" "--network" "none" "ghcr.io/rust-lang/crates-build-env/linux@sha256:2788e3201cd34a07e3172128adcd8b3090168a8e3bcc40d7c032b9dda1df7d1c" "/opt/rustwide/cargo-home/bin/cargo" "+beta-2023-12-22" "test" "--frozen", kill_on_drop: false }`
[INFO] [stdout] ddf0de3efac9395c4deb3c943c099b558077459c8d4c5d3688b4b44c40f4d6b2
[INFO] running `Command { std: "docker" "start" "-a" "ddf0de3efac9395c4deb3c943c099b558077459c8d4c5d3688b4b44c40f4d6b2", kill_on_drop: false }`
[INFO] [stderr]     Finished test [unoptimized + debuginfo] target(s) in 0.31s
[INFO] [stderr]      Running unittests src/lib.rs (/opt/rustwide/target/debug/deps/pixel_engine_console-9d2545df98327475)
[INFO] [stdout] 
[INFO] [stdout] running 0 tests
[INFO] [stdout] 
[INFO] [stdout] test result: ok. 0 passed; 0 failed; 0 ignored; 0 measured; 0 filtered out; finished in 0.00s
[INFO] [stdout] 
[INFO] [stderr]    Doc-tests pixel_engine_console
[INFO] [stdout] 
[INFO] [stdout] running 1 test
[INFO] [stdout] test src/lib.rs - (line 8) ... FAILED
[INFO] [stdout] 
[INFO] [stdout] failures:
[INFO] [stdout] 
[INFO] [stdout] ---- src/lib.rs - (line 8) stdout ----
[INFO] [stdout] error: cannot find macro `cinfo` in this scope
[INFO] [stdout]   --> src/lib.rs:26:9
[INFO] [stdout]    |
[INFO] [stdout] 19 |         cinfo!("Hello console !"); // Print a info message into the console
[INFO] [stdout]    |         ^^^^^
[INFO] [stdout]    |
[INFO] [stdout] help: consider importing this macro
[INFO] [stdout]    |
[INFO] [stdout] 2  + use pixel_engine_console::cinfo;
[INFO] [stdout]    |
[INFO] [stdout] 
[INFO] [stdout] error[E0412]: cannot find type `Engine` in this scope
[INFO] [stdout]  --> src/lib.rs:15:28
[INFO] [stdout]   |
[INFO] [stdout] 8 |     fn create(engine: &mut Engine) -> Result<Self, Box<dyn std::error::Error>> {
[INFO] [stdout]   |                            ^^^^^^ not found in this scope
[INFO] [stdout]   |
[INFO] [stdout] help: consider importing this struct
[INFO] [stdout]   |
[INFO] [stdout] 2 + use pixel_engine::Engine;
[INFO] [stdout]   |
[INFO] [stdout] 
[INFO] [stdout] error[E0412]: cannot find type `Engine` in this scope
[INFO] [stdout]   --> src/lib.rs:19:39
[INFO] [stdout]    |
[INFO] [stdout] 12 |     fn update(&mut self, engine: &mut Engine) -> Result<bool, Box<dyn std::error::Error>> {
[INFO] [stdout]    |                                       ^^^^^^ not found in this scope
[INFO] [stdout]    |
[INFO] [stdout] help: consider importing this struct
[INFO] [stdout]    |
[INFO] [stdout] 2  + use pixel_engine::Engine;
[INFO] [stdout]    |
[INFO] [stdout] 
[INFO] [stdout] error[E0433]: failed to resolve: use of undeclared type `Keycodes`
[INFO] [stdout]   --> src/lib.rs:22:13
[INFO] [stdout]    |
[INFO] [stdout] 15 |             Keycodes::Escape, // The key used to close the console
[INFO] [stdout]    |             ^^^^^^^^ use of undeclared type `Keycodes`
[INFO] [stdout]    |
[INFO] [stdout] help: consider importing this enum
[INFO] [stdout]    |
[INFO] [stdout] 2  + use pixel_engine::inputs::Keycodes;
[INFO] [stdout]    |
[INFO] [stdout] 
[INFO] [stdout] error[E0405]: cannot find trait `ConsoleGame` in this scope
[INFO] [stdout]   --> src/lib.rs:30:6
[INFO] [stdout]    |
[INFO] [stdout] 23 | impl ConsoleGame for Game {
[INFO] [stdout]    |      ^^^^^^^^^^^ not found in this scope
[INFO] [stdout]    |
[INFO] [stdout] help: consider importing this trait
[INFO] [stdout]    |
[INFO] [stdout] 2  + use pixel_engine_console::ConsoleGame;
[INFO] [stdout]    |
[INFO] [stdout] 
[INFO] [stdout] error[E0412]: cannot find type `Engine` in this scope
[INFO] [stdout]   --> src/lib.rs:31:54
[INFO] [stdout]    |
[INFO] [stdout] 24 |     fn receive_console_input(&mut self, engine: &mut Engine, input: String) {
[INFO] [stdout]    |                                                      ^^^^^^ not found in this scope
[INFO] [stdout]    |
[INFO] [stdout] help: consider importing this struct
[INFO] [stdout]    |
[INFO] [stdout] 2  + use pixel_engine::Engine;
[INFO] [stdout]    |
[INFO] [stdout] 
[INFO] [stdout] error: aborting due to 6 previous errors
[INFO] [stdout] 
[INFO] [stdout] Some errors have detailed explanations: E0405, E0412, E0433.
[INFO] [stdout] For more information about an error, try `rustc --explain E0405`.
[INFO] [stdout] Couldn't compile the test.
[INFO] [stdout] 
[INFO] [stdout] failures:
[INFO] [stdout]     src/lib.rs - (line 8)
[INFO] [stdout] 
[INFO] [stdout] test result: FAILED. 0 passed; 1 failed; 0 ignored; 0 measured; 0 filtered out; finished in 0.09s
[INFO] [stdout] 
[INFO] [stderr] error: doctest failed, to rerun pass `--doc`
[INFO] running `Command { std: "docker" "inspect" "ddf0de3efac9395c4deb3c943c099b558077459c8d4c5d3688b4b44c40f4d6b2", kill_on_drop: false }`
[INFO] running `Command { std: "docker" "rm" "-f" "ddf0de3efac9395c4deb3c943c099b558077459c8d4c5d3688b4b44c40f4d6b2", kill_on_drop: false }`
[INFO] [stdout] ddf0de3efac9395c4deb3c943c099b558077459c8d4c5d3688b4b44c40f4d6b2
