[INFO] fetching crate pix-api-client 0.2.1...
[INFO] testing pix-api-client-0.2.1 against 1.75.0 for beta-1.76-1
[INFO] extracting crate pix-api-client 0.2.1 into /workspace/builds/worker-2-tc1/source
[INFO] validating manifest of crates.io crate pix-api-client 0.2.1 on toolchain 1.75.0
[INFO] running `Command { std: CARGO_HOME="/workspace/cargo-home" RUSTUP_HOME="/workspace/rustup-home" "/workspace/cargo-home/bin/cargo" "+1.75.0" "metadata" "--manifest-path" "Cargo.toml" "--no-deps", kill_on_drop: false }`
[INFO] started tweaking crates.io crate pix-api-client 0.2.1
[INFO] finished tweaking crates.io crate pix-api-client 0.2.1
[INFO] tweaked toml for crates.io crate pix-api-client 0.2.1 written to /workspace/builds/worker-2-tc1/source/Cargo.toml
[INFO] running `Command { std: CARGO_HOME="/workspace/cargo-home" RUSTUP_HOME="/workspace/rustup-home" "/workspace/cargo-home/bin/cargo" "+1.75.0" "generate-lockfile" "--manifest-path" "Cargo.toml", kill_on_drop: false }`
[INFO] [stderr]     Updating crates.io index
[INFO] running `Command { std: CARGO_HOME="/workspace/cargo-home" RUSTUP_HOME="/workspace/rustup-home" "/workspace/cargo-home/bin/cargo" "+1.75.0" "fetch" "--manifest-path" "Cargo.toml", kill_on_drop: false }`
[INFO] [stderr]  Downloading crates ...
[INFO] [stderr]   Downloaded pix-brcode v0.1.0
[INFO] [stderr]   Downloaded emv-qrcps v0.1.1
[INFO] [stderr]   Downloaded emv-qrcps-derive v0.1.2
[INFO] [stderr]   Downloaded strum v0.20.0
[INFO] [stderr]   Downloaded strum_macros v0.20.1
[INFO] running `Command { std: "docker" "create" "-v" "/var/lib/crater-agent-workspace/builds/worker-2-tc1/target:/opt/rustwide/target:rw,Z" "-v" "/var/lib/crater-agent-workspace/builds/worker-2-tc1/source:/opt/rustwide/workdir:ro,Z" "-v" "/var/lib/crater-agent-workspace/cargo-home:/opt/rustwide/cargo-home:ro,Z" "-v" "/var/lib/crater-agent-workspace/rustup-home:/opt/rustwide/rustup-home:ro,Z" "-e" "SOURCE_DIR=/opt/rustwide/workdir" "-e" "CARGO_TARGET_DIR=/opt/rustwide/target" "-e" "CARGO_HOME=/opt/rustwide/cargo-home" "-e" "RUSTUP_HOME=/opt/rustwide/rustup-home" "-w" "/opt/rustwide/workdir" "-m" "1610612736" "--user" "0:0" "--network" "none" "ghcr.io/rust-lang/crates-build-env/linux@sha256:2788e3201cd34a07e3172128adcd8b3090168a8e3bcc40d7c032b9dda1df7d1c" "/opt/rustwide/cargo-home/bin/cargo" "+1.75.0" "metadata" "--no-deps" "--format-version=1", kill_on_drop: false }`
[INFO] [stdout] 7bbf6f1f651a95221bfc4dd314c1f042219e691607e67e309dfbc14c2885ee40
[INFO] running `Command { std: "docker" "start" "-a" "7bbf6f1f651a95221bfc4dd314c1f042219e691607e67e309dfbc14c2885ee40", kill_on_drop: false }`
[INFO] running `Command { std: "docker" "inspect" "7bbf6f1f651a95221bfc4dd314c1f042219e691607e67e309dfbc14c2885ee40", kill_on_drop: false }`
[INFO] running `Command { std: "docker" "rm" "-f" "7bbf6f1f651a95221bfc4dd314c1f042219e691607e67e309dfbc14c2885ee40", kill_on_drop: false }`
[INFO] [stdout] 7bbf6f1f651a95221bfc4dd314c1f042219e691607e67e309dfbc14c2885ee40
[INFO] running `Command { std: "docker" "create" "-v" "/var/lib/crater-agent-workspace/builds/worker-2-tc1/target:/opt/rustwide/target:rw,Z" "-v" "/var/lib/crater-agent-workspace/builds/worker-2-tc1/source:/opt/rustwide/workdir:ro,Z" "-v" "/var/lib/crater-agent-workspace/cargo-home:/opt/rustwide/cargo-home:ro,Z" "-v" "/var/lib/crater-agent-workspace/rustup-home:/opt/rustwide/rustup-home:ro,Z" "-e" "SOURCE_DIR=/opt/rustwide/workdir" "-e" "CARGO_TARGET_DIR=/opt/rustwide/target" "-e" "CARGO_INCREMENTAL=0" "-e" "RUST_BACKTRACE=full" "-e" "RUSTFLAGS=--cap-lints=warn" "-e" "RUSTDOCFLAGS=--cap-lints=warn" "-e" "CARGO_HOME=/opt/rustwide/cargo-home" "-e" "RUSTUP_HOME=/opt/rustwide/rustup-home" "-w" "/opt/rustwide/workdir" "-m" "1610612736" "--user" "0:0" "--network" "none" "ghcr.io/rust-lang/crates-build-env/linux@sha256:2788e3201cd34a07e3172128adcd8b3090168a8e3bcc40d7c032b9dda1df7d1c" "/opt/rustwide/cargo-home/bin/cargo" "+1.75.0" "build" "--frozen" "--message-format=json", kill_on_drop: false }`
[INFO] [stdout] 4a67fc46eae8ed3691daffe6f74dbfcc3d64b320bbf80afcdeb74aaa643b5459
[INFO] running `Command { std: "docker" "start" "-a" "4a67fc46eae8ed3691daffe6f74dbfcc3d64b320bbf80afcdeb74aaa643b5459", kill_on_drop: false }`
[INFO] [stderr]    Compiling fnv v1.0.7
[INFO] [stderr]    Compiling equivalent v1.0.1
[INFO] [stderr]    Compiling hashbrown v0.14.3
[INFO] [stderr]    Compiling vcpkg v0.2.15
[INFO] [stderr]    Compiling pkg-config v0.3.28
[INFO] [stderr]    Compiling syn v1.0.109
[INFO] [stderr]    Compiling strsim v0.10.0
[INFO] [stderr]    Compiling tracing-core v0.1.32
[INFO] [stderr]    Compiling ident_case v1.0.1
[INFO] [stderr]    Compiling foreign-types-shared v0.1.1
[INFO] [stderr]    Compiling openssl v0.10.62
[INFO] [stderr]    Compiling num-traits v0.2.17
[INFO] [stderr]    Compiling syn v2.0.48
[INFO] [stderr]    Compiling cc v1.0.83
[INFO] [stderr]    Compiling mio v0.8.10
[INFO] [stderr]    Compiling socket2 v0.5.5
[INFO] [stderr]    Compiling foreign-types v0.3.2
[INFO] [stderr]    Compiling http v0.2.11
[INFO] [stderr]    Compiling httparse v1.8.0
[INFO] [stderr]    Compiling futures-task v0.3.30
[INFO] [stderr]    Compiling futures-sink v0.3.30
[INFO] [stderr]    Compiling toml_datetime v0.6.5
[INFO] [stderr]    Compiling native-tls v0.2.11
[INFO] [stderr]    Compiling futures-util v0.3.30
[INFO] [stderr]    Compiling unicode-segmentation v1.10.1
[INFO] [stderr]    Compiling tracing v0.1.40
[INFO] [stderr]    Compiling try-lock v0.2.5
[INFO] [stderr]    Compiling openssl-probe v0.1.5
[INFO] [stderr]    Compiling tokio v1.35.1
[INFO] [stderr]    Compiling indexmap v2.1.0
[INFO] [stderr]    Compiling log v0.4.20
[INFO] [stderr]    Compiling heck v0.3.3
[INFO] [stderr]    Compiling want v0.3.1
[INFO] [stderr]    Compiling unicode-normalization v0.1.22
[INFO] [stderr]    Compiling futures-channel v0.3.30
[INFO] [stderr]    Compiling tower-service v0.3.2
[INFO] [stderr]    Compiling httpdate v1.0.3
[INFO] [stderr]    Compiling crc-catalog v1.1.1
[INFO] [stderr]    Compiling strum v0.20.0
[INFO] [stderr]    Compiling http-body v0.4.6
[INFO] [stderr]    Compiling encoding_rs v0.8.33
[INFO] [stderr]    Compiling crc v2.1.0
[INFO] [stderr]    Compiling base64 v0.21.5
[INFO] [stderr]    Compiling mime v0.3.17
[INFO] [stderr]    Compiling ipnet v2.9.0
[INFO] [stderr]    Compiling base64 v0.13.1
[INFO] [stderr]    Compiling toml_edit v0.19.15
[INFO] [stderr]    Compiling arc-swap v1.6.0
[INFO] [stderr]    Compiling idna v0.5.0
[INFO] [stderr]    Compiling openssl-sys v0.9.98
[INFO] [stderr]    Compiling chrono v0.4.31
[INFO] [stderr]    Compiling url v2.5.0
[INFO] [stderr]    Compiling proc-macro-crate v1.3.1
[INFO] [stderr]    Compiling darling_core v0.13.4
[INFO] [stderr]    Compiling serde_derive v1.0.194
[INFO] [stderr]    Compiling openssl-macros v0.1.1
[INFO] [stderr]    Compiling thiserror-impl v1.0.56
[INFO] [stderr]    Compiling async-trait v0.1.77
[INFO] [stderr]    Compiling tokio-util v0.7.10
[INFO] [stderr]    Compiling strum_macros v0.20.1
[INFO] [stderr]    Compiling h2 v0.3.22
[INFO] [stderr]    Compiling thiserror v1.0.56
[INFO] [stderr]    Compiling darling_macro v0.13.4
[INFO] [stderr]    Compiling darling v0.13.4
[INFO] [stderr]    Compiling emv-qrcps-derive v0.1.2
[INFO] [stderr]    Compiling serde v1.0.194
[INFO] [stderr]    Compiling hyper v0.14.28
[INFO] [stderr]    Compiling emv-qrcps v0.1.1
[INFO] [stderr]    Compiling tokio-native-tls v0.3.1
[INFO] [stderr]    Compiling hyper-tls v0.5.0
[INFO] [stderr]    Compiling serde_json v1.0.111
[INFO] [stderr]    Compiling serde_urlencoded v0.7.1
[INFO] [stderr]    Compiling pix-brcode v0.1.0
[INFO] [stderr]    Compiling reqwest v0.11.23
[INFO] [stderr]    Compiling pix-api-client v0.2.1 (/opt/rustwide/workdir)
[INFO] [stdout] warning: fields `username`, `secret`, and `certificate` are never read
[INFO] [stdout]    --> src/lib.rs:104:5
[INFO] [stdout]     |
[INFO] [stdout] 103 | struct PixClientBuilder {
[INFO] [stdout]     |        ---------------- fields in this struct
[INFO] [stdout] 104 |     username: String,
[INFO] [stdout]     |     ^^^^^^^^
[INFO] [stdout] 105 |     secret: String,
[INFO] [stdout]     |     ^^^^^^
[INFO] [stdout] 106 |     certificate: Vec<u8>,
[INFO] [stdout]     |     ^^^^^^^^^^^
[INFO] [stdout]     |
[INFO] [stdout]     = note: `PixClientBuilder` has a derived impl for the trait `Debug`, but this is intentionally ignored during dead code analysis
[INFO] [stdout]     = note: `#[warn(dead_code)]` on by default
[INFO] [stdout] 
[INFO] [stdout] 
[INFO] [stdout] warning: field `certificate` is never read
[INFO] [stdout]    --> src/lib.rs:119:5
[INFO] [stdout]     |
[INFO] [stdout] 115 | pub struct PixClient {
[INFO] [stdout]     |            --------- field in this struct
[INFO] [stdout] ...
[INFO] [stdout] 119 |     certificate: Vec<u8>,
[INFO] [stdout]     |     ^^^^^^^^^^^
[INFO] [stdout]     |
[INFO] [stdout]     = note: `PixClient` has a derived impl for the trait `Debug`, but this is intentionally ignored during dead code analysis
[INFO] [stdout] 
[INFO] [stdout] 
[INFO] [stdout] warning: 2 warnings emitted
[INFO] [stdout] 
[INFO] [stdout] 
[INFO] [stderr]     Finished dev [unoptimized + debuginfo] target(s) in 16.10s
[INFO] running `Command { std: "docker" "inspect" "4a67fc46eae8ed3691daffe6f74dbfcc3d64b320bbf80afcdeb74aaa643b5459", kill_on_drop: false }`
[INFO] running `Command { std: "docker" "rm" "-f" "4a67fc46eae8ed3691daffe6f74dbfcc3d64b320bbf80afcdeb74aaa643b5459", kill_on_drop: false }`
[INFO] [stdout] 4a67fc46eae8ed3691daffe6f74dbfcc3d64b320bbf80afcdeb74aaa643b5459
[INFO] running `Command { std: "docker" "create" "-v" "/var/lib/crater-agent-workspace/builds/worker-2-tc1/target:/opt/rustwide/target:rw,Z" "-v" "/var/lib/crater-agent-workspace/builds/worker-2-tc1/source:/opt/rustwide/workdir:ro,Z" "-v" "/var/lib/crater-agent-workspace/cargo-home:/opt/rustwide/cargo-home:ro,Z" "-v" "/var/lib/crater-agent-workspace/rustup-home:/opt/rustwide/rustup-home:ro,Z" "-e" "SOURCE_DIR=/opt/rustwide/workdir" "-e" "CARGO_TARGET_DIR=/opt/rustwide/target" "-e" "CARGO_INCREMENTAL=0" "-e" "RUST_BACKTRACE=full" "-e" "RUSTFLAGS=--cap-lints=warn" "-e" "RUSTDOCFLAGS=--cap-lints=warn" "-e" "CARGO_HOME=/opt/rustwide/cargo-home" "-e" "RUSTUP_HOME=/opt/rustwide/rustup-home" "-w" "/opt/rustwide/workdir" "-m" "1610612736" "--user" "0:0" "--network" "none" "ghcr.io/rust-lang/crates-build-env/linux@sha256:2788e3201cd34a07e3172128adcd8b3090168a8e3bcc40d7c032b9dda1df7d1c" "/opt/rustwide/cargo-home/bin/cargo" "+1.75.0" "test" "--frozen" "--no-run" "--message-format=json", kill_on_drop: false }`
[INFO] [stdout] 013a29d87883313eaf92275cc03f9faf906f9829a46fbd2957112f1cea03ef1d
[INFO] running `Command { std: "docker" "start" "-a" "013a29d87883313eaf92275cc03f9faf906f9829a46fbd2957112f1cea03ef1d", kill_on_drop: false }`
[INFO] [stderr]    Compiling pix-api-client v0.2.1 (/opt/rustwide/workdir)
[INFO] [stdout] warning: fields `username`, `secret`, and `certificate` are never read
[INFO] [stdout]    --> src/lib.rs:104:5
[INFO] [stdout]     |
[INFO] [stdout] 103 | struct PixClientBuilder {
[INFO] [stdout]     |        ---------------- fields in this struct
[INFO] [stdout] 104 |     username: String,
[INFO] [stdout]     |     ^^^^^^^^
[INFO] [stdout] 105 |     secret: String,
[INFO] [stdout]     |     ^^^^^^
[INFO] [stdout] 106 |     certificate: Vec<u8>,
[INFO] [stdout]     |     ^^^^^^^^^^^
[INFO] [stdout]     |
[INFO] [stdout]     = note: `PixClientBuilder` has a derived impl for the trait `Debug`, but this is intentionally ignored during dead code analysis
[INFO] [stdout]     = note: `#[warn(dead_code)]` on by default
[INFO] [stdout] 
[INFO] [stdout] 
[INFO] [stdout] warning: field `certificate` is never read
[INFO] [stdout]    --> src/lib.rs:119:5
[INFO] [stdout]     |
[INFO] [stdout] 115 | pub struct PixClient {
[INFO] [stdout]     |            --------- field in this struct
[INFO] [stdout] ...
[INFO] [stdout] 119 |     certificate: Vec<u8>,
[INFO] [stdout]     |     ^^^^^^^^^^^
[INFO] [stdout]     |
[INFO] [stdout]     = note: `PixClient` has a derived impl for the trait `Debug`, but this is intentionally ignored during dead code analysis
[INFO] [stdout] 
[INFO] [stdout] 
[INFO] [stdout] warning: 2 warnings emitted
[INFO] [stdout] 
[INFO] [stdout] 
[INFO] [stdout] warning: fields `username`, `secret`, and `certificate` are never read
[INFO] [stdout]    --> src/lib.rs:104:5
[INFO] [stdout]     |
[INFO] [stdout] 103 | struct PixClientBuilder {
[INFO] [stdout]     |        ---------------- fields in this struct
[INFO] [stdout] 104 |     username: String,
[INFO] [stdout]     |     ^^^^^^^^
[INFO] [stdout] 105 |     secret: String,
[INFO] [stdout]     |     ^^^^^^
[INFO] [stdout] 106 |     certificate: Vec<u8>,
[INFO] [stdout]     |     ^^^^^^^^^^^
[INFO] [stdout]     |
[INFO] [stdout]     = note: `PixClientBuilder` has a derived impl for the trait `Debug`, but this is intentionally ignored during dead code analysis
[INFO] [stdout]     = note: `#[warn(dead_code)]` on by default
[INFO] [stdout] 
[INFO] [stdout] 
[INFO] [stdout] warning: field `certificate` is never read
[INFO] [stdout]    --> src/lib.rs:119:5
[INFO] [stdout]     |
[INFO] [stdout] 115 | pub struct PixClient {
[INFO] [stdout]     |            --------- field in this struct
[INFO] [stdout] ...
[INFO] [stdout] 119 |     certificate: Vec<u8>,
[INFO] [stdout]     |     ^^^^^^^^^^^
[INFO] [stdout]     |
[INFO] [stdout]     = note: `PixClient` has a derived impl for the trait `Debug`, but this is intentionally ignored during dead code analysis
[INFO] [stdout] 
[INFO] [stdout] 
[INFO] [stdout] warning: 2 warnings emitted
[INFO] [stdout] 
[INFO] [stdout] 
[INFO] [stderr]     Finished test [unoptimized + debuginfo] target(s) in 1.06s
[INFO] running `Command { std: "docker" "inspect" "013a29d87883313eaf92275cc03f9faf906f9829a46fbd2957112f1cea03ef1d", kill_on_drop: false }`
[INFO] running `Command { std: "docker" "rm" "-f" "013a29d87883313eaf92275cc03f9faf906f9829a46fbd2957112f1cea03ef1d", kill_on_drop: false }`
[INFO] [stdout] 013a29d87883313eaf92275cc03f9faf906f9829a46fbd2957112f1cea03ef1d
[INFO] running `Command { std: "docker" "create" "-v" "/var/lib/crater-agent-workspace/builds/worker-2-tc1/target:/opt/rustwide/target:rw,Z" "-v" "/var/lib/crater-agent-workspace/builds/worker-2-tc1/source:/opt/rustwide/workdir:ro,Z" "-v" "/var/lib/crater-agent-workspace/cargo-home:/opt/rustwide/cargo-home:ro,Z" "-v" "/var/lib/crater-agent-workspace/rustup-home:/opt/rustwide/rustup-home:ro,Z" "-e" "SOURCE_DIR=/opt/rustwide/workdir" "-e" "CARGO_TARGET_DIR=/opt/rustwide/target" "-e" "CARGO_INCREMENTAL=0" "-e" "RUST_BACKTRACE=full" "-e" "RUSTFLAGS=--cap-lints=warn" "-e" "RUSTDOCFLAGS=--cap-lints=warn" "-e" "CARGO_HOME=/opt/rustwide/cargo-home" "-e" "RUSTUP_HOME=/opt/rustwide/rustup-home" "-w" "/opt/rustwide/workdir" "-m" "1610612736" "--user" "0:0" "--network" "none" "ghcr.io/rust-lang/crates-build-env/linux@sha256:2788e3201cd34a07e3172128adcd8b3090168a8e3bcc40d7c032b9dda1df7d1c" "/opt/rustwide/cargo-home/bin/cargo" "+1.75.0" "test" "--frozen", kill_on_drop: false }`
[INFO] [stdout] 9b8f16b06cc268e8d6b00c27655ab94f6740b0c4f174c7a644be532067160b2c
[INFO] running `Command { std: "docker" "start" "-a" "9b8f16b06cc268e8d6b00c27655ab94f6740b0c4f174c7a644be532067160b2c", kill_on_drop: false }`
[INFO] [stderr] warning: fields `username`, `secret`, and `certificate` are never read
[INFO] [stderr]    --> src/lib.rs:104:5
[INFO] [stderr]     |
[INFO] [stderr] 103 | struct PixClientBuilder {
[INFO] [stderr]     |        ---------------- fields in this struct
[INFO] [stderr] 104 |     username: String,
[INFO] [stderr]     |     ^^^^^^^^
[INFO] [stderr] 105 |     secret: String,
[INFO] [stderr]     |     ^^^^^^
[INFO] [stderr] 106 |     certificate: Vec<u8>,
[INFO] [stderr]     |     ^^^^^^^^^^^
[INFO] [stderr]     |
[INFO] [stderr]     = note: `PixClientBuilder` has a derived impl for the trait `Debug`, but this is intentionally ignored during dead code analysis
[INFO] [stderr]     = note: `#[warn(dead_code)]` on by default
[INFO] [stderr] 
[INFO] [stderr] warning: field `certificate` is never read
[INFO] [stderr]    --> src/lib.rs:119:5
[INFO] [stderr]     |
[INFO] [stderr] 115 | pub struct PixClient {
[INFO] [stderr]     |            --------- field in this struct
[INFO] [stderr] ...
[INFO] [stderr] 119 |     certificate: Vec<u8>,
[INFO] [stderr]     |     ^^^^^^^^^^^
[INFO] [stderr]     |
[INFO] [stderr]     = note: `PixClient` has a derived impl for the trait `Debug`, but this is intentionally ignored during dead code analysis
[INFO] [stderr] 
[INFO] [stderr] warning: `pix-api-client` (lib) generated 2 warnings
[INFO] [stderr] warning: `pix-api-client` (lib test) generated 2 warnings (2 duplicates)
[INFO] [stderr]     Finished test [unoptimized + debuginfo] target(s) in 0.07s
[INFO] [stderr]      Running unittests src/lib.rs (/opt/rustwide/target/debug/deps/pix_api_client-d9167ffdca3bcecc)
[INFO] [stdout] 
[INFO] [stdout] running 1 test
[INFO] [stdout] test cob::tests::t_value ... ok
[INFO] [stdout] 
[INFO] [stdout] test result: ok. 1 passed; 0 failed; 0 ignored; 0 measured; 0 filtered out; finished in 0.00s
[INFO] [stdout] 
[INFO] [stderr]    Doc-tests pix-api-client
[INFO] [stdout] 
[INFO] [stdout] running 3 tests
[INFO] [stdout] test src/lib.rs - PixClient::new_with_custom_headers (line 131) - compile ... ok
[INFO] [stdout] test src/lib.rs - (line 10) - compile ... FAILED
[INFO] [stdout] test src/lib.rs - (line 53) - compile ... FAILED
[INFO] [stdout] 
[INFO] [stdout] failures:
[INFO] [stdout] 
[INFO] [stdout] ---- src/lib.rs - (line 10) stdout ----
[INFO] [stdout] error[E0061]: this method takes 1 argument but 0 arguments were supplied
[INFO] [stdout]   --> src/lib.rs:41:41
[INFO] [stdout]    |
[INFO] [stdout] 34 | let oauth_response = pix_client.oauth().autenticar().execute().await?;
[INFO] [stdout]    |                                         ^^^^^^^^^^-- an argument of type `Option<String>` is missing
[INFO] [stdout]    |
[INFO] [stdout] note: method defined here
[INFO] [stdout]   --> /opt/rustwide/workdir/src/oauth.rs:38:12
[INFO] [stdout]    |
[INFO] [stdout] 38 |     pub fn autenticar(&self, full_custom_endpoint: Option<String>) -> ApiRequest<OauthTokenResponse> {
[INFO] [stdout]    |            ^^^^^^^^^^
[INFO] [stdout] help: provide the argument
[INFO] [stdout]    |
[INFO] [stdout] 34 | let oauth_response = pix_client.oauth().autenticar(/* Option<String> */).execute().await?;
[INFO] [stdout]    |                                                   ~~~~~~~~~~~~~~~~~~~~~~
[INFO] [stdout] 
[INFO] [stdout] error: aborting due to previous error
[INFO] [stdout] 
[INFO] [stdout] For more information about this error, try `rustc --explain E0061`.
[INFO] [stdout] Couldn't compile the test.
[INFO] [stdout] ---- src/lib.rs - (line 53) stdout ----
[INFO] [stdout] error[E0599]: no function or associated item named `new` found for struct `PixClient` in the current scope
[INFO] [stdout]    --> src/lib.rs:65:29
[INFO] [stdout]     |
[INFO] [stdout] 15  | let pix_client = PixClient::new("https://my-compliant-endpoint/pix/v2", "client-id", "client-secret", cert_buffer);
[INFO] [stdout]     |                             ^^^ function or associated item not found in `PixClient`
[INFO] [stdout]     |
[INFO] [stdout] note: if you're trying to build a new `PixClient`, consider using `PixClient::new_with_custom_headers` which returns `PixClient`
[INFO] [stdout]    --> /opt/rustwide/workdir/src/lib.rs:159:5
[INFO] [stdout]     |
[INFO] [stdout] 159 | /     pub fn new_with_custom_headers<F>(endpoint: &str, mut custom_headers: F, certificate: Vec<u8>) -> PixClient
[INFO] [stdout] 160 | |     where
[INFO] [stdout] 161 | |         F: FnMut(&mut HeaderMap),
[INFO] [stdout]     | |_________________________________^
[INFO] [stdout] 
[INFO] [stdout] error: aborting due to previous error
[INFO] [stdout] 
[INFO] [stdout] For more information about this error, try `rustc --explain E0599`.
[INFO] [stdout] Couldn't compile the test.
[INFO] [stdout] 
[INFO] [stdout] failures:
[INFO] [stdout]     src/lib.rs - (line 10)
[INFO] [stdout]     src/lib.rs - (line 53)
[INFO] [stdout] 
[INFO] [stdout] test result: FAILED. 1 passed; 2 failed; 0 ignored; 0 measured; 0 filtered out; finished in 0.11s
[INFO] [stdout] 
[INFO] [stderr] error: doctest failed, to rerun pass `--doc`
[INFO] running `Command { std: "docker" "inspect" "9b8f16b06cc268e8d6b00c27655ab94f6740b0c4f174c7a644be532067160b2c", kill_on_drop: false }`
[INFO] running `Command { std: "docker" "rm" "-f" "9b8f16b06cc268e8d6b00c27655ab94f6740b0c4f174c7a644be532067160b2c", kill_on_drop: false }`
[INFO] [stdout] 9b8f16b06cc268e8d6b00c27655ab94f6740b0c4f174c7a644be532067160b2c
