[INFO] fetching crate pipeprogress 2023.3.0...
[INFO] testing pipeprogress-2023.3.0 against 1.75.0 for beta-1.76-1
[INFO] extracting crate pipeprogress 2023.3.0 into /workspace/builds/worker-6-tc1/source
[INFO] validating manifest of crates.io crate pipeprogress 2023.3.0 on toolchain 1.75.0
[INFO] running `Command { std: CARGO_HOME="/workspace/cargo-home" RUSTUP_HOME="/workspace/rustup-home" "/workspace/cargo-home/bin/cargo" "+1.75.0" "metadata" "--manifest-path" "Cargo.toml" "--no-deps", kill_on_drop: false }`
[INFO] started tweaking crates.io crate pipeprogress 2023.3.0
[INFO] finished tweaking crates.io crate pipeprogress 2023.3.0
[INFO] tweaked toml for crates.io crate pipeprogress 2023.3.0 written to /workspace/builds/worker-6-tc1/source/Cargo.toml
[INFO] crate crates.io crate pipeprogress 2023.3.0 already has a lockfile, it will not be regenerated
[INFO] running `Command { std: CARGO_HOME="/workspace/cargo-home" RUSTUP_HOME="/workspace/rustup-home" "/workspace/cargo-home/bin/cargo" "+1.75.0" "fetch" "--manifest-path" "Cargo.toml", kill_on_drop: false }`
[INFO] running `Command { std: "docker" "create" "-v" "/var/lib/crater-agent-workspace/builds/worker-6-tc1/target:/opt/rustwide/target:rw,Z" "-v" "/var/lib/crater-agent-workspace/builds/worker-6-tc1/source:/opt/rustwide/workdir:ro,Z" "-v" "/var/lib/crater-agent-workspace/cargo-home:/opt/rustwide/cargo-home:ro,Z" "-v" "/var/lib/crater-agent-workspace/rustup-home:/opt/rustwide/rustup-home:ro,Z" "-e" "SOURCE_DIR=/opt/rustwide/workdir" "-e" "CARGO_TARGET_DIR=/opt/rustwide/target" "-e" "CARGO_HOME=/opt/rustwide/cargo-home" "-e" "RUSTUP_HOME=/opt/rustwide/rustup-home" "-w" "/opt/rustwide/workdir" "-m" "1610612736" "--user" "0:0" "--network" "none" "ghcr.io/rust-lang/crates-build-env/linux@sha256:2788e3201cd34a07e3172128adcd8b3090168a8e3bcc40d7c032b9dda1df7d1c" "/opt/rustwide/cargo-home/bin/cargo" "+1.75.0" "metadata" "--no-deps" "--format-version=1", kill_on_drop: false }`
[INFO] [stdout] ceab7e058a96d282abfc6903bdc2e6f88c8fe47a272ede28b65954c66774542e
[INFO] running `Command { std: "docker" "start" "-a" "ceab7e058a96d282abfc6903bdc2e6f88c8fe47a272ede28b65954c66774542e", kill_on_drop: false }`
[INFO] running `Command { std: "docker" "inspect" "ceab7e058a96d282abfc6903bdc2e6f88c8fe47a272ede28b65954c66774542e", kill_on_drop: false }`
[INFO] running `Command { std: "docker" "rm" "-f" "ceab7e058a96d282abfc6903bdc2e6f88c8fe47a272ede28b65954c66774542e", kill_on_drop: false }`
[INFO] [stdout] ceab7e058a96d282abfc6903bdc2e6f88c8fe47a272ede28b65954c66774542e
[INFO] running `Command { std: "docker" "create" "-v" "/var/lib/crater-agent-workspace/builds/worker-6-tc1/target:/opt/rustwide/target:rw,Z" "-v" "/var/lib/crater-agent-workspace/builds/worker-6-tc1/source:/opt/rustwide/workdir:ro,Z" "-v" "/var/lib/crater-agent-workspace/cargo-home:/opt/rustwide/cargo-home:ro,Z" "-v" "/var/lib/crater-agent-workspace/rustup-home:/opt/rustwide/rustup-home:ro,Z" "-e" "SOURCE_DIR=/opt/rustwide/workdir" "-e" "CARGO_TARGET_DIR=/opt/rustwide/target" "-e" "CARGO_INCREMENTAL=0" "-e" "RUST_BACKTRACE=full" "-e" "RUSTFLAGS=--cap-lints=warn" "-e" "RUSTDOCFLAGS=--cap-lints=warn" "-e" "CARGO_HOME=/opt/rustwide/cargo-home" "-e" "RUSTUP_HOME=/opt/rustwide/rustup-home" "-w" "/opt/rustwide/workdir" "-m" "1610612736" "--user" "0:0" "--network" "none" "ghcr.io/rust-lang/crates-build-env/linux@sha256:2788e3201cd34a07e3172128adcd8b3090168a8e3bcc40d7c032b9dda1df7d1c" "/opt/rustwide/cargo-home/bin/cargo" "+1.75.0" "build" "--frozen" "--message-format=json", kill_on_drop: false }`
[INFO] [stdout] 614aa72cc8d1924dc52b18d20671621498d7272d35f53335e0695e9e0e883832
[INFO] running `Command { std: "docker" "start" "-a" "614aa72cc8d1924dc52b18d20671621498d7272d35f53335e0695e9e0e883832", kill_on_drop: false }`
[INFO] [stderr]    Compiling crossbeam-utils v0.8.15
[INFO] [stderr]    Compiling proc-macro2 v1.0.53
[INFO] [stderr]    Compiling io-lifetimes v1.0.9
[INFO] [stderr]    Compiling log v0.4.17
[INFO] [stderr]    Compiling parking_lot_core v0.9.7
[INFO] [stderr]    Compiling rustix v0.36.11
[INFO] [stderr]    Compiling signal-hook v0.3.15
[INFO] [stderr]    Compiling signal-hook-registry v1.4.1
[INFO] [stderr]    Compiling crossbeam-queue v0.3.8
[INFO] [stderr]    Compiling mio v0.8.6
[INFO] [stderr]    Compiling heck v0.4.1
[INFO] [stderr]    Compiling os_str_bytes v6.5.0
[INFO] [stderr]    Compiling crossbeam-epoch v0.9.14
[INFO] [stderr]    Compiling crossbeam-channel v0.5.7
[INFO] [stderr]    Compiling crossbeam-deque v0.8.3
[INFO] [stderr]    Compiling clap_lex v0.3.3
[INFO] [stderr]    Compiling quote v1.0.26
[INFO] [stderr]    Compiling syn v2.0.8
[INFO] [stderr]    Compiling signal-hook-mio v0.2.3
[INFO] [stderr]    Compiling parking_lot v0.12.1
[INFO] [stderr]    Compiling strsim v0.10.0
[INFO] [stderr]    Compiling crossbeam v0.8.2
[INFO] [stderr]    Compiling crossterm v0.26.1
[INFO] [stderr]    Compiling is-terminal v0.4.5
[INFO] [stderr]    Compiling clap_derive v4.1.12
[INFO] [stderr]    Compiling clap v4.1.13
[INFO] [stderr]    Compiling pipeprogress v2023.3.0 (/opt/rustwide/workdir)
[INFO] [stderr]     Finished dev [unoptimized + debuginfo] target(s) in 8.91s
[INFO] running `Command { std: "docker" "inspect" "614aa72cc8d1924dc52b18d20671621498d7272d35f53335e0695e9e0e883832", kill_on_drop: false }`
[INFO] running `Command { std: "docker" "rm" "-f" "614aa72cc8d1924dc52b18d20671621498d7272d35f53335e0695e9e0e883832", kill_on_drop: false }`
[INFO] [stdout] 614aa72cc8d1924dc52b18d20671621498d7272d35f53335e0695e9e0e883832
[INFO] running `Command { std: "docker" "create" "-v" "/var/lib/crater-agent-workspace/builds/worker-6-tc1/target:/opt/rustwide/target:rw,Z" "-v" "/var/lib/crater-agent-workspace/builds/worker-6-tc1/source:/opt/rustwide/workdir:ro,Z" "-v" "/var/lib/crater-agent-workspace/cargo-home:/opt/rustwide/cargo-home:ro,Z" "-v" "/var/lib/crater-agent-workspace/rustup-home:/opt/rustwide/rustup-home:ro,Z" "-e" "SOURCE_DIR=/opt/rustwide/workdir" "-e" "CARGO_TARGET_DIR=/opt/rustwide/target" "-e" "CARGO_INCREMENTAL=0" "-e" "RUST_BACKTRACE=full" "-e" "RUSTFLAGS=--cap-lints=warn" "-e" "RUSTDOCFLAGS=--cap-lints=warn" "-e" "CARGO_HOME=/opt/rustwide/cargo-home" "-e" "RUSTUP_HOME=/opt/rustwide/rustup-home" "-w" "/opt/rustwide/workdir" "-m" "1610612736" "--user" "0:0" "--network" "none" "ghcr.io/rust-lang/crates-build-env/linux@sha256:2788e3201cd34a07e3172128adcd8b3090168a8e3bcc40d7c032b9dda1df7d1c" "/opt/rustwide/cargo-home/bin/cargo" "+1.75.0" "test" "--frozen" "--no-run" "--message-format=json", kill_on_drop: false }`
[INFO] [stdout] f17bde185e49baa6c28611dc12042044f3787cc4e6a0dda317c0c6bbd9769ade
[INFO] running `Command { std: "docker" "start" "-a" "f17bde185e49baa6c28611dc12042044f3787cc4e6a0dda317c0c6bbd9769ade", kill_on_drop: false }`
[INFO] [stderr]    Compiling pipeprogress v2023.3.0 (/opt/rustwide/workdir)
[INFO] [stderr]     Finished test [unoptimized + debuginfo] target(s) in 0.73s
[INFO] running `Command { std: "docker" "inspect" "f17bde185e49baa6c28611dc12042044f3787cc4e6a0dda317c0c6bbd9769ade", kill_on_drop: false }`
[INFO] running `Command { std: "docker" "rm" "-f" "f17bde185e49baa6c28611dc12042044f3787cc4e6a0dda317c0c6bbd9769ade", kill_on_drop: false }`
[INFO] [stdout] f17bde185e49baa6c28611dc12042044f3787cc4e6a0dda317c0c6bbd9769ade
[INFO] running `Command { std: "docker" "create" "-v" "/var/lib/crater-agent-workspace/builds/worker-6-tc1/target:/opt/rustwide/target:rw,Z" "-v" "/var/lib/crater-agent-workspace/builds/worker-6-tc1/source:/opt/rustwide/workdir:ro,Z" "-v" "/var/lib/crater-agent-workspace/cargo-home:/opt/rustwide/cargo-home:ro,Z" "-v" "/var/lib/crater-agent-workspace/rustup-home:/opt/rustwide/rustup-home:ro,Z" "-e" "SOURCE_DIR=/opt/rustwide/workdir" "-e" "CARGO_TARGET_DIR=/opt/rustwide/target" "-e" "CARGO_INCREMENTAL=0" "-e" "RUST_BACKTRACE=full" "-e" "RUSTFLAGS=--cap-lints=warn" "-e" "RUSTDOCFLAGS=--cap-lints=warn" "-e" "CARGO_HOME=/opt/rustwide/cargo-home" "-e" "RUSTUP_HOME=/opt/rustwide/rustup-home" "-w" "/opt/rustwide/workdir" "-m" "1610612736" "--user" "0:0" "--network" "none" "ghcr.io/rust-lang/crates-build-env/linux@sha256:2788e3201cd34a07e3172128adcd8b3090168a8e3bcc40d7c032b9dda1df7d1c" "/opt/rustwide/cargo-home/bin/cargo" "+1.75.0" "test" "--frozen", kill_on_drop: false }`
[INFO] [stdout] e7ba38d6ef1a1029a8d7c67127a09791458b08db5999cc9b6930be96befff6f7
[INFO] running `Command { std: "docker" "start" "-a" "e7ba38d6ef1a1029a8d7c67127a09791458b08db5999cc9b6930be96befff6f7", kill_on_drop: false }`
[INFO] [stderr]     Finished test [unoptimized + debuginfo] target(s) in 0.03s
[INFO] [stderr]      Running unittests src/lib.rs (/opt/rustwide/target/debug/deps/pipeprogress-30c02b823d2f6db2)
[INFO] [stdout] 
[INFO] [stdout] running 3 tests
[INFO] [stdout] test read::tests::test_read_loop ... FAILED
[INFO] [stdout] test write::tests::test_write_loop ... FAILED
[INFO] [stdout] test stats::tests::as_time_format ... ok
[INFO] [stdout] 
[INFO] [stdout] failures:
[INFO] [stdout] 
[INFO] [stdout] ---- read::tests::test_read_loop stdout ----
[INFO] [stdout] Error: Os { code: 30, kind: ReadOnlyFilesystem, message: "Read-only file system" }
[INFO] [stdout] 
[INFO] [stdout] ---- write::tests::test_write_loop stdout ----
[INFO] [stdout] Error: Os { code: 30, kind: ReadOnlyFilesystem, message: "Read-only file system" }
[INFO] [stdout] 
[INFO] [stdout] 
[INFO] [stdout] failures:
[INFO] [stdout]     read::tests::test_read_loop
[INFO] [stdout]     write::tests::test_write_loop
[INFO] [stdout] 
[INFO] [stdout] test result: FAILED. 1 passed; 2 failed; 0 ignored; 0 measured; 0 filtered out; finished in 0.00s
[INFO] [stdout] 
[INFO] [stderr] error: test failed, to rerun pass `--lib`
[INFO] running `Command { std: "docker" "inspect" "e7ba38d6ef1a1029a8d7c67127a09791458b08db5999cc9b6930be96befff6f7", kill_on_drop: false }`
[INFO] running `Command { std: "docker" "rm" "-f" "e7ba38d6ef1a1029a8d7c67127a09791458b08db5999cc9b6930be96befff6f7", kill_on_drop: false }`
[INFO] [stdout] e7ba38d6ef1a1029a8d7c67127a09791458b08db5999cc9b6930be96befff6f7
[INFO] testing pipeprogress-2023.3.0 against beta-2023-12-22 for beta-1.76-1
[INFO] extracting crate pipeprogress 2023.3.0 into /workspace/builds/worker-6-tc2/source
[INFO] validating manifest of crates.io crate pipeprogress 2023.3.0 on toolchain beta-2023-12-22
[INFO] running `Command { std: CARGO_HOME="/workspace/cargo-home" RUSTUP_HOME="/workspace/rustup-home" "/workspace/cargo-home/bin/cargo" "+beta-2023-12-22" "metadata" "--manifest-path" "Cargo.toml" "--no-deps", kill_on_drop: false }`
[INFO] started tweaking crates.io crate pipeprogress 2023.3.0
[INFO] finished tweaking crates.io crate pipeprogress 2023.3.0
[INFO] tweaked toml for crates.io crate pipeprogress 2023.3.0 written to /workspace/builds/worker-6-tc2/source/Cargo.toml
[INFO] crate crates.io crate pipeprogress 2023.3.0 already has a lockfile, it will not be regenerated
[INFO] running `Command { std: CARGO_HOME="/workspace/cargo-home" RUSTUP_HOME="/workspace/rustup-home" "/workspace/cargo-home/bin/cargo" "+beta-2023-12-22" "fetch" "--manifest-path" "Cargo.toml", kill_on_drop: false }`
[INFO] [stderr]     Blocking waiting for file lock on package cache
[INFO] running `Command { std: "docker" "create" "-v" "/var/lib/crater-agent-workspace/builds/worker-6-tc2/target:/opt/rustwide/target:rw,Z" "-v" "/var/lib/crater-agent-workspace/builds/worker-6-tc2/source:/opt/rustwide/workdir:ro,Z" "-v" "/var/lib/crater-agent-workspace/cargo-home:/opt/rustwide/cargo-home:ro,Z" "-v" "/var/lib/crater-agent-workspace/rustup-home:/opt/rustwide/rustup-home:ro,Z" "-e" "SOURCE_DIR=/opt/rustwide/workdir" "-e" "CARGO_TARGET_DIR=/opt/rustwide/target" "-e" "CARGO_HOME=/opt/rustwide/cargo-home" "-e" "RUSTUP_HOME=/opt/rustwide/rustup-home" "-w" "/opt/rustwide/workdir" "-m" "1610612736" "--user" "0:0" "--network" "none" "ghcr.io/rust-lang/crates-build-env/linux@sha256:2788e3201cd34a07e3172128adcd8b3090168a8e3bcc40d7c032b9dda1df7d1c" "/opt/rustwide/cargo-home/bin/cargo" "+beta-2023-12-22" "metadata" "--no-deps" "--format-version=1", kill_on_drop: false }`
[INFO] [stdout] 4cbcd391f6eafe31baab4187ea7b7fb9487dc3475561eedd723e16825f2f614c
[INFO] running `Command { std: "docker" "start" "-a" "4cbcd391f6eafe31baab4187ea7b7fb9487dc3475561eedd723e16825f2f614c", kill_on_drop: false }`
[INFO] running `Command { std: "docker" "inspect" "4cbcd391f6eafe31baab4187ea7b7fb9487dc3475561eedd723e16825f2f614c", kill_on_drop: false }`
[INFO] running `Command { std: "docker" "rm" "-f" "4cbcd391f6eafe31baab4187ea7b7fb9487dc3475561eedd723e16825f2f614c", kill_on_drop: false }`
[INFO] [stdout] 4cbcd391f6eafe31baab4187ea7b7fb9487dc3475561eedd723e16825f2f614c
[INFO] running `Command { std: "docker" "create" "-v" "/var/lib/crater-agent-workspace/builds/worker-6-tc2/target:/opt/rustwide/target:rw,Z" "-v" "/var/lib/crater-agent-workspace/builds/worker-6-tc2/source:/opt/rustwide/workdir:ro,Z" "-v" "/var/lib/crater-agent-workspace/cargo-home:/opt/rustwide/cargo-home:ro,Z" "-v" "/var/lib/crater-agent-workspace/rustup-home:/opt/rustwide/rustup-home:ro,Z" "-e" "SOURCE_DIR=/opt/rustwide/workdir" "-e" "CARGO_TARGET_DIR=/opt/rustwide/target" "-e" "CARGO_INCREMENTAL=0" "-e" "RUST_BACKTRACE=full" "-e" "RUSTFLAGS=--cap-lints=warn" "-e" "RUSTDOCFLAGS=--cap-lints=warn" "-e" "CARGO_HOME=/opt/rustwide/cargo-home" "-e" "RUSTUP_HOME=/opt/rustwide/rustup-home" "-w" "/opt/rustwide/workdir" "-m" "1610612736" "--user" "0:0" "--network" "none" "ghcr.io/rust-lang/crates-build-env/linux@sha256:2788e3201cd34a07e3172128adcd8b3090168a8e3bcc40d7c032b9dda1df7d1c" "/opt/rustwide/cargo-home/bin/cargo" "+beta-2023-12-22" "build" "--frozen" "--message-format=json", kill_on_drop: false }`
[INFO] [stdout] b880cb8803edcd9e446428f1be936db49ab8eab431254fb1e3c5b8bc6d0cfb36
[INFO] running `Command { std: "docker" "start" "-a" "b880cb8803edcd9e446428f1be936db49ab8eab431254fb1e3c5b8bc6d0cfb36", kill_on_drop: false }`
[INFO] [stderr]    Compiling crossbeam-utils v0.8.15
[INFO] [stderr]    Compiling proc-macro2 v1.0.53
[INFO] [stderr]    Compiling log v0.4.17
[INFO] [stderr]    Compiling io-lifetimes v1.0.9
[INFO] [stderr]    Compiling signal-hook v0.3.15
[INFO] [stderr]    Compiling parking_lot_core v0.9.7
[INFO] [stderr]    Compiling rustix v0.36.11
[INFO] [stderr]    Compiling signal-hook-registry v1.4.1
[INFO] [stderr]    Compiling crossbeam-queue v0.3.8
[INFO] [stderr]    Compiling mio v0.8.6
[INFO] [stderr]    Compiling heck v0.4.1
[INFO] [stderr]    Compiling os_str_bytes v6.5.0
[INFO] [stderr]    Compiling crossbeam-epoch v0.9.14
[INFO] [stderr]    Compiling clap_lex v0.3.3
[INFO] [stderr]    Compiling crossbeam-channel v0.5.7
[INFO] [stderr]    Compiling signal-hook-mio v0.2.3
[INFO] [stderr]    Compiling quote v1.0.26
[INFO] [stderr]    Compiling crossbeam-deque v0.8.3
[INFO] [stderr]    Compiling syn v2.0.8
[INFO] [stderr]    Compiling parking_lot v0.12.1
[INFO] [stderr]    Compiling strsim v0.10.0
[INFO] [stderr]    Compiling crossbeam v0.8.2
[INFO] [stderr]    Compiling crossterm v0.26.1
[INFO] [stderr]    Compiling is-terminal v0.4.5
[INFO] [stderr]    Compiling clap_derive v4.1.12
[INFO] [stderr]    Compiling clap v4.1.13
[INFO] [stderr]    Compiling pipeprogress v2023.3.0 (/opt/rustwide/workdir)
[INFO] [stderr]     Finished dev [unoptimized + debuginfo] target(s) in 12.45s
[INFO] running `Command { std: "docker" "inspect" "b880cb8803edcd9e446428f1be936db49ab8eab431254fb1e3c5b8bc6d0cfb36", kill_on_drop: false }`
[INFO] running `Command { std: "docker" "rm" "-f" "b880cb8803edcd9e446428f1be936db49ab8eab431254fb1e3c5b8bc6d0cfb36", kill_on_drop: false }`
[INFO] [stdout] b880cb8803edcd9e446428f1be936db49ab8eab431254fb1e3c5b8bc6d0cfb36
[INFO] running `Command { std: "docker" "create" "-v" "/var/lib/crater-agent-workspace/builds/worker-6-tc2/target:/opt/rustwide/target:rw,Z" "-v" "/var/lib/crater-agent-workspace/builds/worker-6-tc2/source:/opt/rustwide/workdir:ro,Z" "-v" "/var/lib/crater-agent-workspace/cargo-home:/opt/rustwide/cargo-home:ro,Z" "-v" "/var/lib/crater-agent-workspace/rustup-home:/opt/rustwide/rustup-home:ro,Z" "-e" "SOURCE_DIR=/opt/rustwide/workdir" "-e" "CARGO_TARGET_DIR=/opt/rustwide/target" "-e" "CARGO_INCREMENTAL=0" "-e" "RUST_BACKTRACE=full" "-e" "RUSTFLAGS=--cap-lints=warn" "-e" "RUSTDOCFLAGS=--cap-lints=warn" "-e" "CARGO_HOME=/opt/rustwide/cargo-home" "-e" "RUSTUP_HOME=/opt/rustwide/rustup-home" "-w" "/opt/rustwide/workdir" "-m" "1610612736" "--user" "0:0" "--network" "none" "ghcr.io/rust-lang/crates-build-env/linux@sha256:2788e3201cd34a07e3172128adcd8b3090168a8e3bcc40d7c032b9dda1df7d1c" "/opt/rustwide/cargo-home/bin/cargo" "+beta-2023-12-22" "test" "--frozen" "--no-run" "--message-format=json", kill_on_drop: false }`
[INFO] [stdout] 4ebb0467e914125aaa99aa15762a142a55cb8670e628f8e808f53c22453a7b64
[INFO] running `Command { std: "docker" "start" "-a" "4ebb0467e914125aaa99aa15762a142a55cb8670e628f8e808f53c22453a7b64", kill_on_drop: false }`
[INFO] [stderr]    Compiling pipeprogress v2023.3.0 (/opt/rustwide/workdir)
[INFO] [stderr]     Finished test [unoptimized + debuginfo] target(s) in 1.28s
[INFO] running `Command { std: "docker" "inspect" "4ebb0467e914125aaa99aa15762a142a55cb8670e628f8e808f53c22453a7b64", kill_on_drop: false }`
[INFO] running `Command { std: "docker" "rm" "-f" "4ebb0467e914125aaa99aa15762a142a55cb8670e628f8e808f53c22453a7b64", kill_on_drop: false }`
[INFO] [stdout] 4ebb0467e914125aaa99aa15762a142a55cb8670e628f8e808f53c22453a7b64
[INFO] running `Command { std: "docker" "create" "-v" "/var/lib/crater-agent-workspace/builds/worker-6-tc2/target:/opt/rustwide/target:rw,Z" "-v" "/var/lib/crater-agent-workspace/builds/worker-6-tc2/source:/opt/rustwide/workdir:ro,Z" "-v" "/var/lib/crater-agent-workspace/cargo-home:/opt/rustwide/cargo-home:ro,Z" "-v" "/var/lib/crater-agent-workspace/rustup-home:/opt/rustwide/rustup-home:ro,Z" "-e" "SOURCE_DIR=/opt/rustwide/workdir" "-e" "CARGO_TARGET_DIR=/opt/rustwide/target" "-e" "CARGO_INCREMENTAL=0" "-e" "RUST_BACKTRACE=full" "-e" "RUSTFLAGS=--cap-lints=warn" "-e" "RUSTDOCFLAGS=--cap-lints=warn" "-e" "CARGO_HOME=/opt/rustwide/cargo-home" "-e" "RUSTUP_HOME=/opt/rustwide/rustup-home" "-w" "/opt/rustwide/workdir" "-m" "1610612736" "--user" "0:0" "--network" "none" "ghcr.io/rust-lang/crates-build-env/linux@sha256:2788e3201cd34a07e3172128adcd8b3090168a8e3bcc40d7c032b9dda1df7d1c" "/opt/rustwide/cargo-home/bin/cargo" "+beta-2023-12-22" "test" "--frozen", kill_on_drop: false }`
[INFO] [stdout] fa2517c77865b2f8da1aae6a07579df71dbc1b00eecb452c84d4e71c6bcde340
[INFO] running `Command { std: "docker" "start" "-a" "fa2517c77865b2f8da1aae6a07579df71dbc1b00eecb452c84d4e71c6bcde340", kill_on_drop: false }`
[INFO] [stderr]     Finished test [unoptimized + debuginfo] target(s) in 0.04s
[INFO] [stderr]      Running unittests src/lib.rs (/opt/rustwide/target/debug/deps/pipeprogress-dddcb5ee83e6aec4)
[INFO] [stdout] 
[INFO] [stdout] running 3 tests
[INFO] [stdout] test read::tests::test_read_loop ... FAILED
[INFO] [stderr] error: test failed, to rerun pass `--lib`
[INFO] [stdout] test stats::tests::as_time_format ... ok
[INFO] [stdout] test write::tests::test_write_loop ... FAILED
[INFO] [stdout] 
[INFO] [stdout] failures:
[INFO] [stdout] 
[INFO] [stdout] ---- read::tests::test_read_loop stdout ----
[INFO] [stdout] Error: Os { code: 30, kind: ReadOnlyFilesystem, message: "Read-only file system" }
[INFO] [stdout] 
[INFO] [stdout] ---- write::tests::test_write_loop stdout ----
[INFO] [stdout] Error: Os { code: 30, kind: ReadOnlyFilesystem, message: "Read-only file system" }
[INFO] [stdout] 
[INFO] [stdout] 
[INFO] [stdout] failures:
[INFO] [stdout]     read::tests::test_read_loop
[INFO] [stdout]     write::tests::test_write_loop
[INFO] [stdout] 
[INFO] [stdout] test result: FAILED. 1 passed; 2 failed; 0 ignored; 0 measured; 0 filtered out; finished in 0.01s
[INFO] [stdout] 
[INFO] running `Command { std: "docker" "inspect" "fa2517c77865b2f8da1aae6a07579df71dbc1b00eecb452c84d4e71c6bcde340", kill_on_drop: false }`
[INFO] running `Command { std: "docker" "rm" "-f" "fa2517c77865b2f8da1aae6a07579df71dbc1b00eecb452c84d4e71c6bcde340", kill_on_drop: false }`
[INFO] [stdout] fa2517c77865b2f8da1aae6a07579df71dbc1b00eecb452c84d4e71c6bcde340
