[INFO] fetching crate pink_log 0.1.1...
[INFO] testing pink_log-0.1.1 against 1.75.0 for beta-1.76-1
[INFO] extracting crate pink_log 0.1.1 into /workspace/builds/worker-0-tc1/source
[INFO] validating manifest of crates.io crate pink_log 0.1.1 on toolchain 1.75.0
[INFO] running `Command { std: CARGO_HOME="/workspace/cargo-home" RUSTUP_HOME="/workspace/rustup-home" "/workspace/cargo-home/bin/cargo" "+1.75.0" "metadata" "--manifest-path" "Cargo.toml" "--no-deps", kill_on_drop: false }`
[INFO] started tweaking crates.io crate pink_log 0.1.1
[INFO] finished tweaking crates.io crate pink_log 0.1.1
[INFO] tweaked toml for crates.io crate pink_log 0.1.1 written to /workspace/builds/worker-0-tc1/source/Cargo.toml
[INFO] running `Command { std: CARGO_HOME="/workspace/cargo-home" RUSTUP_HOME="/workspace/rustup-home" "/workspace/cargo-home/bin/cargo" "+1.75.0" "generate-lockfile" "--manifest-path" "Cargo.toml", kill_on_drop: false }`
[INFO] [stderr]     Updating crates.io index
[INFO] running `Command { std: CARGO_HOME="/workspace/cargo-home" RUSTUP_HOME="/workspace/rustup-home" "/workspace/cargo-home/bin/cargo" "+1.75.0" "fetch" "--manifest-path" "Cargo.toml", kill_on_drop: false }`
[INFO] [stderr] warning: only one of `license` or `license-file` is necessary
[INFO] [stderr] `license` should be used if the package license can be expressed with a standard SPDX expression.
[INFO] [stderr] `license-file` should be used if the package uses a non-standard license.
[INFO] [stderr] See https://doc.rust-lang.org/cargo/reference/manifest.html#the-license-and-license-file-fields for more information.
[INFO] running `Command { std: "docker" "create" "-v" "/var/lib/crater-agent-workspace/builds/worker-0-tc1/target:/opt/rustwide/target:rw,Z" "-v" "/var/lib/crater-agent-workspace/builds/worker-0-tc1/source:/opt/rustwide/workdir:ro,Z" "-v" "/var/lib/crater-agent-workspace/cargo-home:/opt/rustwide/cargo-home:ro,Z" "-v" "/var/lib/crater-agent-workspace/rustup-home:/opt/rustwide/rustup-home:ro,Z" "-e" "SOURCE_DIR=/opt/rustwide/workdir" "-e" "CARGO_TARGET_DIR=/opt/rustwide/target" "-e" "CARGO_HOME=/opt/rustwide/cargo-home" "-e" "RUSTUP_HOME=/opt/rustwide/rustup-home" "-w" "/opt/rustwide/workdir" "-m" "1610612736" "--user" "0:0" "--network" "none" "ghcr.io/rust-lang/crates-build-env/linux@sha256:2788e3201cd34a07e3172128adcd8b3090168a8e3bcc40d7c032b9dda1df7d1c" "/opt/rustwide/cargo-home/bin/cargo" "+1.75.0" "metadata" "--no-deps" "--format-version=1", kill_on_drop: false }`
[INFO] [stdout] d7bf053e4ce7b98218fddc9fb2bcdbab209624b0094cd16fad2a42edb1b177d9
[INFO] running `Command { std: "docker" "start" "-a" "d7bf053e4ce7b98218fddc9fb2bcdbab209624b0094cd16fad2a42edb1b177d9", kill_on_drop: false }`
[INFO] running `Command { std: "docker" "inspect" "d7bf053e4ce7b98218fddc9fb2bcdbab209624b0094cd16fad2a42edb1b177d9", kill_on_drop: false }`
[INFO] running `Command { std: "docker" "rm" "-f" "d7bf053e4ce7b98218fddc9fb2bcdbab209624b0094cd16fad2a42edb1b177d9", kill_on_drop: false }`
[INFO] [stdout] d7bf053e4ce7b98218fddc9fb2bcdbab209624b0094cd16fad2a42edb1b177d9
[INFO] running `Command { std: "docker" "create" "-v" "/var/lib/crater-agent-workspace/builds/worker-0-tc1/target:/opt/rustwide/target:rw,Z" "-v" "/var/lib/crater-agent-workspace/builds/worker-0-tc1/source:/opt/rustwide/workdir:ro,Z" "-v" "/var/lib/crater-agent-workspace/cargo-home:/opt/rustwide/cargo-home:ro,Z" "-v" "/var/lib/crater-agent-workspace/rustup-home:/opt/rustwide/rustup-home:ro,Z" "-e" "SOURCE_DIR=/opt/rustwide/workdir" "-e" "CARGO_TARGET_DIR=/opt/rustwide/target" "-e" "CARGO_INCREMENTAL=0" "-e" "RUST_BACKTRACE=full" "-e" "RUSTFLAGS=--cap-lints=warn" "-e" "RUSTDOCFLAGS=--cap-lints=warn" "-e" "CARGO_HOME=/opt/rustwide/cargo-home" "-e" "RUSTUP_HOME=/opt/rustwide/rustup-home" "-w" "/opt/rustwide/workdir" "-m" "1610612736" "--user" "0:0" "--network" "none" "ghcr.io/rust-lang/crates-build-env/linux@sha256:2788e3201cd34a07e3172128adcd8b3090168a8e3bcc40d7c032b9dda1df7d1c" "/opt/rustwide/cargo-home/bin/cargo" "+1.75.0" "build" "--frozen" "--message-format=json", kill_on_drop: false }`
[INFO] [stdout] b50bad999258402b06cb3cbb6a02e2254b57438f5e37562516fc14faae560af0
[INFO] running `Command { std: "docker" "start" "-a" "b50bad999258402b06cb3cbb6a02e2254b57438f5e37562516fc14faae560af0", kill_on_drop: false }`
[INFO] [stderr] warning: only one of `license` or `license-file` is necessary
[INFO] [stderr] `license` should be used if the package license can be expressed with a standard SPDX expression.
[INFO] [stderr] `license-file` should be used if the package uses a non-standard license.
[INFO] [stderr] See https://doc.rust-lang.org/cargo/reference/manifest.html#the-license-and-license-file-fields for more information.
[INFO] [stderr]    Compiling libc v0.2.151
[INFO] [stderr]    Compiling getrandom v0.2.11
[INFO] [stderr]    Compiling rand_core v0.6.4
[INFO] [stderr]    Compiling rand_chacha v0.3.1
[INFO] [stderr]    Compiling rand v0.8.5
[INFO] [stderr]    Compiling uuid v1.6.1
[INFO] [stderr]    Compiling pink_log v0.1.1 (/opt/rustwide/workdir)
[INFO] [stderr]     Finished dev [unoptimized + debuginfo] target(s) in 2.67s
[INFO] running `Command { std: "docker" "inspect" "b50bad999258402b06cb3cbb6a02e2254b57438f5e37562516fc14faae560af0", kill_on_drop: false }`
[INFO] running `Command { std: "docker" "rm" "-f" "b50bad999258402b06cb3cbb6a02e2254b57438f5e37562516fc14faae560af0", kill_on_drop: false }`
[INFO] [stdout] b50bad999258402b06cb3cbb6a02e2254b57438f5e37562516fc14faae560af0
[INFO] running `Command { std: "docker" "create" "-v" "/var/lib/crater-agent-workspace/builds/worker-0-tc1/target:/opt/rustwide/target:rw,Z" "-v" "/var/lib/crater-agent-workspace/builds/worker-0-tc1/source:/opt/rustwide/workdir:ro,Z" "-v" "/var/lib/crater-agent-workspace/cargo-home:/opt/rustwide/cargo-home:ro,Z" "-v" "/var/lib/crater-agent-workspace/rustup-home:/opt/rustwide/rustup-home:ro,Z" "-e" "SOURCE_DIR=/opt/rustwide/workdir" "-e" "CARGO_TARGET_DIR=/opt/rustwide/target" "-e" "CARGO_INCREMENTAL=0" "-e" "RUST_BACKTRACE=full" "-e" "RUSTFLAGS=--cap-lints=warn" "-e" "RUSTDOCFLAGS=--cap-lints=warn" "-e" "CARGO_HOME=/opt/rustwide/cargo-home" "-e" "RUSTUP_HOME=/opt/rustwide/rustup-home" "-w" "/opt/rustwide/workdir" "-m" "1610612736" "--user" "0:0" "--network" "none" "ghcr.io/rust-lang/crates-build-env/linux@sha256:2788e3201cd34a07e3172128adcd8b3090168a8e3bcc40d7c032b9dda1df7d1c" "/opt/rustwide/cargo-home/bin/cargo" "+1.75.0" "test" "--frozen" "--no-run" "--message-format=json", kill_on_drop: false }`
[INFO] [stdout] 6c9434f5e39a1b16b44d017e991b0561b54dbb2904bb8defab5e8d7c67d5c8b9
[INFO] running `Command { std: "docker" "start" "-a" "6c9434f5e39a1b16b44d017e991b0561b54dbb2904bb8defab5e8d7c67d5c8b9", kill_on_drop: false }`
[INFO] [stderr] warning: only one of `license` or `license-file` is necessary
[INFO] [stderr] `license` should be used if the package license can be expressed with a standard SPDX expression.
[INFO] [stderr] `license-file` should be used if the package uses a non-standard license.
[INFO] [stderr] See https://doc.rust-lang.org/cargo/reference/manifest.html#the-license-and-license-file-fields for more information.
[INFO] [stderr]    Compiling pink_log v0.1.1 (/opt/rustwide/workdir)
[INFO] [stderr]     Finished test [unoptimized + debuginfo] target(s) in 0.42s
[INFO] running `Command { std: "docker" "inspect" "6c9434f5e39a1b16b44d017e991b0561b54dbb2904bb8defab5e8d7c67d5c8b9", kill_on_drop: false }`
[INFO] running `Command { std: "docker" "rm" "-f" "6c9434f5e39a1b16b44d017e991b0561b54dbb2904bb8defab5e8d7c67d5c8b9", kill_on_drop: false }`
[INFO] [stdout] 6c9434f5e39a1b16b44d017e991b0561b54dbb2904bb8defab5e8d7c67d5c8b9
[INFO] running `Command { std: "docker" "create" "-v" "/var/lib/crater-agent-workspace/builds/worker-0-tc1/target:/opt/rustwide/target:rw,Z" "-v" "/var/lib/crater-agent-workspace/builds/worker-0-tc1/source:/opt/rustwide/workdir:ro,Z" "-v" "/var/lib/crater-agent-workspace/cargo-home:/opt/rustwide/cargo-home:ro,Z" "-v" "/var/lib/crater-agent-workspace/rustup-home:/opt/rustwide/rustup-home:ro,Z" "-e" "SOURCE_DIR=/opt/rustwide/workdir" "-e" "CARGO_TARGET_DIR=/opt/rustwide/target" "-e" "CARGO_INCREMENTAL=0" "-e" "RUST_BACKTRACE=full" "-e" "RUSTFLAGS=--cap-lints=warn" "-e" "RUSTDOCFLAGS=--cap-lints=warn" "-e" "CARGO_HOME=/opt/rustwide/cargo-home" "-e" "RUSTUP_HOME=/opt/rustwide/rustup-home" "-w" "/opt/rustwide/workdir" "-m" "1610612736" "--user" "0:0" "--network" "none" "ghcr.io/rust-lang/crates-build-env/linux@sha256:2788e3201cd34a07e3172128adcd8b3090168a8e3bcc40d7c032b9dda1df7d1c" "/opt/rustwide/cargo-home/bin/cargo" "+1.75.0" "test" "--frozen", kill_on_drop: false }`
[INFO] [stdout] f190d97621fead9c45db76908e6147093a44acdbfdfb072ceafc9429ad040b6b
[INFO] running `Command { std: "docker" "start" "-a" "f190d97621fead9c45db76908e6147093a44acdbfdfb072ceafc9429ad040b6b", kill_on_drop: false }`
[INFO] [stderr] warning: only one of `license` or `license-file` is necessary
[INFO] [stderr] `license` should be used if the package license can be expressed with a standard SPDX expression.
[INFO] [stderr] `license-file` should be used if the package uses a non-standard license.
[INFO] [stderr] See https://doc.rust-lang.org/cargo/reference/manifest.html#the-license-and-license-file-fields for more information.
[INFO] [stderr]     Finished test [unoptimized + debuginfo] target(s) in 0.02s
[INFO] [stderr]      Running unittests src/lib.rs (/opt/rustwide/target/debug/deps/pink_log-f090514b1ebbe10a)
[INFO] [stdout] 
[INFO] [stdout] running 1 test
[INFO] [stdout] test log_settings::test_log_settings_new ... ok
[INFO] [stdout] 
[INFO] [stdout] test result: ok. 1 passed; 0 failed; 0 ignored; 0 measured; 0 filtered out; finished in 0.00s
[INFO] [stdout] 
[INFO] [stderr]    Doc-tests pink_log
[INFO] [stdout] 
[INFO] [stdout] running 3 tests
[INFO] [stdout] test src/global_logger.rs - global_logger::PinkLogger::default (line 64) ... FAILED
[INFO] [stdout] test src/global_logger.rs - global_logger::PinkLogger::new (line 24) ... FAILED
[INFO] [stderr] error: doctest failed, to rerun pass `--doc`
[INFO] [stdout] test src/log_settings_builder.rs - log_settings_builder::LogSettingsBuilder::new (line 19) ... ok
[INFO] [stdout] 
[INFO] [stdout] failures:
[INFO] [stdout] 
[INFO] [stdout] ---- src/global_logger.rs - global_logger::PinkLogger::default (line 64) stdout ----
[INFO] [stdout] error[E0599]: no function or associated item named `new` found for trait `std::error::Error`
[INFO] [stdout]   --> src/global_logger.rs:74:42
[INFO] [stdout]    |
[INFO] [stdout] 13 | logger.error(Box::new(std::error::Error::new("This is an error")));
[INFO] [stdout]    |                                          ^^^ function or associated item not found in `Error`
[INFO] [stdout] 
[INFO] [stdout] error[E0599]: no function or associated item named `new` found for trait `std::error::Error`
[INFO] [stdout]   --> src/global_logger.rs:75:42
[INFO] [stdout]    |
[INFO] [stdout] 14 | logger.fatal(Box::new(std::error::Error::new("This is an fatal error")));
[INFO] [stdout]    |                                          ^^^ function or associated item not found in `Error`
[INFO] [stdout] 
[INFO] [stdout] error: aborting due to 2 previous errors
[INFO] [stdout] 
[INFO] [stdout] For more information about this error, try `rustc --explain E0599`.
[INFO] [stdout] Couldn't compile the test.
[INFO] [stdout] ---- src/global_logger.rs - global_logger::PinkLogger::new (line 24) stdout ----
[INFO] [stdout] error[E0599]: no function or associated item named `new` found for trait `std::error::Error`
[INFO] [stdout]   --> src/global_logger.rs:39:39
[INFO] [stdout]    |
[INFO] [stdout] 18 | log.error(Box::new(std::error::Error::new("This is an error")));
[INFO] [stdout]    |                                       ^^^ function or associated item not found in `Error`
[INFO] [stdout] 
[INFO] [stdout] error[E0599]: no function or associated item named `new` found for trait `std::error::Error`
[INFO] [stdout]   --> src/global_logger.rs:40:39
[INFO] [stdout]    |
[INFO] [stdout] 19 | log.fatal(Box::new(std::error::Error::new("This is an fatal error")));
[INFO] [stdout]    |                                       ^^^ function or associated item not found in `Error`
[INFO] [stdout] 
[INFO] [stdout] error: aborting due to 2 previous errors
[INFO] [stdout] 
[INFO] [stdout] For more information about this error, try `rustc --explain E0599`.
[INFO] [stdout] Couldn't compile the test.
[INFO] [stdout] 
[INFO] [stdout] failures:
[INFO] [stdout]     src/global_logger.rs - global_logger::PinkLogger::default (line 64)
[INFO] [stdout]     src/global_logger.rs - global_logger::PinkLogger::new (line 24)
[INFO] [stdout] 
[INFO] [stdout] test result: FAILED. 1 passed; 2 failed; 0 ignored; 0 measured; 0 filtered out; finished in 0.34s
[INFO] [stdout] 
[INFO] running `Command { std: "docker" "inspect" "f190d97621fead9c45db76908e6147093a44acdbfdfb072ceafc9429ad040b6b", kill_on_drop: false }`
[INFO] running `Command { std: "docker" "rm" "-f" "f190d97621fead9c45db76908e6147093a44acdbfdfb072ceafc9429ad040b6b", kill_on_drop: false }`
[INFO] [stdout] f190d97621fead9c45db76908e6147093a44acdbfdfb072ceafc9429ad040b6b
[INFO] testing pink_log-0.1.1 against beta-2023-12-22 for beta-1.76-1
[INFO] extracting crate pink_log 0.1.1 into /workspace/builds/worker-0-tc2/source
[INFO] validating manifest of crates.io crate pink_log 0.1.1 on toolchain beta-2023-12-22
[INFO] running `Command { std: CARGO_HOME="/workspace/cargo-home" RUSTUP_HOME="/workspace/rustup-home" "/workspace/cargo-home/bin/cargo" "+beta-2023-12-22" "metadata" "--manifest-path" "Cargo.toml" "--no-deps", kill_on_drop: false }`
[INFO] started tweaking crates.io crate pink_log 0.1.1
[INFO] finished tweaking crates.io crate pink_log 0.1.1
[INFO] tweaked toml for crates.io crate pink_log 0.1.1 written to /workspace/builds/worker-0-tc2/source/Cargo.toml
[INFO] running `Command { std: CARGO_HOME="/workspace/cargo-home" RUSTUP_HOME="/workspace/rustup-home" "/workspace/cargo-home/bin/cargo" "+beta-2023-12-22" "generate-lockfile" "--manifest-path" "Cargo.toml", kill_on_drop: false }`
[INFO] [stderr]     Blocking waiting for file lock on package cache
[INFO] [stderr]     Updating crates.io index
[INFO] running `Command { std: CARGO_HOME="/workspace/cargo-home" RUSTUP_HOME="/workspace/rustup-home" "/workspace/cargo-home/bin/cargo" "+beta-2023-12-22" "fetch" "--manifest-path" "Cargo.toml", kill_on_drop: false }`
[INFO] [stderr] warning: only one of `license` or `license-file` is necessary
[INFO] [stderr] `license` should be used if the package license can be expressed with a standard SPDX expression.
[INFO] [stderr] `license-file` should be used if the package uses a non-standard license.
[INFO] [stderr] See https://doc.rust-lang.org/cargo/reference/manifest.html#the-license-and-license-file-fields for more information.
[INFO] [stderr]     Blocking waiting for file lock on package cache
[INFO] running `Command { std: "docker" "create" "-v" "/var/lib/crater-agent-workspace/builds/worker-0-tc2/target:/opt/rustwide/target:rw,Z" "-v" "/var/lib/crater-agent-workspace/builds/worker-0-tc2/source:/opt/rustwide/workdir:ro,Z" "-v" "/var/lib/crater-agent-workspace/cargo-home:/opt/rustwide/cargo-home:ro,Z" "-v" "/var/lib/crater-agent-workspace/rustup-home:/opt/rustwide/rustup-home:ro,Z" "-e" "SOURCE_DIR=/opt/rustwide/workdir" "-e" "CARGO_TARGET_DIR=/opt/rustwide/target" "-e" "CARGO_HOME=/opt/rustwide/cargo-home" "-e" "RUSTUP_HOME=/opt/rustwide/rustup-home" "-w" "/opt/rustwide/workdir" "-m" "1610612736" "--user" "0:0" "--network" "none" "ghcr.io/rust-lang/crates-build-env/linux@sha256:2788e3201cd34a07e3172128adcd8b3090168a8e3bcc40d7c032b9dda1df7d1c" "/opt/rustwide/cargo-home/bin/cargo" "+beta-2023-12-22" "metadata" "--no-deps" "--format-version=1", kill_on_drop: false }`
[INFO] [stdout] 81256caead15ccb77202d93863e975b93279bc507349f3d2088260aa182c0328
[INFO] running `Command { std: "docker" "start" "-a" "81256caead15ccb77202d93863e975b93279bc507349f3d2088260aa182c0328", kill_on_drop: false }`
[INFO] running `Command { std: "docker" "inspect" "81256caead15ccb77202d93863e975b93279bc507349f3d2088260aa182c0328", kill_on_drop: false }`
[INFO] running `Command { std: "docker" "rm" "-f" "81256caead15ccb77202d93863e975b93279bc507349f3d2088260aa182c0328", kill_on_drop: false }`
[INFO] [stdout] 81256caead15ccb77202d93863e975b93279bc507349f3d2088260aa182c0328
[INFO] running `Command { std: "docker" "create" "-v" "/var/lib/crater-agent-workspace/builds/worker-0-tc2/target:/opt/rustwide/target:rw,Z" "-v" "/var/lib/crater-agent-workspace/builds/worker-0-tc2/source:/opt/rustwide/workdir:ro,Z" "-v" "/var/lib/crater-agent-workspace/cargo-home:/opt/rustwide/cargo-home:ro,Z" "-v" "/var/lib/crater-agent-workspace/rustup-home:/opt/rustwide/rustup-home:ro,Z" "-e" "SOURCE_DIR=/opt/rustwide/workdir" "-e" "CARGO_TARGET_DIR=/opt/rustwide/target" "-e" "CARGO_INCREMENTAL=0" "-e" "RUST_BACKTRACE=full" "-e" "RUSTFLAGS=--cap-lints=warn" "-e" "RUSTDOCFLAGS=--cap-lints=warn" "-e" "CARGO_HOME=/opt/rustwide/cargo-home" "-e" "RUSTUP_HOME=/opt/rustwide/rustup-home" "-w" "/opt/rustwide/workdir" "-m" "1610612736" "--user" "0:0" "--network" "none" "ghcr.io/rust-lang/crates-build-env/linux@sha256:2788e3201cd34a07e3172128adcd8b3090168a8e3bcc40d7c032b9dda1df7d1c" "/opt/rustwide/cargo-home/bin/cargo" "+beta-2023-12-22" "build" "--frozen" "--message-format=json", kill_on_drop: false }`
[INFO] [stdout] 85a439d975f0ab9d37a1eda47bfdd7219dbc28ae947a838d890c523cb501c0b1
[INFO] running `Command { std: "docker" "start" "-a" "85a439d975f0ab9d37a1eda47bfdd7219dbc28ae947a838d890c523cb501c0b1", kill_on_drop: false }`
[INFO] [stderr] warning: only one of `license` or `license-file` is necessary
[INFO] [stderr] `license` should be used if the package license can be expressed with a standard SPDX expression.
[INFO] [stderr] `license-file` should be used if the package uses a non-standard license.
[INFO] [stderr] See https://doc.rust-lang.org/cargo/reference/manifest.html#the-license-and-license-file-fields for more information.
[INFO] [stderr]    Compiling libc v0.2.151
[INFO] [stderr]    Compiling getrandom v0.2.11
[INFO] [stderr]    Compiling rand_core v0.6.4
[INFO] [stderr]    Compiling rand_chacha v0.3.1
[INFO] [stderr]    Compiling rand v0.8.5
[INFO] [stderr]    Compiling uuid v1.6.1
[INFO] [stderr]    Compiling pink_log v0.1.1 (/opt/rustwide/workdir)
[INFO] [stderr]     Finished dev [unoptimized + debuginfo] target(s) in 3.31s
[INFO] running `Command { std: "docker" "inspect" "85a439d975f0ab9d37a1eda47bfdd7219dbc28ae947a838d890c523cb501c0b1", kill_on_drop: false }`
[INFO] running `Command { std: "docker" "rm" "-f" "85a439d975f0ab9d37a1eda47bfdd7219dbc28ae947a838d890c523cb501c0b1", kill_on_drop: false }`
[INFO] [stdout] 85a439d975f0ab9d37a1eda47bfdd7219dbc28ae947a838d890c523cb501c0b1
[INFO] running `Command { std: "docker" "create" "-v" "/var/lib/crater-agent-workspace/builds/worker-0-tc2/target:/opt/rustwide/target:rw,Z" "-v" "/var/lib/crater-agent-workspace/builds/worker-0-tc2/source:/opt/rustwide/workdir:ro,Z" "-v" "/var/lib/crater-agent-workspace/cargo-home:/opt/rustwide/cargo-home:ro,Z" "-v" "/var/lib/crater-agent-workspace/rustup-home:/opt/rustwide/rustup-home:ro,Z" "-e" "SOURCE_DIR=/opt/rustwide/workdir" "-e" "CARGO_TARGET_DIR=/opt/rustwide/target" "-e" "CARGO_INCREMENTAL=0" "-e" "RUST_BACKTRACE=full" "-e" "RUSTFLAGS=--cap-lints=warn" "-e" "RUSTDOCFLAGS=--cap-lints=warn" "-e" "CARGO_HOME=/opt/rustwide/cargo-home" "-e" "RUSTUP_HOME=/opt/rustwide/rustup-home" "-w" "/opt/rustwide/workdir" "-m" "1610612736" "--user" "0:0" "--network" "none" "ghcr.io/rust-lang/crates-build-env/linux@sha256:2788e3201cd34a07e3172128adcd8b3090168a8e3bcc40d7c032b9dda1df7d1c" "/opt/rustwide/cargo-home/bin/cargo" "+beta-2023-12-22" "test" "--frozen" "--no-run" "--message-format=json", kill_on_drop: false }`
[INFO] [stdout] a4c60c308a1358bf9ca360232dfb19f3f4ec0874758027b492bebbfa152d7485
[INFO] running `Command { std: "docker" "start" "-a" "a4c60c308a1358bf9ca360232dfb19f3f4ec0874758027b492bebbfa152d7485", kill_on_drop: false }`
[INFO] [stderr] warning: only one of `license` or `license-file` is necessary
[INFO] [stderr] `license` should be used if the package license can be expressed with a standard SPDX expression.
[INFO] [stderr] `license-file` should be used if the package uses a non-standard license.
[INFO] [stderr] See https://doc.rust-lang.org/cargo/reference/manifest.html#the-license-and-license-file-fields for more information.
[INFO] [stderr]    Compiling pink_log v0.1.1 (/opt/rustwide/workdir)
[INFO] [stderr]     Finished test [unoptimized + debuginfo] target(s) in 0.56s
[INFO] running `Command { std: "docker" "inspect" "a4c60c308a1358bf9ca360232dfb19f3f4ec0874758027b492bebbfa152d7485", kill_on_drop: false }`
[INFO] running `Command { std: "docker" "rm" "-f" "a4c60c308a1358bf9ca360232dfb19f3f4ec0874758027b492bebbfa152d7485", kill_on_drop: false }`
[INFO] [stdout] a4c60c308a1358bf9ca360232dfb19f3f4ec0874758027b492bebbfa152d7485
[INFO] running `Command { std: "docker" "create" "-v" "/var/lib/crater-agent-workspace/builds/worker-0-tc2/target:/opt/rustwide/target:rw,Z" "-v" "/var/lib/crater-agent-workspace/builds/worker-0-tc2/source:/opt/rustwide/workdir:ro,Z" "-v" "/var/lib/crater-agent-workspace/cargo-home:/opt/rustwide/cargo-home:ro,Z" "-v" "/var/lib/crater-agent-workspace/rustup-home:/opt/rustwide/rustup-home:ro,Z" "-e" "SOURCE_DIR=/opt/rustwide/workdir" "-e" "CARGO_TARGET_DIR=/opt/rustwide/target" "-e" "CARGO_INCREMENTAL=0" "-e" "RUST_BACKTRACE=full" "-e" "RUSTFLAGS=--cap-lints=warn" "-e" "RUSTDOCFLAGS=--cap-lints=warn" "-e" "CARGO_HOME=/opt/rustwide/cargo-home" "-e" "RUSTUP_HOME=/opt/rustwide/rustup-home" "-w" "/opt/rustwide/workdir" "-m" "1610612736" "--user" "0:0" "--network" "none" "ghcr.io/rust-lang/crates-build-env/linux@sha256:2788e3201cd34a07e3172128adcd8b3090168a8e3bcc40d7c032b9dda1df7d1c" "/opt/rustwide/cargo-home/bin/cargo" "+beta-2023-12-22" "test" "--frozen", kill_on_drop: false }`
[INFO] [stdout] a37f2e130fbf502c9061fd6814c1f5e2beca015b240e46db63cc2a6558e6dbef
[INFO] running `Command { std: "docker" "start" "-a" "a37f2e130fbf502c9061fd6814c1f5e2beca015b240e46db63cc2a6558e6dbef", kill_on_drop: false }`
[INFO] [stderr] warning: only one of `license` or `license-file` is necessary
[INFO] [stderr] `license` should be used if the package license can be expressed with a standard SPDX expression.
[INFO] [stderr] `license-file` should be used if the package uses a non-standard license.
[INFO] [stderr] See https://doc.rust-lang.org/cargo/reference/manifest.html#the-license-and-license-file-fields for more information.
[INFO] [stderr]     Finished test [unoptimized + debuginfo] target(s) in 0.02s
[INFO] [stderr]      Running unittests src/lib.rs (/opt/rustwide/target/debug/deps/pink_log-b9763a5608d84f24)
[INFO] [stderr]    Doc-tests pink_log
[INFO] [stdout] 
[INFO] [stdout] running 1 test
[INFO] [stdout] test log_settings::test_log_settings_new ... ok
[INFO] [stdout] 
[INFO] [stdout] test result: ok. 1 passed; 0 failed; 0 ignored; 0 measured; 0 filtered out; finished in 0.00s
[INFO] [stdout] 
[INFO] [stdout] 
[INFO] [stdout] running 3 tests
[INFO] [stdout] test src/global_logger.rs - global_logger::PinkLogger::new (line 24) ... FAILED
[INFO] [stdout] test src/global_logger.rs - global_logger::PinkLogger::default (line 64) ... FAILED
[INFO] [stdout] test src/log_settings_builder.rs - log_settings_builder::LogSettingsBuilder::new (line 19) ... ok
[INFO] [stdout] 
[INFO] [stdout] failures:
[INFO] [stdout] 
[INFO] [stdout] ---- src/global_logger.rs - global_logger::PinkLogger::new (line 24) stdout ----
[INFO] [stdout] error[E0599]: no function or associated item named `new` found for trait `std::error::Error`
[INFO] [stdout]   --> src/global_logger.rs:39:39
[INFO] [stdout]    |
[INFO] [stdout] 18 | log.error(Box::new(std::error::Error::new("This is an error")));
[INFO] [stdout]    |                                       ^^^ function or associated item not found in `Error`
[INFO] [stdout] 
[INFO] [stdout] error[E0599]: no function or associated item named `new` found for trait `std::error::Error`
[INFO] [stdout]   --> src/global_logger.rs:40:39
[INFO] [stdout]    |
[INFO] [stdout] 19 | log.fatal(Box::new(std::error::Error::new("This is an fatal error")));
[INFO] [stdout]    |                                       ^^^ function or associated item not found in `Error`
[INFO] [stdout] 
[INFO] [stdout] error: aborting due to 2 previous errors
[INFO] [stdout] 
[INFO] [stdout] For more information about this error, try `rustc --explain E0599`.
[INFO] [stdout] Couldn't compile the test.
[INFO] [stdout] ---- src/global_logger.rs - global_logger::PinkLogger::default (line 64) stdout ----
[INFO] [stdout] error[E0599]: no function or associated item named `new` found for trait `std::error::Error`
[INFO] [stdout]   --> src/global_logger.rs:74:42
[INFO] [stdout]    |
[INFO] [stdout] 13 | logger.error(Box::new(std::error::Error::new("This is an error")));
[INFO] [stdout]    |                                          ^^^ function or associated item not found in `Error`
[INFO] [stdout] 
[INFO] [stdout] error[E0599]: no function or associated item named `new` found for trait `std::error::Error`
[INFO] [stdout]   --> src/global_logger.rs:75:42
[INFO] [stdout]    |
[INFO] [stdout] 14 | logger.fatal(Box::new(std::error::Error::new("This is an fatal error")));
[INFO] [stdout]    |                                          ^^^ function or associated item not found in `Error`
[INFO] [stdout] 
[INFO] [stdout] error: aborting due to 2 previous errors
[INFO] [stdout] 
[INFO] [stdout] For more information about this error, try `rustc --explain E0599`.
[INFO] [stdout] Couldn't compile the test.
[INFO] [stdout] 
[INFO] [stdout] failures:
[INFO] [stdout]     src/global_logger.rs - global_logger::PinkLogger::default (line 64)
[INFO] [stdout]     src/global_logger.rs - global_logger::PinkLogger::new (line 24)
[INFO] [stdout] 
[INFO] [stdout] test result: FAILED. 1 passed; 2 failed; 0 ignored; 0 measured; 0 filtered out; finished in 0.30s
[INFO] [stdout] 
[INFO] [stderr] error: doctest failed, to rerun pass `--doc`
[INFO] running `Command { std: "docker" "inspect" "a37f2e130fbf502c9061fd6814c1f5e2beca015b240e46db63cc2a6558e6dbef", kill_on_drop: false }`
[INFO] running `Command { std: "docker" "rm" "-f" "a37f2e130fbf502c9061fd6814c1f5e2beca015b240e46db63cc2a6558e6dbef", kill_on_drop: false }`
[INFO] [stdout] a37f2e130fbf502c9061fd6814c1f5e2beca015b240e46db63cc2a6558e6dbef
