[INFO] fetching crate pidcat 0.2.1...
[INFO] testing pidcat-0.2.1 against 1.75.0 for beta-1.76-1
[INFO] extracting crate pidcat 0.2.1 into /workspace/builds/worker-4-tc1/source
[INFO] validating manifest of crates.io crate pidcat 0.2.1 on toolchain 1.75.0
[INFO] running `Command { std: CARGO_HOME="/workspace/cargo-home" RUSTUP_HOME="/workspace/rustup-home" "/workspace/cargo-home/bin/cargo" "+1.75.0" "metadata" "--manifest-path" "Cargo.toml" "--no-deps", kill_on_drop: false }`
[INFO] started tweaking crates.io crate pidcat 0.2.1
[INFO] finished tweaking crates.io crate pidcat 0.2.1
[INFO] tweaked toml for crates.io crate pidcat 0.2.1 written to /workspace/builds/worker-4-tc1/source/Cargo.toml
[INFO] crate crates.io crate pidcat 0.2.1 already has a lockfile, it will not be regenerated
[INFO] running `Command { std: CARGO_HOME="/workspace/cargo-home" RUSTUP_HOME="/workspace/rustup-home" "/workspace/cargo-home/bin/cargo" "+1.75.0" "fetch" "--manifest-path" "Cargo.toml", kill_on_drop: false }`
[INFO] running `Command { std: "docker" "create" "-v" "/var/lib/crater-agent-workspace/builds/worker-4-tc1/target:/opt/rustwide/target:rw,Z" "-v" "/var/lib/crater-agent-workspace/builds/worker-4-tc1/source:/opt/rustwide/workdir:ro,Z" "-v" "/var/lib/crater-agent-workspace/cargo-home:/opt/rustwide/cargo-home:ro,Z" "-v" "/var/lib/crater-agent-workspace/rustup-home:/opt/rustwide/rustup-home:ro,Z" "-e" "SOURCE_DIR=/opt/rustwide/workdir" "-e" "CARGO_TARGET_DIR=/opt/rustwide/target" "-e" "CARGO_HOME=/opt/rustwide/cargo-home" "-e" "RUSTUP_HOME=/opt/rustwide/rustup-home" "-w" "/opt/rustwide/workdir" "-m" "1610612736" "--user" "0:0" "--network" "none" "ghcr.io/rust-lang/crates-build-env/linux@sha256:2788e3201cd34a07e3172128adcd8b3090168a8e3bcc40d7c032b9dda1df7d1c" "/opt/rustwide/cargo-home/bin/cargo" "+1.75.0" "metadata" "--no-deps" "--format-version=1", kill_on_drop: false }`
[INFO] [stdout] 1c978785eea22188d77e9228c999002a2fbefab512f5e9d053ef5836227d34d0
[INFO] running `Command { std: "docker" "start" "-a" "1c978785eea22188d77e9228c999002a2fbefab512f5e9d053ef5836227d34d0", kill_on_drop: false }`
[INFO] running `Command { std: "docker" "inspect" "1c978785eea22188d77e9228c999002a2fbefab512f5e9d053ef5836227d34d0", kill_on_drop: false }`
[INFO] running `Command { std: "docker" "rm" "-f" "1c978785eea22188d77e9228c999002a2fbefab512f5e9d053ef5836227d34d0", kill_on_drop: false }`
[INFO] [stdout] 1c978785eea22188d77e9228c999002a2fbefab512f5e9d053ef5836227d34d0
[INFO] running `Command { std: "docker" "create" "-v" "/var/lib/crater-agent-workspace/builds/worker-4-tc1/target:/opt/rustwide/target:rw,Z" "-v" "/var/lib/crater-agent-workspace/builds/worker-4-tc1/source:/opt/rustwide/workdir:ro,Z" "-v" "/var/lib/crater-agent-workspace/cargo-home:/opt/rustwide/cargo-home:ro,Z" "-v" "/var/lib/crater-agent-workspace/rustup-home:/opt/rustwide/rustup-home:ro,Z" "-e" "SOURCE_DIR=/opt/rustwide/workdir" "-e" "CARGO_TARGET_DIR=/opt/rustwide/target" "-e" "CARGO_INCREMENTAL=0" "-e" "RUST_BACKTRACE=full" "-e" "RUSTFLAGS=--cap-lints=warn" "-e" "RUSTDOCFLAGS=--cap-lints=warn" "-e" "CARGO_HOME=/opt/rustwide/cargo-home" "-e" "RUSTUP_HOME=/opt/rustwide/rustup-home" "-w" "/opt/rustwide/workdir" "-m" "1610612736" "--user" "0:0" "--network" "none" "ghcr.io/rust-lang/crates-build-env/linux@sha256:2788e3201cd34a07e3172128adcd8b3090168a8e3bcc40d7c032b9dda1df7d1c" "/opt/rustwide/cargo-home/bin/cargo" "+1.75.0" "build" "--frozen" "--message-format=json", kill_on_drop: false }`
[INFO] [stdout] 4263f480f0694f6955e91073727653aad59227540a1804865d65754680b76a82
[INFO] running `Command { std: "docker" "start" "-a" "4263f480f0694f6955e91073727653aad59227540a1804865d65754680b76a82", kill_on_drop: false }`
[INFO] [stderr]    Compiling libc v0.2.144
[INFO] [stderr]    Compiling proc-macro2 v1.0.58
[INFO] [stderr]    Compiling quote v1.0.27
[INFO] [stderr]    Compiling unicode-ident v1.0.8
[INFO] [stderr]    Compiling io-lifetimes v1.0.10
[INFO] [stderr]    Compiling rustix v0.37.19
[INFO] [stderr]    Compiling futures-core v0.3.28
[INFO] [stderr]    Compiling linux-raw-sys v0.3.7
[INFO] [stderr]    Compiling parking_lot_core v0.9.7
[INFO] [stderr]    Compiling futures-task v0.3.28
[INFO] [stderr]    Compiling smallvec v1.10.0
[INFO] [stderr]    Compiling pin-project-lite v0.2.9
[INFO] [stderr]    Compiling lock_api v0.4.9
[INFO] [stderr]    Compiling scopeguard v1.1.0
[INFO] [stderr]    Compiling memchr v2.5.0
[INFO] [stderr]    Compiling log v0.4.17
[INFO] [stderr]    Compiling anstyle-parse v0.2.0
[INFO] [stderr]    Compiling anstyle v1.0.0
[INFO] [stderr]    Compiling futures-sink v0.3.28
[INFO] [stderr]    Compiling crossbeam-utils v0.8.15
[INFO] [stderr]    Compiling futures-util v0.3.28
[INFO] [stderr]    Compiling futures-channel v0.3.28
[INFO] [stderr]    Compiling tokio v1.28.1
[INFO] [stderr]    Compiling async-trait v0.1.68
[INFO] [stderr]    Compiling clap_lex v0.4.1
[INFO] [stderr]    Compiling either v1.8.1
[INFO] [stderr]    Compiling bytes v1.4.0
[INFO] [stderr]    Compiling hashbrown v0.12.3
[INFO] [stderr]    Compiling futures-io v0.3.28
[INFO] [stderr]    Compiling regex-syntax v0.7.1
[INFO] [stderr]    Compiling once_cell v1.17.1
[INFO] [stderr]    Compiling aho-corasick v1.0.1
[INFO] [stderr]    Compiling crossbeam-channel v0.5.8
[INFO] [stderr]    Compiling syn v2.0.16
[INFO] [stderr]    Compiling num_cpus v1.15.0
[INFO] [stderr]    Compiling signal-hook-registry v1.4.1
[INFO] [stderr]    Compiling socket2 v0.4.9
[INFO] [stderr]    Compiling mio v0.8.6
[INFO] [stderr]    Compiling atty v0.2.14
[INFO] [stderr]    Compiling which v4.4.0
[INFO] [stderr]    Compiling colored v2.0.0
[INFO] [stderr]    Compiling parking_lot v0.12.1
[INFO] [stderr]    Compiling dashmap v5.4.0
[INFO] [stderr]    Compiling futures v0.3.28
[INFO] [stderr]    Compiling regex v1.8.1
[INFO] [stderr]    Compiling is-terminal v0.4.7
[INFO] [stderr]    Compiling anstream v0.3.2
[INFO] [stderr]    Compiling clap_builder v4.2.7
[INFO] [stderr]    Compiling async-stream-impl v0.3.5
[INFO] [stderr]    Compiling tokio-macros v2.1.0
[INFO] [stderr]    Compiling async-stream v0.3.5
[INFO] [stderr]    Compiling clap v4.2.7
[INFO] [stderr]    Compiling pidcat v0.2.1 (/opt/rustwide/workdir)
[INFO] [stderr]     Finished dev [unoptimized + debuginfo] target(s) in 14.79s
[INFO] running `Command { std: "docker" "inspect" "4263f480f0694f6955e91073727653aad59227540a1804865d65754680b76a82", kill_on_drop: false }`
[INFO] running `Command { std: "docker" "rm" "-f" "4263f480f0694f6955e91073727653aad59227540a1804865d65754680b76a82", kill_on_drop: false }`
[INFO] [stdout] 4263f480f0694f6955e91073727653aad59227540a1804865d65754680b76a82
[INFO] running `Command { std: "docker" "create" "-v" "/var/lib/crater-agent-workspace/builds/worker-4-tc1/target:/opt/rustwide/target:rw,Z" "-v" "/var/lib/crater-agent-workspace/builds/worker-4-tc1/source:/opt/rustwide/workdir:ro,Z" "-v" "/var/lib/crater-agent-workspace/cargo-home:/opt/rustwide/cargo-home:ro,Z" "-v" "/var/lib/crater-agent-workspace/rustup-home:/opt/rustwide/rustup-home:ro,Z" "-e" "SOURCE_DIR=/opt/rustwide/workdir" "-e" "CARGO_TARGET_DIR=/opt/rustwide/target" "-e" "CARGO_INCREMENTAL=0" "-e" "RUST_BACKTRACE=full" "-e" "RUSTFLAGS=--cap-lints=warn" "-e" "RUSTDOCFLAGS=--cap-lints=warn" "-e" "CARGO_HOME=/opt/rustwide/cargo-home" "-e" "RUSTUP_HOME=/opt/rustwide/rustup-home" "-w" "/opt/rustwide/workdir" "-m" "1610612736" "--user" "0:0" "--network" "none" "ghcr.io/rust-lang/crates-build-env/linux@sha256:2788e3201cd34a07e3172128adcd8b3090168a8e3bcc40d7c032b9dda1df7d1c" "/opt/rustwide/cargo-home/bin/cargo" "+1.75.0" "test" "--frozen" "--no-run" "--message-format=json", kill_on_drop: false }`
[INFO] [stdout] 295cec135674a1e8da8dc1d223df5ce364424da5a966f7d1857cf3a00e4a22ad
[INFO] running `Command { std: "docker" "start" "-a" "295cec135674a1e8da8dc1d223df5ce364424da5a966f7d1857cf3a00e4a22ad", kill_on_drop: false }`
[INFO] [stderr]    Compiling pidcat v0.2.1 (/opt/rustwide/workdir)
[INFO] [stdout] warning: unused import: `Sink`
[INFO] [stdout]  --> examples/logcat.rs:4:15
[INFO] [stdout]   |
[INFO] [stdout] 4 | use futures::{Sink, Stream, StreamExt};
[INFO] [stdout]   |               ^^^^
[INFO] [stdout]   |
[INFO] [stdout]   = note: `#[warn(unused_imports)]` on by default
[INFO] [stdout] 
[INFO] [stdout] 
[INFO] [stdout] warning: value assigned to `buffer` is never read
[INFO] [stdout]   --> examples/logcat.rs:67:21
[INFO] [stdout]    |
[INFO] [stdout] 67 |             let mut buffer = String::new();
[INFO] [stdout]    |                     ^^^^^^
[INFO] [stdout]    |
[INFO] [stdout]    = help: maybe it is overwritten before being read?
[INFO] [stdout]    = note: `#[warn(unused_assignments)]` on by default
[INFO] [stdout] 
[INFO] [stdout] 
[INFO] [stdout] warning: field `buffer` is never read
[INFO] [stdout]   --> examples/logcat.rs:22:9
[INFO] [stdout]    |
[INFO] [stdout] 14 | pub(crate) struct Log {
[INFO] [stdout]    |                   --- field in this struct
[INFO] [stdout] ...
[INFO] [stdout] 22 |     pub buffer: String,
[INFO] [stdout]    |         ^^^^^^
[INFO] [stdout]    |
[INFO] [stdout]    = note: `Log` has derived impls for the traits `Clone` and `Debug`, but these are intentionally ignored during dead code analysis
[INFO] [stdout]    = note: `#[warn(dead_code)]` on by default
[INFO] [stdout] 
[INFO] [stdout] 
[INFO] [stdout] warning: 3 warnings emitted
[INFO] [stdout] 
[INFO] [stdout] 
[INFO] [stderr]     Finished test [unoptimized + debuginfo] target(s) in 1.64s
[INFO] running `Command { std: "docker" "inspect" "295cec135674a1e8da8dc1d223df5ce364424da5a966f7d1857cf3a00e4a22ad", kill_on_drop: false }`
[INFO] running `Command { std: "docker" "rm" "-f" "295cec135674a1e8da8dc1d223df5ce364424da5a966f7d1857cf3a00e4a22ad", kill_on_drop: false }`
[INFO] [stdout] 295cec135674a1e8da8dc1d223df5ce364424da5a966f7d1857cf3a00e4a22ad
[INFO] running `Command { std: "docker" "create" "-v" "/var/lib/crater-agent-workspace/builds/worker-4-tc1/target:/opt/rustwide/target:rw,Z" "-v" "/var/lib/crater-agent-workspace/builds/worker-4-tc1/source:/opt/rustwide/workdir:ro,Z" "-v" "/var/lib/crater-agent-workspace/cargo-home:/opt/rustwide/cargo-home:ro,Z" "-v" "/var/lib/crater-agent-workspace/rustup-home:/opt/rustwide/rustup-home:ro,Z" "-e" "SOURCE_DIR=/opt/rustwide/workdir" "-e" "CARGO_TARGET_DIR=/opt/rustwide/target" "-e" "CARGO_INCREMENTAL=0" "-e" "RUST_BACKTRACE=full" "-e" "RUSTFLAGS=--cap-lints=warn" "-e" "RUSTDOCFLAGS=--cap-lints=warn" "-e" "CARGO_HOME=/opt/rustwide/cargo-home" "-e" "RUSTUP_HOME=/opt/rustwide/rustup-home" "-w" "/opt/rustwide/workdir" "-m" "1610612736" "--user" "0:0" "--network" "none" "ghcr.io/rust-lang/crates-build-env/linux@sha256:2788e3201cd34a07e3172128adcd8b3090168a8e3bcc40d7c032b9dda1df7d1c" "/opt/rustwide/cargo-home/bin/cargo" "+1.75.0" "test" "--frozen", kill_on_drop: false }`
[INFO] [stdout] b70ef4976ec9d9e4464a4b16f9e5985826c14aec03f59ce1d00d3ffa8e84a36a
[INFO] running `Command { std: "docker" "start" "-a" "b70ef4976ec9d9e4464a4b16f9e5985826c14aec03f59ce1d00d3ffa8e84a36a", kill_on_drop: false }`
[INFO] [stderr] warning: unused import: `Sink`
[INFO] [stderr]  --> examples/logcat.rs:4:15
[INFO] [stderr]   |
[INFO] [stderr] 4 | use futures::{Sink, Stream, StreamExt};
[INFO] [stderr]   |               ^^^^
[INFO] [stderr]   |
[INFO] [stderr]   = note: `#[warn(unused_imports)]` on by default
[INFO] [stderr] 
[INFO] [stderr] warning: value assigned to `buffer` is never read
[INFO] [stderr]   --> examples/logcat.rs:67:21
[INFO] [stderr]    |
[INFO] [stderr] 67 |             let mut buffer = String::new();
[INFO] [stderr]    |                     ^^^^^^
[INFO] [stderr]    |
[INFO] [stderr]    = help: maybe it is overwritten before being read?
[INFO] [stderr]    = note: `#[warn(unused_assignments)]` on by default
[INFO] [stderr] 
[INFO] [stderr] warning: field `buffer` is never read
[INFO] [stderr]   --> examples/logcat.rs:22:9
[INFO] [stderr]    |
[INFO] [stderr] 14 | pub(crate) struct Log {
[INFO] [stderr]    |                   --- field in this struct
[INFO] [stderr] ...
[INFO] [stderr] 22 |     pub buffer: String,
[INFO] [stderr]    |         ^^^^^^
[INFO] [stderr]    |
[INFO] [stderr]    = note: `Log` has derived impls for the traits `Clone` and `Debug`, but these are intentionally ignored during dead code analysis
[INFO] [stderr]    = note: `#[warn(dead_code)]` on by default
[INFO] [stderr] 
[INFO] [stderr] warning: `pidcat` (example "logcat") generated 3 warnings (run `cargo fix --example "logcat"` to apply 1 suggestion)
[INFO] [stderr]     Finished test [unoptimized + debuginfo] target(s) in 0.05s
[INFO] [stderr]      Running unittests src/lib.rs (/opt/rustwide/target/debug/deps/pidcat-1d987371b4ec8f31)
[INFO] [stdout] 
[INFO] [stdout] running 0 tests
[INFO] [stdout] 
[INFO] [stdout] test result: ok. 0 passed; 0 failed; 0 ignored; 0 measured; 0 filtered out; finished in 0.00s
[INFO] [stdout] 
[INFO] [stderr]      Running unittests src/main.rs (/opt/rustwide/target/debug/deps/pidcat-602a1871f565f56c)
[INFO] [stdout] 
[INFO] [stderr]    Doc-tests pidcat
[INFO] [stdout] running 0 tests
[INFO] [stdout] 
[INFO] [stdout] test result: ok. 0 passed; 0 failed; 0 ignored; 0 measured; 0 filtered out; finished in 0.00s
[INFO] [stdout] 
[INFO] [stdout] 
[INFO] [stdout] running 1 test
[INFO] [stdout] test src/log.rs - log::LogStream (line 37) - compile ... FAILED
[INFO] [stdout] 
[INFO] [stdout] failures:
[INFO] [stdout] 
[INFO] [stdout] ---- src/log.rs - log::LogStream (line 37) stdout ----
[INFO] [stdout] error: expected type, found `=`
[INFO] [stdout]  --> src/log.rs:38:13
[INFO] [stdout]   |
[INFO] [stdout] 3 | let source: = ADBSource::new(None);
[INFO] [stdout]   |     ------  ^ expected type
[INFO] [stdout]   |     |
[INFO] [stdout]   |     while parsing the type for `source`
[INFO] [stdout] 
[INFO] [stdout] error[E0433]: failed to resolve: use of undeclared type `ADBSource`
[INFO] [stdout]  --> src/log.rs:38:15
[INFO] [stdout]   |
[INFO] [stdout] 3 | let source: = ADBSource::new(None);
[INFO] [stdout]   |               ^^^^^^^^^ use of undeclared type `ADBSource`
[INFO] [stdout]   |
[INFO] [stdout] help: consider importing this struct
[INFO] [stdout]   |
[INFO] [stdout] 2 + use pidcat::source::ADBSource;
[INFO] [stdout]   |
[INFO] [stdout] 
[INFO] [stdout] error[E0728]: `await` is only allowed inside `async` functions and blocks
[INFO] [stdout]  --> src/log.rs:39:32
[INFO] [stdout]   |
[INFO] [stdout] 2 | fn main() { #[allow(non_snake_case)] fn _doctest_main_src_log_rs_37_0() {
[INFO] [stdout]   |                                         ----------------------------- this is not `async`
[INFO] [stdout] 3 | let source: = ADBSource::new(None);
[INFO] [stdout] 4 | let mut logs = source.source().await;
[INFO] [stdout]   |                                ^^^^^ only allowed inside `async` functions and blocks
[INFO] [stdout] 
[INFO] [stdout] error[E0728]: `await` is only allowed inside `async` functions and blocks
[INFO] [stdout]  --> src/log.rs:40:33
[INFO] [stdout]   |
[INFO] [stdout] 2 | fn main() { #[allow(non_snake_case)] fn _doctest_main_src_log_rs_37_0() {
[INFO] [stdout]   |                                         ----------------------------- this is not `async`
[INFO] [stdout] ...
[INFO] [stdout] 5 | while let Some(r) = logs.next().await {
[INFO] [stdout]   |                                 ^^^^^ only allowed inside `async` functions and blocks
[INFO] [stdout] 
[INFO] [stdout] error: aborting due to 4 previous errors
[INFO] [stdout] 
[INFO] [stdout] Some errors have detailed explanations: E0433, E0728.
[INFO] [stdout] For more information about an error, try `rustc --explain E0433`.
[INFO] [stdout] Couldn't compile the test.
[INFO] [stdout] 
[INFO] [stdout] failures:
[INFO] [stdout]     src/log.rs - log::LogStream (line 37)
[INFO] [stdout] 
[INFO] [stdout] test result: FAILED. 0 passed; 1 failed; 0 ignored; 0 measured; 0 filtered out; finished in 0.12s
[INFO] [stdout] 
[INFO] [stderr] error: doctest failed, to rerun pass `--doc`
[INFO] running `Command { std: "docker" "inspect" "b70ef4976ec9d9e4464a4b16f9e5985826c14aec03f59ce1d00d3ffa8e84a36a", kill_on_drop: false }`
[INFO] running `Command { std: "docker" "rm" "-f" "b70ef4976ec9d9e4464a4b16f9e5985826c14aec03f59ce1d00d3ffa8e84a36a", kill_on_drop: false }`
[INFO] [stdout] b70ef4976ec9d9e4464a4b16f9e5985826c14aec03f59ce1d00d3ffa8e84a36a
