[INFO] fetching crate picorv32 0.1.3...
[INFO] testing picorv32-0.1.3 against 1.75.0 for beta-1.76-1
[INFO] extracting crate picorv32 0.1.3 into /workspace/builds/worker-6-tc1/source
[INFO] validating manifest of crates.io crate picorv32 0.1.3 on toolchain 1.75.0
[INFO] running `Command { std: CARGO_HOME="/workspace/cargo-home" RUSTUP_HOME="/workspace/rustup-home" "/workspace/cargo-home/bin/cargo" "+1.75.0" "metadata" "--manifest-path" "Cargo.toml" "--no-deps", kill_on_drop: false }`
[INFO] started tweaking crates.io crate picorv32 0.1.3
[INFO] finished tweaking crates.io crate picorv32 0.1.3
[INFO] tweaked toml for crates.io crate picorv32 0.1.3 written to /workspace/builds/worker-6-tc1/source/Cargo.toml
[INFO] running `Command { std: CARGO_HOME="/workspace/cargo-home" RUSTUP_HOME="/workspace/rustup-home" "/workspace/cargo-home/bin/cargo" "+1.75.0" "generate-lockfile" "--manifest-path" "Cargo.toml", kill_on_drop: false }`
[INFO] [stderr]     Updating crates.io index
[INFO] running `Command { std: CARGO_HOME="/workspace/cargo-home" RUSTUP_HOME="/workspace/rustup-home" "/workspace/cargo-home/bin/cargo" "+1.75.0" "fetch" "--manifest-path" "Cargo.toml", kill_on_drop: false }`
[INFO] running `Command { std: "docker" "create" "-v" "/var/lib/crater-agent-workspace/builds/worker-6-tc1/target:/opt/rustwide/target:rw,Z" "-v" "/var/lib/crater-agent-workspace/builds/worker-6-tc1/source:/opt/rustwide/workdir:ro,Z" "-v" "/var/lib/crater-agent-workspace/cargo-home:/opt/rustwide/cargo-home:ro,Z" "-v" "/var/lib/crater-agent-workspace/rustup-home:/opt/rustwide/rustup-home:ro,Z" "-e" "SOURCE_DIR=/opt/rustwide/workdir" "-e" "CARGO_TARGET_DIR=/opt/rustwide/target" "-e" "CARGO_HOME=/opt/rustwide/cargo-home" "-e" "RUSTUP_HOME=/opt/rustwide/rustup-home" "-w" "/opt/rustwide/workdir" "-m" "1610612736" "--user" "0:0" "--network" "none" "ghcr.io/rust-lang/crates-build-env/linux@sha256:2788e3201cd34a07e3172128adcd8b3090168a8e3bcc40d7c032b9dda1df7d1c" "/opt/rustwide/cargo-home/bin/cargo" "+1.75.0" "metadata" "--no-deps" "--format-version=1", kill_on_drop: false }`
[INFO] [stdout] 4fa5856979caf70addfb2bdcc2fadb228ec1dbefc3a7238312b0ffb8122c423a
[INFO] running `Command { std: "docker" "start" "-a" "4fa5856979caf70addfb2bdcc2fadb228ec1dbefc3a7238312b0ffb8122c423a", kill_on_drop: false }`
[INFO] running `Command { std: "docker" "inspect" "4fa5856979caf70addfb2bdcc2fadb228ec1dbefc3a7238312b0ffb8122c423a", kill_on_drop: false }`
[INFO] running `Command { std: "docker" "rm" "-f" "4fa5856979caf70addfb2bdcc2fadb228ec1dbefc3a7238312b0ffb8122c423a", kill_on_drop: false }`
[INFO] [stdout] 4fa5856979caf70addfb2bdcc2fadb228ec1dbefc3a7238312b0ffb8122c423a
[INFO] running `Command { std: "docker" "create" "-v" "/var/lib/crater-agent-workspace/builds/worker-6-tc1/target:/opt/rustwide/target:rw,Z" "-v" "/var/lib/crater-agent-workspace/builds/worker-6-tc1/source:/opt/rustwide/workdir:ro,Z" "-v" "/var/lib/crater-agent-workspace/cargo-home:/opt/rustwide/cargo-home:ro,Z" "-v" "/var/lib/crater-agent-workspace/rustup-home:/opt/rustwide/rustup-home:ro,Z" "-e" "SOURCE_DIR=/opt/rustwide/workdir" "-e" "CARGO_TARGET_DIR=/opt/rustwide/target" "-e" "CARGO_INCREMENTAL=0" "-e" "RUST_BACKTRACE=full" "-e" "RUSTFLAGS=--cap-lints=warn" "-e" "RUSTDOCFLAGS=--cap-lints=warn" "-e" "CARGO_HOME=/opt/rustwide/cargo-home" "-e" "RUSTUP_HOME=/opt/rustwide/rustup-home" "-w" "/opt/rustwide/workdir" "-m" "1610612736" "--user" "0:0" "--network" "none" "ghcr.io/rust-lang/crates-build-env/linux@sha256:2788e3201cd34a07e3172128adcd8b3090168a8e3bcc40d7c032b9dda1df7d1c" "/opt/rustwide/cargo-home/bin/cargo" "+1.75.0" "build" "--frozen" "--message-format=json", kill_on_drop: false }`
[INFO] [stdout] 816458cca4fc535421b0fdc34eea2806f7a49c94b8ce7db9d04a2d53172f51bc
[INFO] running `Command { std: "docker" "start" "-a" "816458cca4fc535421b0fdc34eea2806f7a49c94b8ce7db9d04a2d53172f51bc", kill_on_drop: false }`
[INFO] [stderr]    Compiling semver-parser v0.7.0
[INFO] [stderr]    Compiling memchr v2.7.1
[INFO] [stderr]    Compiling regex-syntax v0.8.2
[INFO] [stderr]    Compiling semver v0.9.0
[INFO] [stderr]    Compiling rustc_version v0.2.3
[INFO] [stderr]    Compiling bare-metal v0.2.5
[INFO] [stderr]    Compiling aho-corasick v1.1.2
[INFO] [stderr]    Compiling regex-automata v0.4.3
[INFO] [stderr]    Compiling regex v1.10.2
[INFO] [stderr]    Compiling picorv32 v0.1.3 (/opt/rustwide/workdir)
[INFO] [stderr]     Finished dev [unoptimized + debuginfo] target(s) in 4.01s
[INFO] running `Command { std: "docker" "inspect" "816458cca4fc535421b0fdc34eea2806f7a49c94b8ce7db9d04a2d53172f51bc", kill_on_drop: false }`
[INFO] running `Command { std: "docker" "rm" "-f" "816458cca4fc535421b0fdc34eea2806f7a49c94b8ce7db9d04a2d53172f51bc", kill_on_drop: false }`
[INFO] [stdout] 816458cca4fc535421b0fdc34eea2806f7a49c94b8ce7db9d04a2d53172f51bc
[INFO] running `Command { std: "docker" "create" "-v" "/var/lib/crater-agent-workspace/builds/worker-6-tc1/target:/opt/rustwide/target:rw,Z" "-v" "/var/lib/crater-agent-workspace/builds/worker-6-tc1/source:/opt/rustwide/workdir:ro,Z" "-v" "/var/lib/crater-agent-workspace/cargo-home:/opt/rustwide/cargo-home:ro,Z" "-v" "/var/lib/crater-agent-workspace/rustup-home:/opt/rustwide/rustup-home:ro,Z" "-e" "SOURCE_DIR=/opt/rustwide/workdir" "-e" "CARGO_TARGET_DIR=/opt/rustwide/target" "-e" "CARGO_INCREMENTAL=0" "-e" "RUST_BACKTRACE=full" "-e" "RUSTFLAGS=--cap-lints=warn" "-e" "RUSTDOCFLAGS=--cap-lints=warn" "-e" "CARGO_HOME=/opt/rustwide/cargo-home" "-e" "RUSTUP_HOME=/opt/rustwide/rustup-home" "-w" "/opt/rustwide/workdir" "-m" "1610612736" "--user" "0:0" "--network" "none" "ghcr.io/rust-lang/crates-build-env/linux@sha256:2788e3201cd34a07e3172128adcd8b3090168a8e3bcc40d7c032b9dda1df7d1c" "/opt/rustwide/cargo-home/bin/cargo" "+1.75.0" "test" "--frozen" "--no-run" "--message-format=json", kill_on_drop: false }`
[INFO] [stdout] 34117323df7b81b34dfa1248bb3c24f2ea466f29c7f57ac8ce919db36bcb5f58
[INFO] running `Command { std: "docker" "start" "-a" "34117323df7b81b34dfa1248bb3c24f2ea466f29c7f57ac8ce919db36bcb5f58", kill_on_drop: false }`
[INFO] [stderr]    Compiling picorv32 v0.1.3 (/opt/rustwide/workdir)
[INFO] [stderr]     Finished test [unoptimized + debuginfo] target(s) in 0.29s
[INFO] running `Command { std: "docker" "inspect" "34117323df7b81b34dfa1248bb3c24f2ea466f29c7f57ac8ce919db36bcb5f58", kill_on_drop: false }`
[INFO] running `Command { std: "docker" "rm" "-f" "34117323df7b81b34dfa1248bb3c24f2ea466f29c7f57ac8ce919db36bcb5f58", kill_on_drop: false }`
[INFO] [stdout] 34117323df7b81b34dfa1248bb3c24f2ea466f29c7f57ac8ce919db36bcb5f58
[INFO] running `Command { std: "docker" "create" "-v" "/var/lib/crater-agent-workspace/builds/worker-6-tc1/target:/opt/rustwide/target:rw,Z" "-v" "/var/lib/crater-agent-workspace/builds/worker-6-tc1/source:/opt/rustwide/workdir:ro,Z" "-v" "/var/lib/crater-agent-workspace/cargo-home:/opt/rustwide/cargo-home:ro,Z" "-v" "/var/lib/crater-agent-workspace/rustup-home:/opt/rustwide/rustup-home:ro,Z" "-e" "SOURCE_DIR=/opt/rustwide/workdir" "-e" "CARGO_TARGET_DIR=/opt/rustwide/target" "-e" "CARGO_INCREMENTAL=0" "-e" "RUST_BACKTRACE=full" "-e" "RUSTFLAGS=--cap-lints=warn" "-e" "RUSTDOCFLAGS=--cap-lints=warn" "-e" "CARGO_HOME=/opt/rustwide/cargo-home" "-e" "RUSTUP_HOME=/opt/rustwide/rustup-home" "-w" "/opt/rustwide/workdir" "-m" "1610612736" "--user" "0:0" "--network" "none" "ghcr.io/rust-lang/crates-build-env/linux@sha256:2788e3201cd34a07e3172128adcd8b3090168a8e3bcc40d7c032b9dda1df7d1c" "/opt/rustwide/cargo-home/bin/cargo" "+1.75.0" "test" "--frozen", kill_on_drop: false }`
[INFO] [stdout] 06289568129bef409472102cee9f3294c424a7badc51fcabdfd3eb8df37634e4
[INFO] running `Command { std: "docker" "start" "-a" "06289568129bef409472102cee9f3294c424a7badc51fcabdfd3eb8df37634e4", kill_on_drop: false }`
[INFO] [stderr]     Finished test [unoptimized + debuginfo] target(s) in 0.01s
[INFO] [stderr]      Running unittests src/lib.rs (/opt/rustwide/target/debug/deps/picorv32-ef00a4eeb30f79a3)
[INFO] [stdout] 
[INFO] [stdout] running 0 tests
[INFO] [stdout] 
[INFO] [stdout] test result: ok. 0 passed; 0 failed; 0 ignored; 0 measured; 0 filtered out; finished in 0.00s
[INFO] [stdout] 
[INFO] [stderr]    Doc-tests picorv32
[INFO] [stdout] 
[INFO] [stdout] running 6 tests
[INFO] [stdout] test src/asm.rs - asm::maskirq (line 16) ... FAILED
[INFO] [stdout] test src/asm.rs - asm::timer (line 107) ... FAILED
[INFO] [stdout] test src/asm.rs - asm::maskirq (line 11) ... FAILED
[INFO] [stdout] test src/asm.rs - asm::timer (line 112) ... FAILED
[INFO] [stdout] test src/asm.rs - asm::waitirq (line 61) ... FAILED
[INFO] [stdout] test src/asm.rs - asm::waitirq (line 66) ... FAILED
[INFO] [stdout] 
[INFO] [stdout] failures:
[INFO] [stdout] 
[INFO] [stdout] ---- src/asm.rs - asm::maskirq (line 16) stdout ----
[INFO] [stdout] error: expected one of `!`, `.`, `::`, `;`, `?`, `{`, `}`, or an operator, found `x1`
[INFO] [stdout]  --> src/asm.rs:17:9
[INFO] [stdout]   |
[INFO] [stdout] 3 | maskirq x1, x2
[INFO] [stdout]   |         ^^ expected one of 8 possible tokens
[INFO] [stdout] 
[INFO] [stdout] error: aborting due to previous error
[INFO] [stdout] 
[INFO] [stdout] Couldn't compile the test.
[INFO] [stdout] ---- src/asm.rs - asm::timer (line 107) stdout ----
[INFO] [stdout] error: expected one of `!`, `.`, `::`, `;`, `?`, `{`, `}`, or an operator, found `0001011`
[INFO] [stdout]  --> src/asm.rs:108:31
[INFO] [stdout]   |
[INFO] [stdout] 3 | 0000101 ----- XXXXX --- XXXXX 0001011
[INFO] [stdout]   |                               ^^^^^^^ expected one of 8 possible tokens
[INFO] [stdout] 
[INFO] [stdout] error: aborting due to previous error
[INFO] [stdout] 
[INFO] [stdout] Couldn't compile the test.
[INFO] [stdout] ---- src/asm.rs - asm::maskirq (line 11) stdout ----
[INFO] [stdout] error: expected one of `!`, `.`, `::`, `;`, `?`, `{`, `}`, or an operator, found `0001011`
[INFO] [stdout]  --> src/asm.rs:12:31
[INFO] [stdout]   |
[INFO] [stdout] 3 | 0000011 ----- XXXXX --- XXXXX 0001011
[INFO] [stdout]   |                               ^^^^^^^ expected one of 8 possible tokens
[INFO] [stdout] 
[INFO] [stdout] error: aborting due to previous error
[INFO] [stdout] 
[INFO] [stdout] Couldn't compile the test.
[INFO] [stdout] ---- src/asm.rs - asm::timer (line 112) stdout ----
[INFO] [stdout] error: expected one of `!`, `.`, `::`, `;`, `?`, `{`, `}`, or an operator, found `x1`
[INFO] [stdout]  --> src/asm.rs:113:7
[INFO] [stdout]   |
[INFO] [stdout] 3 | timer x1, x2
[INFO] [stdout]   |       ^^ expected one of 8 possible tokens
[INFO] [stdout] 
[INFO] [stdout] error: aborting due to previous error
[INFO] [stdout] 
[INFO] [stdout] Couldn't compile the test.
[INFO] [stdout] ---- src/asm.rs - asm::waitirq (line 61) stdout ----
[INFO] [stdout] error: expected one of `!`, `.`, `::`, `;`, `?`, `{`, `}`, or an operator, found `0001011`
[INFO] [stdout]  --> src/asm.rs:62:31
[INFO] [stdout]   |
[INFO] [stdout] 3 | 0000100 ----- 00000 --- XXXXX 0001011
[INFO] [stdout]   |                               ^^^^^^^ expected one of 8 possible tokens
[INFO] [stdout] 
[INFO] [stdout] error: aborting due to previous error
[INFO] [stdout] 
[INFO] [stdout] Couldn't compile the test.
[INFO] [stdout] ---- src/asm.rs - asm::waitirq (line 66) stdout ----
[INFO] [stdout] error: expected one of `!`, `.`, `::`, `;`, `?`, `{`, `}`, or an operator, found `x1`
[INFO] [stdout]  --> src/asm.rs:67:9
[INFO] [stdout]   |
[INFO] [stdout] 3 | waitirq x1
[INFO] [stdout]   |         ^^ expected one of 8 possible tokens
[INFO] [stdout] 
[INFO] [stdout] error: aborting due to previous error
[INFO] [stdout] 
[INFO] [stdout] Couldn't compile the test.
[INFO] [stdout] 
[INFO] [stdout] failures:
[INFO] [stdout]     src/asm.rs - asm::maskirq (line 11)
[INFO] [stdout]     src/asm.rs - asm::maskirq (line 16)
[INFO] [stdout]     src/asm.rs - asm::timer (line 107)
[INFO] [stdout]     src/asm.rs - asm::timer (line 112)
[INFO] [stdout]     src/asm.rs - asm::waitirq (line 61)
[INFO] [stdout]     src/asm.rs - asm::waitirq (line 66)
[INFO] [stdout] 
[INFO] [stdout] test result: FAILED. 0 passed; 6 failed; 0 ignored; 0 measured; 0 filtered out; finished in 0.04s
[INFO] [stdout] 
[INFO] [stderr] error: doctest failed, to rerun pass `--doc`
[INFO] running `Command { std: "docker" "inspect" "06289568129bef409472102cee9f3294c424a7badc51fcabdfd3eb8df37634e4", kill_on_drop: false }`
[INFO] running `Command { std: "docker" "rm" "-f" "06289568129bef409472102cee9f3294c424a7badc51fcabdfd3eb8df37634e4", kill_on_drop: false }`
[INFO] [stdout] 06289568129bef409472102cee9f3294c424a7badc51fcabdfd3eb8df37634e4
[INFO] testing picorv32-0.1.3 against beta-2023-12-22 for beta-1.76-1
[INFO] extracting crate picorv32 0.1.3 into /workspace/builds/worker-6-tc2/source
[INFO] validating manifest of crates.io crate picorv32 0.1.3 on toolchain beta-2023-12-22
[INFO] running `Command { std: CARGO_HOME="/workspace/cargo-home" RUSTUP_HOME="/workspace/rustup-home" "/workspace/cargo-home/bin/cargo" "+beta-2023-12-22" "metadata" "--manifest-path" "Cargo.toml" "--no-deps", kill_on_drop: false }`
[INFO] started tweaking crates.io crate picorv32 0.1.3
[INFO] finished tweaking crates.io crate picorv32 0.1.3
[INFO] tweaked toml for crates.io crate picorv32 0.1.3 written to /workspace/builds/worker-6-tc2/source/Cargo.toml
[INFO] running `Command { std: CARGO_HOME="/workspace/cargo-home" RUSTUP_HOME="/workspace/rustup-home" "/workspace/cargo-home/bin/cargo" "+beta-2023-12-22" "generate-lockfile" "--manifest-path" "Cargo.toml", kill_on_drop: false }`
[INFO] [stderr]     Updating crates.io index
[INFO] running `Command { std: CARGO_HOME="/workspace/cargo-home" RUSTUP_HOME="/workspace/rustup-home" "/workspace/cargo-home/bin/cargo" "+beta-2023-12-22" "fetch" "--manifest-path" "Cargo.toml", kill_on_drop: false }`
[INFO] running `Command { std: "docker" "create" "-v" "/var/lib/crater-agent-workspace/builds/worker-6-tc2/target:/opt/rustwide/target:rw,Z" "-v" "/var/lib/crater-agent-workspace/builds/worker-6-tc2/source:/opt/rustwide/workdir:ro,Z" "-v" "/var/lib/crater-agent-workspace/cargo-home:/opt/rustwide/cargo-home:ro,Z" "-v" "/var/lib/crater-agent-workspace/rustup-home:/opt/rustwide/rustup-home:ro,Z" "-e" "SOURCE_DIR=/opt/rustwide/workdir" "-e" "CARGO_TARGET_DIR=/opt/rustwide/target" "-e" "CARGO_HOME=/opt/rustwide/cargo-home" "-e" "RUSTUP_HOME=/opt/rustwide/rustup-home" "-w" "/opt/rustwide/workdir" "-m" "1610612736" "--user" "0:0" "--network" "none" "ghcr.io/rust-lang/crates-build-env/linux@sha256:2788e3201cd34a07e3172128adcd8b3090168a8e3bcc40d7c032b9dda1df7d1c" "/opt/rustwide/cargo-home/bin/cargo" "+beta-2023-12-22" "metadata" "--no-deps" "--format-version=1", kill_on_drop: false }`
[INFO] [stdout] 174f68e9b9237ae27ca7f8543a993074c2e0821c95306b782100d689a0760c2b
[INFO] running `Command { std: "docker" "start" "-a" "174f68e9b9237ae27ca7f8543a993074c2e0821c95306b782100d689a0760c2b", kill_on_drop: false }`
[INFO] running `Command { std: "docker" "inspect" "174f68e9b9237ae27ca7f8543a993074c2e0821c95306b782100d689a0760c2b", kill_on_drop: false }`
[INFO] running `Command { std: "docker" "rm" "-f" "174f68e9b9237ae27ca7f8543a993074c2e0821c95306b782100d689a0760c2b", kill_on_drop: false }`
[INFO] [stdout] 174f68e9b9237ae27ca7f8543a993074c2e0821c95306b782100d689a0760c2b
[INFO] running `Command { std: "docker" "create" "-v" "/var/lib/crater-agent-workspace/builds/worker-6-tc2/target:/opt/rustwide/target:rw,Z" "-v" "/var/lib/crater-agent-workspace/builds/worker-6-tc2/source:/opt/rustwide/workdir:ro,Z" "-v" "/var/lib/crater-agent-workspace/cargo-home:/opt/rustwide/cargo-home:ro,Z" "-v" "/var/lib/crater-agent-workspace/rustup-home:/opt/rustwide/rustup-home:ro,Z" "-e" "SOURCE_DIR=/opt/rustwide/workdir" "-e" "CARGO_TARGET_DIR=/opt/rustwide/target" "-e" "CARGO_INCREMENTAL=0" "-e" "RUST_BACKTRACE=full" "-e" "RUSTFLAGS=--cap-lints=warn" "-e" "RUSTDOCFLAGS=--cap-lints=warn" "-e" "CARGO_HOME=/opt/rustwide/cargo-home" "-e" "RUSTUP_HOME=/opt/rustwide/rustup-home" "-w" "/opt/rustwide/workdir" "-m" "1610612736" "--user" "0:0" "--network" "none" "ghcr.io/rust-lang/crates-build-env/linux@sha256:2788e3201cd34a07e3172128adcd8b3090168a8e3bcc40d7c032b9dda1df7d1c" "/opt/rustwide/cargo-home/bin/cargo" "+beta-2023-12-22" "build" "--frozen" "--message-format=json", kill_on_drop: false }`
[INFO] [stdout] db5cd773ade695a7100a7d44be54c1139730fd7268d40d4b18a83811f9fbd09e
[INFO] running `Command { std: "docker" "start" "-a" "db5cd773ade695a7100a7d44be54c1139730fd7268d40d4b18a83811f9fbd09e", kill_on_drop: false }`
[INFO] [stderr]    Compiling semver-parser v0.7.0
[INFO] [stderr]    Compiling memchr v2.7.1
[INFO] [stderr]    Compiling regex-syntax v0.8.2
[INFO] [stderr]    Compiling semver v0.9.0
[INFO] [stderr]    Compiling rustc_version v0.2.3
[INFO] [stderr]    Compiling bare-metal v0.2.5
[INFO] [stderr]    Compiling aho-corasick v1.1.2
[INFO] [stderr]    Compiling regex-automata v0.4.3
[INFO] [stderr]    Compiling regex v1.10.2
[INFO] [stderr]    Compiling picorv32 v0.1.3 (/opt/rustwide/workdir)
[INFO] [stderr]     Finished dev [unoptimized + debuginfo] target(s) in 4.29s
[INFO] running `Command { std: "docker" "inspect" "db5cd773ade695a7100a7d44be54c1139730fd7268d40d4b18a83811f9fbd09e", kill_on_drop: false }`
[INFO] running `Command { std: "docker" "rm" "-f" "db5cd773ade695a7100a7d44be54c1139730fd7268d40d4b18a83811f9fbd09e", kill_on_drop: false }`
[INFO] [stdout] db5cd773ade695a7100a7d44be54c1139730fd7268d40d4b18a83811f9fbd09e
[INFO] running `Command { std: "docker" "create" "-v" "/var/lib/crater-agent-workspace/builds/worker-6-tc2/target:/opt/rustwide/target:rw,Z" "-v" "/var/lib/crater-agent-workspace/builds/worker-6-tc2/source:/opt/rustwide/workdir:ro,Z" "-v" "/var/lib/crater-agent-workspace/cargo-home:/opt/rustwide/cargo-home:ro,Z" "-v" "/var/lib/crater-agent-workspace/rustup-home:/opt/rustwide/rustup-home:ro,Z" "-e" "SOURCE_DIR=/opt/rustwide/workdir" "-e" "CARGO_TARGET_DIR=/opt/rustwide/target" "-e" "CARGO_INCREMENTAL=0" "-e" "RUST_BACKTRACE=full" "-e" "RUSTFLAGS=--cap-lints=warn" "-e" "RUSTDOCFLAGS=--cap-lints=warn" "-e" "CARGO_HOME=/opt/rustwide/cargo-home" "-e" "RUSTUP_HOME=/opt/rustwide/rustup-home" "-w" "/opt/rustwide/workdir" "-m" "1610612736" "--user" "0:0" "--network" "none" "ghcr.io/rust-lang/crates-build-env/linux@sha256:2788e3201cd34a07e3172128adcd8b3090168a8e3bcc40d7c032b9dda1df7d1c" "/opt/rustwide/cargo-home/bin/cargo" "+beta-2023-12-22" "test" "--frozen" "--no-run" "--message-format=json", kill_on_drop: false }`
[INFO] [stdout] 27042cc678c9bac1bf99487119efe563cdde52687c28f105f533a755d7012913
[INFO] running `Command { std: "docker" "start" "-a" "27042cc678c9bac1bf99487119efe563cdde52687c28f105f533a755d7012913", kill_on_drop: false }`
[INFO] [stderr]    Compiling picorv32 v0.1.3 (/opt/rustwide/workdir)
[INFO] [stderr]     Finished test [unoptimized + debuginfo] target(s) in 0.20s
[INFO] running `Command { std: "docker" "inspect" "27042cc678c9bac1bf99487119efe563cdde52687c28f105f533a755d7012913", kill_on_drop: false }`
[INFO] running `Command { std: "docker" "rm" "-f" "27042cc678c9bac1bf99487119efe563cdde52687c28f105f533a755d7012913", kill_on_drop: false }`
[INFO] [stdout] 27042cc678c9bac1bf99487119efe563cdde52687c28f105f533a755d7012913
[INFO] running `Command { std: "docker" "create" "-v" "/var/lib/crater-agent-workspace/builds/worker-6-tc2/target:/opt/rustwide/target:rw,Z" "-v" "/var/lib/crater-agent-workspace/builds/worker-6-tc2/source:/opt/rustwide/workdir:ro,Z" "-v" "/var/lib/crater-agent-workspace/cargo-home:/opt/rustwide/cargo-home:ro,Z" "-v" "/var/lib/crater-agent-workspace/rustup-home:/opt/rustwide/rustup-home:ro,Z" "-e" "SOURCE_DIR=/opt/rustwide/workdir" "-e" "CARGO_TARGET_DIR=/opt/rustwide/target" "-e" "CARGO_INCREMENTAL=0" "-e" "RUST_BACKTRACE=full" "-e" "RUSTFLAGS=--cap-lints=warn" "-e" "RUSTDOCFLAGS=--cap-lints=warn" "-e" "CARGO_HOME=/opt/rustwide/cargo-home" "-e" "RUSTUP_HOME=/opt/rustwide/rustup-home" "-w" "/opt/rustwide/workdir" "-m" "1610612736" "--user" "0:0" "--network" "none" "ghcr.io/rust-lang/crates-build-env/linux@sha256:2788e3201cd34a07e3172128adcd8b3090168a8e3bcc40d7c032b9dda1df7d1c" "/opt/rustwide/cargo-home/bin/cargo" "+beta-2023-12-22" "test" "--frozen", kill_on_drop: false }`
[INFO] [stdout] 9f4b0f701c5aace3d53a4528ca3a9ac6ec38b388df48a325f62d4db63ee05d2c
[INFO] running `Command { std: "docker" "start" "-a" "9f4b0f701c5aace3d53a4528ca3a9ac6ec38b388df48a325f62d4db63ee05d2c", kill_on_drop: false }`
[INFO] [stderr]     Finished test [unoptimized + debuginfo] target(s) in 0.01s
[INFO] [stderr]      Running unittests src/lib.rs (/opt/rustwide/target/debug/deps/picorv32-64711b44108daedd)
[INFO] [stdout] 
[INFO] [stdout] running 0 tests
[INFO] [stdout] 
[INFO] [stdout] test result: ok. 0 passed; 0 failed; 0 ignored; 0 measured; 0 filtered out; finished in 0.00s
[INFO] [stdout] 
[INFO] [stderr]    Doc-tests picorv32
[INFO] [stdout] 
[INFO] [stdout] running 6 tests
[INFO] [stdout] test src/asm.rs - asm::timer (line 112) ... FAILED
[INFO] [stdout] test src/asm.rs - asm::waitirq (line 66) ... FAILED
[INFO] [stdout] test src/asm.rs - asm::maskirq (line 16) ... FAILED
[INFO] [stdout] test src/asm.rs - asm::waitirq (line 61) ... FAILED
[INFO] [stdout] test src/asm.rs - asm::timer (line 107) ... FAILED
[INFO] [stdout] test src/asm.rs - asm::maskirq (line 11) ... FAILED
[INFO] [stdout] 
[INFO] [stdout] failures:
[INFO] [stdout] 
[INFO] [stdout] ---- src/asm.rs - asm::timer (line 112) stdout ----
[INFO] [stdout] error: expected one of `!`, `.`, `::`, `;`, `?`, `{`, `}`, or an operator, found `x1`
[INFO] [stdout]  --> src/asm.rs:113:7
[INFO] [stdout]   |
[INFO] [stdout] 3 | timer x1, x2
[INFO] [stdout]   |       ^^ expected one of 8 possible tokens
[INFO] [stdout] 
[INFO] [stdout] error: aborting due to 1 previous error
[INFO] [stdout] 
[INFO] [stdout] Couldn't compile the test.
[INFO] [stdout] ---- src/asm.rs - asm::waitirq (line 66) stdout ----
[INFO] [stdout] error: expected one of `!`, `.`, `::`, `;`, `?`, `{`, `}`, or an operator, found `x1`
[INFO] [stdout]  --> src/asm.rs:67:9
[INFO] [stdout]   |
[INFO] [stdout] 3 | waitirq x1
[INFO] [stdout]   |         ^^ expected one of 8 possible tokens
[INFO] [stdout] 
[INFO] [stdout] error: aborting due to 1 previous error
[INFO] [stdout] 
[INFO] [stdout] Couldn't compile the test.
[INFO] [stdout] ---- src/asm.rs - asm::maskirq (line 16) stdout ----
[INFO] [stdout] error: expected one of `!`, `.`, `::`, `;`, `?`, `{`, `}`, or an operator, found `x1`
[INFO] [stdout]  --> src/asm.rs:17:9
[INFO] [stdout]   |
[INFO] [stdout] 3 | maskirq x1, x2
[INFO] [stdout]   |         ^^ expected one of 8 possible tokens
[INFO] [stdout] 
[INFO] [stdout] error: aborting due to 1 previous error
[INFO] [stdout] 
[INFO] [stdout] Couldn't compile the test.
[INFO] [stdout] ---- src/asm.rs - asm::waitirq (line 61) stdout ----
[INFO] [stdout] error: expected one of `!`, `.`, `::`, `;`, `?`, `{`, `}`, or an operator, found `0001011`
[INFO] [stdout]  --> src/asm.rs:62:31
[INFO] [stdout]   |
[INFO] [stdout] 3 | 0000100 ----- 00000 --- XXXXX 0001011
[INFO] [stdout]   |                               ^^^^^^^ expected one of 8 possible tokens
[INFO] [stdout] 
[INFO] [stdout] error: aborting due to 1 previous error
[INFO] [stdout] 
[INFO] [stdout] Couldn't compile the test.
[INFO] [stdout] ---- src/asm.rs - asm::timer (line 107) stdout ----
[INFO] [stdout] error: expected one of `!`, `.`, `::`, `;`, `?`, `{`, `}`, or an operator, found `0001011`
[INFO] [stdout]  --> src/asm.rs:108:31
[INFO] [stdout]   |
[INFO] [stdout] 3 | 0000101 ----- XXXXX --- XXXXX 0001011
[INFO] [stdout]   |                               ^^^^^^^ expected one of 8 possible tokens
[INFO] [stdout] 
[INFO] [stdout] error: aborting due to 1 previous error
[INFO] [stdout] 
[INFO] [stdout] Couldn't compile the test.
[INFO] [stdout] ---- src/asm.rs - asm::maskirq (line 11) stdout ----
[INFO] [stdout] error: expected one of `!`, `.`, `::`, `;`, `?`, `{`, `}`, or an operator, found `0001011`
[INFO] [stdout]  --> src/asm.rs:12:31
[INFO] [stdout]   |
[INFO] [stdout] 3 | 0000011 ----- XXXXX --- XXXXX 0001011
[INFO] [stdout]   |                               ^^^^^^^ expected one of 8 possible tokens
[INFO] [stdout] 
[INFO] [stdout] error: aborting due to 1 previous error
[INFO] [stdout] 
[INFO] [stdout] Couldn't compile the test.
[INFO] [stdout] 
[INFO] [stdout] failures:
[INFO] [stdout]     src/asm.rs - asm::maskirq (line 11)
[INFO] [stdout]     src/asm.rs - asm::maskirq (line 16)
[INFO] [stdout]     src/asm.rs - asm::timer (line 107)
[INFO] [stdout]     src/asm.rs - asm::timer (line 112)
[INFO] [stdout]     src/asm.rs - asm::waitirq (line 61)
[INFO] [stdout]     src/asm.rs - asm::waitirq (line 66)
[INFO] [stdout] 
[INFO] [stdout] test result: FAILED. 0 passed; 6 failed; 0 ignored; 0 measured; 0 filtered out; finished in 0.02s
[INFO] [stdout] 
[INFO] [stderr] error: doctest failed, to rerun pass `--doc`
[INFO] running `Command { std: "docker" "inspect" "9f4b0f701c5aace3d53a4528ca3a9ac6ec38b388df48a325f62d4db63ee05d2c", kill_on_drop: false }`
[INFO] running `Command { std: "docker" "rm" "-f" "9f4b0f701c5aace3d53a4528ca3a9ac6ec38b388df48a325f62d4db63ee05d2c", kill_on_drop: false }`
[INFO] [stdout] 9f4b0f701c5aace3d53a4528ca3a9ac6ec38b388df48a325f62d4db63ee05d2c
