[INFO] fetching crate picky-asn1 0.8.0...
[INFO] testing picky-asn1-0.8.0 against 1.75.0 for beta-1.76-1
[INFO] extracting crate picky-asn1 0.8.0 into /workspace/builds/worker-1-tc1/source
[INFO] validating manifest of crates.io crate picky-asn1 0.8.0 on toolchain 1.75.0
[INFO] running `Command { std: CARGO_HOME="/workspace/cargo-home" RUSTUP_HOME="/workspace/rustup-home" "/workspace/cargo-home/bin/cargo" "+1.75.0" "metadata" "--manifest-path" "Cargo.toml" "--no-deps", kill_on_drop: false }`
[INFO] started tweaking crates.io crate picky-asn1 0.8.0
[INFO] finished tweaking crates.io crate picky-asn1 0.8.0
[INFO] tweaked toml for crates.io crate picky-asn1 0.8.0 written to /workspace/builds/worker-1-tc1/source/Cargo.toml
[INFO] running `Command { std: CARGO_HOME="/workspace/cargo-home" RUSTUP_HOME="/workspace/rustup-home" "/workspace/cargo-home/bin/cargo" "+1.75.0" "generate-lockfile" "--manifest-path" "Cargo.toml", kill_on_drop: false }`
[INFO] [stderr]     Updating crates.io index
[INFO] running `Command { std: CARGO_HOME="/workspace/cargo-home" RUSTUP_HOME="/workspace/rustup-home" "/workspace/cargo-home/bin/cargo" "+1.75.0" "fetch" "--manifest-path" "Cargo.toml", kill_on_drop: false }`
[INFO] [stderr]  Downloading crates ...
[INFO] [stderr]   Downloaded oid v0.2.1
[INFO] running `Command { std: "docker" "create" "-v" "/var/lib/crater-agent-workspace/builds/worker-1-tc1/target:/opt/rustwide/target:rw,Z" "-v" "/var/lib/crater-agent-workspace/builds/worker-1-tc1/source:/opt/rustwide/workdir:ro,Z" "-v" "/var/lib/crater-agent-workspace/cargo-home:/opt/rustwide/cargo-home:ro,Z" "-v" "/var/lib/crater-agent-workspace/rustup-home:/opt/rustwide/rustup-home:ro,Z" "-e" "SOURCE_DIR=/opt/rustwide/workdir" "-e" "CARGO_TARGET_DIR=/opt/rustwide/target" "-e" "CARGO_HOME=/opt/rustwide/cargo-home" "-e" "RUSTUP_HOME=/opt/rustwide/rustup-home" "-w" "/opt/rustwide/workdir" "-m" "1610612736" "--user" "0:0" "--network" "none" "ghcr.io/rust-lang/crates-build-env/linux@sha256:2788e3201cd34a07e3172128adcd8b3090168a8e3bcc40d7c032b9dda1df7d1c" "/opt/rustwide/cargo-home/bin/cargo" "+1.75.0" "metadata" "--no-deps" "--format-version=1", kill_on_drop: false }`
[INFO] [stdout] 890ea65b380c0ff95e12941473738a0766f6d6625e881d04eb74e0b3622efd58
[INFO] running `Command { std: "docker" "start" "-a" "890ea65b380c0ff95e12941473738a0766f6d6625e881d04eb74e0b3622efd58", kill_on_drop: false }`
[INFO] running `Command { std: "docker" "inspect" "890ea65b380c0ff95e12941473738a0766f6d6625e881d04eb74e0b3622efd58", kill_on_drop: false }`
[INFO] running `Command { std: "docker" "rm" "-f" "890ea65b380c0ff95e12941473738a0766f6d6625e881d04eb74e0b3622efd58", kill_on_drop: false }`
[INFO] [stdout] 890ea65b380c0ff95e12941473738a0766f6d6625e881d04eb74e0b3622efd58
[INFO] running `Command { std: "docker" "create" "-v" "/var/lib/crater-agent-workspace/builds/worker-1-tc1/target:/opt/rustwide/target:rw,Z" "-v" "/var/lib/crater-agent-workspace/builds/worker-1-tc1/source:/opt/rustwide/workdir:ro,Z" "-v" "/var/lib/crater-agent-workspace/cargo-home:/opt/rustwide/cargo-home:ro,Z" "-v" "/var/lib/crater-agent-workspace/rustup-home:/opt/rustwide/rustup-home:ro,Z" "-e" "SOURCE_DIR=/opt/rustwide/workdir" "-e" "CARGO_TARGET_DIR=/opt/rustwide/target" "-e" "CARGO_INCREMENTAL=0" "-e" "RUST_BACKTRACE=full" "-e" "RUSTFLAGS=--cap-lints=warn" "-e" "RUSTDOCFLAGS=--cap-lints=warn" "-e" "CARGO_HOME=/opt/rustwide/cargo-home" "-e" "RUSTUP_HOME=/opt/rustwide/rustup-home" "-w" "/opt/rustwide/workdir" "-m" "1610612736" "--user" "0:0" "--network" "none" "ghcr.io/rust-lang/crates-build-env/linux@sha256:2788e3201cd34a07e3172128adcd8b3090168a8e3bcc40d7c032b9dda1df7d1c" "/opt/rustwide/cargo-home/bin/cargo" "+1.75.0" "build" "--frozen" "--message-format=json", kill_on_drop: false }`
[INFO] [stdout] 2281d68b8d63a44d7d48c87952058a3103e166952d9e2e423fc5aee38e12930e
[INFO] running `Command { std: "docker" "start" "-a" "2281d68b8d63a44d7d48c87952058a3103e166952d9e2e423fc5aee38e12930e", kill_on_drop: false }`
[INFO] [stderr]    Compiling serde v1.0.194
[INFO] [stderr]    Compiling syn v2.0.48
[INFO] [stderr]    Compiling serde_derive v1.0.194
[INFO] [stderr]    Compiling serde_bytes v0.11.14
[INFO] [stderr]    Compiling oid v0.2.1
[INFO] [stderr]    Compiling picky-asn1 v0.8.0 (/opt/rustwide/workdir)
[INFO] [stderr]     Finished dev [unoptimized + debuginfo] target(s) in 7.42s
[INFO] running `Command { std: "docker" "inspect" "2281d68b8d63a44d7d48c87952058a3103e166952d9e2e423fc5aee38e12930e", kill_on_drop: false }`
[INFO] running `Command { std: "docker" "rm" "-f" "2281d68b8d63a44d7d48c87952058a3103e166952d9e2e423fc5aee38e12930e", kill_on_drop: false }`
[INFO] [stdout] 2281d68b8d63a44d7d48c87952058a3103e166952d9e2e423fc5aee38e12930e
[INFO] running `Command { std: "docker" "create" "-v" "/var/lib/crater-agent-workspace/builds/worker-1-tc1/target:/opt/rustwide/target:rw,Z" "-v" "/var/lib/crater-agent-workspace/builds/worker-1-tc1/source:/opt/rustwide/workdir:ro,Z" "-v" "/var/lib/crater-agent-workspace/cargo-home:/opt/rustwide/cargo-home:ro,Z" "-v" "/var/lib/crater-agent-workspace/rustup-home:/opt/rustwide/rustup-home:ro,Z" "-e" "SOURCE_DIR=/opt/rustwide/workdir" "-e" "CARGO_TARGET_DIR=/opt/rustwide/target" "-e" "CARGO_INCREMENTAL=0" "-e" "RUST_BACKTRACE=full" "-e" "RUSTFLAGS=--cap-lints=warn" "-e" "RUSTDOCFLAGS=--cap-lints=warn" "-e" "CARGO_HOME=/opt/rustwide/cargo-home" "-e" "RUSTUP_HOME=/opt/rustwide/rustup-home" "-w" "/opt/rustwide/workdir" "-m" "1610612736" "--user" "0:0" "--network" "none" "ghcr.io/rust-lang/crates-build-env/linux@sha256:2788e3201cd34a07e3172128adcd8b3090168a8e3bcc40d7c032b9dda1df7d1c" "/opt/rustwide/cargo-home/bin/cargo" "+1.75.0" "test" "--frozen" "--no-run" "--message-format=json", kill_on_drop: false }`
[INFO] [stdout] 0de4fb77216fb6707f09d34a653ede93b45b814aab8b9cf553aa2746fc196337
[INFO] running `Command { std: "docker" "start" "-a" "0de4fb77216fb6707f09d34a653ede93b45b814aab8b9cf553aa2746fc196337", kill_on_drop: false }`
[INFO] [stderr]    Compiling picky-asn1 v0.8.0 (/opt/rustwide/workdir)
[INFO] [stderr]     Finished test [unoptimized + debuginfo] target(s) in 0.64s
[INFO] running `Command { std: "docker" "inspect" "0de4fb77216fb6707f09d34a653ede93b45b814aab8b9cf553aa2746fc196337", kill_on_drop: false }`
[INFO] running `Command { std: "docker" "rm" "-f" "0de4fb77216fb6707f09d34a653ede93b45b814aab8b9cf553aa2746fc196337", kill_on_drop: false }`
[INFO] [stdout] 0de4fb77216fb6707f09d34a653ede93b45b814aab8b9cf553aa2746fc196337
[INFO] running `Command { std: "docker" "create" "-v" "/var/lib/crater-agent-workspace/builds/worker-1-tc1/target:/opt/rustwide/target:rw,Z" "-v" "/var/lib/crater-agent-workspace/builds/worker-1-tc1/source:/opt/rustwide/workdir:ro,Z" "-v" "/var/lib/crater-agent-workspace/cargo-home:/opt/rustwide/cargo-home:ro,Z" "-v" "/var/lib/crater-agent-workspace/rustup-home:/opt/rustwide/rustup-home:ro,Z" "-e" "SOURCE_DIR=/opt/rustwide/workdir" "-e" "CARGO_TARGET_DIR=/opt/rustwide/target" "-e" "CARGO_INCREMENTAL=0" "-e" "RUST_BACKTRACE=full" "-e" "RUSTFLAGS=--cap-lints=warn" "-e" "RUSTDOCFLAGS=--cap-lints=warn" "-e" "CARGO_HOME=/opt/rustwide/cargo-home" "-e" "RUSTUP_HOME=/opt/rustwide/rustup-home" "-w" "/opt/rustwide/workdir" "-m" "1610612736" "--user" "0:0" "--network" "none" "ghcr.io/rust-lang/crates-build-env/linux@sha256:2788e3201cd34a07e3172128adcd8b3090168a8e3bcc40d7c032b9dda1df7d1c" "/opt/rustwide/cargo-home/bin/cargo" "+1.75.0" "test" "--frozen", kill_on_drop: false }`
[INFO] [stdout] 8c37e7ea085fbaf310958d554339797ff179e760b76b6568c24fbef419f81cfb
[INFO] running `Command { std: "docker" "start" "-a" "8c37e7ea085fbaf310958d554339797ff179e760b76b6568c24fbef419f81cfb", kill_on_drop: false }`
[INFO] [stderr]     Finished test [unoptimized + debuginfo] target(s) in 0.01s
[INFO] [stderr]      Running unittests src/lib.rs (/opt/rustwide/target/debug/deps/picky_asn1-2b3c0e8218119e78)
[INFO] [stdout] 
[INFO] [stdout] running 12 tests
[INFO] [stdout] test restricted_string::tests::invalid_bmp_string ... ok
[INFO] [stdout] test restricted_string::tests::invalid_numeric_string ... ok
[INFO] [stdout] test restricted_string::tests::invalid_ia5_string ... ok
[INFO] [stdout] test restricted_string::tests::invalid_printable_string ... ok
[INFO] [stdout] test restricted_string::tests::valid_bmp_string ... ok
[INFO] [stdout] test restricted_string::tests::valid_ia5_string ... ok
[INFO] [stdout] test restricted_string::tests::valid_numeric_string ... ok
[INFO] [stdout] test restricted_string::tests::valid_printable_string ... ok
[INFO] [stdout] test restricted_string::tests::valid_utf8_string ... ok
[INFO] [stdout] test wrapper::tests::integer_from_unsigned_bytes_be_no_panic ... ok
[INFO] [stdout] test wrapper::tests::minimal_encode_start_negative ... ok
[INFO] [stdout] test wrapper::tests::minimal_encode_start_positive ... ok
[INFO] [stdout] 
[INFO] [stdout] test result: ok. 12 passed; 0 failed; 0 ignored; 0 measured; 0 filtered out; finished in 0.00s
[INFO] [stdout] 
[INFO] [stderr]    Doc-tests picky-asn1
[INFO] [stdout] 
[INFO] [stdout] running 13 tests
[INFO] [stdout] test src/bit_string.rs - bit_string::BitString::with_bytes (line 90) ... ok
[INFO] [stdout] test src/bit_string.rs - bit_string::BitString::payload_view (line 205) ... ok
[INFO] [stdout] test src/bit_string.rs - bit_string::BitString (line 21) ... ok
[INFO] [stdout] test src/bit_string.rs - bit_string::BitString::is_set (line 145) ... ok
[INFO] [stdout] test src/bit_string.rs - bit_string::BitString::with_bytes_and_len (line 63) ... ok
[INFO] [stdout] test src/bit_string.rs - bit_string::BitString::set_num_bits (line 116) ... ok
[INFO] [stdout] test src/bit_string.rs - bit_string::Vec<u8>::from (line 250) ... ok
[INFO] [stdout] test src/bit_string.rs - bit_string::BitString::payload_view_mut (line 222) ... ok
[INFO] [stdout] test src/tag.rs - tag::TagPeeker (line 201) ... FAILED
[INFO] [stdout] test src/wrapper.rs - wrapper::BitStringAsn1Container (line 555) ... FAILED
[INFO] [stdout] test src/wrapper.rs - wrapper::HeaderOnly (line 452) ... FAILED
[INFO] [stdout] test src/wrapper.rs - wrapper::OctetStringAsn1Container (line 607) ... FAILED
[INFO] [stdout] test src/wrapper.rs - wrapper::Optional (line 657) ... FAILED
[INFO] [stdout] 
[INFO] [stdout] failures:
[INFO] [stdout] 
[INFO] [stdout] ---- src/tag.rs - tag::TagPeeker (line 201) stdout ----
[INFO] [stdout] error[E0433]: failed to resolve: use of undeclared crate or module `picky_asn1_der`
[INFO] [stdout]   --> src/tag.rs:257:27
[INFO] [stdout]    |
[INFO] [stdout] 59 | let my_choice: MyChoice = picky_asn1_der::from_bytes(buffer).unwrap();
[INFO] [stdout]    |                           ^^^^^^^^^^^^^^ use of undeclared crate or module `picky_asn1_der`
[INFO] [stdout]    |
[INFO] [stdout] help: there is a crate or module with a similar name
[INFO] [stdout]    |
[INFO] [stdout] 59 | let my_choice: MyChoice = picky_asn1::from_bytes(buffer).unwrap();
[INFO] [stdout]    |                           ~~~~~~~~~~
[INFO] [stdout] 
[INFO] [stdout] error: aborting due to previous error
[INFO] [stdout] 
[INFO] [stdout] For more information about this error, try `rustc --explain E0433`.
[INFO] [stdout] Couldn't compile the test.
[INFO] [stdout] ---- src/wrapper.rs - wrapper::BitStringAsn1Container (line 555) stdout ----
[INFO] [stdout] error[E0433]: failed to resolve: use of undeclared crate or module `picky_asn1_der`
[INFO] [stdout]   --> src/wrapper.rs:583:15
[INFO] [stdout]    |
[INFO] [stdout] 31 | let encoded = picky_asn1_der::to_vec(&encapsulated).expect("couldn't serialize");
[INFO] [stdout]    |               ^^^^^^^^^^^^^^ use of undeclared crate or module `picky_asn1_der`
[INFO] [stdout]    |
[INFO] [stdout] help: there is a crate or module with a similar name
[INFO] [stdout]    |
[INFO] [stdout] 31 | let encoded = picky_asn1::to_vec(&encapsulated).expect("couldn't serialize");
[INFO] [stdout]    |               ~~~~~~~~~~
[INFO] [stdout] 
[INFO] [stdout] error[E0433]: failed to resolve: use of undeclared crate or module `picky_asn1_der`
[INFO] [stdout]   --> src/wrapper.rs:589:35
[INFO] [stdout]    |
[INFO] [stdout] 37 | let decoded: MyTypeEncapsulated = picky_asn1_der::from_bytes(&buffer).expect("couldn't deserialize");
[INFO] [stdout]    |                                   ^^^^^^^^^^^^^^ use of undeclared crate or module `picky_asn1_der`
[INFO] [stdout]    |
[INFO] [stdout] help: there is a crate or module with a similar name
[INFO] [stdout]    |
[INFO] [stdout] 37 | let decoded: MyTypeEncapsulated = picky_asn1::from_bytes(&buffer).expect("couldn't deserialize");
[INFO] [stdout]    |                                   ~~~~~~~~~~
[INFO] [stdout] 
[INFO] [stdout] error: aborting due to 2 previous errors
[INFO] [stdout] 
[INFO] [stdout] For more information about this error, try `rustc --explain E0433`.
[INFO] [stdout] Couldn't compile the test.
[INFO] [stdout] ---- src/wrapper.rs - wrapper::HeaderOnly (line 452) stdout ----
[INFO] [stdout] error[E0433]: failed to resolve: use of undeclared crate or module `picky_asn1_der`
[INFO] [stdout]   --> src/wrapper.rs:460:15
[INFO] [stdout]    |
[INFO] [stdout] 11 | let encoded = picky_asn1_der::to_vec(&tag_only).expect("couldn't serialize");
[INFO] [stdout]    |               ^^^^^^^^^^^^^^ use of undeclared crate or module `picky_asn1_der`
[INFO] [stdout]    |
[INFO] [stdout] help: there is a crate or module with a similar name
[INFO] [stdout]    |
[INFO] [stdout] 11 | let encoded = picky_asn1::to_vec(&tag_only).expect("couldn't serialize");
[INFO] [stdout]    |               ~~~~~~~~~~
[INFO] [stdout] 
[INFO] [stdout] error[E0433]: failed to resolve: use of undeclared crate or module `picky_asn1_der`
[INFO] [stdout]   --> src/wrapper.rs:466:52
[INFO] [stdout]    |
[INFO] [stdout] 17 | let decoded: HeaderOnly<ExplicitContextTag0<()>> = picky_asn1_der::from_bytes(&buffer).expect("couldn't deserialize");
[INFO] [stdout]    |                                                    ^^^^^^^^^^^^^^ use of undeclared crate or module `picky_asn1_der`
[INFO] [stdout]    |
[INFO] [stdout] help: there is a crate or module with a similar name
[INFO] [stdout]    |
[INFO] [stdout] 17 | let decoded: HeaderOnly<ExplicitContextTag0<()>> = picky_asn1::from_bytes(&buffer).expect("couldn't deserialize");
[INFO] [stdout]    |                                                    ~~~~~~~~~~
[INFO] [stdout] 
[INFO] [stdout] error: aborting due to 2 previous errors
[INFO] [stdout] 
[INFO] [stdout] For more information about this error, try `rustc --explain E0433`.
[INFO] [stdout] Couldn't compile the test.
[INFO] [stdout] ---- src/wrapper.rs - wrapper::OctetStringAsn1Container (line 607) stdout ----
[INFO] [stdout] error[E0433]: failed to resolve: use of undeclared crate or module `picky_asn1_der`
[INFO] [stdout]   --> src/wrapper.rs:635:15
[INFO] [stdout]    |
[INFO] [stdout] 31 | let encoded = picky_asn1_der::to_vec(&encapsulated).expect("couldn't serialize");
[INFO] [stdout]    |               ^^^^^^^^^^^^^^ use of undeclared crate or module `picky_asn1_der`
[INFO] [stdout]    |
[INFO] [stdout] help: there is a crate or module with a similar name
[INFO] [stdout]    |
[INFO] [stdout] 31 | let encoded = picky_asn1::to_vec(&encapsulated).expect("couldn't serialize");
[INFO] [stdout]    |               ~~~~~~~~~~
[INFO] [stdout] 
[INFO] [stdout] error[E0433]: failed to resolve: use of undeclared crate or module `picky_asn1_der`
[INFO] [stdout]   --> src/wrapper.rs:641:35
[INFO] [stdout]    |
[INFO] [stdout] 37 | let decoded: MyTypeEncapsulated = picky_asn1_der::from_bytes(&buffer).expect("couldn't deserialize");
[INFO] [stdout]    |                                   ^^^^^^^^^^^^^^ use of undeclared crate or module `picky_asn1_der`
[INFO] [stdout]    |
[INFO] [stdout] help: there is a crate or module with a similar name
[INFO] [stdout]    |
[INFO] [stdout] 37 | let decoded: MyTypeEncapsulated = picky_asn1::from_bytes(&buffer).expect("couldn't deserialize");
[INFO] [stdout]    |                                   ~~~~~~~~~~
[INFO] [stdout] 
[INFO] [stdout] error: aborting due to 2 previous errors
[INFO] [stdout] 
[INFO] [stdout] For more information about this error, try `rustc --explain E0433`.
[INFO] [stdout] Couldn't compile the test.
[INFO] [stdout] ---- src/wrapper.rs - wrapper::Optional (line 657) stdout ----
[INFO] [stdout] error[E0433]: failed to resolve: use of undeclared crate or module `picky_asn1_der`
[INFO] [stdout]   --> src/wrapper.rs:695:15
[INFO] [stdout]    |
[INFO] [stdout] 41 | let encoded = picky_asn1_der::to_vec(&complex_type).expect("couldn't serialize");
[INFO] [stdout]    |               ^^^^^^^^^^^^^^ use of undeclared crate or module `picky_asn1_der`
[INFO] [stdout]    |
[INFO] [stdout] help: there is a crate or module with a similar name
[INFO] [stdout]    |
[INFO] [stdout] 41 | let encoded = picky_asn1::to_vec(&complex_type).expect("couldn't serialize");
[INFO] [stdout]    |               ~~~~~~~~~~
[INFO] [stdout] 
[INFO] [stdout] error[E0433]: failed to resolve: use of undeclared crate or module `picky_asn1_der`
[INFO] [stdout]   --> src/wrapper.rs:701:28
[INFO] [stdout]    |
[INFO] [stdout] 47 | let decoded: ComplexType = picky_asn1_der::from_bytes(&buffer).expect("couldn't deserialize");
[INFO] [stdout]    |                            ^^^^^^^^^^^^^^ use of undeclared crate or module `picky_asn1_der`
[INFO] [stdout]    |
[INFO] [stdout] help: there is a crate or module with a similar name
[INFO] [stdout]    |
[INFO] [stdout] 47 | let decoded: ComplexType = picky_asn1::from_bytes(&buffer).expect("couldn't deserialize");
[INFO] [stdout]    |                            ~~~~~~~~~~
[INFO] [stdout] 
[INFO] [stdout] error: aborting due to 2 previous errors
[INFO] [stdout] 
[INFO] [stdout] For more information about this error, try `rustc --explain E0433`.
[INFO] [stdout] Couldn't compile the test.
[INFO] [stdout] 
[INFO] [stdout] failures:
[INFO] [stdout]     src/tag.rs - tag::TagPeeker (line 201)
[INFO] [stdout]     src/wrapper.rs - wrapper::BitStringAsn1Container (line 555)
[INFO] [stdout]     src/wrapper.rs - wrapper::HeaderOnly (line 452)
[INFO] [stdout]     src/wrapper.rs - wrapper::OctetStringAsn1Container (line 607)
[INFO] [stdout]     src/wrapper.rs - wrapper::Optional (line 657)
[INFO] [stdout] 
[INFO] [stdout] test result: FAILED. 8 passed; 5 failed; 0 ignored; 0 measured; 0 filtered out; finished in 0.32s
[INFO] [stdout] 
[INFO] [stderr] error: doctest failed, to rerun pass `--doc`
[INFO] running `Command { std: "docker" "inspect" "8c37e7ea085fbaf310958d554339797ff179e760b76b6568c24fbef419f81cfb", kill_on_drop: false }`
[INFO] running `Command { std: "docker" "rm" "-f" "8c37e7ea085fbaf310958d554339797ff179e760b76b6568c24fbef419f81cfb", kill_on_drop: false }`
[INFO] [stdout] 8c37e7ea085fbaf310958d554339797ff179e760b76b6568c24fbef419f81cfb
[INFO] testing picky-asn1-0.8.0 against beta-2023-12-22 for beta-1.76-1
[INFO] extracting crate picky-asn1 0.8.0 into /workspace/builds/worker-1-tc2/source
[INFO] validating manifest of crates.io crate picky-asn1 0.8.0 on toolchain beta-2023-12-22
[INFO] running `Command { std: CARGO_HOME="/workspace/cargo-home" RUSTUP_HOME="/workspace/rustup-home" "/workspace/cargo-home/bin/cargo" "+beta-2023-12-22" "metadata" "--manifest-path" "Cargo.toml" "--no-deps", kill_on_drop: false }`
[INFO] started tweaking crates.io crate picky-asn1 0.8.0
[INFO] finished tweaking crates.io crate picky-asn1 0.8.0
[INFO] tweaked toml for crates.io crate picky-asn1 0.8.0 written to /workspace/builds/worker-1-tc2/source/Cargo.toml
[INFO] running `Command { std: CARGO_HOME="/workspace/cargo-home" RUSTUP_HOME="/workspace/rustup-home" "/workspace/cargo-home/bin/cargo" "+beta-2023-12-22" "generate-lockfile" "--manifest-path" "Cargo.toml", kill_on_drop: false }`
[INFO] [stderr]     Updating crates.io index
[INFO] running `Command { std: CARGO_HOME="/workspace/cargo-home" RUSTUP_HOME="/workspace/rustup-home" "/workspace/cargo-home/bin/cargo" "+beta-2023-12-22" "fetch" "--manifest-path" "Cargo.toml", kill_on_drop: false }`
[INFO] running `Command { std: "docker" "create" "-v" "/var/lib/crater-agent-workspace/builds/worker-1-tc2/target:/opt/rustwide/target:rw,Z" "-v" "/var/lib/crater-agent-workspace/builds/worker-1-tc2/source:/opt/rustwide/workdir:ro,Z" "-v" "/var/lib/crater-agent-workspace/cargo-home:/opt/rustwide/cargo-home:ro,Z" "-v" "/var/lib/crater-agent-workspace/rustup-home:/opt/rustwide/rustup-home:ro,Z" "-e" "SOURCE_DIR=/opt/rustwide/workdir" "-e" "CARGO_TARGET_DIR=/opt/rustwide/target" "-e" "CARGO_HOME=/opt/rustwide/cargo-home" "-e" "RUSTUP_HOME=/opt/rustwide/rustup-home" "-w" "/opt/rustwide/workdir" "-m" "1610612736" "--user" "0:0" "--network" "none" "ghcr.io/rust-lang/crates-build-env/linux@sha256:2788e3201cd34a07e3172128adcd8b3090168a8e3bcc40d7c032b9dda1df7d1c" "/opt/rustwide/cargo-home/bin/cargo" "+beta-2023-12-22" "metadata" "--no-deps" "--format-version=1", kill_on_drop: false }`
[INFO] [stdout] e4b474ed1c15690d2dba86fe56ca5c7c7017b9c90bd7fea320624c7ac3abe38b
[INFO] running `Command { std: "docker" "start" "-a" "e4b474ed1c15690d2dba86fe56ca5c7c7017b9c90bd7fea320624c7ac3abe38b", kill_on_drop: false }`
[INFO] running `Command { std: "docker" "inspect" "e4b474ed1c15690d2dba86fe56ca5c7c7017b9c90bd7fea320624c7ac3abe38b", kill_on_drop: false }`
[INFO] running `Command { std: "docker" "rm" "-f" "e4b474ed1c15690d2dba86fe56ca5c7c7017b9c90bd7fea320624c7ac3abe38b", kill_on_drop: false }`
[INFO] [stdout] e4b474ed1c15690d2dba86fe56ca5c7c7017b9c90bd7fea320624c7ac3abe38b
[INFO] running `Command { std: "docker" "create" "-v" "/var/lib/crater-agent-workspace/builds/worker-1-tc2/target:/opt/rustwide/target:rw,Z" "-v" "/var/lib/crater-agent-workspace/builds/worker-1-tc2/source:/opt/rustwide/workdir:ro,Z" "-v" "/var/lib/crater-agent-workspace/cargo-home:/opt/rustwide/cargo-home:ro,Z" "-v" "/var/lib/crater-agent-workspace/rustup-home:/opt/rustwide/rustup-home:ro,Z" "-e" "SOURCE_DIR=/opt/rustwide/workdir" "-e" "CARGO_TARGET_DIR=/opt/rustwide/target" "-e" "CARGO_INCREMENTAL=0" "-e" "RUST_BACKTRACE=full" "-e" "RUSTFLAGS=--cap-lints=warn" "-e" "RUSTDOCFLAGS=--cap-lints=warn" "-e" "CARGO_HOME=/opt/rustwide/cargo-home" "-e" "RUSTUP_HOME=/opt/rustwide/rustup-home" "-w" "/opt/rustwide/workdir" "-m" "1610612736" "--user" "0:0" "--network" "none" "ghcr.io/rust-lang/crates-build-env/linux@sha256:2788e3201cd34a07e3172128adcd8b3090168a8e3bcc40d7c032b9dda1df7d1c" "/opt/rustwide/cargo-home/bin/cargo" "+beta-2023-12-22" "build" "--frozen" "--message-format=json", kill_on_drop: false }`
[INFO] [stdout] ed153c702127c0bff54b638c81c589883631e73d44dac0e692d2ba44a5d02fa2
[INFO] running `Command { std: "docker" "start" "-a" "ed153c702127c0bff54b638c81c589883631e73d44dac0e692d2ba44a5d02fa2", kill_on_drop: false }`
[INFO] [stderr]    Compiling serde v1.0.194
[INFO] [stderr]    Compiling syn v2.0.48
[INFO] [stderr]    Compiling serde_derive v1.0.194
[INFO] [stderr]    Compiling oid v0.2.1
[INFO] [stderr]    Compiling serde_bytes v0.11.14
[INFO] [stderr]    Compiling picky-asn1 v0.8.0 (/opt/rustwide/workdir)
[INFO] [stderr]     Finished dev [unoptimized + debuginfo] target(s) in 8.82s
[INFO] running `Command { std: "docker" "inspect" "ed153c702127c0bff54b638c81c589883631e73d44dac0e692d2ba44a5d02fa2", kill_on_drop: false }`
[INFO] running `Command { std: "docker" "rm" "-f" "ed153c702127c0bff54b638c81c589883631e73d44dac0e692d2ba44a5d02fa2", kill_on_drop: false }`
[INFO] [stdout] ed153c702127c0bff54b638c81c589883631e73d44dac0e692d2ba44a5d02fa2
[INFO] running `Command { std: "docker" "create" "-v" "/var/lib/crater-agent-workspace/builds/worker-1-tc2/target:/opt/rustwide/target:rw,Z" "-v" "/var/lib/crater-agent-workspace/builds/worker-1-tc2/source:/opt/rustwide/workdir:ro,Z" "-v" "/var/lib/crater-agent-workspace/cargo-home:/opt/rustwide/cargo-home:ro,Z" "-v" "/var/lib/crater-agent-workspace/rustup-home:/opt/rustwide/rustup-home:ro,Z" "-e" "SOURCE_DIR=/opt/rustwide/workdir" "-e" "CARGO_TARGET_DIR=/opt/rustwide/target" "-e" "CARGO_INCREMENTAL=0" "-e" "RUST_BACKTRACE=full" "-e" "RUSTFLAGS=--cap-lints=warn" "-e" "RUSTDOCFLAGS=--cap-lints=warn" "-e" "CARGO_HOME=/opt/rustwide/cargo-home" "-e" "RUSTUP_HOME=/opt/rustwide/rustup-home" "-w" "/opt/rustwide/workdir" "-m" "1610612736" "--user" "0:0" "--network" "none" "ghcr.io/rust-lang/crates-build-env/linux@sha256:2788e3201cd34a07e3172128adcd8b3090168a8e3bcc40d7c032b9dda1df7d1c" "/opt/rustwide/cargo-home/bin/cargo" "+beta-2023-12-22" "test" "--frozen" "--no-run" "--message-format=json", kill_on_drop: false }`
[INFO] [stdout] aa036f1204c770868a85a652ff74fa9dde8b887679281c8b34055d8f37dd4ea9
[INFO] running `Command { std: "docker" "start" "-a" "aa036f1204c770868a85a652ff74fa9dde8b887679281c8b34055d8f37dd4ea9", kill_on_drop: false }`
[INFO] [stderr]    Compiling picky-asn1 v0.8.0 (/opt/rustwide/workdir)
[INFO] [stderr]     Finished test [unoptimized + debuginfo] target(s) in 1.28s
[INFO] running `Command { std: "docker" "inspect" "aa036f1204c770868a85a652ff74fa9dde8b887679281c8b34055d8f37dd4ea9", kill_on_drop: false }`
[INFO] running `Command { std: "docker" "rm" "-f" "aa036f1204c770868a85a652ff74fa9dde8b887679281c8b34055d8f37dd4ea9", kill_on_drop: false }`
[INFO] [stdout] aa036f1204c770868a85a652ff74fa9dde8b887679281c8b34055d8f37dd4ea9
[INFO] running `Command { std: "docker" "create" "-v" "/var/lib/crater-agent-workspace/builds/worker-1-tc2/target:/opt/rustwide/target:rw,Z" "-v" "/var/lib/crater-agent-workspace/builds/worker-1-tc2/source:/opt/rustwide/workdir:ro,Z" "-v" "/var/lib/crater-agent-workspace/cargo-home:/opt/rustwide/cargo-home:ro,Z" "-v" "/var/lib/crater-agent-workspace/rustup-home:/opt/rustwide/rustup-home:ro,Z" "-e" "SOURCE_DIR=/opt/rustwide/workdir" "-e" "CARGO_TARGET_DIR=/opt/rustwide/target" "-e" "CARGO_INCREMENTAL=0" "-e" "RUST_BACKTRACE=full" "-e" "RUSTFLAGS=--cap-lints=warn" "-e" "RUSTDOCFLAGS=--cap-lints=warn" "-e" "CARGO_HOME=/opt/rustwide/cargo-home" "-e" "RUSTUP_HOME=/opt/rustwide/rustup-home" "-w" "/opt/rustwide/workdir" "-m" "1610612736" "--user" "0:0" "--network" "none" "ghcr.io/rust-lang/crates-build-env/linux@sha256:2788e3201cd34a07e3172128adcd8b3090168a8e3bcc40d7c032b9dda1df7d1c" "/opt/rustwide/cargo-home/bin/cargo" "+beta-2023-12-22" "test" "--frozen", kill_on_drop: false }`
[INFO] [stdout] 9fafb729328d10e35f8ffbb14f4ca5e1e4f5b5d4c0d7ae11947df0dd1866485d
[INFO] running `Command { std: "docker" "start" "-a" "9fafb729328d10e35f8ffbb14f4ca5e1e4f5b5d4c0d7ae11947df0dd1866485d", kill_on_drop: false }`
[INFO] [stderr]     Finished test [unoptimized + debuginfo] target(s) in 0.01s
[INFO] [stderr]      Running unittests src/lib.rs (/opt/rustwide/target/debug/deps/picky_asn1-1584325516ee1b7f)
[INFO] [stdout] 
[INFO] [stdout] running 12 tests
[INFO] [stdout] test restricted_string::tests::invalid_ia5_string ... ok
[INFO] [stdout] test restricted_string::tests::invalid_numeric_string ... ok
[INFO] [stdout] test restricted_string::tests::valid_ia5_string ... ok
[INFO] [stdout] test restricted_string::tests::valid_utf8_string ... ok
[INFO] [stdout] test restricted_string::tests::invalid_bmp_string ... ok
[INFO] [stdout] test restricted_string::tests::valid_bmp_string ... ok
[INFO] [stdout] test restricted_string::tests::valid_numeric_string ... ok
[INFO] [stdout] test restricted_string::tests::valid_printable_string ... ok
[INFO] [stdout] test wrapper::tests::integer_from_unsigned_bytes_be_no_panic ... ok
[INFO] [stdout] test wrapper::tests::minimal_encode_start_negative ... ok
[INFO] [stderr]    Doc-tests picky-asn1
[INFO] [stdout] test wrapper::tests::minimal_encode_start_positive ... ok
[INFO] [stdout] test restricted_string::tests::invalid_printable_string ... ok
[INFO] [stdout] 
[INFO] [stdout] test result: ok. 12 passed; 0 failed; 0 ignored; 0 measured; 0 filtered out; finished in 0.02s
[INFO] [stdout] 
[INFO] [stdout] 
[INFO] [stdout] running 13 tests
[INFO] [stdout] test src/bit_string.rs - bit_string::BitString (line 21) ... ok
[INFO] [stdout] test src/bit_string.rs - bit_string::BitString::with_bytes (line 90) ... ok
[INFO] [stdout] test src/bit_string.rs - bit_string::Vec<u8>::from (line 250) ... ok
[INFO] [stdout] test src/tag.rs - tag::TagPeeker (line 201) ... FAILED
[INFO] [stdout] test src/bit_string.rs - bit_string::BitString::set_num_bits (line 116) ... ok
[INFO] [stdout] test src/bit_string.rs - bit_string::BitString::with_bytes_and_len (line 63) ... ok
[INFO] [stdout] test src/bit_string.rs - bit_string::BitString::payload_view_mut (line 222) ... ok
[INFO] [stdout] test src/bit_string.rs - bit_string::BitString::payload_view (line 205) ... ok
[INFO] [stdout] test src/bit_string.rs - bit_string::BitString::is_set (line 145) ... ok
[INFO] [stdout] test src/wrapper.rs - wrapper::HeaderOnly (line 452) ... FAILED
[INFO] [stdout] test src/wrapper.rs - wrapper::BitStringAsn1Container (line 555) ... FAILED
[INFO] [stdout] test src/wrapper.rs - wrapper::OctetStringAsn1Container (line 607) ... FAILED
[INFO] [stdout] test src/wrapper.rs - wrapper::Optional (line 657) ... FAILED
[INFO] [stdout] 
[INFO] [stdout] failures:
[INFO] [stdout] 
[INFO] [stdout] ---- src/tag.rs - tag::TagPeeker (line 201) stdout ----
[INFO] [stdout] error[E0433]: failed to resolve: use of undeclared crate or module `picky_asn1_der`
[INFO] [stdout]   --> src/tag.rs:257:27
[INFO] [stdout]    |
[INFO] [stdout] 59 | let my_choice: MyChoice = picky_asn1_der::from_bytes(buffer).unwrap();
[INFO] [stdout]    |                           ^^^^^^^^^^^^^^ use of undeclared crate or module `picky_asn1_der`
[INFO] [stdout]    |
[INFO] [stdout] help: there is a crate or module with a similar name
[INFO] [stdout]    |
[INFO] [stdout] 59 | let my_choice: MyChoice = picky_asn1::from_bytes(buffer).unwrap();
[INFO] [stdout]    |                           ~~~~~~~~~~
[INFO] [stdout] 
[INFO] [stdout] error: aborting due to 1 previous error
[INFO] [stdout] 
[INFO] [stdout] For more information about this error, try `rustc --explain E0433`.
[INFO] [stdout] Couldn't compile the test.
[INFO] [stdout] ---- src/wrapper.rs - wrapper::HeaderOnly (line 452) stdout ----
[INFO] [stdout] error[E0433]: failed to resolve: use of undeclared crate or module `picky_asn1_der`
[INFO] [stdout]   --> src/wrapper.rs:460:15
[INFO] [stdout]    |
[INFO] [stdout] 11 | let encoded = picky_asn1_der::to_vec(&tag_only).expect("couldn't serialize");
[INFO] [stdout]    |               ^^^^^^^^^^^^^^ use of undeclared crate or module `picky_asn1_der`
[INFO] [stdout]    |
[INFO] [stdout] help: there is a crate or module with a similar name
[INFO] [stdout]    |
[INFO] [stdout] 11 | let encoded = picky_asn1::to_vec(&tag_only).expect("couldn't serialize");
[INFO] [stdout]    |               ~~~~~~~~~~
[INFO] [stdout] 
[INFO] [stdout] error[E0433]: failed to resolve: use of undeclared crate or module `picky_asn1_der`
[INFO] [stdout]   --> src/wrapper.rs:466:52
[INFO] [stdout]    |
[INFO] [stdout] 17 | let decoded: HeaderOnly<ExplicitContextTag0<()>> = picky_asn1_der::from_bytes(&buffer).expect("couldn't deserialize");
[INFO] [stdout]    |                                                    ^^^^^^^^^^^^^^ use of undeclared crate or module `picky_asn1_der`
[INFO] [stdout]    |
[INFO] [stdout] help: there is a crate or module with a similar name
[INFO] [stdout]    |
[INFO] [stdout] 17 | let decoded: HeaderOnly<ExplicitContextTag0<()>> = picky_asn1::from_bytes(&buffer).expect("couldn't deserialize");
[INFO] [stdout]    |                                                    ~~~~~~~~~~
[INFO] [stdout] 
[INFO] [stdout] error: aborting due to 2 previous errors
[INFO] [stdout] 
[INFO] [stdout] For more information about this error, try `rustc --explain E0433`.
[INFO] [stdout] Couldn't compile the test.
[INFO] [stdout] ---- src/wrapper.rs - wrapper::BitStringAsn1Container (line 555) stdout ----
[INFO] [stdout] error[E0433]: failed to resolve: use of undeclared crate or module `picky_asn1_der`
[INFO] [stdout]   --> src/wrapper.rs:583:15
[INFO] [stdout]    |
[INFO] [stdout] 31 | let encoded = picky_asn1_der::to_vec(&encapsulated).expect("couldn't serialize");
[INFO] [stdout]    |               ^^^^^^^^^^^^^^ use of undeclared crate or module `picky_asn1_der`
[INFO] [stdout]    |
[INFO] [stdout] help: there is a crate or module with a similar name
[INFO] [stdout]    |
[INFO] [stdout] 31 | let encoded = picky_asn1::to_vec(&encapsulated).expect("couldn't serialize");
[INFO] [stdout]    |               ~~~~~~~~~~
[INFO] [stdout] 
[INFO] [stdout] error[E0433]: failed to resolve: use of undeclared crate or module `picky_asn1_der`
[INFO] [stdout]   --> src/wrapper.rs:589:35
[INFO] [stdout]    |
[INFO] [stdout] 37 | let decoded: MyTypeEncapsulated = picky_asn1_der::from_bytes(&buffer).expect("couldn't deserialize");
[INFO] [stdout]    |                                   ^^^^^^^^^^^^^^ use of undeclared crate or module `picky_asn1_der`
[INFO] [stdout]    |
[INFO] [stdout] help: there is a crate or module with a similar name
[INFO] [stdout]    |
[INFO] [stdout] 37 | let decoded: MyTypeEncapsulated = picky_asn1::from_bytes(&buffer).expect("couldn't deserialize");
[INFO] [stdout]    |                                   ~~~~~~~~~~
[INFO] [stdout] 
[INFO] [stdout] error: aborting due to 2 previous errors
[INFO] [stdout] 
[INFO] [stdout] For more information about this error, try `rustc --explain E0433`.
[INFO] [stdout] Couldn't compile the test.
[INFO] [stdout] ---- src/wrapper.rs - wrapper::OctetStringAsn1Container (line 607) stdout ----
[INFO] [stdout] error[E0433]: failed to resolve: use of undeclared crate or module `picky_asn1_der`
[INFO] [stdout]   --> src/wrapper.rs:635:15
[INFO] [stdout]    |
[INFO] [stdout] 31 | let encoded = picky_asn1_der::to_vec(&encapsulated).expect("couldn't serialize");
[INFO] [stdout]    |               ^^^^^^^^^^^^^^ use of undeclared crate or module `picky_asn1_der`
[INFO] [stdout]    |
[INFO] [stdout] help: there is a crate or module with a similar name
[INFO] [stdout]    |
[INFO] [stdout] 31 | let encoded = picky_asn1::to_vec(&encapsulated).expect("couldn't serialize");
[INFO] [stdout]    |               ~~~~~~~~~~
[INFO] [stdout] 
[INFO] [stdout] error[E0433]: failed to resolve: use of undeclared crate or module `picky_asn1_der`
[INFO] [stdout]   --> src/wrapper.rs:641:35
[INFO] [stdout]    |
[INFO] [stdout] 37 | let decoded: MyTypeEncapsulated = picky_asn1_der::from_bytes(&buffer).expect("couldn't deserialize");
[INFO] [stdout]    |                                   ^^^^^^^^^^^^^^ use of undeclared crate or module `picky_asn1_der`
[INFO] [stdout]    |
[INFO] [stdout] help: there is a crate or module with a similar name
[INFO] [stdout]    |
[INFO] [stdout] 37 | let decoded: MyTypeEncapsulated = picky_asn1::from_bytes(&buffer).expect("couldn't deserialize");
[INFO] [stdout]    |                                   ~~~~~~~~~~
[INFO] [stdout] 
[INFO] [stdout] error: aborting due to 2 previous errors
[INFO] [stdout] 
[INFO] [stdout] For more information about this error, try `rustc --explain E0433`.
[INFO] [stdout] Couldn't compile the test.
[INFO] [stdout] ---- src/wrapper.rs - wrapper::Optional (line 657) stdout ----
[INFO] [stdout] error[E0433]: failed to resolve: use of undeclared crate or module `picky_asn1_der`
[INFO] [stdout]   --> src/wrapper.rs:695:15
[INFO] [stdout]    |
[INFO] [stdout] 41 | let encoded = picky_asn1_der::to_vec(&complex_type).expect("couldn't serialize");
[INFO] [stdout]    |               ^^^^^^^^^^^^^^ use of undeclared crate or module `picky_asn1_der`
[INFO] [stdout]    |
[INFO] [stdout] help: there is a crate or module with a similar name
[INFO] [stdout]    |
[INFO] [stdout] 41 | let encoded = picky_asn1::to_vec(&complex_type).expect("couldn't serialize");
[INFO] [stdout]    |               ~~~~~~~~~~
[INFO] [stdout] 
[INFO] [stdout] error[E0433]: failed to resolve: use of undeclared crate or module `picky_asn1_der`
[INFO] [stdout]   --> src/wrapper.rs:701:28
[INFO] [stdout]    |
[INFO] [stdout] 47 | let decoded: ComplexType = picky_asn1_der::from_bytes(&buffer).expect("couldn't deserialize");
[INFO] [stdout]    |                            ^^^^^^^^^^^^^^ use of undeclared crate or module `picky_asn1_der`
[INFO] [stdout]    |
[INFO] [stdout] help: there is a crate or module with a similar name
[INFO] [stdout]    |
[INFO] [stdout] 47 | let decoded: ComplexType = picky_asn1::from_bytes(&buffer).expect("couldn't deserialize");
[INFO] [stdout]    |                            ~~~~~~~~~~
[INFO] [stdout] 
[INFO] [stdout] error: aborting due to 2 previous errors
[INFO] [stdout] 
[INFO] [stdout] For more information about this error, try `rustc --explain E0433`.
[INFO] [stdout] Couldn't compile the test.
[INFO] [stdout] 
[INFO] [stdout] failures:
[INFO] [stdout]     src/tag.rs - tag::TagPeeker (line 201)
[INFO] [stdout]     src/wrapper.rs - wrapper::BitStringAsn1Container (line 555)
[INFO] [stdout]     src/wrapper.rs - wrapper::HeaderOnly (line 452)
[INFO] [stdout]     src/wrapper.rs - wrapper::OctetStringAsn1Container (line 607)
[INFO] [stdout]     src/wrapper.rs - wrapper::Optional (line 657)
[INFO] [stdout] 
[INFO] [stdout] test result: FAILED. 8 passed; 5 failed; 0 ignored; 0 measured; 0 filtered out; finished in 1.22s
[INFO] [stdout] 
[INFO] [stderr] error: doctest failed, to rerun pass `--doc`
[INFO] running `Command { std: "docker" "inspect" "9fafb729328d10e35f8ffbb14f4ca5e1e4f5b5d4c0d7ae11947df0dd1866485d", kill_on_drop: false }`
[INFO] running `Command { std: "docker" "rm" "-f" "9fafb729328d10e35f8ffbb14f4ca5e1e4f5b5d4c0d7ae11947df0dd1866485d", kill_on_drop: false }`
[INFO] [stdout] 9fafb729328d10e35f8ffbb14f4ca5e1e4f5b5d4c0d7ae11947df0dd1866485d
