[INFO] fetching crate pickup 0.1.1...
[INFO] testing pickup-0.1.1 against 1.75.0 for beta-1.76-1
[INFO] extracting crate pickup 0.1.1 into /workspace/builds/worker-3-tc1/source
[INFO] validating manifest of crates.io crate pickup 0.1.1 on toolchain 1.75.0
[INFO] running `Command { std: CARGO_HOME="/workspace/cargo-home" RUSTUP_HOME="/workspace/rustup-home" "/workspace/cargo-home/bin/cargo" "+1.75.0" "metadata" "--manifest-path" "Cargo.toml" "--no-deps", kill_on_drop: false }`
[INFO] started tweaking crates.io crate pickup 0.1.1
[INFO] finished tweaking crates.io crate pickup 0.1.1
[INFO] tweaked toml for crates.io crate pickup 0.1.1 written to /workspace/builds/worker-3-tc1/source/Cargo.toml
[INFO] crate crates.io crate pickup 0.1.1 already has a lockfile, it will not be regenerated
[INFO] running `Command { std: CARGO_HOME="/workspace/cargo-home" RUSTUP_HOME="/workspace/rustup-home" "/workspace/cargo-home/bin/cargo" "+1.75.0" "fetch" "--manifest-path" "Cargo.toml", kill_on_drop: false }`
[INFO] [stderr]     Blocking waiting for file lock on package cache
[INFO] [stderr]  Downloading crates ...
[INFO] [stderr]   Downloaded redox_syscall v0.2.7
[INFO] running `Command { std: "docker" "create" "-v" "/var/lib/crater-agent-workspace/builds/worker-3-tc1/target:/opt/rustwide/target:rw,Z" "-v" "/var/lib/crater-agent-workspace/builds/worker-3-tc1/source:/opt/rustwide/workdir:ro,Z" "-v" "/var/lib/crater-agent-workspace/cargo-home:/opt/rustwide/cargo-home:ro,Z" "-v" "/var/lib/crater-agent-workspace/rustup-home:/opt/rustwide/rustup-home:ro,Z" "-e" "SOURCE_DIR=/opt/rustwide/workdir" "-e" "CARGO_TARGET_DIR=/opt/rustwide/target" "-e" "CARGO_HOME=/opt/rustwide/cargo-home" "-e" "RUSTUP_HOME=/opt/rustwide/rustup-home" "-w" "/opt/rustwide/workdir" "-m" "1610612736" "--user" "0:0" "--network" "none" "ghcr.io/rust-lang/crates-build-env/linux@sha256:2788e3201cd34a07e3172128adcd8b3090168a8e3bcc40d7c032b9dda1df7d1c" "/opt/rustwide/cargo-home/bin/cargo" "+1.75.0" "metadata" "--no-deps" "--format-version=1", kill_on_drop: false }`
[INFO] [stdout] 37e614d0df1505c1c353499901e29436bceff11f8b93e5dcd6e05c671f752725
[INFO] running `Command { std: "docker" "start" "-a" "37e614d0df1505c1c353499901e29436bceff11f8b93e5dcd6e05c671f752725", kill_on_drop: false }`
[INFO] running `Command { std: "docker" "inspect" "37e614d0df1505c1c353499901e29436bceff11f8b93e5dcd6e05c671f752725", kill_on_drop: false }`
[INFO] running `Command { std: "docker" "rm" "-f" "37e614d0df1505c1c353499901e29436bceff11f8b93e5dcd6e05c671f752725", kill_on_drop: false }`
[INFO] [stdout] 37e614d0df1505c1c353499901e29436bceff11f8b93e5dcd6e05c671f752725
[INFO] running `Command { std: "docker" "create" "-v" "/var/lib/crater-agent-workspace/builds/worker-3-tc1/target:/opt/rustwide/target:rw,Z" "-v" "/var/lib/crater-agent-workspace/builds/worker-3-tc1/source:/opt/rustwide/workdir:ro,Z" "-v" "/var/lib/crater-agent-workspace/cargo-home:/opt/rustwide/cargo-home:ro,Z" "-v" "/var/lib/crater-agent-workspace/rustup-home:/opt/rustwide/rustup-home:ro,Z" "-e" "SOURCE_DIR=/opt/rustwide/workdir" "-e" "CARGO_TARGET_DIR=/opt/rustwide/target" "-e" "CARGO_INCREMENTAL=0" "-e" "RUST_BACKTRACE=full" "-e" "RUSTFLAGS=--cap-lints=warn" "-e" "RUSTDOCFLAGS=--cap-lints=warn" "-e" "CARGO_HOME=/opt/rustwide/cargo-home" "-e" "RUSTUP_HOME=/opt/rustwide/rustup-home" "-w" "/opt/rustwide/workdir" "-m" "1610612736" "--user" "0:0" "--network" "none" "ghcr.io/rust-lang/crates-build-env/linux@sha256:2788e3201cd34a07e3172128adcd8b3090168a8e3bcc40d7c032b9dda1df7d1c" "/opt/rustwide/cargo-home/bin/cargo" "+1.75.0" "build" "--frozen" "--message-format=json", kill_on_drop: false }`
[INFO] [stdout] a7586e044d0c2ed3181b654c5ff08cd9d8e6e33372ce96d81149623a11e4e2cf
[INFO] running `Command { std: "docker" "start" "-a" "a7586e044d0c2ed3181b654c5ff08cd9d8e6e33372ce96d81149623a11e4e2cf", kill_on_drop: false }`
[INFO] [stderr]    Compiling libc v0.2.94
[INFO] [stderr]    Compiling cfg-if v1.0.0
[INFO] [stderr]    Compiling proc-macro2 v1.0.26
[INFO] [stderr]    Compiling autocfg v1.0.1
[INFO] [stderr]    Compiling unicode-xid v0.2.2
[INFO] [stderr]    Compiling getrandom v0.2.2
[INFO] [stderr]    Compiling syn v1.0.71
[INFO] [stderr]    Compiling memchr v2.3.4
[INFO] [stderr]    Compiling serde_derive v1.0.125
[INFO] [stderr]    Compiling ppv-lite86 v0.2.10
[INFO] [stderr]    Compiling log v0.4.14
[INFO] [stderr]    Compiling serde v1.0.125
[INFO] [stderr]    Compiling ryu v1.0.5
[INFO] [stderr]    Compiling bitflags v1.2.1
[INFO] [stderr]    Compiling unicode-width v0.1.8
[INFO] [stderr]    Compiling regex-syntax v0.6.23
[INFO] [stderr]    Compiling serde_json v1.0.64
[INFO] [stderr]    Compiling strsim v0.8.0
[INFO] [stderr]    Compiling textwrap v0.11.0
[INFO] [stderr]    Compiling vec_map v0.8.2
[INFO] [stderr]    Compiling itoa v0.4.7
[INFO] [stderr]    Compiling humantime v2.1.0
[INFO] [stderr]    Compiling remove_dir_all v0.5.3
[INFO] [stderr]    Compiling num-traits v0.2.14
[INFO] [stderr]    Compiling num-integer v0.1.44
[INFO] [stderr]    Compiling termcolor v1.1.2
[INFO] [stderr]    Compiling ansi_term v0.11.0
[INFO] [stderr]    Compiling aho-corasick v0.7.15
[INFO] [stderr]    Compiling quote v1.0.9
[INFO] [stderr]    Compiling atty v0.2.14
[INFO] [stderr]    Compiling dirs-sys v0.3.6
[INFO] [stderr]    Compiling time v0.1.44
[INFO] [stderr]    Compiling clap v2.33.3
[INFO] [stderr]    Compiling dirs v3.0.2
[INFO] [stderr]    Compiling rand_core v0.6.2
[INFO] [stderr]    Compiling regex v1.4.6
[INFO] [stderr]    Compiling rand_chacha v0.3.0
[INFO] [stderr]    Compiling rand v0.8.3
[INFO] [stderr]    Compiling chrono v0.4.19
[INFO] [stderr]    Compiling tempfile v3.2.0
[INFO] [stderr]    Compiling env_logger v0.8.3
[INFO] [stderr]    Compiling pickup v0.1.1 (/opt/rustwide/workdir)
[INFO] [stdout] warning: unused imports: `Print`, `Printer`
[INFO] [stdout]   --> src/printer.rs:33:17
[INFO] [stdout]    |
[INFO] [stdout] 33 |     use super::{Print, Printer};
[INFO] [stdout]    |                 ^^^^^  ^^^^^^^
[INFO] [stdout]    |
[INFO] [stdout]    = note: `#[warn(unused_imports)]` on by default
[INFO] [stdout] 
[INFO] [stdout] 
[INFO] [stdout] warning: unused `Result` that must be used
[INFO] [stdout]   --> src/printer.rs:21:9
[INFO] [stdout]    |
[INFO] [stdout] 21 |         write!(self.writer, "{}", text);
[INFO] [stdout]    |         ^^^^^^^^^^^^^^^^^^^^^^^^^^^^^^^
[INFO] [stdout]    |
[INFO] [stdout]    = note: this `Result` may be an `Err` variant, which should be handled
[INFO] [stdout]    = note: `#[warn(unused_must_use)]` on by default
[INFO] [stdout]    = note: this warning originates in the macro `write` (in Nightly builds, run with -Z macro-backtrace for more info)
[INFO] [stdout] 
[INFO] [stdout] 
[INFO] [stdout] warning: 2 warnings emitted
[INFO] [stdout] 
[INFO] [stdout] 
[INFO] [stdout] warning: unused import: `SubCommand`
[INFO] [stdout]  --> src/bin/pickup.rs:1:22
[INFO] [stdout]   |
[INFO] [stdout] 1 | use clap::{App, Arg, SubCommand};
[INFO] [stdout]   |                      ^^^^^^^^^^
[INFO] [stdout]   |
[INFO] [stdout]   = note: `#[warn(unused_imports)]` on by default
[INFO] [stdout] 
[INFO] [stdout] 
[INFO] [stdout] warning: unused import: `PickupCommand`
[INFO] [stdout]  --> src/bin/pickup.rs:6:22
[INFO] [stdout]   |
[INFO] [stdout] 6 | use pickup::{Pickup, PickupCommand, PickupOpts};
[INFO] [stdout]   |                      ^^^^^^^^^^^^^
[INFO] [stdout] 
[INFO] [stdout] 
[INFO] [stdout] warning: 2 warnings emitted
[INFO] [stdout] 
[INFO] [stdout] 
[INFO] [stderr]     Finished dev [unoptimized + debuginfo] target(s) in 8.71s
[INFO] running `Command { std: "docker" "inspect" "a7586e044d0c2ed3181b654c5ff08cd9d8e6e33372ce96d81149623a11e4e2cf", kill_on_drop: false }`
[INFO] running `Command { std: "docker" "rm" "-f" "a7586e044d0c2ed3181b654c5ff08cd9d8e6e33372ce96d81149623a11e4e2cf", kill_on_drop: false }`
[INFO] [stdout] a7586e044d0c2ed3181b654c5ff08cd9d8e6e33372ce96d81149623a11e4e2cf
[INFO] running `Command { std: "docker" "create" "-v" "/var/lib/crater-agent-workspace/builds/worker-3-tc1/target:/opt/rustwide/target:rw,Z" "-v" "/var/lib/crater-agent-workspace/builds/worker-3-tc1/source:/opt/rustwide/workdir:ro,Z" "-v" "/var/lib/crater-agent-workspace/cargo-home:/opt/rustwide/cargo-home:ro,Z" "-v" "/var/lib/crater-agent-workspace/rustup-home:/opt/rustwide/rustup-home:ro,Z" "-e" "SOURCE_DIR=/opt/rustwide/workdir" "-e" "CARGO_TARGET_DIR=/opt/rustwide/target" "-e" "CARGO_INCREMENTAL=0" "-e" "RUST_BACKTRACE=full" "-e" "RUSTFLAGS=--cap-lints=warn" "-e" "RUSTDOCFLAGS=--cap-lints=warn" "-e" "CARGO_HOME=/opt/rustwide/cargo-home" "-e" "RUSTUP_HOME=/opt/rustwide/rustup-home" "-w" "/opt/rustwide/workdir" "-m" "1610612736" "--user" "0:0" "--network" "none" "ghcr.io/rust-lang/crates-build-env/linux@sha256:2788e3201cd34a07e3172128adcd8b3090168a8e3bcc40d7c032b9dda1df7d1c" "/opt/rustwide/cargo-home/bin/cargo" "+1.75.0" "test" "--frozen" "--no-run" "--message-format=json", kill_on_drop: false }`
[INFO] [stdout] d7c7e5e8093a341a8a9a27f8430a5e8cd3d1d81c9c83a45edc5adc4b0c2699f0
[INFO] running `Command { std: "docker" "start" "-a" "d7c7e5e8093a341a8a9a27f8430a5e8cd3d1d81c9c83a45edc5adc4b0c2699f0", kill_on_drop: false }`
[INFO] [stderr]    Compiling pickup v0.1.1 (/opt/rustwide/workdir)
[INFO] [stdout] warning: unused imports: `Print`, `Printer`
[INFO] [stdout]   --> src/printer.rs:33:17
[INFO] [stdout]    |
[INFO] [stdout] 33 |     use super::{Print, Printer};
[INFO] [stdout]    |                 ^^^^^  ^^^^^^^
[INFO] [stdout]    |
[INFO] [stdout]    = note: `#[warn(unused_imports)]` on by default
[INFO] [stdout] 
[INFO] [stdout] 
[INFO] [stdout] warning: unused `Result` that must be used
[INFO] [stdout]   --> src/printer.rs:21:9
[INFO] [stdout]    |
[INFO] [stdout] 21 |         write!(self.writer, "{}", text);
[INFO] [stdout]    |         ^^^^^^^^^^^^^^^^^^^^^^^^^^^^^^^
[INFO] [stdout]    |
[INFO] [stdout]    = note: this `Result` may be an `Err` variant, which should be handled
[INFO] [stdout]    = note: `#[warn(unused_must_use)]` on by default
[INFO] [stdout]    = note: this warning originates in the macro `write` (in Nightly builds, run with -Z macro-backtrace for more info)
[INFO] [stdout] 
[INFO] [stdout] 
[INFO] [stdout] warning: 2 warnings emitted
[INFO] [stdout] 
[INFO] [stdout] 
[INFO] [stdout] warning: unused import: `SubCommand`
[INFO] [stdout]  --> src/bin/pickup.rs:1:22
[INFO] [stdout]   |
[INFO] [stdout] 1 | use clap::{App, Arg, SubCommand};
[INFO] [stdout]   |                      ^^^^^^^^^^
[INFO] [stdout]   |
[INFO] [stdout]   = note: `#[warn(unused_imports)]` on by default
[INFO] [stdout] 
[INFO] [stdout] 
[INFO] [stdout] warning: unused import: `PickupCommand`
[INFO] [stdout]  --> src/bin/pickup.rs:6:22
[INFO] [stdout]   |
[INFO] [stdout] 6 | use pickup::{Pickup, PickupCommand, PickupOpts};
[INFO] [stdout]   |                      ^^^^^^^^^^^^^
[INFO] [stdout] 
[INFO] [stdout] 
[INFO] [stdout] warning: unused import: `Item`
[INFO] [stdout]    --> src/storage.rs:152:30
[INFO] [stdout]     |
[INFO] [stdout] 152 |     use super::{FileStorage, Item, Store};
[INFO] [stdout]     |                              ^^^^
[INFO] [stdout]     |
[INFO] [stdout]     = note: `#[warn(unused_imports)]` on by default
[INFO] [stdout] 
[INFO] [stdout] 
[INFO] [stdout] warning: unused import: `File`
[INFO] [stdout]    --> src/storage.rs:154:25
[INFO] [stdout]     |
[INFO] [stdout] 154 |     use std::fs::{self, File};
[INFO] [stdout]     |                         ^^^^
[INFO] [stdout] 
[INFO] [stdout] 
[INFO] [stdout] warning: unused import: `std::path::PathBuf`
[INFO] [stdout]    --> src/storage.rs:156:9
[INFO] [stdout]     |
[INFO] [stdout] 156 |     use std::path::PathBuf;
[INFO] [stdout]     |         ^^^^^^^^^^^^^^^^^^
[INFO] [stdout] 
[INFO] [stdout] 
[INFO] [stdout] warning: unused import: `Read`
[INFO] [stdout]    --> src/storage.rs:155:25
[INFO] [stdout]     |
[INFO] [stdout] 155 |     use std::io::{self, Read, Write};
[INFO] [stdout]     |                         ^^^^
[INFO] [stdout] 
[INFO] [stdout] 
[INFO] [stdout] warning: unused `Result` that must be used
[INFO] [stdout]   --> src/printer.rs:21:9
[INFO] [stdout]    |
[INFO] [stdout] 21 |         write!(self.writer, "{}", text);
[INFO] [stdout]    |         ^^^^^^^^^^^^^^^^^^^^^^^^^^^^^^^
[INFO] [stdout]    |
[INFO] [stdout]    = note: this `Result` may be an `Err` variant, which should be handled
[INFO] [stdout]    = note: `#[warn(unused_must_use)]` on by default
[INFO] [stdout]    = note: this warning originates in the macro `write` (in Nightly builds, run with -Z macro-backtrace for more info)
[INFO] [stdout] 
[INFO] [stdout] 
[INFO] [stdout] warning: 2 warnings emitted
[INFO] [stdout] 
[INFO] [stdout] 
[INFO] [stdout] warning: 5 warnings emitted
[INFO] [stdout] 
[INFO] [stdout] 
[INFO] [stderr]     Finished test [unoptimized + debuginfo] target(s) in 0.69s
[INFO] running `Command { std: "docker" "inspect" "d7c7e5e8093a341a8a9a27f8430a5e8cd3d1d81c9c83a45edc5adc4b0c2699f0", kill_on_drop: false }`
[INFO] running `Command { std: "docker" "rm" "-f" "d7c7e5e8093a341a8a9a27f8430a5e8cd3d1d81c9c83a45edc5adc4b0c2699f0", kill_on_drop: false }`
[INFO] [stdout] d7c7e5e8093a341a8a9a27f8430a5e8cd3d1d81c9c83a45edc5adc4b0c2699f0
[INFO] running `Command { std: "docker" "create" "-v" "/var/lib/crater-agent-workspace/builds/worker-3-tc1/target:/opt/rustwide/target:rw,Z" "-v" "/var/lib/crater-agent-workspace/builds/worker-3-tc1/source:/opt/rustwide/workdir:ro,Z" "-v" "/var/lib/crater-agent-workspace/cargo-home:/opt/rustwide/cargo-home:ro,Z" "-v" "/var/lib/crater-agent-workspace/rustup-home:/opt/rustwide/rustup-home:ro,Z" "-e" "SOURCE_DIR=/opt/rustwide/workdir" "-e" "CARGO_TARGET_DIR=/opt/rustwide/target" "-e" "CARGO_INCREMENTAL=0" "-e" "RUST_BACKTRACE=full" "-e" "RUSTFLAGS=--cap-lints=warn" "-e" "RUSTDOCFLAGS=--cap-lints=warn" "-e" "CARGO_HOME=/opt/rustwide/cargo-home" "-e" "RUSTUP_HOME=/opt/rustwide/rustup-home" "-w" "/opt/rustwide/workdir" "-m" "1610612736" "--user" "0:0" "--network" "none" "ghcr.io/rust-lang/crates-build-env/linux@sha256:2788e3201cd34a07e3172128adcd8b3090168a8e3bcc40d7c032b9dda1df7d1c" "/opt/rustwide/cargo-home/bin/cargo" "+1.75.0" "test" "--frozen", kill_on_drop: false }`
[INFO] [stdout] 5623b8570c5bec7a2417178246ecf2047e47b30a28b6793948985f4cf9d2f447
[INFO] running `Command { std: "docker" "start" "-a" "5623b8570c5bec7a2417178246ecf2047e47b30a28b6793948985f4cf9d2f447", kill_on_drop: false }`
[INFO] [stderr] warning: unused imports: `Print`, `Printer`
[INFO] [stderr]   --> src/printer.rs:33:17
[INFO] [stderr]    |
[INFO] [stderr] 33 |     use super::{Print, Printer};
[INFO] [stderr]    |                 ^^^^^  ^^^^^^^
[INFO] [stderr]    |
[INFO] [stderr]    = note: `#[warn(unused_imports)]` on by default
[INFO] [stderr] 
[INFO] [stderr] warning: unused `Result` that must be used
[INFO] [stderr]   --> src/printer.rs:21:9
[INFO] [stderr]    |
[INFO] [stderr] 21 |         write!(self.writer, "{}", text);
[INFO] [stderr]    |         ^^^^^^^^^^^^^^^^^^^^^^^^^^^^^^^
[INFO] [stderr]    |
[INFO] [stderr]    = note: this `Result` may be an `Err` variant, which should be handled
[INFO] [stderr]    = note: `#[warn(unused_must_use)]` on by default
[INFO] [stderr]    = note: this warning originates in the macro `write` (in Nightly builds, run with -Z macro-backtrace for more info)
[INFO] [stderr] 
[INFO] [stderr] warning: unused import: `Item`
[INFO] [stderr]    --> src/storage.rs:152:30
[INFO] [stderr]     |
[INFO] [stderr] 152 |     use super::{FileStorage, Item, Store};
[INFO] [stderr]     |                              ^^^^
[INFO] [stderr]     |
[INFO] [stderr]     = note: `#[warn(unused_imports)]` on by default
[INFO] [stderr] 
[INFO] [stderr] warning: unused import: `File`
[INFO] [stderr]    --> src/storage.rs:154:25
[INFO] [stderr]     |
[INFO] [stderr] 154 |     use std::fs::{self, File};
[INFO] [stderr]     |                         ^^^^
[INFO] [stderr] 
[INFO] [stderr] warning: unused import: `std::path::PathBuf`
[INFO] [stderr]    --> src/storage.rs:156:9
[INFO] [stderr]     |
[INFO] [stderr] 156 |     use std::path::PathBuf;
[INFO] [stderr]     |         ^^^^^^^^^^^^^^^^^^
[INFO] [stderr] 
[INFO] [stderr] warning: unused import: `Read`
[INFO] [stderr]    --> src/storage.rs:155:25
[INFO] [stderr]     |
[INFO] [stderr] 155 |     use std::io::{self, Read, Write};
[INFO] [stderr]     |                         ^^^^
[INFO] [stderr] 
[INFO] [stderr] warning: `pickup` (lib) generated 2 warnings (run `cargo fix --lib -p pickup` to apply 1 suggestion)
[INFO] [stderr] warning: `pickup` (lib test) generated 5 warnings (1 duplicate) (run `cargo fix --lib -p pickup --tests` to apply 3 suggestions)
[INFO] [stderr] warning: unused import: `SubCommand`
[INFO] [stderr]  --> src/bin/pickup.rs:1:22
[INFO] [stderr]   |
[INFO] [stderr] 1 | use clap::{App, Arg, SubCommand};
[INFO] [stderr]   |                      ^^^^^^^^^^
[INFO] [stderr]   |
[INFO] [stderr]   = note: `#[warn(unused_imports)]` on by default
[INFO] [stderr] 
[INFO] [stderr] warning: unused import: `PickupCommand`
[INFO] [stderr]  --> src/bin/pickup.rs:6:22
[INFO] [stderr]   |
[INFO] [stderr] 6 | use pickup::{Pickup, PickupCommand, PickupOpts};
[INFO] [stderr]   |                      ^^^^^^^^^^^^^
[INFO] [stderr] 
[INFO] [stderr] warning: `pickup` (bin "pickup" test) generated 2 warnings (run `cargo fix --bin "pickup" --tests` to apply 2 suggestions)
[INFO] [stderr]     Finished test [unoptimized + debuginfo] target(s) in 0.03s
[INFO] [stderr]      Running unittests src/lib.rs (/opt/rustwide/target/debug/deps/pickup-0556733aab7ad033)
[INFO] [stdout] 
[INFO] [stdout] running 9 tests
[INFO] [stdout] test printer::test::writeln_works ... ok
[INFO] [stdout] test printer::test::write_works ... ok
[INFO] [stdout] test reader::tests::gives_back_trimmed_string ... ok
[INFO] [stdout] test storage::test::test_config_path ... ok
[INFO] [stdout] test storage::test::test_add_item ... FAILED
[INFO] [stdout] test storage::test::test_get_item ... FAILED
[INFO] [stdout] test storage::test::test_json_file_path ... ok
[INFO] [stdout] test storage::test::test_load_items ... FAILED
[INFO] [stdout] test storage::test::test_remove_item ... ok
[INFO] [stdout] 
[INFO] [stdout] failures:
[INFO] [stdout] 
[INFO] [stdout] ---- storage::test::test_add_item stdout ----
[INFO] [stdout] Error: Os { code: 2, kind: NotFound, message: "No such file or directory" }
[INFO] [stdout] 
[INFO] [stdout] ---- storage::test::test_get_item stdout ----
[INFO] [stdout] Error: Os { code: 2, kind: NotFound, message: "No such file or directory" }
[INFO] [stdout] 
[INFO] [stdout] ---- storage::test::test_load_items stdout ----
[INFO] [stdout] Error: Os { code: 2, kind: NotFound, message: "No such file or directory" }
[INFO] [stdout] 
[INFO] [stdout] 
[INFO] [stdout] failures:
[INFO] [stdout]     storage::test::test_add_item
[INFO] [stdout]     storage::test::test_get_item
[INFO] [stdout]     storage::test::test_load_items
[INFO] [stdout] 
[INFO] [stdout] test result: FAILED. 6 passed; 3 failed; 0 ignored; 0 measured; 0 filtered out; finished in 0.00s
[INFO] [stdout] 
[INFO] [stderr] error: test failed, to rerun pass `--lib`
[INFO] running `Command { std: "docker" "inspect" "5623b8570c5bec7a2417178246ecf2047e47b30a28b6793948985f4cf9d2f447", kill_on_drop: false }`
[INFO] running `Command { std: "docker" "rm" "-f" "5623b8570c5bec7a2417178246ecf2047e47b30a28b6793948985f4cf9d2f447", kill_on_drop: false }`
[INFO] [stdout] 5623b8570c5bec7a2417178246ecf2047e47b30a28b6793948985f4cf9d2f447
[INFO] testing pickup-0.1.1 against beta-2023-12-22 for beta-1.76-1
[INFO] extracting crate pickup 0.1.1 into /workspace/builds/worker-3-tc2/source
[INFO] validating manifest of crates.io crate pickup 0.1.1 on toolchain beta-2023-12-22
[INFO] running `Command { std: CARGO_HOME="/workspace/cargo-home" RUSTUP_HOME="/workspace/rustup-home" "/workspace/cargo-home/bin/cargo" "+beta-2023-12-22" "metadata" "--manifest-path" "Cargo.toml" "--no-deps", kill_on_drop: false }`
[INFO] started tweaking crates.io crate pickup 0.1.1
[INFO] finished tweaking crates.io crate pickup 0.1.1
[INFO] tweaked toml for crates.io crate pickup 0.1.1 written to /workspace/builds/worker-3-tc2/source/Cargo.toml
[INFO] crate crates.io crate pickup 0.1.1 already has a lockfile, it will not be regenerated
[INFO] running `Command { std: CARGO_HOME="/workspace/cargo-home" RUSTUP_HOME="/workspace/rustup-home" "/workspace/cargo-home/bin/cargo" "+beta-2023-12-22" "fetch" "--manifest-path" "Cargo.toml", kill_on_drop: false }`
[INFO] running `Command { std: "docker" "create" "-v" "/var/lib/crater-agent-workspace/builds/worker-3-tc2/target:/opt/rustwide/target:rw,Z" "-v" "/var/lib/crater-agent-workspace/builds/worker-3-tc2/source:/opt/rustwide/workdir:ro,Z" "-v" "/var/lib/crater-agent-workspace/cargo-home:/opt/rustwide/cargo-home:ro,Z" "-v" "/var/lib/crater-agent-workspace/rustup-home:/opt/rustwide/rustup-home:ro,Z" "-e" "SOURCE_DIR=/opt/rustwide/workdir" "-e" "CARGO_TARGET_DIR=/opt/rustwide/target" "-e" "CARGO_HOME=/opt/rustwide/cargo-home" "-e" "RUSTUP_HOME=/opt/rustwide/rustup-home" "-w" "/opt/rustwide/workdir" "-m" "1610612736" "--user" "0:0" "--network" "none" "ghcr.io/rust-lang/crates-build-env/linux@sha256:2788e3201cd34a07e3172128adcd8b3090168a8e3bcc40d7c032b9dda1df7d1c" "/opt/rustwide/cargo-home/bin/cargo" "+beta-2023-12-22" "metadata" "--no-deps" "--format-version=1", kill_on_drop: false }`
[INFO] [stdout] 6ff443c96c1bd7a66e3958fef837713a08ee45cd8054e0185008d57635a9acdb
[INFO] running `Command { std: "docker" "start" "-a" "6ff443c96c1bd7a66e3958fef837713a08ee45cd8054e0185008d57635a9acdb", kill_on_drop: false }`
[INFO] running `Command { std: "docker" "inspect" "6ff443c96c1bd7a66e3958fef837713a08ee45cd8054e0185008d57635a9acdb", kill_on_drop: false }`
[INFO] running `Command { std: "docker" "rm" "-f" "6ff443c96c1bd7a66e3958fef837713a08ee45cd8054e0185008d57635a9acdb", kill_on_drop: false }`
[INFO] [stdout] 6ff443c96c1bd7a66e3958fef837713a08ee45cd8054e0185008d57635a9acdb
[INFO] running `Command { std: "docker" "create" "-v" "/var/lib/crater-agent-workspace/builds/worker-3-tc2/target:/opt/rustwide/target:rw,Z" "-v" "/var/lib/crater-agent-workspace/builds/worker-3-tc2/source:/opt/rustwide/workdir:ro,Z" "-v" "/var/lib/crater-agent-workspace/cargo-home:/opt/rustwide/cargo-home:ro,Z" "-v" "/var/lib/crater-agent-workspace/rustup-home:/opt/rustwide/rustup-home:ro,Z" "-e" "SOURCE_DIR=/opt/rustwide/workdir" "-e" "CARGO_TARGET_DIR=/opt/rustwide/target" "-e" "CARGO_INCREMENTAL=0" "-e" "RUST_BACKTRACE=full" "-e" "RUSTFLAGS=--cap-lints=warn" "-e" "RUSTDOCFLAGS=--cap-lints=warn" "-e" "CARGO_HOME=/opt/rustwide/cargo-home" "-e" "RUSTUP_HOME=/opt/rustwide/rustup-home" "-w" "/opt/rustwide/workdir" "-m" "1610612736" "--user" "0:0" "--network" "none" "ghcr.io/rust-lang/crates-build-env/linux@sha256:2788e3201cd34a07e3172128adcd8b3090168a8e3bcc40d7c032b9dda1df7d1c" "/opt/rustwide/cargo-home/bin/cargo" "+beta-2023-12-22" "build" "--frozen" "--message-format=json", kill_on_drop: false }`
[INFO] [stdout] 5aa615760e0e61248f930083d8c60748c9b6a1b1ce6aa7c5b7e57d18212c2dd7
[INFO] running `Command { std: "docker" "start" "-a" "5aa615760e0e61248f930083d8c60748c9b6a1b1ce6aa7c5b7e57d18212c2dd7", kill_on_drop: false }`
[INFO] [stderr]    Compiling libc v0.2.94
[INFO] [stderr]    Compiling autocfg v1.0.1
[INFO] [stderr]    Compiling proc-macro2 v1.0.26
[INFO] [stderr]    Compiling cfg-if v1.0.0
[INFO] [stderr]    Compiling getrandom v0.2.2
[INFO] [stderr]    Compiling unicode-xid v0.2.2
[INFO] [stderr]    Compiling syn v1.0.71
[INFO] [stderr]    Compiling memchr v2.3.4
[INFO] [stderr]    Compiling serde_derive v1.0.125
[INFO] [stderr]    Compiling ryu v1.0.5
[INFO] [stderr]    Compiling log v0.4.14
[INFO] [stderr]    Compiling bitflags v1.2.1
[INFO] [stderr]    Compiling ppv-lite86 v0.2.10
[INFO] [stderr]    Compiling serde v1.0.125
[INFO] [stderr]    Compiling serde_json v1.0.64
[INFO] [stderr]    Compiling unicode-width v0.1.8
[INFO] [stderr]    Compiling regex-syntax v0.6.23
[INFO] [stderr]    Compiling ansi_term v0.11.0
[INFO] [stderr]    Compiling textwrap v0.11.0
[INFO] [stderr]    Compiling termcolor v1.1.2
[INFO] [stderr]    Compiling humantime v2.1.0
[INFO] [stderr]    Compiling strsim v0.8.0
[INFO] [stderr]    Compiling itoa v0.4.7
[INFO] [stderr]    Compiling vec_map v0.8.2
[INFO] [stderr]    Compiling num-traits v0.2.14
[INFO] [stderr]    Compiling num-integer v0.1.44
[INFO] [stderr]    Compiling remove_dir_all v0.5.3
[INFO] [stderr]    Compiling aho-corasick v0.7.15
[INFO] [stderr]    Compiling quote v1.0.9
[INFO] [stderr]    Compiling atty v0.2.14
[INFO] [stderr]    Compiling time v0.1.44
[INFO] [stderr]    Compiling dirs-sys v0.3.6
[INFO] [stderr]    Compiling clap v2.33.3
[INFO] [stderr]    Compiling dirs v3.0.2
[INFO] [stderr]    Compiling rand_core v0.6.2
[INFO] [stderr]    Compiling rand_chacha v0.3.0
[INFO] [stderr]    Compiling regex v1.4.6
[INFO] [stderr]    Compiling rand v0.8.3
[INFO] [stderr]    Compiling chrono v0.4.19
[INFO] [stderr]    Compiling tempfile v3.2.0
[INFO] [stderr]    Compiling env_logger v0.8.3
[INFO] [stderr]    Compiling pickup v0.1.1 (/opt/rustwide/workdir)
[INFO] [stdout] warning: unused imports: `Print`, `Printer`
[INFO] [stdout]   --> src/printer.rs:33:17
[INFO] [stdout]    |
[INFO] [stdout] 33 |     use super::{Print, Printer};
[INFO] [stdout]    |                 ^^^^^  ^^^^^^^
[INFO] [stdout]    |
[INFO] [stdout]    = note: `#[warn(unused_imports)]` on by default
[INFO] [stdout] 
[INFO] [stdout] 
[INFO] [stdout] warning: unused `Result` that must be used
[INFO] [stdout]   --> src/printer.rs:21:9
[INFO] [stdout]    |
[INFO] [stdout] 21 |         write!(self.writer, "{}", text);
[INFO] [stdout]    |         ^^^^^^^^^^^^^^^^^^^^^^^^^^^^^^^
[INFO] [stdout]    |
[INFO] [stdout]    = note: this `Result` may be an `Err` variant, which should be handled
[INFO] [stdout]    = note: `#[warn(unused_must_use)]` on by default
[INFO] [stdout]    = note: this warning originates in the macro `write` (in Nightly builds, run with -Z macro-backtrace for more info)
[INFO] [stdout] 
[INFO] [stdout] 
[INFO] [stdout] warning: 2 warnings emitted
[INFO] [stdout] 
[INFO] [stdout] 
[INFO] [stdout] warning: unused import: `SubCommand`
[INFO] [stdout]  --> src/bin/pickup.rs:1:22
[INFO] [stdout]   |
[INFO] [stdout] 1 | use clap::{App, Arg, SubCommand};
[INFO] [stdout]   |                      ^^^^^^^^^^
[INFO] [stdout]   |
[INFO] [stdout]   = note: `#[warn(unused_imports)]` on by default
[INFO] [stdout] 
[INFO] [stdout] 
[INFO] [stdout] warning: unused import: `PickupCommand`
[INFO] [stdout]  --> src/bin/pickup.rs:6:22
[INFO] [stdout]   |
[INFO] [stdout] 6 | use pickup::{Pickup, PickupCommand, PickupOpts};
[INFO] [stdout]   |                      ^^^^^^^^^^^^^
[INFO] [stdout] 
[INFO] [stdout] 
[INFO] [stdout] warning: 2 warnings emitted
[INFO] [stdout] 
[INFO] [stdout] 
[INFO] [stderr]     Finished dev [unoptimized + debuginfo] target(s) in 9.35s
[INFO] running `Command { std: "docker" "inspect" "5aa615760e0e61248f930083d8c60748c9b6a1b1ce6aa7c5b7e57d18212c2dd7", kill_on_drop: false }`
[INFO] running `Command { std: "docker" "rm" "-f" "5aa615760e0e61248f930083d8c60748c9b6a1b1ce6aa7c5b7e57d18212c2dd7", kill_on_drop: false }`
[INFO] [stdout] 5aa615760e0e61248f930083d8c60748c9b6a1b1ce6aa7c5b7e57d18212c2dd7
[INFO] running `Command { std: "docker" "create" "-v" "/var/lib/crater-agent-workspace/builds/worker-3-tc2/target:/opt/rustwide/target:rw,Z" "-v" "/var/lib/crater-agent-workspace/builds/worker-3-tc2/source:/opt/rustwide/workdir:ro,Z" "-v" "/var/lib/crater-agent-workspace/cargo-home:/opt/rustwide/cargo-home:ro,Z" "-v" "/var/lib/crater-agent-workspace/rustup-home:/opt/rustwide/rustup-home:ro,Z" "-e" "SOURCE_DIR=/opt/rustwide/workdir" "-e" "CARGO_TARGET_DIR=/opt/rustwide/target" "-e" "CARGO_INCREMENTAL=0" "-e" "RUST_BACKTRACE=full" "-e" "RUSTFLAGS=--cap-lints=warn" "-e" "RUSTDOCFLAGS=--cap-lints=warn" "-e" "CARGO_HOME=/opt/rustwide/cargo-home" "-e" "RUSTUP_HOME=/opt/rustwide/rustup-home" "-w" "/opt/rustwide/workdir" "-m" "1610612736" "--user" "0:0" "--network" "none" "ghcr.io/rust-lang/crates-build-env/linux@sha256:2788e3201cd34a07e3172128adcd8b3090168a8e3bcc40d7c032b9dda1df7d1c" "/opt/rustwide/cargo-home/bin/cargo" "+beta-2023-12-22" "test" "--frozen" "--no-run" "--message-format=json", kill_on_drop: false }`
[INFO] [stdout] bbec7e4e1d028f3a09f9b22d854e158bf11e9754f4235f48a9f8f5da02ecfcd6
[INFO] running `Command { std: "docker" "start" "-a" "bbec7e4e1d028f3a09f9b22d854e158bf11e9754f4235f48a9f8f5da02ecfcd6", kill_on_drop: false }`
[INFO] [stdout] warning: unused imports: `Print`, `Printer`
[INFO] [stdout]   --> src/printer.rs:33:17
[INFO] [stdout]    |
[INFO] [stdout] 33 |     use super::{Print, Printer};
[INFO] [stdout]    |                 ^^^^^  ^^^^^^^
[INFO] [stdout]    |
[INFO] [stdout]    = note: `#[warn(unused_imports)]` on by default
[INFO] [stdout] 
[INFO] [stdout] 
[INFO] [stdout] warning: unused `Result` that must be used
[INFO] [stdout]   --> src/printer.rs:21:9
[INFO] [stdout]    |
[INFO] [stdout] 21 |         write!(self.writer, "{}", text);
[INFO] [stdout]    |         ^^^^^^^^^^^^^^^^^^^^^^^^^^^^^^^
[INFO] [stdout]    |
[INFO] [stdout]    = note: this `Result` may be an `Err` variant, which should be handled
[INFO] [stdout]    = note: `#[warn(unused_must_use)]` on by default
[INFO] [stdout]    = note: this warning originates in the macro `write` (in Nightly builds, run with -Z macro-backtrace for more info)
[INFO] [stdout] 
[INFO] [stdout] 
[INFO] [stdout] warning: 2 warnings emitted
[INFO] [stdout] 
[INFO] [stdout] 
[INFO] [stderr]    Compiling pickup v0.1.1 (/opt/rustwide/workdir)
[INFO] [stdout] warning: unused import: `SubCommand`
[INFO] [stdout]  --> src/bin/pickup.rs:1:22
[INFO] [stdout]   |
[INFO] [stdout] 1 | use clap::{App, Arg, SubCommand};
[INFO] [stdout]   |                      ^^^^^^^^^^
[INFO] [stdout]   |
[INFO] [stdout]   = note: `#[warn(unused_imports)]` on by default
[INFO] [stdout] 
[INFO] [stdout] 
[INFO] [stdout] warning: unused import: `PickupCommand`
[INFO] [stdout]  --> src/bin/pickup.rs:6:22
[INFO] [stdout]   |
[INFO] [stdout] 6 | use pickup::{Pickup, PickupCommand, PickupOpts};
[INFO] [stdout]   |                      ^^^^^^^^^^^^^
[INFO] [stdout] 
[INFO] [stdout] 
[INFO] [stdout] warning: unused import: `Item`
[INFO] [stdout]    --> src/storage.rs:152:30
[INFO] [stdout]     |
[INFO] [stdout] 152 |     use super::{FileStorage, Item, Store};
[INFO] [stdout]     |                              ^^^^
[INFO] [stdout]     |
[INFO] [stdout]     = note: `#[warn(unused_imports)]` on by default
[INFO] [stdout] 
[INFO] [stdout] 
[INFO] [stdout] warning: unused import: `File`
[INFO] [stdout]    --> src/storage.rs:154:25
[INFO] [stdout]     |
[INFO] [stdout] 154 |     use std::fs::{self, File};
[INFO] [stdout]     |                         ^^^^
[INFO] [stdout] 
[INFO] [stdout] 
[INFO] [stdout] warning: unused import: `std::path::PathBuf`
[INFO] [stdout]    --> src/storage.rs:156:9
[INFO] [stdout]     |
[INFO] [stdout] 156 |     use std::path::PathBuf;
[INFO] [stdout]     |         ^^^^^^^^^^^^^^^^^^
[INFO] [stdout] 
[INFO] [stdout] 
[INFO] [stdout] warning: unused import: `Read`
[INFO] [stdout]    --> src/storage.rs:155:25
[INFO] [stdout]     |
[INFO] [stdout] 155 |     use std::io::{self, Read, Write};
[INFO] [stdout]     |                         ^^^^
[INFO] [stdout] 
[INFO] [stdout] 
[INFO] [stdout] warning: unused `Result` that must be used
[INFO] [stdout]   --> src/printer.rs:21:9
[INFO] [stdout]    |
[INFO] [stdout] 21 |         write!(self.writer, "{}", text);
[INFO] [stdout]    |         ^^^^^^^^^^^^^^^^^^^^^^^^^^^^^^^
[INFO] [stdout]    |
[INFO] [stdout]    = note: this `Result` may be an `Err` variant, which should be handled
[INFO] [stdout]    = note: `#[warn(unused_must_use)]` on by default
[INFO] [stdout]    = note: this warning originates in the macro `write` (in Nightly builds, run with -Z macro-backtrace for more info)
[INFO] [stdout] 
[INFO] [stdout] 
[INFO] [stdout] warning: 2 warnings emitted
[INFO] [stdout] 
[INFO] [stdout] 
[INFO] [stdout] warning: 5 warnings emitted
[INFO] [stdout] 
[INFO] [stdout] 
[INFO] [stderr]     Finished test [unoptimized + debuginfo] target(s) in 0.57s
[INFO] running `Command { std: "docker" "inspect" "bbec7e4e1d028f3a09f9b22d854e158bf11e9754f4235f48a9f8f5da02ecfcd6", kill_on_drop: false }`
[INFO] running `Command { std: "docker" "rm" "-f" "bbec7e4e1d028f3a09f9b22d854e158bf11e9754f4235f48a9f8f5da02ecfcd6", kill_on_drop: false }`
[INFO] [stdout] bbec7e4e1d028f3a09f9b22d854e158bf11e9754f4235f48a9f8f5da02ecfcd6
[INFO] running `Command { std: "docker" "create" "-v" "/var/lib/crater-agent-workspace/builds/worker-3-tc2/target:/opt/rustwide/target:rw,Z" "-v" "/var/lib/crater-agent-workspace/builds/worker-3-tc2/source:/opt/rustwide/workdir:ro,Z" "-v" "/var/lib/crater-agent-workspace/cargo-home:/opt/rustwide/cargo-home:ro,Z" "-v" "/var/lib/crater-agent-workspace/rustup-home:/opt/rustwide/rustup-home:ro,Z" "-e" "SOURCE_DIR=/opt/rustwide/workdir" "-e" "CARGO_TARGET_DIR=/opt/rustwide/target" "-e" "CARGO_INCREMENTAL=0" "-e" "RUST_BACKTRACE=full" "-e" "RUSTFLAGS=--cap-lints=warn" "-e" "RUSTDOCFLAGS=--cap-lints=warn" "-e" "CARGO_HOME=/opt/rustwide/cargo-home" "-e" "RUSTUP_HOME=/opt/rustwide/rustup-home" "-w" "/opt/rustwide/workdir" "-m" "1610612736" "--user" "0:0" "--network" "none" "ghcr.io/rust-lang/crates-build-env/linux@sha256:2788e3201cd34a07e3172128adcd8b3090168a8e3bcc40d7c032b9dda1df7d1c" "/opt/rustwide/cargo-home/bin/cargo" "+beta-2023-12-22" "test" "--frozen", kill_on_drop: false }`
[INFO] [stdout] 1a79c791f9a43a78a432851b36ad6bbc5244955f9f5f8b7ab12bd1965ec4d7df
[INFO] running `Command { std: "docker" "start" "-a" "1a79c791f9a43a78a432851b36ad6bbc5244955f9f5f8b7ab12bd1965ec4d7df", kill_on_drop: false }`
[INFO] [stderr] warning: unused imports: `Print`, `Printer`
[INFO] [stderr]   --> src/printer.rs:33:17
[INFO] [stderr]    |
[INFO] [stderr] 33 |     use super::{Print, Printer};
[INFO] [stderr]    |                 ^^^^^  ^^^^^^^
[INFO] [stderr]    |
[INFO] [stderr]    = note: `#[warn(unused_imports)]` on by default
[INFO] [stderr] 
[INFO] [stderr] warning: unused `Result` that must be used
[INFO] [stderr]   --> src/printer.rs:21:9
[INFO] [stderr]    |
[INFO] [stderr] 21 |         write!(self.writer, "{}", text);
[INFO] [stderr]    |         ^^^^^^^^^^^^^^^^^^^^^^^^^^^^^^^
[INFO] [stderr]    |
[INFO] [stderr]    = note: this `Result` may be an `Err` variant, which should be handled
[INFO] [stderr]    = note: `#[warn(unused_must_use)]` on by default
[INFO] [stderr]    = note: this warning originates in the macro `write` (in Nightly builds, run with -Z macro-backtrace for more info)
[INFO] [stderr] 
[INFO] [stderr] warning: unused import: `Item`
[INFO] [stderr]    --> src/storage.rs:152:30
[INFO] [stderr]     |
[INFO] [stderr] 152 |     use super::{FileStorage, Item, Store};
[INFO] [stderr]     |                              ^^^^
[INFO] [stderr]     |
[INFO] [stderr]     = note: `#[warn(unused_imports)]` on by default
[INFO] [stderr] 
[INFO] [stderr] warning: unused import: `File`
[INFO] [stderr]    --> src/storage.rs:154:25
[INFO] [stderr]     |
[INFO] [stderr] 154 |     use std::fs::{self, File};
[INFO] [stderr]     |                         ^^^^
[INFO] [stderr] 
[INFO] [stderr] warning: unused import: `std::path::PathBuf`
[INFO] [stderr]    --> src/storage.rs:156:9
[INFO] [stderr]     |
[INFO] [stderr] 156 |     use std::path::PathBuf;
[INFO] [stderr]     |         ^^^^^^^^^^^^^^^^^^
[INFO] [stderr] 
[INFO] [stderr] warning: unused import: `Read`
[INFO] [stderr]    --> src/storage.rs:155:25
[INFO] [stderr]     |
[INFO] [stderr] 155 |     use std::io::{self, Read, Write};
[INFO] [stderr]     |                         ^^^^
[INFO] [stderr] 
[INFO] [stderr] warning: `pickup` (lib) generated 2 warnings (run `cargo fix --lib -p pickup` to apply 1 suggestion)
[INFO] [stderr] warning: `pickup` (lib test) generated 5 warnings (1 duplicate) (run `cargo fix --lib -p pickup --tests` to apply 3 suggestions)
[INFO] [stderr] warning: unused import: `SubCommand`
[INFO] [stderr]  --> src/bin/pickup.rs:1:22
[INFO] [stderr]   |
[INFO] [stderr] 1 | use clap::{App, Arg, SubCommand};
[INFO] [stderr]   |                      ^^^^^^^^^^
[INFO] [stderr]   |
[INFO] [stderr]   = note: `#[warn(unused_imports)]` on by default
[INFO] [stderr] 
[INFO] [stderr] warning: unused import: `PickupCommand`
[INFO] [stderr]  --> src/bin/pickup.rs:6:22
[INFO] [stderr]   |
[INFO] [stderr] 6 | use pickup::{Pickup, PickupCommand, PickupOpts};
[INFO] [stderr]   |                      ^^^^^^^^^^^^^
[INFO] [stderr] 
[INFO] [stderr] warning: `pickup` (bin "pickup" test) generated 2 warnings (run `cargo fix --bin "pickup" --tests` to apply 2 suggestions)
[INFO] [stderr]     Finished test [unoptimized + debuginfo] target(s) in 0.03s
[INFO] [stderr]      Running unittests src/lib.rs (/opt/rustwide/target/debug/deps/pickup-a01999b208dc3fa8)
[INFO] [stdout] 
[INFO] [stdout] running 9 tests
[INFO] [stdout] test printer::test::write_works ... ok
[INFO] [stdout] test printer::test::writeln_works ... ok
[INFO] [stdout] test reader::tests::gives_back_trimmed_string ... ok
[INFO] [stdout] test storage::test::test_add_item ... FAILED
[INFO] [stdout] test storage::test::test_get_item ... FAILED
[INFO] [stdout] test storage::test::test_json_file_path ... ok
[INFO] [stdout] test storage::test::test_load_items ... ok
[INFO] [stdout] test storage::test::test_remove_item ... FAILED
[INFO] [stdout] test storage::test::test_config_path ... FAILED
[INFO] [stdout] 
[INFO] [stdout] failures:
[INFO] [stdout] 
[INFO] [stdout] ---- storage::test::test_add_item stdout ----
[INFO] [stdout] Error: Os { code: 2, kind: NotFound, message: "No such file or directory" }
[INFO] [stdout] 
[INFO] [stdout] ---- storage::test::test_get_item stdout ----
[INFO] [stdout] Error: Os { code: 2, kind: NotFound, message: "No such file or directory" }
[INFO] [stdout] 
[INFO] [stdout] ---- storage::test::test_remove_item stdout ----
[INFO] [stdout] Error: Os { code: 2, kind: NotFound, message: "No such file or directory" }
[INFO] [stdout] 
[INFO] [stdout] ---- storage::test::test_config_path stdout ----
[INFO] [stdout] thread 'storage::test::test_config_path' panicked at src/storage.rs:175:9:
[INFO] [stdout] assertion `left == right` failed
[INFO] [stdout]   left: "/tmp/.tmpNtSb0s/.pickup"
[INFO] [stdout]  right: "/tmp/.tmpvi3fXq/.pickup"
[INFO] [stdout] stack backtrace:
[INFO] [stdout]    0:     0x55edbc0558a6 - std::backtrace_rs::backtrace::libunwind::trace::h261606ad26a499c1
[INFO] [stdout]                                at /rustc/0e09125c6c3c2fd70d7de961bcf0e51575235fad/library/std/src/../../backtrace/src/backtrace/libunwind.rs:104:5
[INFO] [stdout]    1:     0x55edbc0558a6 - std::backtrace_rs::backtrace::trace_unsynchronized::hd183f0625477fb28
[INFO] [stdout]                                at /rustc/0e09125c6c3c2fd70d7de961bcf0e51575235fad/library/std/src/../../backtrace/src/backtrace/mod.rs:66:5
[INFO] [stdout]    2:     0x55edbc0558a6 - std::sys_common::backtrace::_print_fmt::hd7f8fef21b4eda67
[INFO] [stdout]                                at /rustc/0e09125c6c3c2fd70d7de961bcf0e51575235fad/library/std/src/sys_common/backtrace.rs:68:5
[INFO] [stdout]    3:     0x55edbc0558a6 - <std::sys_common::backtrace::_print::DisplayBacktrace as core::fmt::Display>::fmt::h623d9b51f2f453f1
[INFO] [stdout]                                at /rustc/0e09125c6c3c2fd70d7de961bcf0e51575235fad/library/std/src/sys_common/backtrace.rs:44:22
[INFO] [stdout]    4:     0x55edbc07f410 - core::fmt::rt::Argument::fmt::h9f417ac76a86f368
[INFO] [stdout]                                at /rustc/0e09125c6c3c2fd70d7de961bcf0e51575235fad/library/core/src/fmt/rt.rs:142:9
[INFO] [stdout]    5:     0x55edbc07f410 - core::fmt::write::hc9b6faf4ac2aeff7
[INFO] [stdout]                                at /rustc/0e09125c6c3c2fd70d7de961bcf0e51575235fad/library/core/src/fmt/mod.rs:1120:17
[INFO] [stdout]    6:     0x55edbc0530df - std::io::Write::write_fmt::he04625a3a989fec3
[INFO] [stdout]                                at /rustc/0e09125c6c3c2fd70d7de961bcf0e51575235fad/library/std/src/io/mod.rs:1810:15
[INFO] [stdout]    7:     0x55edbc055684 - std::sys_common::backtrace::_print::hd5d66399c7df88a2
[INFO] [stdout]                                at /rustc/0e09125c6c3c2fd70d7de961bcf0e51575235fad/library/std/src/sys_common/backtrace.rs:47:5
[INFO] [stdout]    8:     0x55edbc055684 - std::sys_common::backtrace::print::he81ed2da642d37e5
[INFO] [stdout]                                at /rustc/0e09125c6c3c2fd70d7de961bcf0e51575235fad/library/std/src/sys_common/backtrace.rs:34:9
[INFO] [stdout]    9:     0x55edbc0573f7 - std::panicking::default_hook::{{closure}}::h85773f4fa117163d
[INFO] [stdout]   10:     0x55edbc0570dd - std::panicking::default_hook::h6a1694a91d09b278
[INFO] [stdout]                                at /rustc/0e09125c6c3c2fd70d7de961bcf0e51575235fad/library/std/src/panicking.rs:289:9
[INFO] [stdout]   11:     0x55edbbfe2a37 - <alloc::boxed::Box<F,A> as core::ops::function::Fn<Args>>::call::h616ac37fa3cd6c8f
[INFO] [stdout]                                at /rustc/0e09125c6c3c2fd70d7de961bcf0e51575235fad/library/alloc/src/boxed.rs:2029:9
[INFO] [stdout]   12:     0x55edbbfe2a37 - test::test_main::{{closure}}::h00d84697cefdcbb6
[INFO] [stdout]                                at /rustc/0e09125c6c3c2fd70d7de961bcf0e51575235fad/library/test/src/lib.rs:138:21
[INFO] [stdout]   13:     0x55edbc057a16 - <alloc::boxed::Box<F,A> as core::ops::function::Fn<Args>>::call::hcb3fe3b9bb537ba8
[INFO] [stdout]                                at /rustc/0e09125c6c3c2fd70d7de961bcf0e51575235fad/library/alloc/src/boxed.rs:2029:9
[INFO] [stdout]   14:     0x55edbc057a16 - std::panicking::rust_panic_with_hook::h0a7ad96e90f7145b
[INFO] [stdout]                                at /rustc/0e09125c6c3c2fd70d7de961bcf0e51575235fad/library/std/src/panicking.rs:783:13
[INFO] [stdout]   15:     0x55edbc057762 - std::panicking::begin_panic_handler::{{closure}}::h7919090525c6485e
[INFO] [stdout]                                at /rustc/0e09125c6c3c2fd70d7de961bcf0e51575235fad/library/std/src/panicking.rs:657:13
[INFO] [stdout]   16:     0x55edbc055da6 - std::sys_common::backtrace::__rust_end_short_backtrace::hf3289479464f7dfe
[INFO] [stdout]                                at /rustc/0e09125c6c3c2fd70d7de961bcf0e51575235fad/library/std/src/sys_common/backtrace.rs:171:18
[INFO] [stdout]   17:     0x55edbc0574c0 - rust_begin_unwind
[INFO] [stdout]                                at /rustc/0e09125c6c3c2fd70d7de961bcf0e51575235fad/library/std/src/panicking.rs:645:5
[INFO] [stdout]   18:     0x55edbbf78735 - core::panicking::panic_fmt::hcc9f77c5c132af55
[INFO] [stdout]                                at /rustc/0e09125c6c3c2fd70d7de961bcf0e51575235fad/library/core/src/panicking.rs:72:14
[INFO] [stdout]   19:     0x55edbbf78b6b - core::panicking::assert_failed_inner::h9f13e27dd63c3a08
[INFO] [stdout]                                at /rustc/0e09125c6c3c2fd70d7de961bcf0e51575235fad/library/core/src/panicking.rs:342:17
[INFO] [stdout]   20:     0x55edbbf8c54e - core::panicking::assert_failed::h066a2d14d5127625
[INFO] [stdout]                                at /rustc/0e09125c6c3c2fd70d7de961bcf0e51575235fad/library/core/src/panicking.rs:297:5
[INFO] [stdout]   21:     0x55edbbf871ab - pickup::storage::test::test_config_path::h109a55d34029e59b
[INFO] [stdout]                                at /opt/rustwide/workdir/src/storage.rs:175:9
[INFO] [stdout]   22:     0x55edbbf86df7 - pickup::storage::test::test_config_path::{{closure}}::he9a3f90128e4c6b8
[INFO] [stdout]                                at /opt/rustwide/workdir/src/storage.rs:162:30
[INFO] [stdout]   23:     0x55edbbf7b876 - core::ops::function::FnOnce::call_once::h78c9d61f569a8b5b
[INFO] [stdout]                                at /rustc/0e09125c6c3c2fd70d7de961bcf0e51575235fad/library/core/src/ops/function.rs:250:5
[INFO] [stdout]   24:     0x55edbbfe830f - core::ops::function::FnOnce::call_once::hd64d26f405258157
[INFO] [stdout]                                at /rustc/0e09125c6c3c2fd70d7de961bcf0e51575235fad/library/core/src/ops/function.rs:250:5
[INFO] [stdout]   25:     0x55edbbfe830f - test::__rust_begin_short_backtrace::he21b0b7a6d731bf9
[INFO] [stdout]                                at /rustc/0e09125c6c3c2fd70d7de961bcf0e51575235fad/library/test/src/lib.rs:627:18
[INFO] [stdout]   26:     0x55edbbfe7091 - test::run_test_in_process::{{closure}}::hf5c73986d7bdfde2
[INFO] [stdout]                                at /rustc/0e09125c6c3c2fd70d7de961bcf0e51575235fad/library/test/src/lib.rs:650:60
[INFO] [stdout]   27:     0x55edbbfe7091 - <core::panic::unwind_safe::AssertUnwindSafe<F> as core::ops::function::FnOnce<()>>::call_once::h330011ad032aadc0
[INFO] [stdout]                                at /rustc/0e09125c6c3c2fd70d7de961bcf0e51575235fad/library/core/src/panic/unwind_safe.rs:272:9
[INFO] [stdout]   28:     0x55edbbfe7091 - std::panicking::try::do_call::he61b0a958b795a41
[INFO] [stdout]                                at /rustc/0e09125c6c3c2fd70d7de961bcf0e51575235fad/library/std/src/panicking.rs:552:40
[INFO] [stdout]   29:     0x55edbbfe7091 - std::panicking::try::h7309da130f906eb7
[INFO] [stdout]                                at /rustc/0e09125c6c3c2fd70d7de961bcf0e51575235fad/library/std/src/panicking.rs:516:19
[INFO] [stdout]   30:     0x55edbbfe7091 - std::panic::catch_unwind::hc5c3a06fdaf0a92a
[INFO] [stdout]                                at /rustc/0e09125c6c3c2fd70d7de961bcf0e51575235fad/library/std/src/panic.rs:142:14
[INFO] [stdout]   31:     0x55edbbfe7091 - test::run_test_in_process::h7e7b7c71c3324e0f
[INFO] [stdout]                                at /rustc/0e09125c6c3c2fd70d7de961bcf0e51575235fad/library/test/src/lib.rs:650:27
[INFO] [stdout]   32:     0x55edbbfe7091 - test::run_test::{{closure}}::h1f509f28f5cf20b1
[INFO] [stdout]                                at /rustc/0e09125c6c3c2fd70d7de961bcf0e51575235fad/library/test/src/lib.rs:573:43
[INFO] [stdout]   33:     0x55edbbfae3c6 - test::run_test::{{closure}}::h1754218abf443f6d
[INFO] [stdout]                                at /rustc/0e09125c6c3c2fd70d7de961bcf0e51575235fad/library/test/src/lib.rs:601:41
[INFO] [stdout]   34:     0x55edbbfae3c6 - std::sys_common::backtrace::__rust_begin_short_backtrace::h2ee174b9d5954948
[INFO] [stdout]                                at /rustc/0e09125c6c3c2fd70d7de961bcf0e51575235fad/library/std/src/sys_common/backtrace.rs:155:18
[INFO] [stdout]   35:     0x55edbbfb3427 - std::thread::Builder::spawn_unchecked_::{{closure}}::{{closure}}::hf60bee9c1a17ef09
[INFO] [stdout]                                at /rustc/0e09125c6c3c2fd70d7de961bcf0e51575235fad/library/std/src/thread/mod.rs:529:17
[INFO] [stdout]   36:     0x55edbbfb3427 - <core::panic::unwind_safe::AssertUnwindSafe<F> as core::ops::function::FnOnce<()>>::call_once::h33d0dddec5216160
[INFO] [stdout]                                at /rustc/0e09125c6c3c2fd70d7de961bcf0e51575235fad/library/core/src/panic/unwind_safe.rs:272:9
[INFO] [stdout]   37:     0x55edbbfb3427 - std::panicking::try::do_call::h144b3048b546f835
[INFO] [stdout]                                at /rustc/0e09125c6c3c2fd70d7de961bcf0e51575235fad/library/std/src/panicking.rs:552:40
[INFO] [stdout]   38:     0x55edbbfb3427 - std::panicking::try::h978244d04646189f
[INFO] [stdout]                                at /rustc/0e09125c6c3c2fd70d7de961bcf0e51575235fad/library/std/src/panicking.rs:516:19
[INFO] [stdout]   39:     0x55edbbfb3427 - std::panic::catch_unwind::hdf436369d188fe86
[INFO] [stdout]                                at /rustc/0e09125c6c3c2fd70d7de961bcf0e51575235fad/library/std/src/panic.rs:142:14
[INFO] [stdout]   40:     0x55edbbfb3427 - std::thread::Builder::spawn_unchecked_::{{closure}}::h87329cbdd33c79ec
[INFO] [stdout]                                at /rustc/0e09125c6c3c2fd70d7de961bcf0e51575235fad/library/std/src/thread/mod.rs:528:30
[INFO] [stdout]   41:     0x55edbbfb3427 - core::ops::function::FnOnce::call_once{{vtable.shim}}::h401abbe67897d450
[INFO] [stdout]                                at /rustc/0e09125c6c3c2fd70d7de961bcf0e51575235fad/library/core/src/ops/function.rs:250:5
[INFO] [stdout]   42:     0x55edbc05d125 - <alloc::boxed::Box<F,A> as core::ops::function::FnOnce<Args>>::call_once::h5d7c8f150ab9c84c
[INFO] [stdout]                                at /rustc/0e09125c6c3c2fd70d7de961bcf0e51575235fad/library/alloc/src/boxed.rs:2015:9
[INFO] [stdout]   43:     0x55edbc05d125 - <alloc::boxed::Box<F,A> as core::ops::function::FnOnce<Args>>::call_once::h570d5b005c242c15
[INFO] [stdout]                                at /rustc/0e09125c6c3c2fd70d7de961bcf0e51575235fad/library/alloc/src/boxed.rs:2015:9
[INFO] [stdout]   44:     0x55edbc05d125 - std::sys::unix::thread::Thread::new::thread_start::h36b0a20c0b2361ad
[INFO] [stdout]                                at /rustc/0e09125c6c3c2fd70d7de961bcf0e51575235fad/library/std/src/sys/unix/thread.rs:108:17
[INFO] [stdout]   45:     0x7f3c37050ac3 - <unknown>
[INFO] [stdout]   46:     0x7f3c370e1bf4 - __clone
[INFO] [stdout]   47:                0x0 - <unknown>
[INFO] [stdout] 
[INFO] [stdout] 
[INFO] [stdout] failures:
[INFO] [stdout]     storage::test::test_add_item
[INFO] [stdout]     storage::test::test_config_path
[INFO] [stdout]     storage::test::test_get_item
[INFO] [stdout]     storage::test::test_remove_item
[INFO] [stdout] 
[INFO] [stdout] test result: FAILED. 5 passed; 4 failed; 0 ignored; 0 measured; 0 filtered out; finished in 0.01s
[INFO] [stdout] 
[INFO] [stderr] error: test failed, to rerun pass `--lib`
[INFO] running `Command { std: "docker" "inspect" "1a79c791f9a43a78a432851b36ad6bbc5244955f9f5f8b7ab12bd1965ec4d7df", kill_on_drop: false }`
[INFO] running `Command { std: "docker" "rm" "-f" "1a79c791f9a43a78a432851b36ad6bbc5244955f9f5f8b7ab12bd1965ec4d7df", kill_on_drop: false }`
[INFO] [stdout] 1a79c791f9a43a78a432851b36ad6bbc5244955f9f5f8b7ab12bd1965ec4d7df
