[INFO] fetching crate pi_polygon 0.1.0...
[INFO] testing pi_polygon-0.1.0 against 1.75.0 for beta-1.76-1
[INFO] extracting crate pi_polygon 0.1.0 into /workspace/builds/worker-2-tc1/source
[INFO] validating manifest of crates.io crate pi_polygon 0.1.0 on toolchain 1.75.0
[INFO] running `Command { std: CARGO_HOME="/workspace/cargo-home" RUSTUP_HOME="/workspace/rustup-home" "/workspace/cargo-home/bin/cargo" "+1.75.0" "metadata" "--manifest-path" "Cargo.toml" "--no-deps", kill_on_drop: false }`
[INFO] started tweaking crates.io crate pi_polygon 0.1.0
[INFO] finished tweaking crates.io crate pi_polygon 0.1.0
[INFO] tweaked toml for crates.io crate pi_polygon 0.1.0 written to /workspace/builds/worker-2-tc1/source/Cargo.toml
[INFO] running `Command { std: CARGO_HOME="/workspace/cargo-home" RUSTUP_HOME="/workspace/rustup-home" "/workspace/cargo-home/bin/cargo" "+1.75.0" "generate-lockfile" "--manifest-path" "Cargo.toml", kill_on_drop: false }`
[INFO] running `Command { std: CARGO_HOME="/workspace/cargo-home" RUSTUP_HOME="/workspace/rustup-home" "/workspace/cargo-home/bin/cargo" "+1.75.0" "fetch" "--manifest-path" "Cargo.toml", kill_on_drop: false }`
[INFO] running `Command { std: "docker" "create" "-v" "/var/lib/crater-agent-workspace/builds/worker-2-tc1/target:/opt/rustwide/target:rw,Z" "-v" "/var/lib/crater-agent-workspace/builds/worker-2-tc1/source:/opt/rustwide/workdir:ro,Z" "-v" "/var/lib/crater-agent-workspace/cargo-home:/opt/rustwide/cargo-home:ro,Z" "-v" "/var/lib/crater-agent-workspace/rustup-home:/opt/rustwide/rustup-home:ro,Z" "-e" "SOURCE_DIR=/opt/rustwide/workdir" "-e" "CARGO_TARGET_DIR=/opt/rustwide/target" "-e" "CARGO_HOME=/opt/rustwide/cargo-home" "-e" "RUSTUP_HOME=/opt/rustwide/rustup-home" "-w" "/opt/rustwide/workdir" "-m" "1610612736" "--user" "0:0" "--network" "none" "ghcr.io/rust-lang/crates-build-env/linux@sha256:2788e3201cd34a07e3172128adcd8b3090168a8e3bcc40d7c032b9dda1df7d1c" "/opt/rustwide/cargo-home/bin/cargo" "+1.75.0" "metadata" "--no-deps" "--format-version=1", kill_on_drop: false }`
[INFO] [stdout] 91c19037a64c892c739e13a51f599b712ab9323fa6e3392c60492e27654bf44b
[INFO] running `Command { std: "docker" "start" "-a" "91c19037a64c892c739e13a51f599b712ab9323fa6e3392c60492e27654bf44b", kill_on_drop: false }`
[INFO] running `Command { std: "docker" "inspect" "91c19037a64c892c739e13a51f599b712ab9323fa6e3392c60492e27654bf44b", kill_on_drop: false }`
[INFO] running `Command { std: "docker" "rm" "-f" "91c19037a64c892c739e13a51f599b712ab9323fa6e3392c60492e27654bf44b", kill_on_drop: false }`
[INFO] [stdout] 91c19037a64c892c739e13a51f599b712ab9323fa6e3392c60492e27654bf44b
[INFO] running `Command { std: "docker" "create" "-v" "/var/lib/crater-agent-workspace/builds/worker-2-tc1/target:/opt/rustwide/target:rw,Z" "-v" "/var/lib/crater-agent-workspace/builds/worker-2-tc1/source:/opt/rustwide/workdir:ro,Z" "-v" "/var/lib/crater-agent-workspace/cargo-home:/opt/rustwide/cargo-home:ro,Z" "-v" "/var/lib/crater-agent-workspace/rustup-home:/opt/rustwide/rustup-home:ro,Z" "-e" "SOURCE_DIR=/opt/rustwide/workdir" "-e" "CARGO_TARGET_DIR=/opt/rustwide/target" "-e" "CARGO_INCREMENTAL=0" "-e" "RUST_BACKTRACE=full" "-e" "RUSTFLAGS=--cap-lints=warn" "-e" "RUSTDOCFLAGS=--cap-lints=warn" "-e" "CARGO_HOME=/opt/rustwide/cargo-home" "-e" "RUSTUP_HOME=/opt/rustwide/rustup-home" "-w" "/opt/rustwide/workdir" "-m" "1610612736" "--user" "0:0" "--network" "none" "ghcr.io/rust-lang/crates-build-env/linux@sha256:2788e3201cd34a07e3172128adcd8b3090168a8e3bcc40d7c032b9dda1df7d1c" "/opt/rustwide/cargo-home/bin/cargo" "+1.75.0" "build" "--frozen" "--message-format=json", kill_on_drop: false }`
[INFO] [stdout] 85387701bc8f38dda4b1df6f372b110fb8a4b24f8a3c8903a9f2f8257fd4af48
[INFO] running `Command { std: "docker" "start" "-a" "85387701bc8f38dda4b1df6f372b110fb8a4b24f8a3c8903a9f2f8257fd4af48", kill_on_drop: false }`
[INFO] [stderr]    Compiling pi_polygon v0.1.0 (/opt/rustwide/workdir)
[INFO] [stdout] warning: type `Point2D_Vec` should have an upper camel case name
[INFO] [stdout]     --> src/lib.rs:1215:6
[INFO] [stdout]      |
[INFO] [stdout] 1215 | type Point2D_Vec = Vec<f32>;
[INFO] [stdout]      |      ^^^^^^^^^^^ help: convert the identifier to upper camel case: `Point2dVec`
[INFO] [stdout]      |
[INFO] [stdout]      = note: `#[warn(non_camel_case_types)]` on by default
[INFO] [stdout] 
[INFO] [stdout] 
[INFO] [stdout] warning: variable does not need to be mutable
[INFO] [stdout]   --> src/lib.rs:14:9
[INFO] [stdout]    |
[INFO] [stdout] 14 |     let mut points:  Vec<f32>;
[INFO] [stdout]    |         ----^^^^^^
[INFO] [stdout]    |         |
[INFO] [stdout]    |         help: remove this `mut`
[INFO] [stdout]    |
[INFO] [stdout]    = note: `#[warn(unused_mut)]` on by default
[INFO] [stdout] 
[INFO] [stdout] 
[INFO] [stdout] warning: variable does not need to be mutable
[INFO] [stdout]    --> src/lib.rs:886:9
[INFO] [stdout]     |
[INFO] [stdout] 886 |     let mut segments: Vec<u16>;
[INFO] [stdout]     |         ----^^^^^^^^
[INFO] [stdout]     |         |
[INFO] [stdout]     |         help: remove this `mut`
[INFO] [stdout] 
[INFO] [stdout] 
[INFO] [stdout] warning: variable does not need to be mutable
[INFO] [stdout]    --> src/lib.rs:902:9
[INFO] [stdout]     |
[INFO] [stdout] 902 |     let mut segments: Vec<u16>;
[INFO] [stdout]     |         ----^^^^^^^^
[INFO] [stdout]     |         |
[INFO] [stdout]     |         help: remove this `mut`
[INFO] [stdout] 
[INFO] [stdout] 
[INFO] [stdout] warning: function `read_point_3d_f` is never used
[INFO] [stdout]    --> src/lib.rs:639:4
[INFO] [stdout]     |
[INFO] [stdout] 639 | fn read_point_3d_f(points: &[f32], indices: &[u16], indices_index: usize) -> Point3D {
[INFO] [stdout]     |    ^^^^^^^^^^^^^^^
[INFO] [stdout]     |
[INFO] [stdout]     = note: `#[warn(dead_code)]` on by default
[INFO] [stdout] 
[INFO] [stdout] 
[INFO] [stdout] warning: function `read_point_3d` is never used
[INFO] [stdout]    --> src/lib.rs:649:4
[INFO] [stdout]     |
[INFO] [stdout] 649 | fn read_point_3d(points: &[f32], indices: &[u16], indices_index: usize) -> Point3D {
[INFO] [stdout]     |    ^^^^^^^^^^^^^
[INFO] [stdout] 
[INFO] [stdout] 
[INFO] [stdout] warning: function `insert_vec` is never used
[INFO] [stdout]    --> src/lib.rs:776:4
[INFO] [stdout]     |
[INFO] [stdout] 776 | fn insert_vec(mut data_list: Vec<f32>, data: &[f32], size: u16, index: u16) -> Vec<f32> {
[INFO] [stdout]     |    ^^^^^^^^^^
[INFO] [stdout] 
[INFO] [stdout] 
[INFO] [stdout] warning: function `fill_vec` is never used
[INFO] [stdout]    --> src/lib.rs:796:4
[INFO] [stdout]     |
[INFO] [stdout] 796 | fn fill_vec(mut data_list: Vec<f32>, size: u16, value: f32) -> Vec<f32> {
[INFO] [stdout]     |    ^^^^^^^^
[INFO] [stdout] 
[INFO] [stdout] 
[INFO] [stdout] warning: function `get_line_with_slop` is never used
[INFO] [stdout]     --> src/lib.rs:1100:4
[INFO] [stdout]      |
[INFO] [stdout] 1100 | fn get_line_with_slop(slop: f32, x: f32, y: f32) -> (f32, f32, f32) {
[INFO] [stdout]      |    ^^^^^^^^^^^^^^^^^^
[INFO] [stdout] 
[INFO] [stdout] 
[INFO] [stdout] warning: 9 warnings emitted
[INFO] [stdout] 
[INFO] [stdout] 
[INFO] [stderr]     Finished dev [unoptimized + debuginfo] target(s) in 0.29s
[INFO] running `Command { std: "docker" "inspect" "85387701bc8f38dda4b1df6f372b110fb8a4b24f8a3c8903a9f2f8257fd4af48", kill_on_drop: false }`
[INFO] running `Command { std: "docker" "rm" "-f" "85387701bc8f38dda4b1df6f372b110fb8a4b24f8a3c8903a9f2f8257fd4af48", kill_on_drop: false }`
[INFO] [stdout] 85387701bc8f38dda4b1df6f372b110fb8a4b24f8a3c8903a9f2f8257fd4af48
[INFO] running `Command { std: "docker" "create" "-v" "/var/lib/crater-agent-workspace/builds/worker-2-tc1/target:/opt/rustwide/target:rw,Z" "-v" "/var/lib/crater-agent-workspace/builds/worker-2-tc1/source:/opt/rustwide/workdir:ro,Z" "-v" "/var/lib/crater-agent-workspace/cargo-home:/opt/rustwide/cargo-home:ro,Z" "-v" "/var/lib/crater-agent-workspace/rustup-home:/opt/rustwide/rustup-home:ro,Z" "-e" "SOURCE_DIR=/opt/rustwide/workdir" "-e" "CARGO_TARGET_DIR=/opt/rustwide/target" "-e" "CARGO_INCREMENTAL=0" "-e" "RUST_BACKTRACE=full" "-e" "RUSTFLAGS=--cap-lints=warn" "-e" "RUSTDOCFLAGS=--cap-lints=warn" "-e" "CARGO_HOME=/opt/rustwide/cargo-home" "-e" "RUSTUP_HOME=/opt/rustwide/rustup-home" "-w" "/opt/rustwide/workdir" "-m" "1610612736" "--user" "0:0" "--network" "none" "ghcr.io/rust-lang/crates-build-env/linux@sha256:2788e3201cd34a07e3172128adcd8b3090168a8e3bcc40d7c032b9dda1df7d1c" "/opt/rustwide/cargo-home/bin/cargo" "+1.75.0" "test" "--frozen" "--no-run" "--message-format=json", kill_on_drop: false }`
[INFO] [stdout] 10f43e3368d96fe440cd35d9d7d5a96eb8f2f772f8aa3204cb0ae23651ee9f8b
[INFO] running `Command { std: "docker" "start" "-a" "10f43e3368d96fe440cd35d9d7d5a96eb8f2f772f8aa3204cb0ae23651ee9f8b", kill_on_drop: false }`
[INFO] [stdout] warning: type `Point2D_Vec` should have an upper camel case name
[INFO] [stdout]     --> src/lib.rs:1215:6
[INFO] [stdout]      |
[INFO] [stdout] 1215 | type Point2D_Vec = Vec<f32>;
[INFO] [stdout]      |      ^^^^^^^^^^^ help: convert the identifier to upper camel case: `Point2dVec`
[INFO] [stdout]      |
[INFO] [stdout]      = note: `#[warn(non_camel_case_types)]` on by default
[INFO] [stdout] 
[INFO] [stdout] 
[INFO] [stderr]    Compiling pi_polygon v0.1.0 (/opt/rustwide/workdir)
[INFO] [stdout] warning: variable does not need to be mutable
[INFO] [stdout]   --> src/lib.rs:14:9
[INFO] [stdout]    |
[INFO] [stdout] 14 |     let mut points:  Vec<f32>;
[INFO] [stdout]    |         ----^^^^^^
[INFO] [stdout]    |         |
[INFO] [stdout]    |         help: remove this `mut`
[INFO] [stdout]    |
[INFO] [stdout]    = note: `#[warn(unused_mut)]` on by default
[INFO] [stdout] 
[INFO] [stdout] 
[INFO] [stdout] warning: variable does not need to be mutable
[INFO] [stdout]    --> src/lib.rs:886:9
[INFO] [stdout]     |
[INFO] [stdout] 886 |     let mut segments: Vec<u16>;
[INFO] [stdout]     |         ----^^^^^^^^
[INFO] [stdout]     |         |
[INFO] [stdout]     |         help: remove this `mut`
[INFO] [stdout] 
[INFO] [stdout] 
[INFO] [stdout] warning: variable does not need to be mutable
[INFO] [stdout]    --> src/lib.rs:902:9
[INFO] [stdout]     |
[INFO] [stdout] 902 |     let mut segments: Vec<u16>;
[INFO] [stdout]     |         ----^^^^^^^^
[INFO] [stdout]     |         |
[INFO] [stdout]     |         help: remove this `mut`
[INFO] [stdout] 
[INFO] [stdout] 
[INFO] [stdout] warning: function `read_point_3d_f` is never used
[INFO] [stdout]    --> src/lib.rs:639:4
[INFO] [stdout]     |
[INFO] [stdout] 639 | fn read_point_3d_f(points: &[f32], indices: &[u16], indices_index: usize) -> Point3D {
[INFO] [stdout]     |    ^^^^^^^^^^^^^^^
[INFO] [stdout]     |
[INFO] [stdout]     = note: `#[warn(dead_code)]` on by default
[INFO] [stdout] 
[INFO] [stdout] 
[INFO] [stdout] warning: function `read_point_3d` is never used
[INFO] [stdout]    --> src/lib.rs:649:4
[INFO] [stdout]     |
[INFO] [stdout] 649 | fn read_point_3d(points: &[f32], indices: &[u16], indices_index: usize) -> Point3D {
[INFO] [stdout]     |    ^^^^^^^^^^^^^
[INFO] [stdout] 
[INFO] [stdout] 
[INFO] [stdout] warning: function `insert_vec` is never used
[INFO] [stdout]    --> src/lib.rs:776:4
[INFO] [stdout]     |
[INFO] [stdout] 776 | fn insert_vec(mut data_list: Vec<f32>, data: &[f32], size: u16, index: u16) -> Vec<f32> {
[INFO] [stdout]     |    ^^^^^^^^^^
[INFO] [stdout] 
[INFO] [stdout] 
[INFO] [stdout] warning: function `fill_vec` is never used
[INFO] [stdout]    --> src/lib.rs:796:4
[INFO] [stdout]     |
[INFO] [stdout] 796 | fn fill_vec(mut data_list: Vec<f32>, size: u16, value: f32) -> Vec<f32> {
[INFO] [stdout]     |    ^^^^^^^^
[INFO] [stdout] 
[INFO] [stdout] 
[INFO] [stdout] warning: function `get_line_with_slop` is never used
[INFO] [stdout]     --> src/lib.rs:1100:4
[INFO] [stdout]      |
[INFO] [stdout] 1100 | fn get_line_with_slop(slop: f32, x: f32, y: f32) -> (f32, f32, f32) {
[INFO] [stdout]      |    ^^^^^^^^^^^^^^^^^^
[INFO] [stdout] 
[INFO] [stdout] 
[INFO] [stdout] warning: 9 warnings emitted
[INFO] [stdout] 
[INFO] [stdout] 
[INFO] [stdout] warning: type `Point2D_Vec` should have an upper camel case name
[INFO] [stdout]     --> src/lib.rs:1215:6
[INFO] [stdout]      |
[INFO] [stdout] 1215 | type Point2D_Vec = Vec<f32>;
[INFO] [stdout]      |      ^^^^^^^^^^^ help: convert the identifier to upper camel case: `Point2dVec`
[INFO] [stdout]      |
[INFO] [stdout]      = note: `#[warn(non_camel_case_types)]` on by default
[INFO] [stdout] 
[INFO] [stdout] 
[INFO] [stdout] warning: variable does not need to be mutable
[INFO] [stdout]   --> src/lib.rs:14:9
[INFO] [stdout]    |
[INFO] [stdout] 14 |     let mut points:  Vec<f32>;
[INFO] [stdout]    |         ----^^^^^^
[INFO] [stdout]    |         |
[INFO] [stdout]    |         help: remove this `mut`
[INFO] [stdout]    |
[INFO] [stdout]    = note: `#[warn(unused_mut)]` on by default
[INFO] [stdout] 
[INFO] [stdout] 
[INFO] [stdout] warning: variable does not need to be mutable
[INFO] [stdout]    --> src/lib.rs:886:9
[INFO] [stdout]     |
[INFO] [stdout] 886 |     let mut segments: Vec<u16>;
[INFO] [stdout]     |         ----^^^^^^^^
[INFO] [stdout]     |         |
[INFO] [stdout]     |         help: remove this `mut`
[INFO] [stdout] 
[INFO] [stdout] 
[INFO] [stdout] warning: variable does not need to be mutable
[INFO] [stdout]    --> src/lib.rs:902:9
[INFO] [stdout]     |
[INFO] [stdout] 902 |     let mut segments: Vec<u16>;
[INFO] [stdout]     |         ----^^^^^^^^
[INFO] [stdout]     |         |
[INFO] [stdout]     |         help: remove this `mut`
[INFO] [stdout] 
[INFO] [stdout] 
[INFO] [stdout] warning: function `read_point_3d_f` is never used
[INFO] [stdout]    --> src/lib.rs:639:4
[INFO] [stdout]     |
[INFO] [stdout] 639 | fn read_point_3d_f(points: &[f32], indices: &[u16], indices_index: usize) -> Point3D {
[INFO] [stdout]     |    ^^^^^^^^^^^^^^^
[INFO] [stdout]     |
[INFO] [stdout]     = note: `#[warn(dead_code)]` on by default
[INFO] [stdout] 
[INFO] [stdout] 
[INFO] [stdout] warning: function `read_point_3d` is never used
[INFO] [stdout]    --> src/lib.rs:649:4
[INFO] [stdout]     |
[INFO] [stdout] 649 | fn read_point_3d(points: &[f32], indices: &[u16], indices_index: usize) -> Point3D {
[INFO] [stdout]     |    ^^^^^^^^^^^^^
[INFO] [stdout] 
[INFO] [stdout] 
[INFO] [stdout] warning: function `insert_vec` is never used
[INFO] [stdout]    --> src/lib.rs:776:4
[INFO] [stdout]     |
[INFO] [stdout] 776 | fn insert_vec(mut data_list: Vec<f32>, data: &[f32], size: u16, index: u16) -> Vec<f32> {
[INFO] [stdout]     |    ^^^^^^^^^^
[INFO] [stdout] 
[INFO] [stdout] 
[INFO] [stdout] warning: function `fill_vec` is never used
[INFO] [stdout]    --> src/lib.rs:796:4
[INFO] [stdout]     |
[INFO] [stdout] 796 | fn fill_vec(mut data_list: Vec<f32>, size: u16, value: f32) -> Vec<f32> {
[INFO] [stdout]     |    ^^^^^^^^
[INFO] [stdout] 
[INFO] [stdout] 
[INFO] [stdout] warning: function `get_line_with_slop` is never used
[INFO] [stdout]     --> src/lib.rs:1100:4
[INFO] [stdout]      |
[INFO] [stdout] 1100 | fn get_line_with_slop(slop: f32, x: f32, y: f32) -> (f32, f32, f32) {
[INFO] [stdout]      |    ^^^^^^^^^^^^^^^^^^
[INFO] [stdout] 
[INFO] [stdout] 
[INFO] [stdout] warning: 9 warnings emitted
[INFO] [stdout] 
[INFO] [stdout] 
[INFO] [stderr]     Finished test [unoptimized + debuginfo] target(s) in 0.41s
[INFO] running `Command { std: "docker" "inspect" "10f43e3368d96fe440cd35d9d7d5a96eb8f2f772f8aa3204cb0ae23651ee9f8b", kill_on_drop: false }`
[INFO] running `Command { std: "docker" "rm" "-f" "10f43e3368d96fe440cd35d9d7d5a96eb8f2f772f8aa3204cb0ae23651ee9f8b", kill_on_drop: false }`
[INFO] [stdout] 10f43e3368d96fe440cd35d9d7d5a96eb8f2f772f8aa3204cb0ae23651ee9f8b
[INFO] running `Command { std: "docker" "create" "-v" "/var/lib/crater-agent-workspace/builds/worker-2-tc1/target:/opt/rustwide/target:rw,Z" "-v" "/var/lib/crater-agent-workspace/builds/worker-2-tc1/source:/opt/rustwide/workdir:ro,Z" "-v" "/var/lib/crater-agent-workspace/cargo-home:/opt/rustwide/cargo-home:ro,Z" "-v" "/var/lib/crater-agent-workspace/rustup-home:/opt/rustwide/rustup-home:ro,Z" "-e" "SOURCE_DIR=/opt/rustwide/workdir" "-e" "CARGO_TARGET_DIR=/opt/rustwide/target" "-e" "CARGO_INCREMENTAL=0" "-e" "RUST_BACKTRACE=full" "-e" "RUSTFLAGS=--cap-lints=warn" "-e" "RUSTDOCFLAGS=--cap-lints=warn" "-e" "CARGO_HOME=/opt/rustwide/cargo-home" "-e" "RUSTUP_HOME=/opt/rustwide/rustup-home" "-w" "/opt/rustwide/workdir" "-m" "1610612736" "--user" "0:0" "--network" "none" "ghcr.io/rust-lang/crates-build-env/linux@sha256:2788e3201cd34a07e3172128adcd8b3090168a8e3bcc40d7c032b9dda1df7d1c" "/opt/rustwide/cargo-home/bin/cargo" "+1.75.0" "test" "--frozen", kill_on_drop: false }`
[INFO] [stdout] 87d10e8729d4f0e40b26f14ae44aa495258dc335a4aa353351f4464683d3ae15
[INFO] running `Command { std: "docker" "start" "-a" "87d10e8729d4f0e40b26f14ae44aa495258dc335a4aa353351f4464683d3ae15", kill_on_drop: false }`
[INFO] [stderr] warning: type `Point2D_Vec` should have an upper camel case name
[INFO] [stderr]     --> src/lib.rs:1215:6
[INFO] [stderr]      |
[INFO] [stderr] 1215 | type Point2D_Vec = Vec<f32>;
[INFO] [stderr]      |      ^^^^^^^^^^^ help: convert the identifier to upper camel case: `Point2dVec`
[INFO] [stderr]      |
[INFO] [stderr]      = note: `#[warn(non_camel_case_types)]` on by default
[INFO] [stderr] 
[INFO] [stderr] warning: variable does not need to be mutable
[INFO] [stderr]   --> src/lib.rs:14:9
[INFO] [stderr]    |
[INFO] [stderr] 14 |     let mut points:  Vec<f32>;
[INFO] [stderr]    |         ----^^^^^^
[INFO] [stderr]    |         |
[INFO] [stderr]    |         help: remove this `mut`
[INFO] [stderr]    |
[INFO] [stderr]    = note: `#[warn(unused_mut)]` on by default
[INFO] [stderr] 
[INFO] [stderr] warning: variable does not need to be mutable
[INFO] [stderr]    --> src/lib.rs:886:9
[INFO] [stderr]     |
[INFO] [stderr] 886 |     let mut segments: Vec<u16>;
[INFO] [stderr]     |         ----^^^^^^^^
[INFO] [stderr]     |         |
[INFO] [stderr]     |         help: remove this `mut`
[INFO] [stderr] 
[INFO] [stderr] warning: variable does not need to be mutable
[INFO] [stderr]    --> src/lib.rs:902:9
[INFO] [stderr]     |
[INFO] [stderr] 902 |     let mut segments: Vec<u16>;
[INFO] [stderr]     |         ----^^^^^^^^
[INFO] [stderr]     |         |
[INFO] [stderr]     |         help: remove this `mut`
[INFO] [stderr] 
[INFO] [stderr] warning: function `read_point_3d_f` is never used
[INFO] [stderr]    --> src/lib.rs:639:4
[INFO] [stderr]     |
[INFO] [stderr] 639 | fn read_point_3d_f(points: &[f32], indices: &[u16], indices_index: usize) -> Point3D {
[INFO] [stderr]     |    ^^^^^^^^^^^^^^^
[INFO] [stderr]     |
[INFO] [stderr]     = note: `#[warn(dead_code)]` on by default
[INFO] [stderr] 
[INFO] [stderr] warning: function `read_point_3d` is never used
[INFO] [stderr]    --> src/lib.rs:649:4
[INFO] [stderr]     |
[INFO] [stderr] 649 | fn read_point_3d(points: &[f32], indices: &[u16], indices_index: usize) -> Point3D {
[INFO] [stderr]     |    ^^^^^^^^^^^^^
[INFO] [stderr] 
[INFO] [stderr] warning: function `insert_vec` is never used
[INFO] [stderr]    --> src/lib.rs:776:4
[INFO] [stderr]     |
[INFO] [stderr] 776 | fn insert_vec(mut data_list: Vec<f32>, data: &[f32], size: u16, index: u16) -> Vec<f32> {
[INFO] [stderr]     |    ^^^^^^^^^^
[INFO] [stderr] 
[INFO] [stderr] warning: function `fill_vec` is never used
[INFO] [stderr]    --> src/lib.rs:796:4
[INFO] [stderr]     |
[INFO] [stdout] 
[INFO] [stderr] 796 | fn fill_vec(mut data_list: Vec<f32>, size: u16, value: f32) -> Vec<f32> {
[INFO] [stdout] running 1 test
[INFO] [stderr]     |    ^^^^^^^^
[INFO] [stderr] 
[INFO] [stderr] warning: function `get_line_with_slop` is never used
[INFO] [stderr]     --> src/lib.rs:1100:4
[INFO] [stderr]      |
[INFO] [stderr] 1100 | fn get_line_with_slop(slop: f32, x: f32, y: f32) -> (f32, f32, f32) {
[INFO] [stderr]      |    ^^^^^^^^^^^^^^^^^^
[INFO] [stderr] 
[INFO] [stderr] warning: `pi_polygon` (lib) generated 9 warnings (run `cargo fix --lib -p pi_polygon` to apply 3 suggestions)
[INFO] [stderr] warning: `pi_polygon` (lib test) generated 9 warnings (9 duplicates)
[INFO] [stderr]     Finished test [unoptimized + debuginfo] target(s) in 0.01s
[INFO] [stderr]      Running unittests src/lib.rs (/opt/rustwide/target/debug/deps/pi_polygon-9d1775f519f5334b)
[INFO] [stdout] test test ... ok
[INFO] [stdout] 
[INFO] [stdout] test result: ok. 1 passed; 0 failed; 0 ignored; 0 measured; 0 filtered out; finished in 0.00s
[INFO] [stdout] 
[INFO] [stderr]    Doc-tests pi_polygon
[INFO] [stderr] warning: type `Point2D_Vec` should have an upper camel case name
[INFO] [stderr]     --> src/lib.rs:1215:6
[INFO] [stderr]      |
[INFO] [stderr] 1215 | type Point2D_Vec = Vec<f32>;
[INFO] [stderr]      |      ^^^^^^^^^^^ help: convert the identifier to upper camel case: `Point2dVec`
[INFO] [stderr]      |
[INFO] [stderr]      = note: `#[warn(non_camel_case_types)]` on by default
[INFO] [stderr] 
[INFO] [stderr] warning: 1 warning emitted
[INFO] [stderr] 
[INFO] [stdout] 
[INFO] [stdout] running 1 test
[INFO] [stdout] test src/lib.rs - get_rounded_rect (line 979) ... FAILED
[INFO] [stdout] 
[INFO] [stdout] failures:
[INFO] [stdout] 
[INFO] [stdout] ---- src/lib.rs - get_rounded_rect (line 979) stdout ----
[INFO] [stdout] error: expected `;`, found `半径`
[INFO] [stdout]  --> src/lib.rs:980:3
[INFO] [stdout]   |
[INFO] [stdout] 3 | 宽高
[INFO] [stdout]   |     ^ help: add `;` here
[INFO] [stdout] 4 |       
[INFO] [stdout] 5 |  半径
[INFO] [stdout]   |  ---- unexpected token
[INFO] [stdout] 
[INFO] [stdout] error: expected `;`, found `f32`
[INFO] [stdout]  --> src/lib.rs:982:4
[INFO] [stdout]   |
[INFO] [stdout] 5 |  半径
[INFO] [stdout]   |      ^ help: add `;` here
[INFO] [stdout] 6 |      f32
[INFO] [stdout]   |      --- unexpected token
[INFO] [stdout] 
[INFO] [stdout] error[E0423]: expected value, found builtin type `f32`
[INFO] [stdout]  --> src/lib.rs:983:6
[INFO] [stdout]   |
[INFO] [stdout] 6 |      f32
[INFO] [stdout]   |      ^^^ not a value
[INFO] [stdout] 
[INFO] [stdout] error: aborting due to 3 previous errors
[INFO] [stdout] 
[INFO] [stdout] For more information about this error, try `rustc --explain E0423`.
[INFO] [stdout] Couldn't compile the test.
[INFO] [stdout] 
[INFO] [stdout] failures:
[INFO] [stdout]     src/lib.rs - get_rounded_rect (line 979)
[INFO] [stdout] 
[INFO] [stdout] test result: FAILED. 0 passed; 1 failed; 0 ignored; 0 measured; 0 filtered out; finished in 0.09s
[INFO] [stdout] 
[INFO] [stderr] error: doctest failed, to rerun pass `--doc`
[INFO] running `Command { std: "docker" "inspect" "87d10e8729d4f0e40b26f14ae44aa495258dc335a4aa353351f4464683d3ae15", kill_on_drop: false }`
[INFO] running `Command { std: "docker" "rm" "-f" "87d10e8729d4f0e40b26f14ae44aa495258dc335a4aa353351f4464683d3ae15", kill_on_drop: false }`
[INFO] [stdout] 87d10e8729d4f0e40b26f14ae44aa495258dc335a4aa353351f4464683d3ae15
